2a03:2880:30ff:4c:: - - [28/Mar/2026:14:56:41 +0000] "GET /author-sitemap.xml HTTP/1.1" 200 370 "-" "facebookexternalhit/1.1 (+http://www.facebook.com/externalhit_uatext.php)"
2a02:ce0:3002:426f:3365:def3:9494:b6f0 - - [28/Mar/2026:14:56:38 +0000] "POST /wp-admin/admin-ajax.php HTTP/1.1" 200 13020 "https://autozone.com.sa/shop/" "Mozilla/5.0 (Linux; Android 10; K) AppleWebKit/537.36 (KHTML, like Gecko) SamsungBrowser/29.0 Chrome/136.0.0.0 Mobile Safari/537.36"
78.46.190.63 - - [28/Mar/2026:14:56:42 +0000] "HEAD / HTTP/1.1" 200 - "https://autozone.com.sa/" "Mozilla/5.0+(compatible; UptimeRobot/2.0; http://www.uptimerobot.com/)"
2a02:ce0:3002:426f:3365:def3:9494:b6f0 - - [28/Mar/2026:14:56:43 +0000] "GET /wp-content/uploads/2025/02/haval-jolion-feature.webp HTTP/1.1" 200 58585 "https://autozone.com.sa/shop/" "Mozilla/5.0 (Linux; Android 10; K) AppleWebKit/537.36 (KHTML, like Gecko) SamsungBrowser/29.0 Chrome/136.0.0.0 Mobile Safari/537.36"
2a02:ce0:3002:426f:3365:def3:9494:b6f0 - - [28/Mar/2026:14:56:43 +0000] "GET /wp-content/uploads/2025/02/uni-k-feature.webp HTTP/1.1" 200 50934 "https://autozone.com.sa/shop/" "Mozilla/5.0 (Linux; Android 10; K) AppleWebKit/537.36 (KHTML, like Gecko) SamsungBrowser/29.0 Chrome/136.0.0.0 Mobile Safari/537.36"
2a02:ce0:3002:426f:3365:def3:9494:b6f0 - - [28/Mar/2026:14:56:43 +0000] "GET /wp-content/uploads/2025/04/BGC_5738-scaled.webp HTTP/1.1" 200 223516 "https://autozone.com.sa/shop/" "Mozilla/5.0 (Linux; Android 10; K) AppleWebKit/537.36 (KHTML, like Gecko) SamsungBrowser/29.0 Chrome/136.0.0.0 Mobile Safari/537.36"
2a02:ce0:3002:426f:3365:def3:9494:b6f0 - - [28/Mar/2026:14:56:43 +0000] "GET /wp-content/uploads/2025/04/BGC_5111-scaled.webp HTTP/1.1" 200 222069 "https://autozone.com.sa/shop/" "Mozilla/5.0 (Linux; Android 10; K) AppleWebKit/537.36 (KHTML, like Gecko) SamsungBrowser/29.0 Chrome/136.0.0.0 Mobile Safari/537.36"
2a02:ce0:3002:426f:3365:def3:9494:b6f0 - - [28/Mar/2026:14:56:43 +0000] "GET /wp-content/uploads/2025/02/arrizo-8-feature.webp HTTP/1.1" 200 55482 "https://autozone.com.sa/shop/" "Mozilla/5.0 (Linux; Android 10; K) AppleWebKit/537.36 (KHTML, like Gecko) SamsungBrowser/29.0 Chrome/136.0.0.0 Mobile Safari/537.36"
2a02:ce0:3002:426f:3365:def3:9494:b6f0 - - [28/Mar/2026:14:56:43 +0000] "GET /wp-content/uploads/2025/02/tiggo-7-feature.webp HTTP/1.1" 200 49024 "https://autozone.com.sa/shop/" "Mozilla/5.0 (Linux; Android 10; K) AppleWebKit/537.36 (KHTML, like Gecko) SamsungBrowser/29.0 Chrome/136.0.0.0 Mobile Safari/537.36"
2a02:ce0:3002:426f:3365:def3:9494:b6f0 - - [28/Mar/2026:14:56:43 +0000] "GET /wp-content/uploads/2025/02/arrizo-5-feature.webp HTTP/1.1" 200 45638 "https://autozone.com.sa/shop/" "Mozilla/5.0 (Linux; Android 10; K) AppleWebKit/537.36 (KHTML, like Gecko) SamsungBrowser/29.0 Chrome/136.0.0.0 Mobile Safari/537.36"
2a02:cb80:4268:df2:c95d:e4fd:ab11:9466 - - [28/Mar/2026:14:56:43 +0000] "POST /?wc-ajax=get_refreshed_fragments HTTP/1.1" 200 999 "https://autozone.com.sa/" "Mozilla/5.0 (iPhone; CPU iPhone OS 18_7 like Mac OS X) AppleWebKit/605.1.15 (KHTML, like Gecko) Version/26.3 Mobile/15E148 Safari/604.1"
2a02:cb80:4268:df2:c95d:e4fd:ab11:9466 - - [28/Mar/2026:14:56:43 +0000] "POST /wp-json/iawp/search HTTP/1.1" 200 36 "https://autozone.com.sa/" "Mozilla/5.0 (iPhone; CPU iPhone OS 18_7 like Mac OS X) AppleWebKit/605.1.15 (KHTML, like Gecko) Version/26.3 Mobile/15E148 Safari/604.1"
2a02:cb80:4268:df2:c95d:e4fd:ab11:9466 - - [28/Mar/2026:14:56:43 +0000] "POST /?wc-ajax=get_refreshed_fragments HTTP/1.1" 200 999 "https://autozone.com.sa/" "Mozilla/5.0 (iPhone; CPU iPhone OS 18_7 like Mac OS X) AppleWebKit/605.1.15 (KHTML, like Gecko) Version/26.3 Mobile/15E148 Safari/604.1"
2a02:ce0:3002:426f:3365:def3:9494:b6f0 - - [28/Mar/2026:14:56:44 +0000] "POST /wp-admin/admin-ajax.php HTTP/1.1" 200 758 "https://autozone.com.sa/shop/" "Mozilla/5.0 (Linux; Android 10; K) AppleWebKit/537.36 (KHTML, like Gecko) SamsungBrowser/29.0 Chrome/136.0.0.0 Mobile Safari/537.36"
172.105.42.26 - - [28/Mar/2026:14:56:46 +0000] "POST /wp-cron.php?doing_wp_cron=1774709806.2374858856201171875000 HTTP/1.1" 200 20 "-" "WordPress/6.9.4; https://autozone.com.sa"
2a03:2880:7ff:44:: - - [28/Mar/2026:14:56:43 +0000] "GET /sitemap-1.xml HTTP/1.1" 404 30897 "-" "facebookexternalhit/1.1 (+http://www.facebook.com/externalhit_uatext.php)"
172.105.42.26 - - [28/Mar/2026:14:56:48 +0000] "POST /wp-cron.php?doing_wp_cron=1774709808.2420918941497802734375 HTTP/1.1" 200 20 "-" "WordPress/6.9.4; https://autozone.com.sa"
2a02:ce0:3002:426f:3365:def3:9494:b6f0 - - [28/Mar/2026:14:56:44 +0000] "POST /wp-admin/admin-ajax.php HTTP/1.1" 200 12987 "https://autozone.com.sa/shop/" "Mozilla/5.0 (Linux; Android 10; K) AppleWebKit/537.36 (KHTML, like Gecko) SamsungBrowser/29.0 Chrome/136.0.0.0 Mobile Safari/537.36"
2a03:2880:2ff:51:: - - [28/Mar/2026:14:56:47 +0000] "GET /sitemap-2.xml HTTP/1.1" 404 30897 "-" "facebookexternalhit/1.1 (+http://www.facebook.com/externalhit_uatext.php)"
2a03:2880:3ff:1:: - - [28/Mar/2026:14:56:51 +0000] "GET /sitemap-3.xml HTTP/1.1" 404 30899 "-" "facebookexternalhit/1.1 (+http://www.facebook.com/externalhit_uatext.php)"
2a02:ce0:3002:426f:3365:def3:9494:b6f0 - - [28/Mar/2026:14:56:51 +0000] "GET /shop/ HTTP/1.1" 200 148556 "https://autozone.com.sa/shop/" "Mozilla/5.0 (Linux; Android 10; K) AppleWebKit/537.36 (KHTML, like Gecko) SamsungBrowser/29.0 Chrome/136.0.0.0 Mobile Safari/537.36"
2a03:2880:32ff:72:: - - [28/Mar/2026:14:56:54 +0000] "GET /sitemap-4.xml HTTP/1.1" 404 30898 "-" "facebookexternalhit/1.1 (+http://www.facebook.com/externalhit_uatext.php)"
2a02:ce0:3002:426f:3365:def3:9494:b6f0 - - [28/Mar/2026:14:56:56 +0000] "POST /?wc-ajax=get_refreshed_fragments HTTP/1.1" 200 999 "https://autozone.com.sa/shop/" "Mozilla/5.0 (Linux; Android 10; K) AppleWebKit/537.36 (KHTML, like Gecko) SamsungBrowser/29.0 Chrome/136.0.0.0 Mobile Safari/537.36"
2a02:ce0:3002:426f:3365:def3:9494:b6f0 - - [28/Mar/2026:14:56:56 +0000] "POST /wp-json/iawp/search HTTP/1.1" 200 36 "https://autozone.com.sa/shop/" "Mozilla/5.0 (Linux; Android 10; K) AppleWebKit/537.36 (KHTML, like Gecko) SamsungBrowser/29.0 Chrome/136.0.0.0 Mobile Safari/537.36"
2a03:2880:22ff:6:: - - [28/Mar/2026:14:56:57 +0000] "GET /sitemap-5.xml HTTP/1.1" 404 30898 "-" "facebookexternalhit/1.1 (+http://www.facebook.com/externalhit_uatext.php)"
2a02:ce0:3002:426f:3365:def3:9494:b6f0 - - [28/Mar/2026:14:56:57 +0000] "GET /shop/ HTTP/1.1" 200 148550 "https://autozone.com.sa/shop/" "Mozilla/5.0 (Linux; Android 10; K) AppleWebKit/537.36 (KHTML, like Gecko) SamsungBrowser/29.0 Chrome/136.0.0.0 Mobile Safari/537.36"
51.211.27.76 - - [28/Mar/2026:14:56:57 +0000] "GET /shop/ HTTP/1.1" 200 148536 "https://autozone.com.sa/" "Mozilla/5.0 (Windows NT 10.0; Win64; x64) AppleWebKit/537.36 (KHTML, like Gecko) Chrome/146.0.0.0 Safari/537.36"
51.211.27.76 - - [28/Mar/2026:14:57:02 +0000] "GET /wp-content/uploads/al_opt_content/IMAGE/autozone.com.sa/wp-content/uploads/2024/12/Untitled-design-53.webp.bv.webp?bv_host=autozone.com.sa HTTP/1.1" 200 38463 "https://autozone.com.sa/shop/" "Mozilla/5.0 (Windows NT 10.0; Win64; x64) AppleWebKit/537.36 (KHTML, like Gecko) Chrome/146.0.0.0 Safari/537.36"
51.211.27.76 - - [28/Mar/2026:14:57:02 +0000] "GET /wp-content/uploads/al_opt_content/IMAGE/autozone.com.sa/wp-content/uploads/2025/04/1-2.webp.bv.webp?bv_host=autozone.com.sa HTTP/1.1" 200 29185 "https://autozone.com.sa/shop/" "Mozilla/5.0 (Windows NT 10.0; Win64; x64) AppleWebKit/537.36 (KHTML, like Gecko) Chrome/146.0.0.0 Safari/537.36"
2a02:ce0:3002:426f:3365:def3:9494:b6f0 - - [28/Mar/2026:14:56:59 +0000] "GET /offers/from-eid-to-eid-non-stop-deals-changan-cs35-with-no-tax/?status=success HTTP/1.1" 200 138855 "https://autozone.com.sa/offers/from-eid-to-eid-non-stop-deals-changan-cs35-with-no-tax/" "Mozilla/5.0 (Linux; Android 10; K) AppleWebKit/537.36 (KHTML, like Gecko) SamsungBrowser/29.0 Chrome/136.0.0.0 Mobile Safari/537.36"
51.211.27.76 - - [28/Mar/2026:14:57:02 +0000] "POST /?wc-ajax=get_refreshed_fragments HTTP/1.1" 200 999 "https://autozone.com.sa/shop/" "Mozilla/5.0 (Windows NT 10.0; Win64; x64) AppleWebKit/537.36 (KHTML, like Gecko) Chrome/146.0.0.0 Safari/537.36"
51.211.27.76 - - [28/Mar/2026:14:57:02 +0000] "POST /wp-json/iawp/search HTTP/1.1" 200 36 "https://autozone.com.sa/shop/" "Mozilla/5.0 (Windows NT 10.0; Win64; x64) AppleWebKit/537.36 (KHTML, like Gecko) Chrome/146.0.0.0 Safari/537.36"
2a02:ce0:3002:426f:3365:def3:9494:b6f0 - - [28/Mar/2026:14:57:03 +0000] "POST /?wc-ajax=get_refreshed_fragments HTTP/1.1" 200 999 "https://autozone.com.sa/offers/from-eid-to-eid-non-stop-deals-changan-cs35-with-no-tax/?status=success" "Mozilla/5.0 (Linux; Android 10; K) AppleWebKit/537.36 (KHTML, like Gecko) SamsungBrowser/29.0 Chrome/136.0.0.0 Mobile Safari/537.36"
2a02:ce0:3002:426f:3365:def3:9494:b6f0 - - [28/Mar/2026:14:57:03 +0000] "POST /wp-json/iawp/search HTTP/1.1" 200 36 "https://autozone.com.sa/offers/from-eid-to-eid-non-stop-deals-changan-cs35-with-no-tax/?status=success" "Mozilla/5.0 (Linux; Android 10; K) AppleWebKit/537.36 (KHTML, like Gecko) SamsungBrowser/29.0 Chrome/136.0.0.0 Mobile Safari/537.36"
51.211.27.76 - - [28/Mar/2026:14:57:07 +0000] "POST /wp-admin/admin-ajax.php HTTP/1.1" 200 516 "https://autozone.com.sa/shop/" "Mozilla/5.0 (Windows NT 10.0; Win64; x64) AppleWebKit/537.36 (KHTML, like Gecko) Chrome/146.0.0.0 Safari/537.36"
51.211.27.76 - - [28/Mar/2026:14:57:07 +0000] "POST /wp-admin/admin-ajax.php HTTP/1.1" 200 8111 "https://autozone.com.sa/shop/" "Mozilla/5.0 (Windows NT 10.0; Win64; x64) AppleWebKit/537.36 (KHTML, like Gecko) Chrome/146.0.0.0 Safari/537.36"
51.211.27.76 - - [28/Mar/2026:14:57:10 +0000] "GET /wp-content/uploads/2025/07/BGC_7613-scaled.webp HTTP/1.1" 200 92683 "https://autozone.com.sa/shop/" "Mozilla/5.0 (Windows NT 10.0; Win64; x64) AppleWebKit/537.36 (KHTML, like Gecko) Chrome/146.0.0.0 Safari/537.36"
51.211.27.76 - - [28/Mar/2026:14:57:14 +0000] "GET /product/2025-chevrolet-captiva/ HTTP/1.1" 200 129879 "https://autozone.com.sa/shop/" "Mozilla/5.0 (Windows NT 10.0; Win64; x64) AppleWebKit/537.36 (KHTML, like Gecko) Chrome/146.0.0.0 Safari/537.36"
51.211.27.76 - - [28/Mar/2026:14:57:17 +0000] "GET /wp-content/uploads/elementor/css/custom-widget-nested-tabs-rtl.min.css?ver=1774675920 HTTP/1.1" 200 1867 "https://autozone.com.sa/product/2025-chevrolet-captiva/" "Mozilla/5.0 (Windows NT 10.0; Win64; x64) AppleWebKit/537.36 (KHTML, like Gecko) Chrome/146.0.0.0 Safari/537.36"
51.211.27.76 - - [28/Mar/2026:14:57:17 +0000] "GET /wp-content/plugins/elementor-pro/assets/css/widget-share-buttons-rtl.min.css?ver=3.35.1 HTTP/1.1" 200 2285 "https://autozone.com.sa/product/2025-chevrolet-captiva/" "Mozilla/5.0 (Windows NT 10.0; Win64; x64) AppleWebKit/537.36 (KHTML, like Gecko) Chrome/146.0.0.0 Safari/537.36"
51.211.27.76 - - [28/Mar/2026:14:57:17 +0000] "GET /wp-content/plugins/elementor-pro/assets/css/widget-woocommerce-product-images-rtl.min.css?ver=3.35.1 HTTP/1.1" 200 243 "https://autozone.com.sa/product/2025-chevrolet-captiva/" "Mozilla/5.0 (Windows NT 10.0; Win64; x64) AppleWebKit/537.36 (KHTML, like Gecko) Chrome/146.0.0.0 Safari/537.36"
51.211.27.76 - - [28/Mar/2026:14:57:18 +0000] "GET /wp-content/uploads/2025/07/BGC_7613-600x400.webp HTTP/1.1" 200 11731 "https://autozone.com.sa/product/2025-chevrolet-captiva/" "Mozilla/5.0 (Windows NT 10.0; Win64; x64) AppleWebKit/537.36 (KHTML, like Gecko) Chrome/146.0.0.0 Safari/537.36"
51.211.27.76 - - [28/Mar/2026:14:57:19 +0000] "GET /wp-content/uploads/al_opt_content/IMAGE/autozone.com.sa/wp-content/uploads/2025/07/BGC_7613-scaled.webp.bv_resized_desktop.webp.bv.webp?bv_host=autozone.com.sa HTTP/1.1" 200 34363 "https://autozone.com.sa/product/2025-chevrolet-captiva/" "Mozilla/5.0 (Windows NT 10.0; Win64; x64) AppleWebKit/537.36 (KHTML, like Gecko) Chrome/146.0.0.0 Safari/537.36"
51.211.27.76 - - [28/Mar/2026:14:57:19 +0000] "GET /wp-content/uploads/2025/07/BGC_7569-150x150.webp HTTP/1.1" 200 3959 "https://autozone.com.sa/product/2025-chevrolet-captiva/" "Mozilla/5.0 (Windows NT 10.0; Win64; x64) AppleWebKit/537.36 (KHTML, like Gecko) Chrome/146.0.0.0 Safari/537.36"
51.211.27.76 - - [28/Mar/2026:14:57:19 +0000] "GET /wp-content/uploads/2025/07/BGC_7567-150x150.webp HTTP/1.1" 200 4581 "https://autozone.com.sa/product/2025-chevrolet-captiva/" "Mozilla/5.0 (Windows NT 10.0; Win64; x64) AppleWebKit/537.36 (KHTML, like Gecko) Chrome/146.0.0.0 Safari/537.36"
51.211.27.76 - - [28/Mar/2026:14:57:19 +0000] "GET /wp-content/uploads/2025/07/BGC_7577-150x150.webp HTTP/1.1" 200 3446 "https://autozone.com.sa/product/2025-chevrolet-captiva/" "Mozilla/5.0 (Windows NT 10.0; Win64; x64) AppleWebKit/537.36 (KHTML, like Gecko) Chrome/146.0.0.0 Safari/537.36"
51.211.27.76 - - [28/Mar/2026:14:57:19 +0000] "GET /wp-content/uploads/2025/07/BGC_7583-150x150.webp HTTP/1.1" 200 4187 "https://autozone.com.sa/product/2025-chevrolet-captiva/" "Mozilla/5.0 (Windows NT 10.0; Win64; x64) AppleWebKit/537.36 (KHTML, like Gecko) Chrome/146.0.0.0 Safari/537.36"
51.211.27.76 - - [28/Mar/2026:14:57:19 +0000] "GET /wp-content/uploads/2025/07/BGC_7593-150x150.webp HTTP/1.1" 200 4713 "https://autozone.com.sa/product/2025-chevrolet-captiva/" "Mozilla/5.0 (Windows NT 10.0; Win64; x64) AppleWebKit/537.36 (KHTML, like Gecko) Chrome/146.0.0.0 Safari/537.36"
51.211.27.76 - - [28/Mar/2026:14:57:19 +0000] "GET /wp-content/uploads/2025/07/BGC_7597-150x150.webp HTTP/1.1" 200 4793 "https://autozone.com.sa/product/2025-chevrolet-captiva/" "Mozilla/5.0 (Windows NT 10.0; Win64; x64) AppleWebKit/537.36 (KHTML, like Gecko) Chrome/146.0.0.0 Safari/537.36"
51.211.27.76 - - [28/Mar/2026:14:57:19 +0000] "GET /wp-content/uploads/2025/07/BGC_7587-150x150.webp HTTP/1.1" 200 2304 "https://autozone.com.sa/product/2025-chevrolet-captiva/" "Mozilla/5.0 (Windows NT 10.0; Win64; x64) AppleWebKit/537.36 (KHTML, like Gecko) Chrome/146.0.0.0 Safari/537.36"
51.211.27.76 - - [28/Mar/2026:14:57:19 +0000] "GET /wp-content/uploads/2025/07/BGC_7622-150x150.webp HTTP/1.1" 200 3256 "https://autozone.com.sa/product/2025-chevrolet-captiva/" "Mozilla/5.0 (Windows NT 10.0; Win64; x64) AppleWebKit/537.36 (KHTML, like Gecko) Chrome/146.0.0.0 Safari/537.36"
51.211.27.76 - - [28/Mar/2026:14:57:19 +0000] "GET /wp-content/uploads/2025/07/BGC_7628-150x150.webp HTTP/1.1" 200 3708 "https://autozone.com.sa/product/2025-chevrolet-captiva/" "Mozilla/5.0 (Windows NT 10.0; Win64; x64) AppleWebKit/537.36 (KHTML, like Gecko) Chrome/146.0.0.0 Safari/537.36"
51.211.27.76 - - [28/Mar/2026:14:57:19 +0000] "GET /wp-content/uploads/2025/07/BGC_7613-150x150.webp HTTP/1.1" 200 2605 "https://autozone.com.sa/product/2025-chevrolet-captiva/" "Mozilla/5.0 (Windows NT 10.0; Win64; x64) AppleWebKit/537.36 (KHTML, like Gecko) Chrome/146.0.0.0 Safari/537.36"
51.211.27.76 - - [28/Mar/2026:14:57:19 +0000] "GET /wp-content/uploads/2025/07/BGC_7614-150x150.webp HTTP/1.1" 200 3403 "https://autozone.com.sa/product/2025-chevrolet-captiva/" "Mozilla/5.0 (Windows NT 10.0; Win64; x64) AppleWebKit/537.36 (KHTML, like Gecko) Chrome/146.0.0.0 Safari/537.36"
51.211.27.76 - - [28/Mar/2026:14:57:19 +0000] "GET /wp-content/uploads/2025/07/BGC_7606-150x150.webp HTTP/1.1" 200 1709 "https://autozone.com.sa/product/2025-chevrolet-captiva/" "Mozilla/5.0 (Windows NT 10.0; Win64; x64) AppleWebKit/537.36 (KHTML, like Gecko) Chrome/146.0.0.0 Safari/537.36"
51.211.27.76 - - [28/Mar/2026:14:57:19 +0000] "POST /?wc-ajax=get_default_gallery HTTP/1.1" 200 427 "https://autozone.com.sa/product/2025-chevrolet-captiva/" "Mozilla/5.0 (Windows NT 10.0; Win64; x64) AppleWebKit/537.36 (KHTML, like Gecko) Chrome/146.0.0.0 Safari/537.36"
51.211.27.76 - - [28/Mar/2026:14:57:18 +0000] "POST /?wc-ajax=get_variation_gallery HTTP/1.1" 200 550 "https://autozone.com.sa/product/2025-chevrolet-captiva/" "Mozilla/5.0 (Windows NT 10.0; Win64; x64) AppleWebKit/537.36 (KHTML, like Gecko) Chrome/146.0.0.0 Safari/537.36"
51.211.27.76 - - [28/Mar/2026:14:57:19 +0000] "POST /?wc-ajax=get_refreshed_fragments HTTP/1.1" 200 999 "https://autozone.com.sa/product/2025-chevrolet-captiva/" "Mozilla/5.0 (Windows NT 10.0; Win64; x64) AppleWebKit/537.36 (KHTML, like Gecko) Chrome/146.0.0.0 Safari/537.36"
2a02:9b0:e8:cd04:e95c:ff49:2c27:2191 - - [28/Mar/2026:14:57:17 +0000] "POST /wp-admin/admin-ajax.php HTTP/1.1" 200 9885 "https://autozone.com.sa/shop/" "Mozilla/5.0 (iPhone; CPU iPhone OS 16_7_14 like Mac OS X) AppleWebKit/605.1.15 (KHTML, like Gecko) GSA/413.1.887139264 Mobile/15E148 Safari/604.1"
51.211.27.76 - - [28/Mar/2026:14:57:18 +0000] "POST /wp-json/iawp/search HTTP/1.1" 200 36 "https://autozone.com.sa/product/2025-chevrolet-captiva/" "Mozilla/5.0 (Windows NT 10.0; Win64; x64) AppleWebKit/537.36 (KHTML, like Gecko) Chrome/146.0.0.0 Safari/537.36"
51.211.27.76 - - [28/Mar/2026:14:57:20 +0000] "GET /wp-content/uploads/2025/07/BGC_7613-100x100.webp HTTP/1.1" 200 1421 "https://autozone.com.sa/product/2025-chevrolet-captiva/" "Mozilla/5.0 (Windows NT 10.0; Win64; x64) AppleWebKit/537.36 (KHTML, like Gecko) Chrome/146.0.0.0 Safari/537.36"
51.211.27.76 - - [28/Mar/2026:14:57:20 +0000] "GET /wp-content/uploads/2025/07/BGC_7614-300x300.webp HTTP/1.1" 200 9935 "https://autozone.com.sa/product/2025-chevrolet-captiva/" "Mozilla/5.0 (Windows NT 10.0; Win64; x64) AppleWebKit/537.36 (KHTML, like Gecko) Chrome/146.0.0.0 Safari/537.36"
51.211.27.76 - - [28/Mar/2026:14:57:20 +0000] "GET /wp-content/uploads/2025/07/BGC_7606-1536x1024.webp HTTP/1.1" 200 24873 "https://autozone.com.sa/product/2025-chevrolet-captiva/" "Mozilla/5.0 (Windows NT 10.0; Win64; x64) AppleWebKit/537.36 (KHTML, like Gecko) Chrome/146.0.0.0 Safari/537.36"
51.211.27.76 - - [28/Mar/2026:14:57:20 +0000] "GET /wp-content/uploads/2025/07/BGC_7613-300x300.webp HTTP/1.1" 200 7521 "https://autozone.com.sa/product/2025-chevrolet-captiva/" "Mozilla/5.0 (Windows NT 10.0; Win64; x64) AppleWebKit/537.36 (KHTML, like Gecko) Chrome/146.0.0.0 Safari/537.36"
51.211.27.76 - - [28/Mar/2026:14:57:20 +0000] "GET /wp-content/uploads/2025/07/BGC_7614-1536x1024.webp HTTP/1.1" 200 60513 "https://autozone.com.sa/product/2025-chevrolet-captiva/" "Mozilla/5.0 (Windows NT 10.0; Win64; x64) AppleWebKit/537.36 (KHTML, like Gecko) Chrome/146.0.0.0 Safari/537.36"
51.211.27.76 - - [28/Mar/2026:14:57:20 +0000] "GET /wp-content/uploads/2025/07/BGC_7606-100x100.webp HTTP/1.1" 200 1019 "https://autozone.com.sa/product/2025-chevrolet-captiva/" "Mozilla/5.0 (Windows NT 10.0; Win64; x64) AppleWebKit/537.36 (KHTML, like Gecko) Chrome/146.0.0.0 Safari/537.36"
51.211.27.76 - - [28/Mar/2026:14:57:20 +0000] "GET /wp-content/uploads/2025/07/BGC_7613-1536x1024.webp HTTP/1.1" 200 45090 "https://autozone.com.sa/product/2025-chevrolet-captiva/" "Mozilla/5.0 (Windows NT 10.0; Win64; x64) AppleWebKit/537.36 (KHTML, like Gecko) Chrome/146.0.0.0 Safari/537.36"
51.211.27.76 - - [28/Mar/2026:14:57:20 +0000] "GET /wp-content/uploads/2025/07/BGC_7614-100x100.webp HTTP/1.1" 200 1899 "https://autozone.com.sa/product/2025-chevrolet-captiva/" "Mozilla/5.0 (Windows NT 10.0; Win64; x64) AppleWebKit/537.36 (KHTML, like Gecko) Chrome/146.0.0.0 Safari/537.36"
51.211.27.76 - - [28/Mar/2026:14:57:20 +0000] "GET /wp-content/uploads/2025/07/BGC_7614-scaled.webp HTTP/1.1" 200 116303 "https://autozone.com.sa/product/2025-chevrolet-captiva/" "Mozilla/5.0 (Windows NT 10.0; Win64; x64) AppleWebKit/537.36 (KHTML, like Gecko) Chrome/146.0.0.0 Safari/537.36"
51.211.27.76 - - [28/Mar/2026:14:57:20 +0000] "GET /wp-content/uploads/2025/07/BGC_7606-300x300.webp HTTP/1.1" 200 4479 "https://autozone.com.sa/product/2025-chevrolet-captiva/" "Mozilla/5.0 (Windows NT 10.0; Win64; x64) AppleWebKit/537.36 (KHTML, like Gecko) Chrome/146.0.0.0 Safari/537.36"
51.211.27.76 - - [28/Mar/2026:14:57:20 +0000] "GET /wp-content/uploads/2025/07/BGC_7606-scaled.webp HTTP/1.1" 200 53589 "https://autozone.com.sa/product/2025-chevrolet-captiva/" "Mozilla/5.0 (Windows NT 10.0; Win64; x64) AppleWebKit/537.36 (KHTML, like Gecko) Chrome/146.0.0.0 Safari/537.36"
172.105.42.26 - - [28/Mar/2026:14:57:27 +0000] "POST /wp-cron.php?doing_wp_cron=1774709847.7964360713958740234375 HTTP/1.1" 200 20 "-" "WordPress/6.9.4; https://autozone.com.sa"
2a02:cb80:4268:df2:c95d:e4fd:ab11:9466 - - [28/Mar/2026:14:57:26 +0000] "POST /wp-admin/admin-ajax.php HTTP/1.1" 200 913 "https://autozone.com.sa/" "Mozilla/5.0 (iPhone; CPU iPhone OS 18_7 like Mac OS X) AppleWebKit/605.1.15 (KHTML, like Gecko) Version/26.3 Mobile/15E148 Safari/604.1"
47.82.11.252 - - [28/Mar/2026:14:57:36 +0000] "GET /?shopdetail/71677606 HTTP/1.1" 301 20 "https://autozone.com.sa/" "Mozilla/5.0 (Macintosh; Intel Mac OS X 10_15_7) AppleWebKit/537.36 (KHTML, like Gecko) Chrome/134.0.0.0 Safari/537.36"
47.82.11.252 - - [28/Mar/2026:14:57:37 +0000] "GET /?shopdetail/71677606 HTTP/1.1" 301 20 "https://autozone.com.sa/" "Mozilla/5.0 (Macintosh; Intel Mac OS X 10_15_7) AppleWebKit/537.36 (KHTML, like Gecko) Chrome/134.0.0.0 Safari/537.36"
172.105.42.26 - - [28/Mar/2026:14:57:47 +0000] "POST /wp-cron.php?doing_wp_cron=1774709867.5296730995178222656250 HTTP/1.1" 200 20 "-" "WordPress/6.9.4; https://autozone.com.sa"
2a02:cb80:4051:4c1a:f409:4442:9c77:ccf - - [28/Mar/2026:14:57:44 +0000] "GET /about-autozone/ HTTP/1.1" 200 118358 "https://www.google.com/" "Mozilla/5.0 (iPhone; CPU iPhone OS 17_7 like Mac OS X) AppleWebKit/605.1.15 (KHTML, like Gecko) Version/17.7 Mobile/15E148 Safari/604.1"
2a02:cb80:4051:4c1a:f409:4442:9c77:ccf - - [28/Mar/2026:14:57:47 +0000] "GET /wp-content/plugins/elementor/assets/css/widget-spacer-rtl.min.css?ver=3.35.4 HTTP/1.1" 200 338 "https://autozone.com.sa/about-autozone/" "Mozilla/5.0 (iPhone; CPU iPhone OS 17_7 like Mac OS X) AppleWebKit/605.1.15 (KHTML, like Gecko) Version/17.7 Mobile/15E148 Safari/604.1"
2a02:cb80:4051:4c1a:f409:4442:9c77:ccf - - [28/Mar/2026:14:57:47 +0000] "GET /wp-content/plugins/elementor/assets/lib/animations/styles/slideInRight.min.css?ver=3.35.4 HTTP/1.1" 200 123 "https://autozone.com.sa/about-autozone/" "Mozilla/5.0 (iPhone; CPU iPhone OS 17_7 like Mac OS X) AppleWebKit/605.1.15 (KHTML, like Gecko) Version/17.7 Mobile/15E148 Safari/604.1"
2a02:cb80:4051:4c1a:f409:4442:9c77:ccf - - [28/Mar/2026:14:57:47 +0000] "GET /wp-content/uploads/elementor/css/post-617.css?ver=1774675943 HTTP/1.1" 200 738 "https://autozone.com.sa/about-autozone/" "Mozilla/5.0 (iPhone; CPU iPhone OS 17_7 like Mac OS X) AppleWebKit/605.1.15 (KHTML, like Gecko) Version/17.7 Mobile/15E148 Safari/604.1"
2a02:cb80:4051:4c1a:f409:4442:9c77:ccf - - [28/Mar/2026:14:57:47 +0000] "GET /wp-content/plugins/bdthemes-element-pack/assets/css/ep-animated-link.rtl.css?ver=9.1.1 HTTP/1.1" 200 1774 "https://autozone.com.sa/about-autozone/" "Mozilla/5.0 (iPhone; CPU iPhone OS 17_7 like Mac OS X) AppleWebKit/605.1.15 (KHTML, like Gecko) Version/17.7 Mobile/15E148 Safari/604.1"
2a02:cb80:4051:4c1a:f409:4442:9c77:ccf - - [28/Mar/2026:14:57:47 +0000] "GET /wp-content/uploads/elementor/css/post-1330.css?ver=1774676891 HTTP/1.1" 200 3333 "https://autozone.com.sa/about-autozone/" "Mozilla/5.0 (iPhone; CPU iPhone OS 17_7 like Mac OS X) AppleWebKit/605.1.15 (KHTML, like Gecko) Version/17.7 Mobile/15E148 Safari/604.1"
2a02:cb80:4051:4c1a:f409:4442:9c77:ccf - - [28/Mar/2026:14:57:47 +0000] "GET /wp-content/plugins/bdthemes-element-pack/assets/css/ep-animated-card.rtl.css?ver=9.1.1 HTTP/1.1" 200 829 "https://autozone.com.sa/about-autozone/" "Mozilla/5.0 (iPhone; CPU iPhone OS 17_7 like Mac OS X) AppleWebKit/605.1.15 (KHTML, like Gecko) Version/17.7 Mobile/15E148 Safari/604.1"
2a02:cb80:4051:4c1a:f409:4442:9c77:ccf - - [28/Mar/2026:14:57:48 +0000] "GET /wp-content/uploads/2025/01/1200-x-600-Pixel-min.webp HTTP/1.1" 200 233880 "https://autozone.com.sa/about-autozone/" "Mozilla/5.0 (iPhone; CPU iPhone OS 17_7 like Mac OS X) AppleWebKit/605.1.15 (KHTML, like Gecko) Version/17.7 Mobile/15E148 Safari/604.1"
2a02:cb80:4051:4c1a:f409:4442:9c77:ccf - - [28/Mar/2026:14:57:49 +0000] "POST /?wc-ajax=get_refreshed_fragments HTTP/1.1" 200 999 "https://autozone.com.sa/about-autozone/" "Mozilla/5.0 (iPhone; CPU iPhone OS 17_7 like Mac OS X) AppleWebKit/605.1.15 (KHTML, like Gecko) Version/17.7 Mobile/15E148 Safari/604.1"
2a02:cb80:4051:4c1a:f409:4442:9c77:ccf - - [28/Mar/2026:14:57:49 +0000] "POST /?wc-ajax=get_refreshed_fragments HTTP/1.1" 200 999 "https://autozone.com.sa/about-autozone/" "Mozilla/5.0 (iPhone; CPU iPhone OS 17_7 like Mac OS X) AppleWebKit/605.1.15 (KHTML, like Gecko) Version/17.7 Mobile/15E148 Safari/604.1"
2a02:cb80:4051:4c1a:f409:4442:9c77:ccf - - [28/Mar/2026:14:57:49 +0000] "POST /wp-json/iawp/search HTTP/1.1" 200 36 "https://autozone.com.sa/about-autozone/" "Mozilla/5.0 (iPhone; CPU iPhone OS 17_7 like Mac OS X) AppleWebKit/605.1.15 (KHTML, like Gecko) Version/17.7 Mobile/15E148 Safari/604.1"
2a02:cb80:4268:df2:c95d:e4fd:ab11:9466 - - [28/Mar/2026:14:57:54 +0000] "POST /wp-admin/admin-ajax.php HTTP/1.1" 200 46 "https://autozone.com.sa/" "Mozilla/5.0 (iPhone; CPU iPhone OS 18_7 like Mac OS X) AppleWebKit/605.1.15 (KHTML, like Gecko) Version/26.3 Mobile/15E148 Safari/604.1"
2a02:cb80:4051:4c1a:f409:4442:9c77:ccf - - [28/Mar/2026:14:57:57 +0000] "GET /wp-content/uploads/al_opt_content/IMAGE/autozone.com.sa/wp-content/uploads/2024/12/webstdy_1675070516%D8%A8%D9%86%D9%83%D8%A7%D9%84%D8%B1%D9%8A%D8%A7%D8%B6-1024x1024.webp?bv_host=autozone.com.sa&bv-resized-infos=bv_resized_mobile%3A480%2A480%3Bbv_resized_ipad%3A820%2A820%3Bbv_resized_desktop%3A1024%2A1024 HTTP/1.1" 200 11629 "https://autozone.com.sa/about-autozone/" "Mozilla/5.0 (iPhone; CPU iPhone OS 17_7 like Mac OS X) AppleWebKit/605.1.15 (KHTML, like Gecko) Version/17.7 Mobile/15E148 Safari/604.1"
2a02:cb80:4051:4c1a:f409:4442:9c77:ccf - - [28/Mar/2026:14:57:57 +0000] "GET /wp-content/uploads/al_opt_content/IMAGE/autozone.com.sa/wp-content/uploads/2024/12/webstdy_1675070697%D8%A8%D9%86%D9%83%D8%A7%D9%84%D8%A8%D9%84%D8%A7%D8%AF-1024x1024.webp?bv_host=autozone.com.sa&bv-resized-infos=bv_resized_mobile%3A480%2A480%3Bbv_resized_ipad%3A820%2A820%3Bbv_resized_desktop%3A1024%2A1024 HTTP/1.1" 200 16991 "https://autozone.com.sa/about-autozone/" "Mozilla/5.0 (iPhone; CPU iPhone OS 17_7 like Mac OS X) AppleWebKit/605.1.15 (KHTML, like Gecko) Version/17.7 Mobile/15E148 Safari/604.1"
2a02:cb80:4051:4c1a:f409:4442:9c77:ccf - - [28/Mar/2026:14:57:58 +0000] "GET /wp-content/uploads/al_opt_content/IMAGE/autozone.com.sa/wp-content/uploads/2024/12/webstdy_1675071243%D8%B1%D8%A7%D9%8A%D8%A9%D9%84%D9%84%D8%AA%D9%85%D9%88%D9%8A%D9%84-1024x1024.webp?bv_host=autozone.com.sa&bv-resized-infos=bv_resized_mobile%3A480%2A480%3Bbv_resized_ipad%3A820%2A820%3Bbv_resized_desktop%3A1024%2A1024 HTTP/1.1" 200 18651 "https://autozone.com.sa/about-autozone/" "Mozilla/5.0 (iPhone; CPU iPhone OS 17_7 like Mac OS X) AppleWebKit/605.1.15 (KHTML, like Gecko) Version/17.7 Mobile/15E148 Safari/604.1"
2a02:cb80:4051:4c1a:f409:4442:9c77:ccf - - [28/Mar/2026:14:57:58 +0000] "GET /wp-content/uploads/al_opt_content/IMAGE/autozone.com.sa/wp-content/uploads/2024/12/webstdy_1675071526%D8%B4%D8%B1%D9%83%D8%A9%D8%AA%D8%A3%D8%AC%D9%8A%D8%B1-1024x1024.webp?bv_host=autozone.com.sa&bv-resized-infos=bv_resized_mobile%3A480%2A480%3Bbv_resized_ipad%3A820%2A820%3Bbv_resized_desktop%3A1024%2A1024 HTTP/1.1" 200 9379 "https://autozone.com.sa/about-autozone/" "Mozilla/5.0 (iPhone; CPU iPhone OS 17_7 like Mac OS X) AppleWebKit/605.1.15 (KHTML, like Gecko) Version/17.7 Mobile/15E148 Safari/604.1"
2a02:cb80:4051:4c1a:f409:4442:9c77:ccf - - [28/Mar/2026:14:57:58 +0000] "GET /wp-content/uploads/al_opt_content/IMAGE/autozone.com.sa/wp-content/uploads/2024/12/webstdy_1675070438%D8%A7%D9%84%D8%A8%D9%86%D9%83%D8%A7%D9%84%D8%A7%D9%87%D9%84%D9%8A%D8%A7%D9%84%D8%B3%D8%B9%D9%88%D8%AF%D9%8A-1024x1024.webp?bv_host=autozone.com.sa&bv-resized-infos=bv_resized_mobile%3A480%2A480%3Bbv_resized_ipad%3A820%2A820%3Bbv_resized_desktop%3A1024%2A1024 HTTP/1.1" 200 12975 "https://autozone.com.sa/about-autozone/" "Mozilla/5.0 (iPhone; CPU iPhone OS 17_7 like Mac OS X) AppleWebKit/605.1.15 (KHTML, like Gecko) Version/17.7 Mobile/15E148 Safari/604.1"
2a02:cb80:4051:4c1a:f409:4442:9c77:ccf - - [28/Mar/2026:14:57:59 +0000] "GET /wp-content/uploads/al_opt_content/IMAGE/autozone.com.sa/wp-content/uploads/2024/12/webstdy_1675070626%D8%A7%D9%84%D8%A8%D9%86%D9%83%D8%A7%D9%84%D8%B9%D8%B1%D8%A8%D9%8A-1024x1024.webp?bv_host=autozone.com.sa&bv-resized-infos=bv_resized_mobile%3A480%2A480%3Bbv_resized_ipad%3A820%2A820%3Bbv_resized_desktop%3A1024%2A1024 HTTP/1.1" 200 10227 "https://autozone.com.sa/about-autozone/" "Mozilla/5.0 (iPhone; CPU iPhone OS 17_7 like Mac OS X) AppleWebKit/605.1.15 (KHTML, like Gecko) Version/17.7 Mobile/15E148 Safari/604.1"
2a02:cb80:4051:4c1a:f409:4442:9c77:ccf - - [28/Mar/2026:14:58:00 +0000] "GET /wp-content/uploads/al_opt_content/IMAGE/autozone.com.sa/wp-content/uploads/2024/12/webstdy_1675070763%D8%A8%D9%86%D9%83%D8%A7%D9%84%D8%A7%D9%85%D8%A7%D8%B1%D8%A7%D8%AA-1024x1024.webp?bv_host=autozone.com.sa&bv-resized-infos=bv_resized_mobile%3A480%2A480%3Bbv_resized_ipad%3A820%2A820%3Bbv_resized_desktop%3A1024%2A1024 HTTP/1.1" 200 9921 "https://autozone.com.sa/about-autozone/" "Mozilla/5.0 (iPhone; CPU iPhone OS 17_7 like Mac OS X) AppleWebKit/605.1.15 (KHTML, like Gecko) Version/17.7 Mobile/15E148 Safari/604.1"
74.7.241.33 - - [28/Mar/2026:14:58:03 +0000] "GET /en/01-s-offer-4-2/ HTTP/1.1" 404 28952 "https://khalidcrm.core3.agency" "Mozilla/5.0 AppleWebKit/537.36 (KHTML, like Gecko; compatible; GPTBot/1.3; +https://openai.com/gptbot)"
2a02:cb80:4051:4c1a:f409:4442:9c77:ccf - - [28/Mar/2026:14:58:05 +0000] "GET /wp-content/uploads/al_opt_content/IMAGE/autozone.com.sa/wp-content/uploads/2024/12/webstdy_1675070394%D9%85%D8%B5%D8%B1%D9%81%D8%A7%D9%84%D8%B1%D8%A7%D8%AC%D8%AD%D9%8A-1024x1024.webp?bv_host=autozone.com.sa&bv-resized-infos=bv_resized_mobile%3A480%2A480%3Bbv_resized_ipad%3A820%2A820%3Bbv_resized_desktop%3A1024%2A1024 HTTP/1.1" 200 17409 "https://autozone.com.sa/about-autozone/" "Mozilla/5.0 (iPhone; CPU iPhone OS 17_7 like Mac OS X) AppleWebKit/605.1.15 (KHTML, like Gecko) Version/17.7 Mobile/15E148 Safari/604.1"
2a02:cb80:4051:4c1a:f409:4442:9c77:ccf - - [28/Mar/2026:14:58:05 +0000] "GET /wp-content/uploads/al_opt_content/IMAGE/autozone.com.sa/wp-content/uploads/2024/12/webstdy_1675071343%D8%B9%D8%A8%D8%AF%D8%A7%D9%84%D9%84%D8%B7%D9%8A%D9%81%D8%AC%D9%85%D9%8A%D9%84-1024x1024.webp?bv_host=autozone.com.sa&bv-resized-infos=bv_resized_mobile%3A480%2A480%3Bbv_resized_ipad%3A820%2A820%3Bbv_resized_desktop%3A1024%2A1024 HTTP/1.1" 200 10703 "https://autozone.com.sa/about-autozone/" "Mozilla/5.0 (iPhone; CPU iPhone OS 17_7 like Mac OS X) AppleWebKit/605.1.15 (KHTML, like Gecko) Version/17.7 Mobile/15E148 Safari/604.1"
2a02:cb80:4051:4c1a:f409:4442:9c77:ccf - - [28/Mar/2026:14:58:11 +0000] "GET /%D8%A7%D9%84%D9%85%D8%A7%D8%B1%D9%83%D8%A9/%d9%83%d9%8a%d8%a7/ HTTP/1.1" 200 63828 "https://autozone.com.sa/about-autozone/" "Mozilla/5.0 (iPhone; CPU iPhone OS 17_7 like Mac OS X) AppleWebKit/605.1.15 (KHTML, like Gecko) Version/17.7 Mobile/15E148 Safari/604.1"
2a02:cb80:4051:4c1a:f409:4442:9c77:ccf - - [28/Mar/2026:14:58:15 +0000] "GET /wp-content/uploads/al_opt_content/IMAGE/autozone.com.sa/wp-content/uploads/2025/01/AZ_Original_AR.png?bv_host=autozone.com.sa&bv-resized-infos=bv_resized_mobile%3A480%2A139%3Bbv_resized_ipad%3A820%2A237%3Bbv_resized_desktop%3A872%2A252 HTTP/1.1" 304 - "https://autozone.com.sa/%D8%A7%D9%84%D9%85%D8%A7%D8%B1%D9%83%D8%A9/%d9%83%d9%8a%d8%a7/" "Mozilla/5.0 (iPhone; CPU iPhone OS 17_7 like Mac OS X) AppleWebKit/605.1.15 (KHTML, like Gecko) Version/17.7 Mobile/15E148 Safari/604.1"
2a02:cb80:4268:df2:c95d:e4fd:ab11:9466 - - [28/Mar/2026:14:58:13 +0000] "POST //shop/ HTTP/1.1" 200 44187 "https://autozone.com.sa/" "Mozilla/5.0 (iPhone; CPU iPhone OS 18_7 like Mac OS X) AppleWebKit/605.1.15 (KHTML, like Gecko) Version/26.3 Mobile/15E148 Safari/604.1"
2a02:cb80:4051:4c1a:f409:4442:9c77:ccf - - [28/Mar/2026:14:58:16 +0000] "POST /?wc-ajax=get_refreshed_fragments HTTP/1.1" 200 999 "https://autozone.com.sa/%D8%A7%D9%84%D9%85%D8%A7%D8%B1%D9%83%D8%A9/%d9%83%d9%8a%d8%a7/" "Mozilla/5.0 (iPhone; CPU iPhone OS 17_7 like Mac OS X) AppleWebKit/605.1.15 (KHTML, like Gecko) Version/17.7 Mobile/15E148 Safari/604.1"
2a02:cb80:4051:4c1a:f409:4442:9c77:ccf - - [28/Mar/2026:14:58:15 +0000] "POST /wp-json/iawp/search HTTP/1.1" 200 36 "https://autozone.com.sa/%D8%A7%D9%84%D9%85%D8%A7%D8%B1%D9%83%D8%A9/%d9%83%d9%8a%d8%a7/" "Mozilla/5.0 (iPhone; CPU iPhone OS 17_7 like Mac OS X) AppleWebKit/605.1.15 (KHTML, like Gecko) Version/17.7 Mobile/15E148 Safari/604.1"
2a02:cb80:4268:df2:c95d:e4fd:ab11:9466 - - [28/Mar/2026:14:58:17 +0000] "POST /wp-json/iawp/search HTTP/1.1" 200 36 "https://autozone.com.sa//shop/" "Mozilla/5.0 (iPhone; CPU iPhone OS 18_7 like Mac OS X) AppleWebKit/605.1.15 (KHTML, like Gecko) Version/26.3 Mobile/15E148 Safari/604.1"
2a02:cb80:4268:df2:c95d:e4fd:ab11:9466 - - [28/Mar/2026:14:58:18 +0000] "POST /?wc-ajax=get_refreshed_fragments HTTP/1.1" 200 999 "https://autozone.com.sa//shop/" "Mozilla/5.0 (iPhone; CPU iPhone OS 18_7 like Mac OS X) AppleWebKit/605.1.15 (KHTML, like Gecko) Version/26.3 Mobile/15E148 Safari/604.1"
172.105.42.26 - - [28/Mar/2026:14:58:21 +0000] "POST /wp-cron.php?doing_wp_cron=1774709901.9356200695037841796875 HTTP/1.1" 200 20 "-" "WordPress/6.9.4; https://autozone.com.sa"
2a02:cb80:4051:4c1a:f409:4442:9c77:ccf - - [28/Mar/2026:14:58:18 +0000] "GET /shop/ HTTP/1.1" 200 148566 "https://autozone.com.sa/%D8%A7%D9%84%D9%85%D8%A7%D8%B1%D9%83%D8%A9/%d9%83%d9%8a%d8%a7/" "Mozilla/5.0 (iPhone; CPU iPhone OS 17_7 like Mac OS X) AppleWebKit/605.1.15 (KHTML, like Gecko) Version/17.7 Mobile/15E148 Safari/604.1"
2a02:9b0:e8:cd04:e95c:ff49:2c27:2191 - - [28/Mar/2026:14:58:19 +0000] "GET /product/changan-uni-t-elite-2025/ HTTP/1.1" 200 128396 "https://autozone.com.sa/shop/" "Mozilla/5.0 (iPhone; CPU iPhone OS 16_7_14 like Mac OS X) AppleWebKit/605.1.15 (KHTML, like Gecko) GSA/413.1.887139264 Mobile/15E148 Safari/604.1"
2a02:9b0:e8:cd04:e95c:ff49:2c27:2191 - - [28/Mar/2026:14:58:24 +0000] "GET /wp-content/uploads/2025/04/BGC_9911-1536x1024.jpg HTTP/1.1" 200 190109 "https://autozone.com.sa/product/changan-uni-t-elite-2025/" "Mozilla/5.0 (iPhone; CPU iPhone OS 16_7_14 like Mac OS X) AppleWebKit/605.1.15 (KHTML, like Gecko) GSA/413.1.887139264 Mobile/15E148 Safari/604.1"
2a02:cb80:4051:4c1a:f409:4442:9c77:ccf - - [28/Mar/2026:14:58:23 +0000] "POST /?wc-ajax=get_refreshed_fragments HTTP/1.1" 200 999 "https://autozone.com.sa/shop/" "Mozilla/5.0 (iPhone; CPU iPhone OS 17_7 like Mac OS X) AppleWebKit/605.1.15 (KHTML, like Gecko) Version/17.7 Mobile/15E148 Safari/604.1"
2a02:9b0:e8:cd04:e95c:ff49:2c27:2191 - - [28/Mar/2026:14:58:24 +0000] "GET /wp-content/uploads/al_opt_content/IMAGE/autozone.com.sa/wp-content/uploads/2025/04/BGC_9911-scaled.jpg?bv_host=autozone.com.sa&bv-resized-infos=bv_resized_mobile%3A480%2A320%3Bbv_resized_ipad%3A820%2A547%3Bbv_resized_desktop%3A1536%2A1024 HTTP/1.1" 200 348419 "https://autozone.com.sa/product/changan-uni-t-elite-2025/" "Mozilla/5.0 (iPhone; CPU iPhone OS 16_7_14 like Mac OS X) AppleWebKit/605.1.15 (KHTML, like Gecko) GSA/413.1.887139264 Mobile/15E148 Safari/604.1"
2a02:cb80:4051:4c1a:f409:4442:9c77:ccf - - [28/Mar/2026:14:58:23 +0000] "POST /wp-json/iawp/search HTTP/1.1" 200 36 "https://autozone.com.sa/shop/" "Mozilla/5.0 (iPhone; CPU iPhone OS 17_7 like Mac OS X) AppleWebKit/605.1.15 (KHTML, like Gecko) Version/17.7 Mobile/15E148 Safari/604.1"
2a02:9b0:e8:cd04:e95c:ff49:2c27:2191 - - [28/Mar/2026:14:58:24 +0000] "POST /?wc-ajax=get_variation_gallery HTTP/1.1" 200 531 "https://autozone.com.sa/product/changan-uni-t-elite-2025/" "Mozilla/5.0 (iPhone; CPU iPhone OS 16_7_14 like Mac OS X) AppleWebKit/605.1.15 (KHTML, like Gecko) GSA/413.1.887139264 Mobile/15E148 Safari/604.1"
2a02:9b0:e8:cd04:e95c:ff49:2c27:2191 - - [28/Mar/2026:14:58:24 +0000] "POST /?wc-ajax=get_default_gallery HTTP/1.1" 200 427 "https://autozone.com.sa/product/changan-uni-t-elite-2025/" "Mozilla/5.0 (iPhone; CPU iPhone OS 16_7_14 like Mac OS X) AppleWebKit/605.1.15 (KHTML, like Gecko) GSA/413.1.887139264 Mobile/15E148 Safari/604.1"
2a02:9b0:e8:cd04:e95c:ff49:2c27:2191 - - [28/Mar/2026:14:58:24 +0000] "POST /?wc-ajax=get_refreshed_fragments HTTP/1.1" 200 999 "https://autozone.com.sa/product/changan-uni-t-elite-2025/" "Mozilla/5.0 (iPhone; CPU iPhone OS 16_7_14 like Mac OS X) AppleWebKit/605.1.15 (KHTML, like Gecko) GSA/413.1.887139264 Mobile/15E148 Safari/604.1"
2a02:9b0:e8:cd04:e95c:ff49:2c27:2191 - - [28/Mar/2026:14:58:25 +0000] "GET /wp-content/uploads/2025/04/BGC_9911-600x400.jpg HTTP/1.1" 200 44348 "https://autozone.com.sa/product/changan-uni-t-elite-2025/" "Mozilla/5.0 (iPhone; CPU iPhone OS 16_7_14 like Mac OS X) AppleWebKit/605.1.15 (KHTML, like Gecko) GSA/413.1.887139264 Mobile/15E148 Safari/604.1"
2a02:9b0:e8:cd04:e95c:ff49:2c27:2191 - - [28/Mar/2026:14:58:25 +0000] "GET /wp-content/uploads/2025/04/BGC_9918-scaled.jpg HTTP/1.1" 200 372470 "https://autozone.com.sa/product/changan-uni-t-elite-2025/" "Mozilla/5.0 (iPhone; CPU iPhone OS 16_7_14 like Mac OS X) AppleWebKit/605.1.15 (KHTML, like Gecko) GSA/413.1.887139264 Mobile/15E148 Safari/604.1"
2a02:9b0:e8:cd04:e95c:ff49:2c27:2191 - - [28/Mar/2026:14:58:25 +0000] "GET /wp-content/uploads/2025/04/BGC_9911-100x100.jpg HTTP/1.1" 304 - "https://autozone.com.sa/product/changan-uni-t-elite-2025/" "Mozilla/5.0 (iPhone; CPU iPhone OS 16_7_14 like Mac OS X) AppleWebKit/605.1.15 (KHTML, like Gecko) GSA/413.1.887139264 Mobile/15E148 Safari/604.1"
2a02:9b0:e8:cd04:e95c:ff49:2c27:2191 - - [28/Mar/2026:14:58:25 +0000] "GET /wp-content/uploads/2025/04/BGC_9918-600x400.jpg HTTP/1.1" 200 42330 "https://autozone.com.sa/product/changan-uni-t-elite-2025/" "Mozilla/5.0 (iPhone; CPU iPhone OS 16_7_14 like Mac OS X) AppleWebKit/605.1.15 (KHTML, like Gecko) GSA/413.1.887139264 Mobile/15E148 Safari/604.1"
2a02:9b0:e8:cd04:e95c:ff49:2c27:2191 - - [28/Mar/2026:14:58:25 +0000] "GET /wp-content/uploads/2025/04/BGC_9918-1536x1024.jpg HTTP/1.1" 200 170841 "https://autozone.com.sa/product/changan-uni-t-elite-2025/" "Mozilla/5.0 (iPhone; CPU iPhone OS 16_7_14 like Mac OS X) AppleWebKit/605.1.15 (KHTML, like Gecko) GSA/413.1.887139264 Mobile/15E148 Safari/604.1"
2a02:9b0:e8:cd04:e95c:ff49:2c27:2191 - - [28/Mar/2026:14:58:25 +0000] "GET /wp-content/uploads/2025/04/BGC_9918-100x100.jpg HTTP/1.1" 200 3787 "https://autozone.com.sa/product/changan-uni-t-elite-2025/" "Mozilla/5.0 (iPhone; CPU iPhone OS 16_7_14 like Mac OS X) AppleWebKit/605.1.15 (KHTML, like Gecko) GSA/413.1.887139264 Mobile/15E148 Safari/604.1"
2a02:9b0:e8:cd04:e95c:ff49:2c27:2191 - - [28/Mar/2026:14:58:25 +0000] "GET /wp-content/uploads/2025/04/BGC_9911-300x300.jpg HTTP/1.1" 200 20057 "https://autozone.com.sa/product/changan-uni-t-elite-2025/" "Mozilla/5.0 (iPhone; CPU iPhone OS 16_7_14 like Mac OS X) AppleWebKit/605.1.15 (KHTML, like Gecko) GSA/413.1.887139264 Mobile/15E148 Safari/604.1"
2a02:9b0:e8:cd04:e95c:ff49:2c27:2191 - - [28/Mar/2026:14:58:24 +0000] "POST /wp-json/iawp/search HTTP/1.1" 200 36 "https://autozone.com.sa/product/changan-uni-t-elite-2025/" "Mozilla/5.0 (iPhone; CPU iPhone OS 16_7_14 like Mac OS X) AppleWebKit/605.1.15 (KHTML, like Gecko) GSA/413.1.887139264 Mobile/15E148 Safari/604.1"
2a02:9b0:e8:cd04:e95c:ff49:2c27:2191 - - [28/Mar/2026:14:58:25 +0000] "GET /wp-content/uploads/2025/04/BGC_9928-1536x1024.jpg HTTP/1.1" 200 155987 "https://autozone.com.sa/product/changan-uni-t-elite-2025/" "Mozilla/5.0 (iPhone; CPU iPhone OS 16_7_14 like Mac OS X) AppleWebKit/605.1.15 (KHTML, like Gecko) GSA/413.1.887139264 Mobile/15E148 Safari/604.1"
2a02:9b0:e8:cd04:e95c:ff49:2c27:2191 - - [28/Mar/2026:14:58:25 +0000] "GET /wp-content/uploads/2025/04/BGC_9918-300x300.jpg HTTP/1.1" 200 18484 "https://autozone.com.sa/product/changan-uni-t-elite-2025/" "Mozilla/5.0 (iPhone; CPU iPhone OS 16_7_14 like Mac OS X) AppleWebKit/605.1.15 (KHTML, like Gecko) GSA/413.1.887139264 Mobile/15E148 Safari/604.1"
2a02:9b0:e8:cd04:e95c:ff49:2c27:2191 - - [28/Mar/2026:14:58:25 +0000] "GET /wp-content/uploads/2025/04/BGC_9928-100x100.jpg HTTP/1.1" 200 3640 "https://autozone.com.sa/product/changan-uni-t-elite-2025/" "Mozilla/5.0 (iPhone; CPU iPhone OS 16_7_14 like Mac OS X) AppleWebKit/605.1.15 (KHTML, like Gecko) GSA/413.1.887139264 Mobile/15E148 Safari/604.1"
2a02:9b0:e8:cd04:e95c:ff49:2c27:2191 - - [28/Mar/2026:14:58:25 +0000] "GET /wp-content/uploads/2025/04/BGC_9928-300x300.jpg HTTP/1.1" 200 17810 "https://autozone.com.sa/product/changan-uni-t-elite-2025/" "Mozilla/5.0 (iPhone; CPU iPhone OS 16_7_14 like Mac OS X) AppleWebKit/605.1.15 (KHTML, like Gecko) GSA/413.1.887139264 Mobile/15E148 Safari/604.1"
2a02:9b0:e8:cd04:e95c:ff49:2c27:2191 - - [28/Mar/2026:14:58:25 +0000] "GET /wp-content/uploads/2025/04/BGC_9928-600x400.jpg HTTP/1.1" 200 37519 "https://autozone.com.sa/product/changan-uni-t-elite-2025/" "Mozilla/5.0 (iPhone; CPU iPhone OS 16_7_14 like Mac OS X) AppleWebKit/605.1.15 (KHTML, like Gecko) GSA/413.1.887139264 Mobile/15E148 Safari/604.1"
2a02:9b0:e8:cd04:e95c:ff49:2c27:2191 - - [28/Mar/2026:14:58:25 +0000] "GET /wp-content/uploads/2025/04/BGC_9928-scaled.jpg HTTP/1.1" 200 356639 "https://autozone.com.sa/product/changan-uni-t-elite-2025/" "Mozilla/5.0 (iPhone; CPU iPhone OS 16_7_14 like Mac OS X) AppleWebKit/605.1.15 (KHTML, like Gecko) GSA/413.1.887139264 Mobile/15E148 Safari/604.1"
2a02:cb80:4268:df2:c95d:e4fd:ab11:9466 - - [28/Mar/2026:14:58:30 +0000] "POST /wp-admin/admin-ajax.php HTTP/1.1" 200 8097 "https://autozone.com.sa//shop/" "Mozilla/5.0 (iPhone; CPU iPhone OS 18_7 like Mac OS X) AppleWebKit/605.1.15 (KHTML, like Gecko) Version/26.3 Mobile/15E148 Safari/604.1"
2a02:cb80:4268:df2:c95d:e4fd:ab11:9466 - - [28/Mar/2026:14:58:32 +0000] "GET /shop/ HTTP/1.1" 200 148542 "https://autozone.com.sa//shop/" "Mozilla/5.0 (iPhone; CPU iPhone OS 18_7 like Mac OS X) AppleWebKit/605.1.15 (KHTML, like Gecko) Version/26.3 Mobile/15E148 Safari/604.1"
2a02:cb80:4268:df2:c95d:e4fd:ab11:9466 - - [28/Mar/2026:14:58:38 +0000] "POST /?wc-ajax=get_refreshed_fragments HTTP/1.1" 200 999 "https://autozone.com.sa/shop/" "Mozilla/5.0 (iPhone; CPU iPhone OS 18_7 like Mac OS X) AppleWebKit/605.1.15 (KHTML, like Gecko) Version/26.3 Mobile/15E148 Safari/604.1"
2a02:cb80:4268:df2:c95d:e4fd:ab11:9466 - - [28/Mar/2026:14:58:38 +0000] "POST /wp-json/iawp/search HTTP/1.1" 200 36 "https://autozone.com.sa/shop/" "Mozilla/5.0 (iPhone; CPU iPhone OS 18_7 like Mac OS X) AppleWebKit/605.1.15 (KHTML, like Gecko) Version/26.3 Mobile/15E148 Safari/604.1"
2a02:9b0:e8:cd04:e95c:ff49:2c27:2191 - - [28/Mar/2026:14:58:41 +0000] "GET /wp-content/uploads/2025/04/BGC_9911-300x200.jpg HTTP/1.1" 200 14605 "https://autozone.com.sa/product/changan-uni-t-elite-2025/" "Mozilla/5.0 (iPhone; CPU iPhone OS 16_7_14 like Mac OS X) AppleWebKit/605.1.15 (KHTML, like Gecko) GSA/413.1.887139264 Mobile/15E148 Safari/604.1"
2a02:9b0:e8:cd04:e95c:ff49:2c27:2191 - - [28/Mar/2026:14:58:47 +0000] "GET /wp-content/uploads/2025/04/BGC_9922-300x200.jpg HTTP/1.1" 200 13717 "https://autozone.com.sa/product/changan-uni-t-elite-2025/" "Mozilla/5.0 (iPhone; CPU iPhone OS 16_7_14 like Mac OS X) AppleWebKit/605.1.15 (KHTML, like Gecko) GSA/413.1.887139264 Mobile/15E148 Safari/604.1"
2a02:9b0:e8:cd04:e95c:ff49:2c27:2191 - - [28/Mar/2026:14:58:47 +0000] "GET /wp-content/uploads/2025/04/BGC_9924-300x200.jpg HTTP/1.1" 200 12680 "https://autozone.com.sa/product/changan-uni-t-elite-2025/" "Mozilla/5.0 (iPhone; CPU iPhone OS 16_7_14 like Mac OS X) AppleWebKit/605.1.15 (KHTML, like Gecko) GSA/413.1.887139264 Mobile/15E148 Safari/604.1"
2a02:9b0:e8:cd04:e95c:ff49:2c27:2191 - - [28/Mar/2026:14:58:49 +0000] "GET /wp-content/uploads/2025/04/BGC_9930-300x200.jpg HTTP/1.1" 200 12878 "https://autozone.com.sa/product/changan-uni-t-elite-2025/" "Mozilla/5.0 (iPhone; CPU iPhone OS 16_7_14 like Mac OS X) AppleWebKit/605.1.15 (KHTML, like Gecko) GSA/413.1.887139264 Mobile/15E148 Safari/604.1"
2a02:9b0:e8:cd04:e95c:ff49:2c27:2191 - - [28/Mar/2026:14:58:51 +0000] "GET /wp-content/uploads/2025/04/BGC_9939-300x200.jpg HTTP/1.1" 200 12840 "https://autozone.com.sa/product/changan-uni-t-elite-2025/" "Mozilla/5.0 (iPhone; CPU iPhone OS 16_7_14 like Mac OS X) AppleWebKit/605.1.15 (KHTML, like Gecko) GSA/413.1.887139264 Mobile/15E148 Safari/604.1"
172.105.42.26 - - [28/Mar/2026:14:58:51 +0000] "POST /wp-cron.php?doing_wp_cron=1774709931.3985230922698974609375 HTTP/1.1" 200 20 "-" "WordPress/6.9.4; https://autozone.com.sa"
2a02:cb80:4268:df2:c95d:e4fd:ab11:9466 - - [28/Mar/2026:14:58:49 +0000] "GET /showroom/ HTTP/1.1" 200 110361 "https://autozone.com.sa/shop/" "Mozilla/5.0 (iPhone; CPU iPhone OS 18_7 like Mac OS X) AppleWebKit/605.1.15 (KHTML, like Gecko) Version/26.3 Mobile/15E148 Safari/604.1"
2a02:9b0:e8:cd04:e95c:ff49:2c27:2191 - - [28/Mar/2026:14:58:52 +0000] "GET /wp-content/uploads/2025/04/BGC_9958-300x200.jpg HTTP/1.1" 200 12257 "https://autozone.com.sa/product/changan-uni-t-elite-2025/" "Mozilla/5.0 (iPhone; CPU iPhone OS 16_7_14 like Mac OS X) AppleWebKit/605.1.15 (KHTML, like Gecko) GSA/413.1.887139264 Mobile/15E148 Safari/604.1"
2a02:9b0:e8:cd04:e95c:ff49:2c27:2191 - - [28/Mar/2026:14:58:52 +0000] "GET /wp-content/uploads/2025/04/BGC_9966-300x200.jpg HTTP/1.1" 200 8424 "https://autozone.com.sa/product/changan-uni-t-elite-2025/" "Mozilla/5.0 (iPhone; CPU iPhone OS 16_7_14 like Mac OS X) AppleWebKit/605.1.15 (KHTML, like Gecko) GSA/413.1.887139264 Mobile/15E148 Safari/604.1"
2a02:9b0:e8:cd04:e95c:ff49:2c27:2191 - - [28/Mar/2026:14:58:56 +0000] "GET /wp-content/uploads/2025/04/BGC_9978-300x200.jpg HTTP/1.1" 200 8211 "https://autozone.com.sa/product/changan-uni-t-elite-2025/" "Mozilla/5.0 (iPhone; CPU iPhone OS 16_7_14 like Mac OS X) AppleWebKit/605.1.15 (KHTML, like Gecko) GSA/413.1.887139264 Mobile/15E148 Safari/604.1"
2a02:9b0:e8:cd04:e95c:ff49:2c27:2191 - - [28/Mar/2026:14:58:56 +0000] "GET /wp-content/uploads/2025/04/BGC_9988-300x200.jpg HTTP/1.1" 304 - "https://autozone.com.sa/product/changan-uni-t-elite-2025/" "Mozilla/5.0 (iPhone; CPU iPhone OS 16_7_14 like Mac OS X) AppleWebKit/605.1.15 (KHTML, like Gecko) GSA/413.1.887139264 Mobile/15E148 Safari/604.1"
50.6.160.22 - - [28/Mar/2026:14:59:06 +0000] "GET /wp-login.php HTTP/1.1" 403 1089 "-" "Mozilla/5.0 (Macintosh; Intel Mac OS X 10_13_1) AppleWebKit/537.36 (KHTML, like Gecko) Chrome/66.0.3359.139 Safari/537.36"
50.6.160.22 - - [28/Mar/2026:14:59:08 +0000] "POST /wp-login.php HTTP/1.1" 403 1089 "https://autozone.com.sa/wp-login.php" "Mozilla/5.0 (Macintosh; Intel Mac OS X 10_13_1) AppleWebKit/537.36 (KHTML, like Gecko) Chrome/66.0.3359.139 Safari/537.36"
2a02:cb80:4268:df2:c95d:e4fd:ab11:9466 - - [28/Mar/2026:14:59:08 +0000] "POST /?wc-ajax=get_refreshed_fragments HTTP/1.1" 200 999 "https://autozone.com.sa/showroom/" "Mozilla/5.0 (iPhone; CPU iPhone OS 18_7 like Mac OS X) AppleWebKit/605.1.15 (KHTML, like Gecko) Version/26.3 Mobile/15E148 Safari/604.1"
2a02:cb80:4268:df2:c95d:e4fd:ab11:9466 - - [28/Mar/2026:14:59:08 +0000] "POST /wp-json/iawp/search HTTP/1.1" 200 36 "https://autozone.com.sa/showroom/" "Mozilla/5.0 (iPhone; CPU iPhone OS 18_7 like Mac OS X) AppleWebKit/605.1.15 (KHTML, like Gecko) Version/26.3 Mobile/15E148 Safari/604.1"
172.105.42.26 - - [28/Mar/2026:14:59:40 +0000] "POST /wp-cron.php?doing_wp_cron=1774709980.3423190116882324218750 HTTP/1.1" 200 20 "-" "WordPress/6.9.4; https://autozone.com.sa"
20.127.1.39 - - [28/Mar/2026:14:59:38 +0000] "GET /wp-content/uploads/2021/01/4-3.jpg HTTP/1.1" 404 30918 "-" "Mozilla/5.0 (compatible; BingIndexCrawler/1.0)"
2001:16a2:c290:dbff:6835:ddfd:6344:4232 - - [28/Mar/2026:14:59:37 +0000] "GET /en/ HTTP/1.1" 200 94230 "https://www.google.com/url?q=https://autozone.com.sa/en/&sa=U&sqi=2&ved=2ahUKEwjOysDR7cKTAxW45AIHHRtWEtgQFnoECCQQAQ&usg=AOvVaw1rj_hHjQ2oIxPD-mWRpFAv" "Mozilla/5.0 (iPhone; CPU iPhone OS 26_3_1 like Mac OS X) AppleWebKit/605.1.15 (KHTML, like Gecko) GSA/413.1.887139264 Mobile/15E148 Safari/604.1"
172.105.42.26 - - [28/Mar/2026:14:59:46 +0000] "POST /wp-cron.php?doing_wp_cron=1774709986.4322030544281005859375 HTTP/1.1" 200 20 "-" "WordPress/6.9.4; https://autozone.com.sa/en/"
2001:16a2:c290:dbff:6835:ddfd:6344:4232 - - [28/Mar/2026:14:59:45 +0000] "POST /en/?wc-ajax=get_refreshed_fragments HTTP/1.1" 200 1002 "https://autozone.com.sa/en/" "Mozilla/5.0 (iPhone; CPU iPhone OS 26_3_1 like Mac OS X) AppleWebKit/605.1.15 (KHTML, like Gecko) GSA/413.1.887139264 Mobile/15E148 Safari/604.1"
2001:16a2:c290:dbff:6835:ddfd:6344:4232 - - [28/Mar/2026:14:59:45 +0000] "POST /en/?wc-ajax=get_refreshed_fragments HTTP/1.1" 200 1002 "https://autozone.com.sa/en/" "Mozilla/5.0 (iPhone; CPU iPhone OS 26_3_1 like Mac OS X) AppleWebKit/605.1.15 (KHTML, like Gecko) GSA/413.1.887139264 Mobile/15E148 Safari/604.1"
2001:16a2:c290:dbff:6835:ddfd:6344:4232 - - [28/Mar/2026:14:59:45 +0000] "POST /en/wp-json/iawp/search HTTP/1.1" 200 36 "https://autozone.com.sa/en/" "Mozilla/5.0 (iPhone; CPU iPhone OS 26_3_1 like Mac OS X) AppleWebKit/605.1.15 (KHTML, like Gecko) GSA/413.1.887139264 Mobile/15E148 Safari/604.1"
2001:16a2:c290:dbff:6835:ddfd:6344:4232 - - [28/Mar/2026:14:59:52 +0000] "GET /wp-content/uploads/al_opt_content/IMAGE/autozone.com.sa/wp-content/uploads/2025/04/Go1-07.webp?bv_host=autozone.com.sa&bv-resized-infos=bv_resized_mobile%3A480%2A193%3Bbv_resized_ipad%3A820%2A330%3Bbv_resized_desktop%3A1536%2A617 HTTP/1.1" 200 157540 "https://autozone.com.sa/en/" "Mozilla/5.0 (iPhone; CPU iPhone OS 26_3_1 like Mac OS X) AppleWebKit/605.1.15 (KHTML, like Gecko) GSA/413.1.887139264 Mobile/15E148 Safari/604.1"
2001:16a2:c290:dbff:6835:ddfd:6344:4232 - - [28/Mar/2026:15:00:00 +0000] "GET /wp-content/uploads/al_opt_content/IMAGE/autozone.com.sa/wp-content/uploads/2025/04/Go1-03-1.webp?bv_host=autozone.com.sa&bv-resized-infos=bv_resized_mobile%3A480%2A193%3Bbv_resized_ipad%3A820%2A330%3Bbv_resized_desktop%3A1536%2A617 HTTP/1.1" 200 130344 "https://autozone.com.sa/en/" "Mozilla/5.0 (iPhone; CPU iPhone OS 26_3_1 like Mac OS X) AppleWebKit/605.1.15 (KHTML, like Gecko) GSA/413.1.887139264 Mobile/15E148 Safari/604.1"
