2a02:cb80:4084:be37:da3:7ce5:54f0:7d3e - - [28/Mar/2026:15:23:57 +0000] "POST /en/?wc-ajax=get_default_gallery HTTP/1.1" 200 432 "https://autozone.com.sa/en/product/jetour-t2-hybrid-2026/" "Mozilla/5.0 (iPhone; CPU iPhone OS 26_4_0 like Mac OS X) AppleWebKit/605.1.15 (KHTML, like Gecko) CriOS/146.0.7680.151 Mobile/15E148 Safari/604.1"
2a02:cb80:4084:be37:da3:7ce5:54f0:7d3e - - [28/Mar/2026:15:23:57 +0000] "POST /en/wp-json/iawp/search HTTP/1.1" 200 36 "https://autozone.com.sa/en/product/jetour-t2-hybrid-2026/" "Mozilla/5.0 (iPhone; CPU iPhone OS 26_4_0 like Mac OS X) AppleWebKit/605.1.15 (KHTML, like Gecko) CriOS/146.0.7680.151 Mobile/15E148 Safari/604.1"
2a02:cb80:4084:be37:da3:7ce5:54f0:7d3e - - [28/Mar/2026:15:23:57 +0000] "POST /en/?wc-ajax=get_refreshed_fragments HTTP/1.1" 200 1002 "https://autozone.com.sa/en/product/jetour-t2-hybrid-2026/" "Mozilla/5.0 (iPhone; CPU iPhone OS 26_4_0 like Mac OS X) AppleWebKit/605.1.15 (KHTML, like Gecko) CriOS/146.0.7680.151 Mobile/15E148 Safari/604.1"
2a02:cb80:4084:be37:da3:7ce5:54f0:7d3e - - [28/Mar/2026:15:23:57 +0000] "POST /en/?wc-ajax=get_refreshed_fragments HTTP/1.1" 200 1002 "https://autozone.com.sa/en/product/jetour-t2-hybrid-2026/" "Mozilla/5.0 (iPhone; CPU iPhone OS 26_4_0 like Mac OS X) AppleWebKit/605.1.15 (KHTML, like Gecko) CriOS/146.0.7680.151 Mobile/15E148 Safari/604.1"
2a02:cb80:4084:be37:da3:7ce5:54f0:7d3e - - [28/Mar/2026:15:23:59 +0000] "GET /wp-content/uploads/2025/04/BGC_9689-600x600.jpg HTTP/1.1" 304 - "https://autozone.com.sa/en/product/jetour-t2-hybrid-2026/" "Mozilla/5.0 (iPhone; CPU iPhone OS 26_4_0 like Mac OS X) AppleWebKit/605.1.15 (KHTML, like Gecko) CriOS/146.0.7680.151 Mobile/15E148 Safari/604.1"
2a02:cb80:4084:be37:da3:7ce5:54f0:7d3e - - [28/Mar/2026:15:23:59 +0000] "GET /wp-content/uploads/2025/04/BGC_9708-600x600.jpg HTTP/1.1" 304 - "https://autozone.com.sa/en/product/jetour-t2-hybrid-2026/" "Mozilla/5.0 (iPhone; CPU iPhone OS 26_4_0 like Mac OS X) AppleWebKit/605.1.15 (KHTML, like Gecko) CriOS/146.0.7680.151 Mobile/15E148 Safari/604.1"
2a02:cb80:4084:be37:da3:7ce5:54f0:7d3e - - [28/Mar/2026:15:23:59 +0000] "GET /wp-content/uploads/2025/04/BGC_9690-600x600.jpg HTTP/1.1" 304 - "https://autozone.com.sa/en/product/jetour-t2-hybrid-2026/" "Mozilla/5.0 (iPhone; CPU iPhone OS 26_4_0 like Mac OS X) AppleWebKit/605.1.15 (KHTML, like Gecko) CriOS/146.0.7680.151 Mobile/15E148 Safari/604.1"
2001:16a4:2f1:3d0e:bd3d:9ba3:8373:c2b5 - - [28/Mar/2026:15:24:05 +0000] "GET /wp-content/uploads/al_opt_content/IMAGE/autozone.com.sa/wp-content/uploads/2025/04/Go1-10.webp?bv_host=autozone.com.sa&bv-resized-infos=bv_resized_mobile%3A480%2A193%3Bbv_resized_ipad%3A820%2A330%3Bbv_resized_desktop%3A1536%2A617 HTTP/1.1" 200 123364 "https://autozone.com.sa/" "Mozilla/5.0 (iPhone; CPU iPhone OS 26_4_0 like Mac OS X) AppleWebKit/605.1.15 (KHTML, like Gecko) CriOS/142.0.7444.148 Mobile/15E148 Safari/604.1"
2001:16a4:2f1:3d0e:bd3d:9ba3:8373:c2b5 - - [28/Mar/2026:15:24:05 +0000] "GET /wp-content/uploads/al_opt_content/IMAGE/autozone.com.sa/wp-content/uploads/2025/01/shape2.webp?bv_host=autozone.com.sa HTTP/1.1" 200 4737 "https://autozone.com.sa/" "Mozilla/5.0 (iPhone; CPU iPhone OS 26_4_0 like Mac OS X) AppleWebKit/605.1.15 (KHTML, like Gecko) CriOS/142.0.7444.148 Mobile/15E148 Safari/604.1"
66.249.75.110 - - [28/Mar/2026:15:24:03 +0000] "GET /product/hyundai-stargazer-2025/ HTTP/1.1" 200 130391 "-" "Mozilla/5.0 (Linux; Android 6.0.1; Nexus 5X Build/MMB29P) AppleWebKit/537.36 (KHTML, like Gecko) Chrome/146.0.7680.153 Mobile Safari/537.36 (compatible; Googlebot/2.1; +http://www.google.com/bot.html)"
2001:16a4:2f1:3d0e:bd3d:9ba3:8373:c2b5 - - [28/Mar/2026:15:24:06 +0000] "GET /wp-content/uploads/al_opt_content/IMAGE/autozone.com.sa/wp-content/uploads/2024/12/2c2947dd-5636-4745-aeb7-3d5762119bf7.png?bv_host=autozone.com.sa&bv-resized-infos=bv_resized_mobile%3A150%2A150%3Bbv_resized_ipad%3A150%2A150%3Bbv_resized_desktop%3A150%2A150 HTTP/1.1" 304 - "https://autozone.com.sa/" "Mozilla/5.0 (iPhone; CPU iPhone OS 26_4_0 like Mac OS X) AppleWebKit/605.1.15 (KHTML, like Gecko) CriOS/142.0.7444.148 Mobile/15E148 Safari/604.1"
2001:16a4:2f1:3d0e:bd3d:9ba3:8373:c2b5 - - [28/Mar/2026:15:24:06 +0000] "GET /wp-content/uploads/al_opt_content/IMAGE/autozone.com.sa/wp-content/uploads/2024/12/f58d4b0f-1ca5-447d-b38b-d8ad46337f23.png?bv_host=autozone.com.sa&bv-resized-infos=bv_resized_mobile%3A150%2A150%3Bbv_resized_ipad%3A150%2A150%3Bbv_resized_desktop%3A150%2A150 HTTP/1.1" 304 - "https://autozone.com.sa/" "Mozilla/5.0 (iPhone; CPU iPhone OS 26_4_0 like Mac OS X) AppleWebKit/605.1.15 (KHTML, like Gecko) CriOS/142.0.7444.148 Mobile/15E148 Safari/604.1"
2001:16a4:2f1:3d0e:bd3d:9ba3:8373:c2b5 - - [28/Mar/2026:15:24:07 +0000] "GET /wp-content/uploads/al_opt_content/IMAGE/autozone.com.sa/wp-content/uploads/2025/02/Autozone-nissan-logo.webp?bv_host=autozone.com.sa&bv-resized-infos=bv_resized_mobile%3A250%2A250%3Bbv_resized_ipad%3A250%2A250%3Bbv_resized_desktop%3A250%2A250 HTTP/1.1" 200 4827 "https://autozone.com.sa/" "Mozilla/5.0 (iPhone; CPU iPhone OS 26_4_0 like Mac OS X) AppleWebKit/605.1.15 (KHTML, like Gecko) CriOS/142.0.7444.148 Mobile/15E148 Safari/604.1"
2001:16a4:2f1:3d0e:bd3d:9ba3:8373:c2b5 - - [28/Mar/2026:15:24:07 +0000] "GET /wp-content/uploads/al_opt_content/IMAGE/autozone.com.sa/wp-content/uploads/2024/12/1f12a941-6ddb-4133-948a-ea3ffde494ca.png?bv_host=autozone.com.sa&bv-resized-infos=bv_resized_mobile%3A150%2A150%3Bbv_resized_ipad%3A150%2A150%3Bbv_resized_desktop%3A150%2A150 HTTP/1.1" 304 - "https://autozone.com.sa/" "Mozilla/5.0 (iPhone; CPU iPhone OS 26_4_0 like Mac OS X) AppleWebKit/605.1.15 (KHTML, like Gecko) CriOS/142.0.7444.148 Mobile/15E148 Safari/604.1"
2001:16a4:2f1:3d0e:bd3d:9ba3:8373:c2b5 - - [28/Mar/2026:15:24:08 +0000] "GET /wp-content/uploads/al_opt_content/IMAGE/autozone.com.sa/wp-content/uploads/2024/12/60a4b462-f069-490a-9e0f-7cd33ab24dc8.png?bv_host=autozone.com.sa&bv-resized-infos=bv_resized_mobile%3A150%2A150%3Bbv_resized_ipad%3A150%2A150%3Bbv_resized_desktop%3A150%2A150 HTTP/1.1" 304 - "https://autozone.com.sa/" "Mozilla/5.0 (iPhone; CPU iPhone OS 26_4_0 like Mac OS X) AppleWebKit/605.1.15 (KHTML, like Gecko) CriOS/142.0.7444.148 Mobile/15E148 Safari/604.1"
2001:16a4:2f1:3d0e:bd3d:9ba3:8373:c2b5 - - [28/Mar/2026:15:24:08 +0000] "GET /wp-content/uploads/al_opt_content/IMAGE/autozone.com.sa/wp-content/uploads/2024/12/46b290a9-af5c-43eb-9843-8820965bd205.png?bv_host=autozone.com.sa&bv-resized-infos=bv_resized_mobile%3A150%2A150%3Bbv_resized_ipad%3A150%2A150%3Bbv_resized_desktop%3A150%2A150 HTTP/1.1" 304 - "https://autozone.com.sa/" "Mozilla/5.0 (iPhone; CPU iPhone OS 26_4_0 like Mac OS X) AppleWebKit/605.1.15 (KHTML, like Gecko) CriOS/142.0.7444.148 Mobile/15E148 Safari/604.1"
2001:16a4:2f1:3d0e:bd3d:9ba3:8373:c2b5 - - [28/Mar/2026:15:24:08 +0000] "GET /wp-content/uploads/al_opt_content/IMAGE/autozone.com.sa/wp-content/uploads/2026/01/Chevrolet-Logo-2.webp?bv_host=autozone.com.sa&bv-resized-infos=bv_resized_mobile%3A480%2A480%3Bbv_resized_ipad%3A500%2A500%3Bbv_resized_desktop%3A500%2A500 HTTP/1.1" 200 8880 "https://autozone.com.sa/" "Mozilla/5.0 (iPhone; CPU iPhone OS 26_4_0 like Mac OS X) AppleWebKit/605.1.15 (KHTML, like Gecko) CriOS/142.0.7444.148 Mobile/15E148 Safari/604.1"
2001:16a4:2f1:3d0e:bd3d:9ba3:8373:c2b5 - - [28/Mar/2026:15:24:08 +0000] "GET /wp-content/uploads/al_opt_content/IMAGE/autozone.com.sa/wp-content/uploads/2025/02/Autozone-ford-logo.webp?bv_host=autozone.com.sa&bv-resized-infos=bv_resized_mobile%3A250%2A250%3Bbv_resized_ipad%3A250%2A250%3Bbv_resized_desktop%3A250%2A250 HTTP/1.1" 200 18800 "https://autozone.com.sa/" "Mozilla/5.0 (iPhone; CPU iPhone OS 26_4_0 like Mac OS X) AppleWebKit/605.1.15 (KHTML, like Gecko) CriOS/142.0.7444.148 Mobile/15E148 Safari/604.1"
2001:16a4:2f1:3d0e:bd3d:9ba3:8373:c2b5 - - [28/Mar/2026:15:24:08 +0000] "GET /wp-content/uploads/al_opt_content/IMAGE/autozone.com.sa/wp-content/uploads/2026/02/Autozone-toyota-logo-copy.webp?bv_host=autozone.com.sa&bv-resized-infos=bv_resized_mobile%3A250%2A250%3Bbv_resized_ipad%3A250%2A250%3Bbv_resized_desktop%3A250%2A250 HTTP/1.1" 200 4889 "https://autozone.com.sa/" "Mozilla/5.0 (iPhone; CPU iPhone OS 26_4_0 like Mac OS X) AppleWebKit/605.1.15 (KHTML, like Gecko) CriOS/142.0.7444.148 Mobile/15E148 Safari/604.1"
2001:16a4:2f1:3d0e:bd3d:9ba3:8373:c2b5 - - [28/Mar/2026:15:24:08 +0000] "GET /wp-content/uploads/al_opt_content/IMAGE/autozone.com.sa/wp-content/uploads/2024/12/05f0cba7-b48a-4abb-bacd-e0e8fac9900d.png?bv_host=autozone.com.sa&bv-resized-infos=bv_resized_mobile%3A150%2A150%3Bbv_resized_ipad%3A150%2A150%3Bbv_resized_desktop%3A150%2A150 HTTP/1.1" 304 - "https://autozone.com.sa/" "Mozilla/5.0 (iPhone; CPU iPhone OS 26_4_0 like Mac OS X) AppleWebKit/605.1.15 (KHTML, like Gecko) CriOS/142.0.7444.148 Mobile/15E148 Safari/604.1"
2001:16a4:2f1:3d0e:bd3d:9ba3:8373:c2b5 - - [28/Mar/2026:15:24:08 +0000] "GET /wp-content/uploads/al_opt_content/IMAGE/autozone.com.sa/wp-content/uploads/2025/02/Autozone-geely-logo.webp?bv_host=autozone.com.sa&bv-resized-infos=bv_resized_mobile%3A250%2A250%3Bbv_resized_ipad%3A250%2A250%3Bbv_resized_desktop%3A250%2A250 HTTP/1.1" 200 4097 "https://autozone.com.sa/" "Mozilla/5.0 (iPhone; CPU iPhone OS 26_4_0 like Mac OS X) AppleWebKit/605.1.15 (KHTML, like Gecko) CriOS/142.0.7444.148 Mobile/15E148 Safari/604.1"
2001:16a4:2f1:3d0e:bd3d:9ba3:8373:c2b5 - - [28/Mar/2026:15:24:08 +0000] "GET /wp-content/uploads/al_opt_content/IMAGE/autozone.com.sa/wp-content/uploads/2026/01/Jetour-Logo-2.webp?bv_host=autozone.com.sa&bv-resized-infos=bv_resized_mobile%3A480%2A480%3Bbv_resized_ipad%3A500%2A500%3Bbv_resized_desktop%3A500%2A500 HTTP/1.1" 200 3147 "https://autozone.com.sa/" "Mozilla/5.0 (iPhone; CPU iPhone OS 26_4_0 like Mac OS X) AppleWebKit/605.1.15 (KHTML, like Gecko) CriOS/142.0.7444.148 Mobile/15E148 Safari/604.1"
74.7.241.33 - - [28/Mar/2026:15:24:07 +0000] "GET /?nocache=1774685534&shopdetail/85627779 HTTP/1.1" 301 20 "https://autozone.com.sa/?shopdetail%2F85627779" "Mozilla/5.0 AppleWebKit/537.36 (KHTML, like Gecko; compatible; GPTBot/1.3; +https://openai.com/gptbot)"
2001:16a4:2f1:3d0e:bd3d:9ba3:8373:c2b5 - - [28/Mar/2026:15:24:08 +0000] "GET /wp-content/uploads/al_opt_content/IMAGE/autozone.com.sa/wp-content/uploads/2025/07/f2bf43_deddd5c4d6a0447a9198c13e39f205admv2_d_1408_1408_s_2.webp?bv_host=autozone.com.sa&bv-resized-infos=bv_resized_mobile%3A480%2A480%3Bbv_resized_ipad%3A820%2A820%3Bbv_resized_desktop%3A1056%2A1056 HTTP/1.1" 200 32345 "https://autozone.com.sa/" "Mozilla/5.0 (iPhone; CPU iPhone OS 26_4_0 like Mac OS X) AppleWebKit/605.1.15 (KHTML, like Gecko) CriOS/142.0.7444.148 Mobile/15E148 Safari/604.1"
2001:16a4:2f1:3d0e:bd3d:9ba3:8373:c2b5 - - [28/Mar/2026:15:24:08 +0000] "GET /wp-content/uploads/al_opt_content/IMAGE/autozone.com.sa/wp-content/uploads/2026/02/Autozone-toyota-logo-copy-2.webp?bv_host=autozone.com.sa&bv-resized-infos=bv_resized_mobile%3A250%2A250%3Bbv_resized_ipad%3A250%2A250%3Bbv_resized_desktop%3A250%2A250 HTTP/1.1" 200 3405 "https://autozone.com.sa/" "Mozilla/5.0 (iPhone; CPU iPhone OS 26_4_0 like Mac OS X) AppleWebKit/605.1.15 (KHTML, like Gecko) CriOS/142.0.7444.148 Mobile/15E148 Safari/604.1"
2001:16a4:2f1:3d0e:bd3d:9ba3:8373:c2b5 - - [28/Mar/2026:15:24:08 +0000] "GET /wp-content/uploads/al_opt_content/IMAGE/autozone.com.sa/wp-content/uploads/2025/02/Autozone-toyota-logo.webp?bv_host=autozone.com.sa&bv-resized-infos=bv_resized_mobile%3A250%2A250%3Bbv_resized_ipad%3A250%2A250%3Bbv_resized_desktop%3A250%2A250 HTTP/1.1" 200 20467 "https://autozone.com.sa/" "Mozilla/5.0 (iPhone; CPU iPhone OS 26_4_0 like Mac OS X) AppleWebKit/605.1.15 (KHTML, like Gecko) CriOS/142.0.7444.148 Mobile/15E148 Safari/604.1"
2001:16a4:2f1:3d0e:bd3d:9ba3:8373:c2b5 - - [28/Mar/2026:15:24:08 +0000] "GET /wp-content/uploads/al_opt_content/IMAGE/autozone.com.sa/wp-content/uploads/2026/02/%E2%80%8F%D9%84%D9%82%D8%B7%D8%A9-%D8%A7%D9%84%D8%B4%D8%A7%D8%B4%D8%A9-%D9%A1%D9%A4%D9%A4%D9%A7-%D9%A0%D9%A9-%D9%A0%D9%A2-%D9%81%D9%8A-%D9%A4.%D9%A4%D9%A8-copy.webp?bv_host=autozone.com.sa&bv-resized-infos=bv_resized_mobile%3A480%2A481%3Bbv_resized_ipad%3A820%2A821%3Bbv_resized_desktop%3A1496%2A1498 HTTP/1.1" 200 208903 "https://autozone.com.sa/" "Mozilla/5.0 (iPhone; CPU iPhone OS 26_4_0 like Mac OS X) AppleWebKit/605.1.15 (KHTML, like Gecko) CriOS/142.0.7444.148 Mobile/15E148 Safari/604.1"
2001:16a4:2f1:3d0e:bd3d:9ba3:8373:c2b5 - - [28/Mar/2026:15:24:08 +0000] "GET /wp-content/uploads/al_opt_content/IMAGE/autozone.com.sa/wp-content/uploads/2025/02/Autozone-Isuzu-logo.webp?bv_host=autozone.com.sa&bv-resized-infos=bv_resized_mobile%3A250%2A250%3Bbv_resized_ipad%3A250%2A250%3Bbv_resized_desktop%3A250%2A250 HTTP/1.1" 200 3567 "https://autozone.com.sa/" "Mozilla/5.0 (iPhone; CPU iPhone OS 26_4_0 like Mac OS X) AppleWebKit/605.1.15 (KHTML, like Gecko) CriOS/142.0.7444.148 Mobile/15E148 Safari/604.1"
2001:16a4:2f1:3d0e:bd3d:9ba3:8373:c2b5 - - [28/Mar/2026:15:24:08 +0000] "GET /wp-content/uploads/al_opt_content/IMAGE/autozone.com.sa/wp-content/uploads/2024/12/18.webp?bv_host=autozone.com.sa HTTP/1.1" 200 140143 "https://autozone.com.sa/" "Mozilla/5.0 (iPhone; CPU iPhone OS 26_4_0 like Mac OS X) AppleWebKit/605.1.15 (KHTML, like Gecko) CriOS/142.0.7444.148 Mobile/15E148 Safari/604.1"
2001:16a4:2f1:3d0e:bd3d:9ba3:8373:c2b5 - - [28/Mar/2026:15:24:10 +0000] "GET /wp-content/uploads/al_opt_content/IMAGE/autozone.com.sa/wp-content/uploads/2026/01/BGC_5738-copy-26-scaled.webp?bv_host=autozone.com.sa&bv-resized-infos=bv_resized_mobile%3A480%2A320%3Bbv_resized_ipad%3A820%2A547%3Bbv_resized_desktop%3A1536%2A1024 HTTP/1.1" 200 170272 "https://autozone.com.sa/" "Mozilla/5.0 (iPhone; CPU iPhone OS 26_4_0 like Mac OS X) AppleWebKit/605.1.15 (KHTML, like Gecko) CriOS/142.0.7444.148 Mobile/15E148 Safari/604.1"
2001:16a4:2f1:3d0e:bd3d:9ba3:8373:c2b5 - - [28/Mar/2026:15:24:12 +0000] "GET /wp-content/uploads/al_opt_content/IMAGE/autozone.com.sa/wp-content/uploads/2026/02/1.png?bv_host=autozone.com.sa&bv-resized-infos=bv_resized_mobile%3A480%2A402%3Bbv_resized_ipad%3A820%2A687%3Bbv_resized_desktop%3A940%2A788 HTTP/1.1" 304 - "https://autozone.com.sa/" "Mozilla/5.0 (iPhone; CPU iPhone OS 26_4_0 like Mac OS X) AppleWebKit/605.1.15 (KHTML, like Gecko) CriOS/142.0.7444.148 Mobile/15E148 Safari/604.1"
2001:16a4:2f1:3d0e:bd3d:9ba3:8373:c2b5 - - [28/Mar/2026:15:24:12 +0000] "GET /wp-content/uploads/al_opt_content/IMAGE/autozone.com.sa/wp-content/uploads/2026/02/2.png?bv_host=autozone.com.sa&bv-resized-infos=bv_resized_mobile%3A480%2A402%3Bbv_resized_ipad%3A820%2A687%3Bbv_resized_desktop%3A940%2A788 HTTP/1.1" 304 - "https://autozone.com.sa/" "Mozilla/5.0 (iPhone; CPU iPhone OS 26_4_0 like Mac OS X) AppleWebKit/605.1.15 (KHTML, like Gecko) CriOS/142.0.7444.148 Mobile/15E148 Safari/604.1"
74.7.241.33 - - [28/Mar/2026:15:24:08 +0000] "GET /?nocache=1774685534&shopdetail%2F85627779 HTTP/1.1" 200 163954 "https://autozone.com.sa/?nocache=1774685534&shopdetail/85627779" "Mozilla/5.0 AppleWebKit/537.36 (KHTML, like Gecko; compatible; GPTBot/1.3; +https://openai.com/gptbot)"
74.7.241.33 - - [28/Mar/2026:15:24:16 +0000] "GET /?nocache=1774685559&shopdetail/62006582 HTTP/1.1" 301 20 "https://autozone.com.sa/?shopdetail%2F62006582" "Mozilla/5.0 AppleWebKit/537.36 (KHTML, like Gecko; compatible; GPTBot/1.3; +https://openai.com/gptbot)"
74.7.241.33 - - [28/Mar/2026:15:24:22 +0000] "GET /?nocache=1774685559&shopdetail%2F62006582 HTTP/1.1" 200 163939 "https://autozone.com.sa/?nocache=1774685559&shopdetail/62006582" "Mozilla/5.0 AppleWebKit/537.36 (KHTML, like Gecko; compatible; GPTBot/1.3; +https://openai.com/gptbot)"
2001:16a4:2f1:3d0e:bd3d:9ba3:8373:c2b5 - - [28/Mar/2026:15:24:25 +0000] "GET /showroom/ HTTP/1.1" 200 110384 "https://www.google.com/" "Mozilla/5.0 (iPhone; CPU iPhone OS 26_4_0 like Mac OS X) AppleWebKit/605.1.15 (KHTML, like Gecko) CriOS/142.0.7444.148 Mobile/15E148 Safari/604.1"
2001:16a4:2f1:3d0e:bd3d:9ba3:8373:c2b5 - - [28/Mar/2026:15:24:26 +0000] "GET /showroom/ HTTP/1.1" 200 110374 "https://www.google.com/" "Mozilla/5.0 (iPhone; CPU iPhone OS 26_4_0 like Mac OS X) AppleWebKit/605.1.15 (KHTML, like Gecko) CriOS/142.0.7444.148 Mobile/15E148 Safari/604.1"
2001:16a4:2f1:3d0e:bd3d:9ba3:8373:c2b5 - - [28/Mar/2026:15:24:27 +0000] "GET /showroom/ HTTP/1.1" 200 110359 "https://www.google.com/" "Mozilla/5.0 (iPhone; CPU iPhone OS 26_4_0 like Mac OS X) AppleWebKit/605.1.15 (KHTML, like Gecko) CriOS/142.0.7444.148 Mobile/15E148 Safari/604.1"
66.249.75.108 - - [28/Mar/2026:15:24:30 +0000] "GET /wp-content/plugins/jet-elements/assets/css/jet-elements-rtl.css?ver=2.8.1.1 HTTP/1.1" 200 3125 "https://autozone.com.sa/product/hyundai-stargazer-2025/" "Mozilla/5.0 (Linux; Android 6.0.1; Nexus 5X Build/MMB29P) AppleWebKit/537.36 (KHTML, like Gecko) Chrome/146.0.7680.153 Mobile Safari/537.36 (compatible; Googlebot/2.1; +http://www.google.com/bot.html)"
2001:16a4:2f1:3d0e:bd3d:9ba3:8373:c2b5 - - [28/Mar/2026:15:24:28 +0000] "GET /showroom/ HTTP/1.1" 200 110354 "https://www.google.com/" "Mozilla/5.0 (iPhone; CPU iPhone OS 26_4_0 like Mac OS X) AppleWebKit/605.1.15 (KHTML, like Gecko) CriOS/142.0.7444.148 Mobile/15E148 Safari/604.1"
2001:16a4:2f1:3d0e:bd3d:9ba3:8373:c2b5 - - [28/Mar/2026:15:24:32 +0000] "GET /wp-content/plugins/woocommerce/assets/css/woocommerce-rtl.css?ver=10.6.1 HTTP/1.1" 200 11135 "https://autozone.com.sa/showroom/" "Mozilla/5.0 (iPhone; CPU iPhone OS 26_4_0 like Mac OS X) AppleWebKit/605.1.15 (KHTML, like Gecko) CriOS/142.0.7444.148 Mobile/15E148 Safari/604.1"
2001:16a4:2f1:3d0e:bd3d:9ba3:8373:c2b5 - - [28/Mar/2026:15:24:32 +0000] "GET /wp-content/plugins/woocommerce/assets/css/woocommerce-smallscreen-rtl.css?ver=10.6.1 HTTP/1.1" 200 1280 "https://autozone.com.sa/showroom/" "Mozilla/5.0 (iPhone; CPU iPhone OS 26_4_0 like Mac OS X) AppleWebKit/605.1.15 (KHTML, like Gecko) CriOS/142.0.7444.148 Mobile/15E148 Safari/604.1"
2001:16a4:2f1:3d0e:bd3d:9ba3:8373:c2b5 - - [28/Mar/2026:15:24:32 +0000] "GET /wp-content/uploads/elementor/css/post-665.css?ver=1774677505 HTTP/1.1" 200 852 "https://autozone.com.sa/showroom/" "Mozilla/5.0 (iPhone; CPU iPhone OS 26_4_0 like Mac OS X) AppleWebKit/605.1.15 (KHTML, like Gecko) CriOS/142.0.7444.148 Mobile/15E148 Safari/604.1"
2001:16a4:2f1:3d0e:bd3d:9ba3:8373:c2b5 - - [28/Mar/2026:15:24:32 +0000] "GET /wp-content/plugins/elementor/assets/css/widget-heading-rtl.min.css?ver=3.35.4 HTTP/1.1" 200 160 "https://autozone.com.sa/showroom/" "Mozilla/5.0 (iPhone; CPU iPhone OS 26_4_0 like Mac OS X) AppleWebKit/605.1.15 (KHTML, like Gecko) CriOS/142.0.7444.148 Mobile/15E148 Safari/604.1"
2001:16a4:2f1:3d0e:bd3d:9ba3:8373:c2b5 - - [28/Mar/2026:15:24:32 +0000] "GET /wp-includes/css/dist/block-library/style-rtl.min.css?ver=6.9.4 HTTP/1.1" 200 15851 "https://autozone.com.sa/showroom/" "Mozilla/5.0 (iPhone; CPU iPhone OS 26_4_0 like Mac OS X) AppleWebKit/605.1.15 (KHTML, like Gecko) CriOS/142.0.7444.148 Mobile/15E148 Safari/604.1"
2001:16a4:2f1:3d0e:bd3d:9ba3:8373:c2b5 - - [28/Mar/2026:15:24:32 +0000] "GET /wp-content/plugins/bdthemes-prime-slider-lite/assets/css/prime-slider-site.rtl.css?ver=4.1.10 HTTP/1.1" 200 2961 "https://autozone.com.sa/showroom/" "Mozilla/5.0 (iPhone; CPU iPhone OS 26_4_0 like Mac OS X) AppleWebKit/605.1.15 (KHTML, like Gecko) CriOS/142.0.7444.148 Mobile/15E148 Safari/604.1"
2001:16a4:2f1:3d0e:bd3d:9ba3:8373:c2b5 - - [28/Mar/2026:15:24:32 +0000] "GET /wp-content/plugins/elementor/assets/css/widget-image-rtl.min.css?ver=3.35.4 HTTP/1.1" 200 135 "https://autozone.com.sa/showroom/" "Mozilla/5.0 (iPhone; CPU iPhone OS 26_4_0 like Mac OS X) AppleWebKit/605.1.15 (KHTML, like Gecko) CriOS/142.0.7444.148 Mobile/15E148 Safari/604.1"
2001:16a4:2f1:3d0e:bd3d:9ba3:8373:c2b5 - - [28/Mar/2026:15:24:32 +0000] "GET /wp-content/plugins/elementor/assets/css/widget-divider-rtl.min.css?ver=3.35.4 HTTP/1.1" 200 741 "https://autozone.com.sa/showroom/" "Mozilla/5.0 (iPhone; CPU iPhone OS 26_4_0 like Mac OS X) AppleWebKit/605.1.15 (KHTML, like Gecko) CriOS/142.0.7444.148 Mobile/15E148 Safari/604.1"
2001:16a4:2f1:3d0e:bd3d:9ba3:8373:c2b5 - - [28/Mar/2026:15:24:32 +0000] "GET /wp-content/plugins/woocommerce/assets/client/blocks/wc-blocks-rtl.css?ver=wc-10.6.1 HTTP/1.1" 200 2620 "https://autozone.com.sa/showroom/" "Mozilla/5.0 (iPhone; CPU iPhone OS 26_4_0 like Mac OS X) AppleWebKit/605.1.15 (KHTML, like Gecko) CriOS/142.0.7444.148 Mobile/15E148 Safari/604.1"
2001:16a4:2f1:3d0e:bd3d:9ba3:8373:c2b5 - - [28/Mar/2026:15:24:32 +0000] "GET /wp-content/plugins/ultimate-post-kit/assets/css/upk-site.rtl.css?ver=4.1.4 HTTP/1.1" 200 5633 "https://autozone.com.sa/showroom/" "Mozilla/5.0 (iPhone; CPU iPhone OS 26_4_0 like Mac OS X) AppleWebKit/605.1.15 (KHTML, like Gecko) CriOS/142.0.7444.148 Mobile/15E148 Safari/604.1"
2001:16a4:2f1:3d0e:bd3d:9ba3:8373:c2b5 - - [28/Mar/2026:15:24:32 +0000] "GET /wp-content/uploads/elementor/css/custom-jet-blocks-rtl.css?ver=1.3.22 HTTP/1.1" 200 5820 "https://autozone.com.sa/showroom/" "Mozilla/5.0 (iPhone; CPU iPhone OS 26_4_0 like Mac OS X) AppleWebKit/605.1.15 (KHTML, like Gecko) CriOS/142.0.7444.148 Mobile/15E148 Safari/604.1"
2001:16a4:2f1:3d0e:bd3d:9ba3:8373:c2b5 - - [28/Mar/2026:15:24:32 +0000] "GET /wp-content/plugins/jet-blog/assets/css/jet-blog-rtl.css?ver=2.4.8 HTTP/1.1" 200 648 "https://autozone.com.sa/showroom/" "Mozilla/5.0 (iPhone; CPU iPhone OS 26_4_0 like Mac OS X) AppleWebKit/605.1.15 (KHTML, like Gecko) CriOS/142.0.7444.148 Mobile/15E148 Safari/604.1"
2001:16a4:2f1:3d0e:bd3d:9ba3:8373:c2b5 - - [28/Mar/2026:15:24:32 +0000] "GET /wp-content/plugins/bdthemes-element-pack/assets/css/bdt-uikit.rtl.css?ver=3.21.7 HTTP/1.1" 200 16625 "https://autozone.com.sa/showroom/" "Mozilla/5.0 (iPhone; CPU iPhone OS 26_4_0 like Mac OS X) AppleWebKit/605.1.15 (KHTML, like Gecko) CriOS/142.0.7444.148 Mobile/15E148 Safari/604.1"
74.7.241.33 - - [28/Mar/2026:15:24:34 +0000] "GET /wp-content/uploads/elementor/ HTTP/1.1" 200 409 "https://autozone.com.sa/wp-content/uploads/" "Mozilla/5.0 AppleWebKit/537.36 (KHTML, like Gecko; compatible; GPTBot/1.3; +https://openai.com/gptbot)"
2001:16a4:2f1:3d0e:bd3d:9ba3:8373:c2b5 - - [28/Mar/2026:15:24:35 +0000] "POST /?wc-ajax=get_refreshed_fragments HTTP/1.1" 200 999 "https://autozone.com.sa/showroom/" "Mozilla/5.0 (iPhone; CPU iPhone OS 26_4_0 like Mac OS X) AppleWebKit/605.1.15 (KHTML, like Gecko) CriOS/142.0.7444.148 Mobile/15E148 Safari/604.1"
2001:16a4:2f1:3d0e:bd3d:9ba3:8373:c2b5 - - [28/Mar/2026:15:24:35 +0000] "POST /wp-json/iawp/search HTTP/1.1" 200 36 "https://autozone.com.sa/showroom/" "Mozilla/5.0 (iPhone; CPU iPhone OS 26_4_0 like Mac OS X) AppleWebKit/605.1.15 (KHTML, like Gecko) CriOS/142.0.7444.148 Mobile/15E148 Safari/604.1"
2001:16a4:2f1:3d0e:bd3d:9ba3:8373:c2b5 - - [28/Mar/2026:15:24:40 +0000] "GET /showroom/ HTTP/1.1" 200 110380 "https://www.google.com/" "Mozilla/5.0 (iPhone; CPU iPhone OS 26_4_0 like Mac OS X) AppleWebKit/605.1.15 (KHTML, like Gecko) CriOS/142.0.7444.148 Mobile/15E148 Safari/604.1"
2001:16a4:2f1:3d0e:bd3d:9ba3:8373:c2b5 - - [28/Mar/2026:15:24:45 +0000] "POST /?wc-ajax=get_refreshed_fragments HTTP/1.1" 200 999 "https://autozone.com.sa/showroom/" "Mozilla/5.0 (iPhone; CPU iPhone OS 26_4_0 like Mac OS X) AppleWebKit/605.1.15 (KHTML, like Gecko) CriOS/142.0.7444.148 Mobile/15E148 Safari/604.1"
2001:16a4:2f1:3d0e:bd3d:9ba3:8373:c2b5 - - [28/Mar/2026:15:24:44 +0000] "POST /wp-json/iawp/search HTTP/1.1" 200 36 "https://autozone.com.sa/showroom/" "Mozilla/5.0 (iPhone; CPU iPhone OS 26_4_0 like Mac OS X) AppleWebKit/605.1.15 (KHTML, like Gecko) CriOS/142.0.7444.148 Mobile/15E148 Safari/604.1"
74.7.241.33 - - [28/Mar/2026:15:25:14 +0000] "GET /?nocache=1774685174&shopdetail/34358459 HTTP/1.1" 301 20 "https://autozone.com.sa/?shopdetail%2F34358459" "Mozilla/5.0 AppleWebKit/537.36 (KHTML, like Gecko; compatible; GPTBot/1.3; +https://openai.com/gptbot)"
74.7.241.33 - - [28/Mar/2026:15:25:15 +0000] "GET /?nocache=1774685174&shopdetail%2F34358459 HTTP/1.1" 200 163905 "https://autozone.com.sa/?nocache=1774685174&shopdetail/34358459" "Mozilla/5.0 AppleWebKit/537.36 (KHTML, like Gecko; compatible; GPTBot/1.3; +https://openai.com/gptbot)"
172.105.42.26 - - [28/Mar/2026:15:25:21 +0000] "POST /wp-cron.php?doing_wp_cron=1774711521.9050080776214599609375 HTTP/1.1" 200 20 "-" "WordPress/6.9.4; https://autozone.com.sa"
74.7.241.33 - - [28/Mar/2026:15:25:20 +0000] "GET /?nocache=1774682900&shopdetail/68440750 HTTP/1.1" 301 20 "https://autozone.com.sa/?shopdetail%2F68440750" "Mozilla/5.0 AppleWebKit/537.36 (KHTML, like Gecko; compatible; GPTBot/1.3; +https://openai.com/gptbot)"
74.7.241.33 - - [28/Mar/2026:15:25:22 +0000] "GET /?nocache=1774682900&shopdetail%2F68440750 HTTP/1.1" 200 163927 "https://autozone.com.sa/?nocache=1774682900&shopdetail/68440750" "Mozilla/5.0 AppleWebKit/537.36 (KHTML, like Gecko; compatible; GPTBot/1.3; +https://openai.com/gptbot)"
74.7.241.33 - - [28/Mar/2026:15:25:27 +0000] "GET /?nocache=1774683154&shopdetail/69747078 HTTP/1.1" 301 20 "https://autozone.com.sa/?shopdetail%2F69747078" "Mozilla/5.0 AppleWebKit/537.36 (KHTML, like Gecko; compatible; GPTBot/1.3; +https://openai.com/gptbot)"
74.7.241.33 - - [28/Mar/2026:15:25:29 +0000] "GET /?nocache=1774683154&shopdetail%2F69747078 HTTP/1.1" 200 163963 "https://autozone.com.sa/?nocache=1774683154&shopdetail/69747078" "Mozilla/5.0 AppleWebKit/537.36 (KHTML, like Gecko; compatible; GPTBot/1.3; +https://openai.com/gptbot)"
74.7.241.33 - - [28/Mar/2026:15:25:33 +0000] "GET /?nocache=1774685467&shopdetail/74073969 HTTP/1.1" 301 20 "https://autozone.com.sa/?shopdetail%2F74073969" "Mozilla/5.0 AppleWebKit/537.36 (KHTML, like Gecko; compatible; GPTBot/1.3; +https://openai.com/gptbot)"
74.7.241.33 - - [28/Mar/2026:15:25:35 +0000] "GET /?nocache=1774685467&shopdetail%2F74073969 HTTP/1.1" 200 163942 "https://autozone.com.sa/?nocache=1774685467&shopdetail/74073969" "Mozilla/5.0 AppleWebKit/537.36 (KHTML, like Gecko; compatible; GPTBot/1.3; +https://openai.com/gptbot)"
74.7.241.33 - - [28/Mar/2026:15:25:40 +0000] "GET /?nocache=1774682446&shopdetail/36154852 HTTP/1.1" 301 20 "https://autozone.com.sa/?shopdetail%2F36154852" "Mozilla/5.0 AppleWebKit/537.36 (KHTML, like Gecko; compatible; GPTBot/1.3; +https://openai.com/gptbot)"
172.105.42.26 - - [28/Mar/2026:15:25:45 +0000] "POST /wp-cron.php?doing_wp_cron=1774711545.8777010440826416015625 HTTP/1.1" 200 20 "-" "WordPress/6.9.4; https://autozone.com.sa"
74.7.241.33 - - [28/Mar/2026:15:25:41 +0000] "GET /?nocache=1774682446&shopdetail%2F36154852 HTTP/1.1" 200 163977 "https://autozone.com.sa/?nocache=1774682446&shopdetail/36154852" "Mozilla/5.0 AppleWebKit/537.36 (KHTML, like Gecko; compatible; GPTBot/1.3; +https://openai.com/gptbot)"
74.7.241.33 - - [28/Mar/2026:15:25:46 +0000] "GET /wp-content/uploads/elementor/screenshots/ HTTP/1.1" 200 - "https://autozone.com.sa/wp-content/uploads/elementor/" "Mozilla/5.0 AppleWebKit/537.36 (KHTML, like Gecko; compatible; GPTBot/1.3; +https://openai.com/gptbot)"
74.7.241.33 - - [28/Mar/2026:15:25:50 +0000] "GET /wp-content/uploads/elementor/shapes/ HTTP/1.1" 200 501 "https://autozone.com.sa/wp-content/uploads/elementor/" "Mozilla/5.0 AppleWebKit/537.36 (KHTML, like Gecko; compatible; GPTBot/1.3; +https://openai.com/gptbot)"
74.7.241.33 - - [28/Mar/2026:15:25:53 +0000] "GET /?nocache=1774682654&shopdetail/23818217 HTTP/1.1" 301 20 "https://autozone.com.sa/?shopdetail%2F23818217" "Mozilla/5.0 AppleWebKit/537.36 (KHTML, like Gecko; compatible; GPTBot/1.3; +https://openai.com/gptbot)"
74.7.241.33 - - [28/Mar/2026:15:25:55 +0000] "GET /?nocache=1774682654&shopdetail%2F23818217 HTTP/1.1" 200 163931 "https://autozone.com.sa/?nocache=1774682654&shopdetail/23818217" "Mozilla/5.0 AppleWebKit/537.36 (KHTML, like Gecko; compatible; GPTBot/1.3; +https://openai.com/gptbot)"
74.7.241.33 - - [28/Mar/2026:15:26:00 +0000] "GET /?nocache=1774682629&shopdetail/60131016 HTTP/1.1" 301 20 "https://autozone.com.sa/?shopdetail%2F60131016" "Mozilla/5.0 AppleWebKit/537.36 (KHTML, like Gecko; compatible; GPTBot/1.3; +https://openai.com/gptbot)"
74.7.241.33 - - [28/Mar/2026:15:26:02 +0000] "GET /?nocache=1774682629&shopdetail%2F60131016 HTTP/1.1" 200 163947 "https://autozone.com.sa/?nocache=1774682629&shopdetail/60131016" "Mozilla/5.0 AppleWebKit/537.36 (KHTML, like Gecko; compatible; GPTBot/1.3; +https://openai.com/gptbot)"
74.7.241.33 - - [28/Mar/2026:15:26:07 +0000] "GET /?nocache=1774685793&shopdetail/15870310 HTTP/1.1" 301 20 "https://autozone.com.sa/?shopdetail%2F15870310" "Mozilla/5.0 AppleWebKit/537.36 (KHTML, like Gecko; compatible; GPTBot/1.3; +https://openai.com/gptbot)"
52.167.144.172 - - [28/Mar/2026:15:26:08 +0000] "GET /offers/changan-cs35-plus-smart-2026-with-no-tax-in-our-eid-deal/ HTTP/1.1" 404 30524 "-" "Mozilla/5.0 AppleWebKit/537.36 (KHTML, like Gecko; compatible; bingbot/2.0; +http://www.bing.com/bingbot.htm) Chrome/116.0.1938.76 Safari/537.36"
74.7.241.33 - - [28/Mar/2026:15:26:08 +0000] "GET /?nocache=1774685793&shopdetail%2F15870310 HTTP/1.1" 200 163937 "https://autozone.com.sa/?nocache=1774685793&shopdetail/15870310" "Mozilla/5.0 AppleWebKit/537.36 (KHTML, like Gecko; compatible; GPTBot/1.3; +https://openai.com/gptbot)"
74.7.241.33 - - [28/Mar/2026:15:26:13 +0000] "GET /?nocache=1774682440&shopdetail/76832802 HTTP/1.1" 301 20 "https://autozone.com.sa/?shopdetail%2F76832802" "Mozilla/5.0 AppleWebKit/537.36 (KHTML, like Gecko; compatible; GPTBot/1.3; +https://openai.com/gptbot)"
74.7.241.33 - - [28/Mar/2026:15:26:15 +0000] "GET /?nocache=1774682440&shopdetail%2F76832802 HTTP/1.1" 200 163915 "https://autozone.com.sa/?nocache=1774682440&shopdetail/76832802" "Mozilla/5.0 AppleWebKit/537.36 (KHTML, like Gecko; compatible; GPTBot/1.3; +https://openai.com/gptbot)"
172.105.42.26 - - [28/Mar/2026:15:26:21 +0000] "POST /wp-cron.php?doing_wp_cron=1774711581.1805219650268554687500 HTTP/1.1" 200 20 "-" "WordPress/6.9.4; https://autozone.com.sa"
74.7.241.33 - - [28/Mar/2026:15:26:20 +0000] "GET /?nocache=1774685517&shopdetail/43984314 HTTP/1.1" 301 20 "https://autozone.com.sa/?shopdetail%2F43984314" "Mozilla/5.0 AppleWebKit/537.36 (KHTML, like Gecko; compatible; GPTBot/1.3; +https://openai.com/gptbot)"
74.7.241.33 - - [28/Mar/2026:15:26:22 +0000] "GET /?nocache=1774685517&shopdetail%2F43984314 HTTP/1.1" 200 163913 "https://autozone.com.sa/?nocache=1774685517&shopdetail/43984314" "Mozilla/5.0 AppleWebKit/537.36 (KHTML, like Gecko; compatible; GPTBot/1.3; +https://openai.com/gptbot)"
74.7.241.33 - - [28/Mar/2026:15:26:26 +0000] "GET /?nocache=1774684909&shopdetail/89575186 HTTP/1.1" 301 20 "https://autozone.com.sa/?shopdetail%2F89575186" "Mozilla/5.0 AppleWebKit/537.36 (KHTML, like Gecko; compatible; GPTBot/1.3; +https://openai.com/gptbot)"
74.7.241.33 - - [28/Mar/2026:15:26:28 +0000] "GET /?nocache=1774684909&shopdetail%2F89575186 HTTP/1.1" 200 163948 "https://autozone.com.sa/?nocache=1774684909&shopdetail/89575186" "Mozilla/5.0 AppleWebKit/537.36 (KHTML, like Gecko; compatible; GPTBot/1.3; +https://openai.com/gptbot)"
74.7.241.33 - - [28/Mar/2026:15:26:33 +0000] "GET /?nocache=1774682839&shopdetail/67725748 HTTP/1.1" 301 20 "https://autozone.com.sa/?shopdetail%2F67725748" "Mozilla/5.0 AppleWebKit/537.36 (KHTML, like Gecko; compatible; GPTBot/1.3; +https://openai.com/gptbot)"
5.161.106.94 - - [28/Mar/2026:15:26:34 +0000] "POST /wp-load.php?ec3ee3=59725 HTTP/1.1" 200 249503 "-" "BlogVault/1.0 (+https://blogvault.net)"
74.7.241.33 - - [28/Mar/2026:15:26:34 +0000] "GET /?nocache=1774682839&shopdetail%2F67725748 HTTP/1.1" 200 163952 "https://autozone.com.sa/?nocache=1774682839&shopdetail/67725748" "Mozilla/5.0 AppleWebKit/537.36 (KHTML, like Gecko; compatible; GPTBot/1.3; +https://openai.com/gptbot)"
74.7.241.33 - - [28/Mar/2026:15:26:39 +0000] "GET /?nocache=1774682882&shopdetail/43698113 HTTP/1.1" 301 20 "https://autozone.com.sa/?shopdetail%2F43698113" "Mozilla/5.0 AppleWebKit/537.36 (KHTML, like Gecko; compatible; GPTBot/1.3; +https://openai.com/gptbot)"
74.7.241.33 - - [28/Mar/2026:15:26:40 +0000] "GET /?nocache=1774682882&shopdetail%2F43698113 HTTP/1.1" 200 163938 "https://autozone.com.sa/?nocache=1774682882&shopdetail/43698113" "Mozilla/5.0 AppleWebKit/537.36 (KHTML, like Gecko; compatible; GPTBot/1.3; +https://openai.com/gptbot)"
5.161.106.94 - - [28/Mar/2026:15:26:46 +0000] "POST /wp-load.php?7a03f0=19760 HTTP/1.1" 200 3023 "https://autozone.com.sa/" "BlogVault/1.0 (+https://blogvault.net)"
74.7.241.33 - - [28/Mar/2026:15:26:45 +0000] "GET /?nocache=1774685766&shopdetail/79695831 HTTP/1.1" 301 20 "https://autozone.com.sa/?shopdetail%2F79695831" "Mozilla/5.0 AppleWebKit/537.36 (KHTML, like Gecko; compatible; GPTBot/1.3; +https://openai.com/gptbot)"
74.7.241.33 - - [28/Mar/2026:15:26:46 +0000] "GET /?nocache=1774685766&shopdetail%2F79695831 HTTP/1.1" 200 163931 "https://autozone.com.sa/?nocache=1774685766&shopdetail/79695831" "Mozilla/5.0 AppleWebKit/537.36 (KHTML, like Gecko; compatible; GPTBot/1.3; +https://openai.com/gptbot)"
74.7.241.33 - - [28/Mar/2026:15:26:51 +0000] "GET /?nocache=1774685497&shopdetail/18128592 HTTP/1.1" 301 20 "https://autozone.com.sa/?shopdetail%2F18128592" "Mozilla/5.0 AppleWebKit/537.36 (KHTML, like Gecko; compatible; GPTBot/1.3; +https://openai.com/gptbot)"
74.7.241.33 - - [28/Mar/2026:15:26:53 +0000] "GET /?nocache=1774685497&shopdetail%2F18128592 HTTP/1.1" 200 163938 "https://autozone.com.sa/?nocache=1774685497&shopdetail/18128592" "Mozilla/5.0 AppleWebKit/537.36 (KHTML, like Gecko; compatible; GPTBot/1.3; +https://openai.com/gptbot)"
74.7.241.33 - - [28/Mar/2026:15:26:58 +0000] "GET /wp-content/uploads/elementor/shapes/custom-upload-icon.svg HTTP/1.1" 200 274 "https://autozone.com.sa/wp-content/uploads/elementor/shapes/" "Mozilla/5.0 AppleWebKit/537.36 (KHTML, like Gecko; compatible; GPTBot/1.3; +https://openai.com/gptbot)"
74.7.241.33 - - [28/Mar/2026:15:26:59 +0000] "GET /wp-content/uploads/elementor/shapes/verify-badge.svg HTTP/1.1" 200 446 "https://autozone.com.sa/wp-content/uploads/elementor/shapes/" "Mozilla/5.0 AppleWebKit/537.36 (KHTML, like Gecko; compatible; GPTBot/1.3; +https://openai.com/gptbot)"
74.7.241.33 - - [28/Mar/2026:15:27:00 +0000] "GET /wp-content/uploads/elementor/shapes/epblob.svg HTTP/1.1" 200 268 "https://autozone.com.sa/wp-content/uploads/elementor/shapes/" "Mozilla/5.0 AppleWebKit/537.36 (KHTML, like Gecko; compatible; GPTBot/1.3; +https://openai.com/gptbot)"
74.7.241.33 - - [28/Mar/2026:15:27:01 +0000] "GET /wp-content/uploads/elementor/shapes/triangle.svg HTTP/1.1" 200 162 "https://autozone.com.sa/wp-content/uploads/elementor/shapes/" "Mozilla/5.0 AppleWebKit/537.36 (KHTML, like Gecko; compatible; GPTBot/1.3; +https://openai.com/gptbot)"
74.7.241.33 - - [28/Mar/2026:15:27:01 +0000] "GET /wp-content/uploads/elementor/shapes/corner.svg HTTP/1.1" 200 331 "https://autozone.com.sa/wp-content/uploads/elementor/shapes/" "Mozilla/5.0 AppleWebKit/537.36 (KHTML, like Gecko; compatible; GPTBot/1.3; +https://openai.com/gptbot)"
74.7.241.33 - - [28/Mar/2026:15:27:02 +0000] "GET /wp-content/uploads/elementor/shapes/square.svg HTTP/1.1" 200 162 "https://autozone.com.sa/wp-content/uploads/elementor/shapes/" "Mozilla/5.0 AppleWebKit/537.36 (KHTML, like Gecko; compatible; GPTBot/1.3; +https://openai.com/gptbot)"
74.7.241.33 - - [28/Mar/2026:15:27:03 +0000] "GET /wp-content/uploads/elementor/shapes/circle.svg HTTP/1.1" 200 168 "https://autozone.com.sa/wp-content/uploads/elementor/shapes/" "Mozilla/5.0 AppleWebKit/537.36 (KHTML, like Gecko; compatible; GPTBot/1.3; +https://openai.com/gptbot)"
74.7.241.33 - - [28/Mar/2026:15:27:03 +0000] "GET /wp-content/uploads/elementor/shapes/oval.svg HTTP/1.1" 200 232 "https://autozone.com.sa/wp-content/uploads/elementor/shapes/" "Mozilla/5.0 AppleWebKit/537.36 (KHTML, like Gecko; compatible; GPTBot/1.3; +https://openai.com/gptbot)"
74.7.241.33 - - [28/Mar/2026:15:27:04 +0000] "GET /?nocache=1774685572&shopdetail/74003352 HTTP/1.1" 301 20 "https://autozone.com.sa/?shopdetail%2F74003352" "Mozilla/5.0 AppleWebKit/537.36 (KHTML, like Gecko; compatible; GPTBot/1.3; +https://openai.com/gptbot)"
74.7.241.33 - - [28/Mar/2026:15:27:05 +0000] "GET /?nocache=1774685572&shopdetail%2F74003352 HTTP/1.1" 200 163954 "https://autozone.com.sa/?nocache=1774685572&shopdetail/74003352" "Mozilla/5.0 AppleWebKit/537.36 (KHTML, like Gecko; compatible; GPTBot/1.3; +https://openai.com/gptbot)"
74.7.241.33 - - [28/Mar/2026:15:27:10 +0000] "GET /?nocache=1774682786&shopdetail/51534875 HTTP/1.1" 301 20 "https://autozone.com.sa/?shopdetail%2F51534875" "Mozilla/5.0 AppleWebKit/537.36 (KHTML, like Gecko; compatible; GPTBot/1.3; +https://openai.com/gptbot)"
74.7.241.33 - - [28/Mar/2026:15:27:12 +0000] "GET /?nocache=1774682786&shopdetail%2F51534875 HTTP/1.1" 200 138879 "https://autozone.com.sa/?nocache=1774682786&shopdetail/51534875" "Mozilla/5.0 AppleWebKit/537.36 (KHTML, like Gecko; compatible; GPTBot/1.3; +https://openai.com/gptbot)"
74.7.241.33 - - [28/Mar/2026:15:27:16 +0000] "GET /?nocache=1774685909&shopdetail/81940920 HTTP/1.1" 301 20 "https://autozone.com.sa/?shopdetail%2F81940920" "Mozilla/5.0 AppleWebKit/537.36 (KHTML, like Gecko; compatible; GPTBot/1.3; +https://openai.com/gptbot)"
18.193.252.127 - - [28/Mar/2026:15:27:16 +0000] "HEAD / HTTP/1.1" 200 - "https://autozone.com.sa/" "Mozilla/5.0+(compatible; UptimeRobot/2.0; http://www.uptimerobot.com/)"
172.105.42.26 - - [28/Mar/2026:15:27:21 +0000] "POST /wp-cron.php?doing_wp_cron=1774711641.8942589759826660156250 HTTP/1.1" 200 20 "-" "WordPress/6.9.4; https://autozone.com.sa"
74.7.241.33 - - [28/Mar/2026:15:27:18 +0000] "GET /?nocache=1774685909&shopdetail%2F81940920 HTTP/1.1" 200 138870 "https://autozone.com.sa/?nocache=1774685909&shopdetail/81940920" "Mozilla/5.0 AppleWebKit/537.36 (KHTML, like Gecko; compatible; GPTBot/1.3; +https://openai.com/gptbot)"
74.7.241.33 - - [28/Mar/2026:15:27:22 +0000] "GET /?nocache=1774682814&shopdetail/13548951 HTTP/1.1" 301 20 "https://autozone.com.sa/?shopdetail%2F13548951" "Mozilla/5.0 AppleWebKit/537.36 (KHTML, like Gecko; compatible; GPTBot/1.3; +https://openai.com/gptbot)"
74.7.241.33 - - [28/Mar/2026:15:27:24 +0000] "GET /?nocache=1774682814&shopdetail%2F13548951 HTTP/1.1" 200 138917 "https://autozone.com.sa/?nocache=1774682814&shopdetail/13548951" "Mozilla/5.0 AppleWebKit/537.36 (KHTML, like Gecko; compatible; GPTBot/1.3; +https://openai.com/gptbot)"
74.7.241.33 - - [28/Mar/2026:15:27:28 +0000] "GET /?nocache=1774685450&shopdetail/83831283 HTTP/1.1" 301 20 "https://autozone.com.sa/?shopdetail%2F83831283" "Mozilla/5.0 AppleWebKit/537.36 (KHTML, like Gecko; compatible; GPTBot/1.3; +https://openai.com/gptbot)"
74.7.241.33 - - [28/Mar/2026:15:27:29 +0000] "GET /?nocache=1774685450&shopdetail%2F83831283 HTTP/1.1" 200 138881 "https://autozone.com.sa/?nocache=1774685450&shopdetail/83831283" "Mozilla/5.0 AppleWebKit/537.36 (KHTML, like Gecko; compatible; GPTBot/1.3; +https://openai.com/gptbot)"
74.7.241.33 - - [28/Mar/2026:15:27:34 +0000] "GET /?nocache=1774685491&shopdetail/78176534 HTTP/1.1" 301 20 "https://autozone.com.sa/?shopdetail%2F78176534" "Mozilla/5.0 AppleWebKit/537.36 (KHTML, like Gecko; compatible; GPTBot/1.3; +https://openai.com/gptbot)"
74.7.241.33 - - [28/Mar/2026:15:27:35 +0000] "GET /?nocache=1774685491&shopdetail%2F78176534 HTTP/1.1" 200 138850 "https://autozone.com.sa/?nocache=1774685491&shopdetail/78176534" "Mozilla/5.0 AppleWebKit/537.36 (KHTML, like Gecko; compatible; GPTBot/1.3; +https://openai.com/gptbot)"
74.7.241.33 - - [28/Mar/2026:15:27:40 +0000] "GET /?nocache=1774682707&shopdetail/16630497 HTTP/1.1" 301 20 "https://autozone.com.sa/?shopdetail%2F16630497" "Mozilla/5.0 AppleWebKit/537.36 (KHTML, like Gecko; compatible; GPTBot/1.3; +https://openai.com/gptbot)"
172.105.42.26 - - [28/Mar/2026:15:27:45 +0000] "POST /wp-cron.php?doing_wp_cron=1774711665.6785559654235839843750 HTTP/1.1" 200 20 "-" "WordPress/6.9.4; https://autozone.com.sa"
74.7.241.33 - - [28/Mar/2026:15:27:41 +0000] "GET /?nocache=1774682707&shopdetail%2F16630497 HTTP/1.1" 200 138886 "https://autozone.com.sa/?nocache=1774682707&shopdetail/16630497" "Mozilla/5.0 AppleWebKit/537.36 (KHTML, like Gecko; compatible; GPTBot/1.3; +https://openai.com/gptbot)"
74.7.241.33 - - [28/Mar/2026:15:27:46 +0000] "GET /?nocache=1774685485&shopdetail/22150907 HTTP/1.1" 301 20 "https://autozone.com.sa/?shopdetail%2F22150907" "Mozilla/5.0 AppleWebKit/537.36 (KHTML, like Gecko; compatible; GPTBot/1.3; +https://openai.com/gptbot)"
74.7.241.33 - - [28/Mar/2026:15:27:47 +0000] "GET /?nocache=1774685485&shopdetail%2F22150907 HTTP/1.1" 200 138905 "https://autozone.com.sa/?nocache=1774685485&shopdetail/22150907" "Mozilla/5.0 AppleWebKit/537.36 (KHTML, like Gecko; compatible; GPTBot/1.3; +https://openai.com/gptbot)"
74.7.241.33 - - [28/Mar/2026:15:27:52 +0000] "GET /?nocache=1774685048&shopdetail/23717091 HTTP/1.1" 301 20 "https://autozone.com.sa/?shopdetail%2F23717091" "Mozilla/5.0 AppleWebKit/537.36 (KHTML, like Gecko; compatible; GPTBot/1.3; +https://openai.com/gptbot)"
74.7.241.33 - - [28/Mar/2026:15:27:53 +0000] "GET /?nocache=1774685048&shopdetail%2F23717091 HTTP/1.1" 200 138906 "https://autozone.com.sa/?nocache=1774685048&shopdetail/23717091" "Mozilla/5.0 AppleWebKit/537.36 (KHTML, like Gecko; compatible; GPTBot/1.3; +https://openai.com/gptbot)"
74.7.241.33 - - [28/Mar/2026:15:27:57 +0000] "GET /?nocache=1774682471&shopdetail/24903988 HTTP/1.1" 301 20 "https://autozone.com.sa/?shopdetail%2F24903988" "Mozilla/5.0 AppleWebKit/537.36 (KHTML, like Gecko; compatible; GPTBot/1.3; +https://openai.com/gptbot)"
74.7.241.33 - - [28/Mar/2026:15:27:59 +0000] "GET /?nocache=1774682471&shopdetail%2F24903988 HTTP/1.1" 200 138915 "https://autozone.com.sa/?nocache=1774682471&shopdetail/24903988" "Mozilla/5.0 AppleWebKit/537.36 (KHTML, like Gecko; compatible; GPTBot/1.3; +https://openai.com/gptbot)"
74.7.241.33 - - [28/Mar/2026:15:28:03 +0000] "GET /?nocache=1774685443&shopdetail/30052280 HTTP/1.1" 301 20 "https://autozone.com.sa/?shopdetail%2F30052280" "Mozilla/5.0 AppleWebKit/537.36 (KHTML, like Gecko; compatible; GPTBot/1.3; +https://openai.com/gptbot)"
74.7.241.33 - - [28/Mar/2026:15:28:05 +0000] "GET /?nocache=1774685443&shopdetail%2F30052280 HTTP/1.1" 200 138882 "https://autozone.com.sa/?nocache=1774685443&shopdetail/30052280" "Mozilla/5.0 AppleWebKit/537.36 (KHTML, like Gecko; compatible; GPTBot/1.3; +https://openai.com/gptbot)"
74.7.241.33 - - [28/Mar/2026:15:28:09 +0000] "GET /?nocache=1774684725&shopdetail/37156095 HTTP/1.1" 301 20 "https://autozone.com.sa/?shopdetail%2F37156095" "Mozilla/5.0 AppleWebKit/537.36 (KHTML, like Gecko; compatible; GPTBot/1.3; +https://openai.com/gptbot)"
74.7.241.33 - - [28/Mar/2026:15:28:11 +0000] "GET /?nocache=1774684725&shopdetail%2F37156095 HTTP/1.1" 200 138890 "https://autozone.com.sa/?nocache=1774684725&shopdetail/37156095" "Mozilla/5.0 AppleWebKit/537.36 (KHTML, like Gecko; compatible; GPTBot/1.3; +https://openai.com/gptbot)"
172.105.42.26 - - [28/Mar/2026:15:28:49 +0000] "POST /wp-cron.php?doing_wp_cron=1774711729.5290939807891845703125 HTTP/1.1" 200 20 "-" "WordPress/6.9.4; https://autozone.com.sa"
40.123.251.89 - - [28/Mar/2026:15:28:47 +0000] "GET /wp-content/uploads/2018/11/2018-traverse-ext-gal-03_big.jpg HTTP/1.1" 404 26920 "-" "Mozilla/5.0 (compatible; BingIndexCrawler/1.0)"
51.75.236.139 - - [28/Mar/2026:15:29:12 +0000] "GET /outlet/en/page/12/?taxonomy=condition&term=new-en HTTP/1.1" 404 26927 "-" "Mozilla/5.0 (compatible; AhrefsBot/7.0; +http://ahrefs.com/robot/)"
172.105.42.26 - - [28/Mar/2026:15:29:37 +0000] "POST /wp-cron.php?doing_wp_cron=1774711777.7558119297027587890625 HTTP/1.1" 200 20 "-" "WordPress/6.9.4; https://autozone.com.sa"
2001:16a2:c21e:9aab:adad:5a4f:2f68:e62 - - [28/Mar/2026:15:29:34 +0000] "GET /product/jetour-t1-2025/ HTTP/1.1" 200 130249 "https://autozone.com.sa/shop/" "Mozilla/5.0 (iPhone; CPU iPhone OS 26_3_1 like Mac OS X) AppleWebKit/605.1.15 (KHTML, like Gecko) CriOS/146.0.7680.151 Mobile/15E148 Safari/604.1"
172.105.42.26 - - [28/Mar/2026:15:30:37 +0000] "POST /wp-cron.php?doing_wp_cron=1774711837.4054501056671142578125 HTTP/1.1" 200 20 "-" "WordPress/6.9.4; https://autozone.com.sa"
172.105.42.26 - - [28/Mar/2026:15:30:37 +0000] "POST /wp-cron.php?doing_wp_cron=1774711837.4054861068725585937500 HTTP/1.1" 200 20 "-" "WordPress/6.9.4; https://autozone.com.sa"
2a02:88c:5003:657:2515:7e11:2bcc:bcb0 - - [28/Mar/2026:15:30:33 +0000] "GET / HTTP/1.1" 200 163888 "https://www.google.com/" "Mozilla/5.0 (iPhone; CPU iPhone OS 18_7 like Mac OS X) AppleWebKit/605.1.15 (KHTML, like Gecko) Version/26.1 Mobile/15E148 Safari/604.1"
2a02:88c:5003:657:2515:7e11:2bcc:bcb0 - - [28/Mar/2026:15:30:33 +0000] "GET / HTTP/1.1" 200 163869 "https://www.google.com/" "Mozilla/5.0 (iPhone; CPU iPhone OS 18_7 like Mac OS X) AppleWebKit/605.1.15 (KHTML, like Gecko) Version/26.1 Mobile/15E148 Safari/604.1"
2a02:88c:5003:657:2515:7e11:2bcc:bcb0 - - [28/Mar/2026:15:30:33 +0000] "GET / HTTP/1.1" 200 163873 "https://www.google.com/" "Mozilla/5.0 (iPhone; CPU iPhone OS 18_7 like Mac OS X) AppleWebKit/605.1.15 (KHTML, like Gecko) Version/26.1 Mobile/15E148 Safari/604.1"
2a02:88c:5003:657:2515:7e11:2bcc:bcb0 - - [28/Mar/2026:15:30:33 +0000] "GET / HTTP/1.1" 200 163881 "https://www.google.com/" "Mozilla/5.0 (iPhone; CPU iPhone OS 18_7 like Mac OS X) AppleWebKit/605.1.15 (KHTML, like Gecko) Version/26.1 Mobile/15E148 Safari/604.1"
162.241.219.107 - - [28/Mar/2026:15:30:58 +0000] "GET /wp-login.php HTTP/1.1" 403 1095 "-" "Mozilla/5.0 (Windows NT 5.1; Win64; x64) AppleWebKit/537.36 (KHTML, like Gecko) Chrome/58.0.3029.110 Safari/537.36 Edge/16.16299"
162.241.219.107 - - [28/Mar/2026:15:31:00 +0000] "POST /wp-login.php HTTP/1.1" 403 1095 "https://autozone.com.sa/wp-login.php" "Mozilla/5.0 (Windows NT 5.1; Win64; x64) AppleWebKit/537.36 (KHTML, like Gecko) Chrome/58.0.3029.110 Safari/537.36 Edge/16.16299"
66.249.75.110 - - [28/Mar/2026:15:31:11 +0000] "GET /condition/%D8%AC%D8%AF%D9%8A%D8%AF%D8%A9/ HTTP/1.1" 200 66524 "-" "Mozilla/5.0 (Linux; Android 6.0.1; Nexus 5X Build/MMB29P) AppleWebKit/537.36 (KHTML, like Gecko) Chrome/146.0.7680.153 Mobile Safari/537.36 (compatible; Googlebot/2.1; +http://www.google.com/bot.html)"
172.105.42.26 - - [28/Mar/2026:15:31:43 +0000] "POST /wp-cron.php?doing_wp_cron=1774711903.9357309341430664062500 HTTP/1.1" 200 20 "-" "WordPress/6.9.4; https://autozone.com.sa/en/"
52.167.144.189 - - [28/Mar/2026:15:31:39 +0000] "GET /en/ HTTP/1.1" 200 94239 "-" "Mozilla/5.0 AppleWebKit/537.36 (KHTML, like Gecko; compatible; bingbot/2.0; +http://www.bing.com/bingbot.htm) Chrome/116.0.1938.76 Safari/537.36"
172.105.42.26 - - [28/Mar/2026:15:32:24 +0000] "POST /wp-cron.php?doing_wp_cron=1774711944.2106230258941650390625 HTTP/1.1" 200 20 "-" "WordPress/6.9.4; https://autozone.com.sa"
168.119.53.160 - - [28/Mar/2026:15:32:23 +0000] "HEAD / HTTP/1.1" 200 - "https://autozone.com.sa/" "Mozilla/5.0+(compatible; UptimeRobot/2.0; http://www.uptimerobot.com/)"
66.249.75.109 - - [28/Mar/2026:15:34:34 +0000] "GET /wp-content/uploads/al_opt_content/IMAGE/autozone.com.sa/wp-content/uploads/2026/03/special-offer-CS35-EN.webp.bv_resized_mobile.webp.bv.webp?bv_host=autozone.com.sa HTTP/1.1" 200 37163 "-" "Googlebot-Image/1.0"
172.105.42.26 - - [28/Mar/2026:15:35:21 +0000] "POST /wp-cron.php?doing_wp_cron=1774712121.0670549869537353515625 HTTP/1.1" 200 20 "-" "WordPress/6.9.4; https://autozone.com.sa"
173.254.28.240 - - [28/Mar/2026:15:35:19 +0000] "GET /wp-login.php HTTP/1.1" 403 1093 "-" "Mozilla/5.0 (Windows NT 10.0; WOW64) AppleWebKit/537.36 (KHTML, like Gecko) Chrome/66.0.3359.170 Safari/537.36"
173.254.28.240 - - [28/Mar/2026:15:35:21 +0000] "POST /wp-login.php HTTP/1.1" 403 1093 "https://autozone.com.sa/wp-login.php" "Mozilla/5.0 (Windows NT 10.0; WOW64) AppleWebKit/537.36 (KHTML, like Gecko) Chrome/66.0.3359.170 Safari/537.36"
2001:16a4:223:ee6e:95b4:d796:4e35:111f - - [28/Mar/2026:15:35:27 +0000] "GET / HTTP/1.1" 200 163895 "https://www.google.com/url?q=https://autozone.com.sa/&sa=U&sqi=2&ved=2ahUKEwjdyN7q9cKTAxWth_0HHUmDGG4QFnoECB4QAQ&usg=AOvVaw3F4X5jpgpOPFK_vpfJSIiH" "Mozilla/5.0 (iPhone; CPU iPhone OS 26_2_0 like Mac OS X) AppleWebKit/605.1.15 (KHTML, like Gecko) GSA/413.1.887139264 Mobile/15E148 Safari/604.1"
66.249.75.96 - - [28/Mar/2026:15:35:36 +0000] "GET /item.php???43856916892 HTTP/1.1" 301 20 "-" "Mozilla/5.0 (Linux; Android 6.0.1; Nexus 5X Build/MMB29P) AppleWebKit/537.36 (KHTML, like Gecko) Chrome/146.0.7680.153 Mobile Safari/537.36 (compatible; Googlebot/2.1; +http://www.google.com/bot.html)"
66.249.75.96 - - [28/Mar/2026:15:35:38 +0000] "GET /item.php?43856916892 HTTP/1.1" 404 30921 "-" "Mozilla/5.0 (Linux; Android 6.0.1; Nexus 5X Build/MMB29P) AppleWebKit/537.36 (KHTML, like Gecko) Chrome/146.0.7680.153 Mobile Safari/537.36 (compatible; Googlebot/2.1; +http://www.google.com/bot.html)"
172.105.42.26 - - [28/Mar/2026:15:36:02 +0000] "POST /wp-cron.php?doing_wp_cron=1774712162.1606190204620361328125 HTTP/1.1" 200 20 "-" "WordPress/6.9.4; https://autozone.com.sa"
2001:16a4:223:ee6e:95b4:d796:4e35:111f - - [28/Mar/2026:15:35:57 +0000] "GET / HTTP/1.1" 200 163867 "https://www.google.com/url?q=https://autozone.com.sa/&sa=U&sqi=2&ved=2ahUKEwjdyN7q9cKTAxWth_0HHUmDGG4QFnoECB4QAQ&usg=AOvVaw3F4X5jpgpOPFK_vpfJSIiH" "Mozilla/5.0 (iPhone; CPU iPhone OS 26_2_0 like Mac OS X) AppleWebKit/605.1.15 (KHTML, like Gecko) GSA/413.1.887139264 Mobile/15E148 Safari/604.1"
172.105.42.26 - - [28/Mar/2026:15:36:45 +0000] "POST /wp-cron.php?doing_wp_cron=1774712204.9690620899200439453125 HTTP/1.1" 200 20 "-" "WordPress/6.9.4; https://autozone.com.sa"
66.249.75.100 - - [28/Mar/2026:15:36:40 +0000] "GET /?id=336&nocache=1773253298&jet_blog_ajax=1 HTTP/1.1" 200 163968 "-" "Mozilla/5.0 (Linux; Android 6.0.1; Nexus 5X Build/MMB29P) AppleWebKit/537.36 (KHTML, like Gecko) Chrome/146.0.7680.153 Mobile Safari/537.36 (compatible; Googlebot/2.1; +http://www.google.com/bot.html)"
172.105.42.26 - - [28/Mar/2026:15:37:29 +0000] "POST /wp-cron.php?doing_wp_cron=1774712249.2481119632720947265625 HTTP/1.1" 200 20 "-" "WordPress/6.9.4; https://autozone.com.sa"
