74.7.241.33 - - [28/Mar/2026:14:46:48 +0000] "GET /wp-content/uploads/al_opt_content/FONT/autozone.com.sa/wp-includes/fonts/69733769c6af5a3047e49520/69733769c6af5a3047e49520-d34e1a3e778ff0cb40e991522d2f59f6_dashicons.eot HTTP/1.1" 200 32547 "https://autozone.com.sa/wp-content/uploads/al_opt_content/FONT/autozone.com.sa/wp-includes/fonts/69733769c6af5a3047e49520/" "Mozilla/5.0 AppleWebKit/537.36 (KHTML, like Gecko; compatible; GPTBot/1.3; +https://openai.com/gptbot)"
74.7.241.33 - - [28/Mar/2026:14:46:49 +0000] "GET /wp-content/uploads/al_opt_content/FONT/autozone.com.sa/wp-includes/fonts/69733769c6af5a3047e49520/69733769c6af5a3047e49520-1e37a8a1c2f7de7cb1afd8fba108875a_dashicons.ttf HTTP/1.1" 200 32467 "https://autozone.com.sa/wp-content/uploads/al_opt_content/FONT/autozone.com.sa/wp-includes/fonts/69733769c6af5a3047e49520/" "Mozilla/5.0 AppleWebKit/537.36 (KHTML, like Gecko; compatible; GPTBot/1.3; +https://openai.com/gptbot)"
74.7.241.33 - - [28/Mar/2026:14:46:49 +0000] "GET /wp-content/uploads/al_opt_content/FONT/autozone.com.sa/wp-includes/fonts/69821716c6af5a96e005a41a/69821716c6af5a96e005a41a-d34e1a3e778ff0cb40e991522d2f59f6_dashicons.eot HTTP/1.1" 200 32547 "https://autozone.com.sa/wp-content/uploads/al_opt_content/FONT/autozone.com.sa/wp-includes/fonts/69821716c6af5a96e005a41a/" "Mozilla/5.0 AppleWebKit/537.36 (KHTML, like Gecko; compatible; GPTBot/1.3; +https://openai.com/gptbot)"
74.7.241.33 - - [28/Mar/2026:14:46:50 +0000] "GET /wp-content/uploads/al_opt_content/FONT/autozone.com.sa/wp-includes/fonts/69869a3cc6af5a2213302c35/69869a3cc6af5a2213302c35-d34e1a3e778ff0cb40e991522d2f59f6_dashicons.eot HTTP/1.1" 200 32547 "https://autozone.com.sa/wp-content/uploads/al_opt_content/FONT/autozone.com.sa/wp-includes/fonts/69869a3cc6af5a2213302c35/" "Mozilla/5.0 AppleWebKit/537.36 (KHTML, like Gecko; compatible; GPTBot/1.3; +https://openai.com/gptbot)"
74.7.241.33 - - [28/Mar/2026:14:46:50 +0000] "GET /wp-content/uploads/al_opt_content/FONT/autozone.com.sa/wp-includes/fonts/6979cf74c6af5a40d8925056/6979cf74c6af5a40d8925056-d34e1a3e778ff0cb40e991522d2f59f6_dashicons.eot HTTP/1.1" 200 32547 "https://autozone.com.sa/wp-content/uploads/al_opt_content/FONT/autozone.com.sa/wp-includes/fonts/6979cf74c6af5a40d8925056/" "Mozilla/5.0 AppleWebKit/537.36 (KHTML, like Gecko; compatible; GPTBot/1.3; +https://openai.com/gptbot)"
74.7.241.33 - - [28/Mar/2026:14:46:51 +0000] "GET /wp-content/uploads/al_opt_content/FONT/autozone.com.sa/wp-includes/fonts/69821716c6af5a96e005a41a/69821716c6af5a96e005a41a-1e37a8a1c2f7de7cb1afd8fba108875a_dashicons.ttf HTTP/1.1" 200 32467 "https://autozone.com.sa/wp-content/uploads/al_opt_content/FONT/autozone.com.sa/wp-includes/fonts/69821716c6af5a96e005a41a/" "Mozilla/5.0 AppleWebKit/537.36 (KHTML, like Gecko; compatible; GPTBot/1.3; +https://openai.com/gptbot)"
74.7.241.33 - - [28/Mar/2026:14:46:51 +0000] "GET /wp-content/uploads/al_opt_content/FONT/autozone.com.sa/wp-includes/fonts/69869a3cc6af5a2213302c35/69869a3cc6af5a2213302c35-1e37a8a1c2f7de7cb1afd8fba108875a_dashicons.ttf HTTP/1.1" 200 32467 "https://autozone.com.sa/wp-content/uploads/al_opt_content/FONT/autozone.com.sa/wp-includes/fonts/69869a3cc6af5a2213302c35/" "Mozilla/5.0 AppleWebKit/537.36 (KHTML, like Gecko; compatible; GPTBot/1.3; +https://openai.com/gptbot)"
74.7.241.33 - - [28/Mar/2026:14:46:52 +0000] "GET /wp-content/uploads/al_opt_content/FONT/autozone.com.sa/wp-includes/fonts/6979cf74c6af5a40d8925056/6979cf74c6af5a40d8925056-1e37a8a1c2f7de7cb1afd8fba108875a_dashicons.ttf HTTP/1.1" 200 32467 "https://autozone.com.sa/wp-content/uploads/al_opt_content/FONT/autozone.com.sa/wp-includes/fonts/6979cf74c6af5a40d8925056/" "Mozilla/5.0 AppleWebKit/537.36 (KHTML, like Gecko; compatible; GPTBot/1.3; +https://openai.com/gptbot)"
74.7.241.33 - - [28/Mar/2026:14:46:52 +0000] "GET /wp-content/uploads/al_opt_content/FONT/autozone.com.sa/wp-includes/fonts/69845b14c6af5a8c86a190c9/69845b14c6af5a8c86a190c9-1e37a8a1c2f7de7cb1afd8fba108875a_dashicons.ttf HTTP/1.1" 200 32467 "https://autozone.com.sa/wp-content/uploads/al_opt_content/FONT/autozone.com.sa/wp-includes/fonts/69845b14c6af5a8c86a190c9/" "Mozilla/5.0 AppleWebKit/537.36 (KHTML, like Gecko; compatible; GPTBot/1.3; +https://openai.com/gptbot)"
74.7.241.33 - - [28/Mar/2026:14:46:53 +0000] "GET /wp-content/uploads/al_opt_content/FONT/autozone.com.sa/wp-includes/fonts/69870f84c6af5a5d0d302c46/69870f84c6af5a5d0d302c46-1e37a8a1c2f7de7cb1afd8fba108875a_dashicons.ttf HTTP/1.1" 200 32467 "https://autozone.com.sa/wp-content/uploads/al_opt_content/FONT/autozone.com.sa/wp-includes/fonts/69870f84c6af5a5d0d302c46/" "Mozilla/5.0 AppleWebKit/537.36 (KHTML, like Gecko; compatible; GPTBot/1.3; +https://openai.com/gptbot)"
74.7.241.33 - - [28/Mar/2026:14:46:53 +0000] "GET /wp-content/uploads/al_opt_content/FONT/autozone.com.sa/wp-includes/fonts/69864e16c6af5a946f302c3b/69864e16c6af5a946f302c3b-1e37a8a1c2f7de7cb1afd8fba108875a_dashicons.ttf HTTP/1.1" 200 32467 "https://autozone.com.sa/wp-content/uploads/al_opt_content/FONT/autozone.com.sa/wp-includes/fonts/69864e16c6af5a946f302c3b/" "Mozilla/5.0 AppleWebKit/537.36 (KHTML, like Gecko; compatible; GPTBot/1.3; +https://openai.com/gptbot)"
74.7.241.33 - - [28/Mar/2026:14:46:54 +0000] "GET /wp-content/uploads/al_opt_content/FONT/autozone.com.sa/wp-includes/fonts/698539e0c6af5a5c44a1943b/698539e0c6af5a5c44a1943b-1e37a8a1c2f7de7cb1afd8fba108875a_dashicons.ttf HTTP/1.1" 200 32467 "https://autozone.com.sa/wp-content/uploads/al_opt_content/FONT/autozone.com.sa/wp-includes/fonts/698539e0c6af5a5c44a1943b/" "Mozilla/5.0 AppleWebKit/537.36 (KHTML, like Gecko; compatible; GPTBot/1.3; +https://openai.com/gptbot)"
74.7.241.33 - - [28/Mar/2026:14:46:54 +0000] "GET /wp-content/uploads/al_opt_content/FONT/autozone.com.sa/wp-includes/fonts/69787e35c6af5a7ba1925009/ HTTP/1.1" 200 489 "https://autozone.com.sa/wp-content/uploads/al_opt_content/FONT/autozone.com.sa/wp-includes/fonts/" "Mozilla/5.0 AppleWebKit/537.36 (KHTML, like Gecko; compatible; GPTBot/1.3; +https://openai.com/gptbot)"
74.7.241.33 - - [28/Mar/2026:14:46:55 +0000] "GET /wp-content/uploads/al_opt_content/FONT/autozone.com.sa/wp-includes/fonts/69787e35c6af5a7ba1925006/ HTTP/1.1" 200 489 "https://autozone.com.sa/wp-content/uploads/al_opt_content/FONT/autozone.com.sa/wp-includes/fonts/" "Mozilla/5.0 AppleWebKit/537.36 (KHTML, like Gecko; compatible; GPTBot/1.3; +https://openai.com/gptbot)"
74.7.241.33 - - [28/Mar/2026:14:46:55 +0000] "GET /wp-content/uploads/al_opt_content/FONT/autozone.com.sa/wp-includes/fonts/69787e35c6af5a7ba1925007/ HTTP/1.1" 200 488 "https://autozone.com.sa/wp-content/uploads/al_opt_content/FONT/autozone.com.sa/wp-includes/fonts/" "Mozilla/5.0 AppleWebKit/537.36 (KHTML, like Gecko; compatible; GPTBot/1.3; +https://openai.com/gptbot)"
2001:4860:7:1428::ff - - [28/Mar/2026:14:47:01 +0000] "GET / HTTP/1.1" 200 163891 "https://www.google.com/" "Mozilla/5.0 (Windows NT 10.0; Win64; x64) AppleWebKit/537.36 (KHTML, like Gecko) Chrome/146.0.0.0 Safari/537.36"
51.211.27.76 - - [28/Mar/2026:14:47:02 +0000] "GET / HTTP/1.1" 200 163883 "https://www.google.com/" "Mozilla/5.0 (Windows NT 10.0; Win64; x64) AppleWebKit/537.36 (KHTML, like Gecko) Chrome/146.0.0.0 Safari/537.36"
74.7.241.33 - - [28/Mar/2026:14:47:13 +0000] "GET /?nocache=1774685578&shopdetail/12774221 HTTP/1.1" 301 20 "https://autozone.com.sa/?shopdetail%2F12774221" "Mozilla/5.0 AppleWebKit/537.36 (KHTML, like Gecko; compatible; GPTBot/1.3; +https://openai.com/gptbot)"
51.211.27.76 - - [28/Mar/2026:14:47:17 +0000] "POST /?wc-ajax=get_refreshed_fragments HTTP/1.1" 200 999 "https://autozone.com.sa/" "Mozilla/5.0 (Windows NT 10.0; Win64; x64) AppleWebKit/537.36 (KHTML, like Gecko) Chrome/146.0.0.0 Safari/537.36"
51.211.27.76 - - [28/Mar/2026:14:47:17 +0000] "POST /?wc-ajax=get_refreshed_fragments HTTP/1.1" 200 999 "https://autozone.com.sa/" "Mozilla/5.0 (Windows NT 10.0; Win64; x64) AppleWebKit/537.36 (KHTML, like Gecko) Chrome/146.0.0.0 Safari/537.36"
51.211.27.76 - - [28/Mar/2026:14:47:16 +0000] "POST /wp-json/iawp/search HTTP/1.1" 200 36 "https://autozone.com.sa/" "Mozilla/5.0 (Windows NT 10.0; Win64; x64) AppleWebKit/537.36 (KHTML, like Gecko) Chrome/146.0.0.0 Safari/537.36"
74.7.241.33 - - [28/Mar/2026:14:47:15 +0000] "GET /?nocache=1774685578&shopdetail%2F12774221 HTTP/1.1" 200 163980 "https://autozone.com.sa/?nocache=1774685578&shopdetail/12774221" "Mozilla/5.0 AppleWebKit/537.36 (KHTML, like Gecko; compatible; GPTBot/1.3; +https://openai.com/gptbot)"
74.7.241.33 - - [28/Mar/2026:14:47:26 +0000] "GET /wp-content/uploads/al_opt_content/FONT/autozone.com.sa/wp-includes/fonts/69787e35c6af5a7ba1925009/69787e35c6af5a7ba1925009-d34e1a3e778ff0cb40e991522d2f59f6_dashicons.eot HTTP/1.1" 200 32547 "https://autozone.com.sa/wp-content/uploads/al_opt_content/FONT/autozone.com.sa/wp-includes/fonts/69787e35c6af5a7ba1925009/" "Mozilla/5.0 AppleWebKit/537.36 (KHTML, like Gecko; compatible; GPTBot/1.3; +https://openai.com/gptbot)"
74.7.241.33 - - [28/Mar/2026:14:47:26 +0000] "GET /wp-content/uploads/al_opt_content/FONT/autozone.com.sa/wp-includes/fonts/69787e35c6af5a7ba1925006/69787e35c6af5a7ba1925006-d34e1a3e778ff0cb40e991522d2f59f6_dashicons.eot HTTP/1.1" 200 32547 "https://autozone.com.sa/wp-content/uploads/al_opt_content/FONT/autozone.com.sa/wp-includes/fonts/69787e35c6af5a7ba1925006/" "Mozilla/5.0 AppleWebKit/537.36 (KHTML, like Gecko; compatible; GPTBot/1.3; +https://openai.com/gptbot)"
74.7.241.33 - - [28/Mar/2026:14:47:27 +0000] "GET /wp-content/uploads/al_opt_content/FONT/autozone.com.sa/wp-includes/fonts/69787e35c6af5a7ba1925007/69787e35c6af5a7ba1925007-d34e1a3e778ff0cb40e991522d2f59f6_dashicons.eot HTTP/1.1" 200 32547 "https://autozone.com.sa/wp-content/uploads/al_opt_content/FONT/autozone.com.sa/wp-includes/fonts/69787e35c6af5a7ba1925007/" "Mozilla/5.0 AppleWebKit/537.36 (KHTML, like Gecko; compatible; GPTBot/1.3; +https://openai.com/gptbot)"
74.7.241.33 - - [28/Mar/2026:14:47:27 +0000] "GET /wp-content/uploads/al_opt_content/FONT/autozone.com.sa/wp-includes/fonts/69787e35c6af5a7ba1925009/69787e35c6af5a7ba1925009-1e37a8a1c2f7de7cb1afd8fba108875a_dashicons.ttf HTTP/1.1" 200 32467 "https://autozone.com.sa/wp-content/uploads/al_opt_content/FONT/autozone.com.sa/wp-includes/fonts/69787e35c6af5a7ba1925009/" "Mozilla/5.0 AppleWebKit/537.36 (KHTML, like Gecko; compatible; GPTBot/1.3; +https://openai.com/gptbot)"
74.7.241.33 - - [28/Mar/2026:14:47:28 +0000] "GET /wp-content/uploads/al_opt_content/FONT/autozone.com.sa/wp-includes/fonts/69787e35c6af5a7ba1925007/69787e35c6af5a7ba1925007-1e37a8a1c2f7de7cb1afd8fba108875a_dashicons.ttf HTTP/1.1" 200 32467 "https://autozone.com.sa/wp-content/uploads/al_opt_content/FONT/autozone.com.sa/wp-includes/fonts/69787e35c6af5a7ba1925007/" "Mozilla/5.0 AppleWebKit/537.36 (KHTML, like Gecko; compatible; GPTBot/1.3; +https://openai.com/gptbot)"
74.7.241.33 - - [28/Mar/2026:14:47:28 +0000] "GET /wp-content/uploads/al_opt_content/FONT/autozone.com.sa/wp-includes/fonts/69787e35c6af5a7ba1925006/69787e35c6af5a7ba1925006-1e37a8a1c2f7de7cb1afd8fba108875a_dashicons.ttf HTTP/1.1" 200 32467 "https://autozone.com.sa/wp-content/uploads/al_opt_content/FONT/autozone.com.sa/wp-includes/fonts/69787e35c6af5a7ba1925006/" "Mozilla/5.0 AppleWebKit/537.36 (KHTML, like Gecko; compatible; GPTBot/1.3; +https://openai.com/gptbot)"
74.7.241.33 - - [28/Mar/2026:14:47:33 +0000] "GET /?nocache=1774685528&shopdetail/64446866 HTTP/1.1" 301 20 "https://autozone.com.sa/?shopdetail%2F64446866" "Mozilla/5.0 AppleWebKit/537.36 (KHTML, like Gecko; compatible; GPTBot/1.3; +https://openai.com/gptbot)"
74.7.241.33 - - [28/Mar/2026:14:47:34 +0000] "GET /?nocache=1774685528&shopdetail%2F64446866 HTTP/1.1" 200 163951 "https://autozone.com.sa/?nocache=1774685528&shopdetail/64446866" "Mozilla/5.0 AppleWebKit/537.36 (KHTML, like Gecko; compatible; GPTBot/1.3; +https://openai.com/gptbot)"
74.7.241.33 - - [28/Mar/2026:14:47:39 +0000] "GET /wp-content/uploads/cache/wpml/twig/8f/8f3b4ecc9250bdd753d82374dba7e6473eb3a9b66bf3d0ef8dca1f2b65c43faa.php HTTP/1.1" 500 20 "https://autozone.com.sa/wp-content/uploads/cache/wpml/twig/8f/" "Mozilla/5.0 AppleWebKit/537.36 (KHTML, like Gecko; compatible; GPTBot/1.3; +https://openai.com/gptbot)"
74.7.241.33 - - [28/Mar/2026:14:47:39 +0000] "GET /wp-content/uploads/cache/wpml/twig/b8/b8bc3ca9df28fef0c4bf2039a59e48faf8e7f6e5ae1db91a6d6b17c6fc7013f9.php HTTP/1.1" 500 20 "https://autozone.com.sa/wp-content/uploads/cache/wpml/twig/b8/" "Mozilla/5.0 AppleWebKit/537.36 (KHTML, like Gecko; compatible; GPTBot/1.3; +https://openai.com/gptbot)"
74.7.241.33 - - [28/Mar/2026:14:47:41 +0000] "GET /wp-content/uploads/cache/wpml/twig/d4/d4afcb2790f09e4eab572be0e9a629ad5ffc8d63f3ca010c9fbf88cd144f305f.php HTTP/1.1" 500 20 "https://autozone.com.sa/wp-content/uploads/cache/wpml/twig/d4/" "Mozilla/5.0 AppleWebKit/537.36 (KHTML, like Gecko; compatible; GPTBot/1.3; +https://openai.com/gptbot)"
74.7.241.33 - - [28/Mar/2026:14:47:45 +0000] "GET /wp-content/uploads/cache/wpml/twig/54/5495c1bde8adfdfa70397abb10533719efae3a76d39bdceff8dbb7e8a8a5b970.php HTTP/1.1" 500 20 "https://autozone.com.sa/wp-content/uploads/cache/wpml/twig/54/" "Mozilla/5.0 AppleWebKit/537.36 (KHTML, like Gecko; compatible; GPTBot/1.3; +https://openai.com/gptbot)"
74.7.241.33 - - [28/Mar/2026:14:48:00 +0000] "GET /wp-content/uploads/cache/wpml/twig/36/3660bdcbd5ee2eb14f1895a2e2ebf7dba073d47aac6d73e8bda7741eaf98587f.php HTTP/1.1" 500 20 "https://autozone.com.sa/wp-content/uploads/cache/wpml/twig/36/" "Mozilla/5.0 AppleWebKit/537.36 (KHTML, like Gecko; compatible; GPTBot/1.3; +https://openai.com/gptbot)"
172.105.42.26 - - [28/Mar/2026:14:48:04 +0000] "POST /wp-cron.php?doing_wp_cron=1774709284.3235149383544921875000 HTTP/1.1" 200 20 "-" "WordPress/6.9.4; https://autozone.com.sa"
66.249.77.169 - - [28/Mar/2026:14:48:03 +0000] "GET /outlet/wp-content/uploads/2018/05/maxima-side-798x466.jpg HTTP/1.1" 301 20 "-" "Googlebot-Image/1.0"
66.249.75.100 - - [28/Mar/2026:14:48:05 +0000] "GET /outlet/wp-content/uploads/2018/05/maxima-side-798x466.jpg HTTP/1.1" 404 30957 "-" "Googlebot-Image/1.0"
40.77.167.6 - - [28/Mar/2026:14:48:14 +0000] "GET /wp-sitemap-posts-product-1.xml HTTP/1.1" 301 20 "-" "Mozilla/5.0 AppleWebKit/537.36 (KHTML, like Gecko; compatible; bingbot/2.0; +http://www.bing.com/bingbot.htm) Chrome/116.0.1938.76 Safari/537.36"
40.77.167.6 - - [28/Mar/2026:14:48:15 +0000] "GET /product-sitemap.xml HTTP/1.1" 200 4084 "-" "Mozilla/5.0 AppleWebKit/537.36 (KHTML, like Gecko; compatible; bingbot/2.0; +http://www.bing.com/bingbot.htm) Chrome/116.0.1938.76 Safari/537.36"
66.249.75.99 - - [28/Mar/2026:14:48:15 +0000] "GET /en/car-type/mini-van/?nocache=1774389607 HTTP/1.1" 200 61238 "-" "Mozilla/5.0 (Linux; Android 6.0.1; Nexus 5X Build/MMB29P) AppleWebKit/537.36 (KHTML, like Gecko) Chrome/146.0.7680.153 Mobile Safari/537.36 (compatible; Googlebot/2.1; +http://www.google.com/bot.html)"
74.7.241.33 - - [28/Mar/2026:14:48:41 +0000] "GET /wp-content/uploads/cache/wpml/twig/87/877a66c648eaafec5d0a9f4ddc10c18bf4dade5af02bd87da9124f6ec37947a5.php HTTP/1.1" 500 20 "https://autozone.com.sa/wp-content/uploads/cache/wpml/twig/87/" "Mozilla/5.0 AppleWebKit/537.36 (KHTML, like Gecko; compatible; GPTBot/1.3; +https://openai.com/gptbot)"
74.7.241.33 - - [28/Mar/2026:14:49:44 +0000] "GET /wp-content/uploads/cache/wpml/twig/da/da3cac28d39aee92567f146990ca7c6ccbc81af4f92a3ec9cc3400e3f2aa711f.php HTTP/1.1" 500 20 "https://autozone.com.sa/wp-content/uploads/cache/wpml/twig/da/" "Mozilla/5.0 AppleWebKit/537.36 (KHTML, like Gecko; compatible; GPTBot/1.3; +https://openai.com/gptbot)"
172.105.42.26 - - [28/Mar/2026:14:50:07 +0000] "POST /wp-cron.php?doing_wp_cron=1774709407.4086298942565917968750 HTTP/1.1" 200 20 "-" "WordPress/6.9.4; https://autozone.com.sa"
2a03:2880:24ff:51:: - - [28/Mar/2026:14:50:03 +0000] "GET / HTTP/1.1" 200 163874 "-" "meta-webindexer/1.1 (+https://developers.facebook.com/docs/sharing/webmasters/crawler)"
172.105.42.26 - - [28/Mar/2026:14:50:28 +0000] "POST /wp-cron.php?doing_wp_cron=1774709428.0383529663085937500000 HTTP/1.1" 200 20 "-" "WordPress/6.9.4; https://autozone.com.sa"
157.173.96.120 - - [28/Mar/2026:14:50:27 +0000] "GET /wp-login.php HTTP/1.1" 403 1093 "-" "Mozilla/5.0 (Windows NT 6.3; WOW64; Trident/7.0; Touch; MAARJS; rv:11.0) like Gecko"
157.173.96.120 - - [28/Mar/2026:14:50:28 +0000] "POST /wp-login.php HTTP/1.1" 403 1093 "https://autozone.com.sa/wp-login.php" "Mozilla/5.0 (Windows NT 6.3; WOW64; Trident/7.0; Touch; MAARJS; rv:11.0) like Gecko"
74.7.241.33 - - [28/Mar/2026:14:50:45 +0000] "GET /wp-content/uploads/cache/wpml/twig/1f/1fb5c1def6964181b2beb24165e1a4b9df6ce9f6ea8c51f6ef2b1a8edd4bc360.php HTTP/1.1" 500 20 "https://autozone.com.sa/wp-content/uploads/cache/wpml/twig/1f/" "Mozilla/5.0 AppleWebKit/537.36 (KHTML, like Gecko; compatible; GPTBot/1.3; +https://openai.com/gptbot)"
172.105.42.26 - - [28/Mar/2026:14:51:22 +0000] "POST /wp-cron.php?doing_wp_cron=1774709482.0082778930664062500000 HTTP/1.1" 200 20 "-" "WordPress/6.9.4; https://autozone.com.sa/en/"
2a03:2880:f802:27:: - - [28/Mar/2026:14:51:20 +0000] "GET /en/about/153 HTTP/1.1" 301 20 "-" "meta-externalagent/1.1 (+https://developers.facebook.com/docs/sharing/webmasters/crawler)"
52.59.43.236 - - [28/Mar/2026:14:51:37 +0000] "HEAD / HTTP/1.1" 200 - "https://autozone.com.sa/" "Mozilla/5.0+(compatible; UptimeRobot/2.0; http://www.uptimerobot.com/)"
74.7.241.33 - - [28/Mar/2026:14:51:47 +0000] "GET /wp-content/uploads/cache/wpml/twig/c4/c4a1b1c9f25dc5cd06eb78c64c700a8cd1e92737a478ae7fafcc7c097faa42a9.php HTTP/1.1" 500 20 "https://autozone.com.sa/wp-content/uploads/cache/wpml/twig/c4/" "Mozilla/5.0 AppleWebKit/537.36 (KHTML, like Gecko; compatible; GPTBot/1.3; +https://openai.com/gptbot)"
172.105.42.26 - - [28/Mar/2026:14:51:55 +0000] "POST /wp-cron.php?doing_wp_cron=1774709515.5999701023101806640625 HTTP/1.1" 200 20 "-" "WordPress/6.9.4; https://autozone.com.sa"
66.249.75.99 - - [28/Mar/2026:14:51:54 +0000] "GET /?shopdetail/19719130 HTTP/1.1" 301 20 "-" "Mozilla/5.0 (Linux; Android 6.0.1; Nexus 5X Build/MMB29P) AppleWebKit/537.36 (KHTML, like Gecko) Chrome/146.0.7680.153 Mobile Safari/537.36 (compatible; Googlebot/2.1; +http://www.google.com/bot.html)"
66.249.75.100 - - [28/Mar/2026:14:51:56 +0000] "GET /?shopdetail%2F19719130 HTTP/1.1" 200 163916 "-" "Mozilla/5.0 (Linux; Android 6.0.1; Nexus 5X Build/MMB29P) AppleWebKit/537.36 (KHTML, like Gecko) Chrome/146.0.7680.153 Mobile Safari/537.36 (compatible; Googlebot/2.1; +http://www.google.com/bot.html)"
172.105.42.26 - - [28/Mar/2026:14:52:37 +0000] "POST /wp-cron.php?doing_wp_cron=1774709557.6633288860321044921875 HTTP/1.1" 200 20 "-" "WordPress/6.9.4; https://autozone.com.sa"
47.82.11.118 - - [28/Mar/2026:14:52:36 +0000] "GET /?shopdetail/64945815 HTTP/1.1" 301 20 "https://autozone.com.sa/" "Mozilla/5.0 (Windows NT 10.0; Win64; x64) AppleWebKit/537.36 (KHTML, like Gecko) Chrome/135.0.0.0 Safari/537.36 Edg/135.0.0.0"
47.82.11.118 - - [28/Mar/2026:14:52:37 +0000] "GET /?shopdetail/64945815 HTTP/1.1" 301 20 "https://autozone.com.sa/" "Mozilla/5.0 (Windows NT 10.0; Win64; x64) AppleWebKit/537.36 (KHTML, like Gecko) Chrome/135.0.0.0 Safari/537.36 Edg/135.0.0.0"
172.105.42.26 - - [28/Mar/2026:14:52:39 +0000] "POST /wp-cron.php?doing_wp_cron=1774709559.1074879169464111328125 HTTP/1.1" 200 20 "-" "WordPress/6.9.4; https://autozone.com.sa"
114.119.146.126 - - [28/Mar/2026:14:52:34 +0000] "GET / HTTP/1.1" 200 163851 "-" "Mozilla/5.0 (compatible;PetalBot;+https://webmaster.petalsearch.com/site/petalbot)"
114.119.146.126 - - [28/Mar/2026:14:52:40 +0000] "GET /wp-content/uploads/al_opt_content/IMAGE/autozone.com.sa/wp-content/uploads/2025/01/AZ_Original_AR.png.bv.webp?bv_host=autozone.com.sa HTTP/1.1" 200 10929 "https://autozone.com.sa/" "Mozilla/5.0 (compatible;PetalBot;+https://webmaster.petalsearch.com/site/petalbot)"
114.119.146.126 - - [28/Mar/2026:14:52:40 +0000] "GET /wp-content/uploads/al_opt_content/CSS//044bad04c72d2227ef32b35830055901.css HTTP/1.1" 200 34863 "https://autozone.com.sa/" "Mozilla/5.0 (compatible;PetalBot;+https://webmaster.petalsearch.com/site/petalbot)"
114.119.146.126 - - [28/Mar/2026:14:52:40 +0000] "GET /wp-content/uploads/al_opt_content/SCRIPT/7b7d9c2344ec7bb776c95e6d9144470f.js?ver=2.2.0 HTTP/1.1" 200 6057 "-" "Mozilla/5.0 (compatible;PetalBot;+https://webmaster.petalsearch.com/site/petalbot)"
114.119.146.126 - - [28/Mar/2026:14:52:40 +0000] "GET /wp-content/uploads/al_opt_content/SCRIPT/73c07e9630db2adbba0c6bc0bf568719.js?ver=3.35.4 HTTP/1.1" 200 15944 "-" "Mozilla/5.0 (compatible;PetalBot;+https://webmaster.petalsearch.com/site/petalbot)"
114.119.146.126 - - [28/Mar/2026:14:52:40 +0000] "GET /wp-content/uploads/al_opt_content/CSS/77f20772613a41e563143f93535d9ecb.css HTTP/1.1" 200 243 "-" "Mozilla/5.0 (compatible;PetalBot;+https://webmaster.petalsearch.com/site/petalbot)"
114.119.146.126 - - [28/Mar/2026:14:52:40 +0000] "GET /wp-content/uploads/al_opt_content/CSS/bd082911bf81308db0a8f37afc312c57.css HTTP/1.1" 200 5794 "-" "Mozilla/5.0 (compatible;PetalBot;+https://webmaster.petalsearch.com/site/petalbot)"
114.119.146.126 - - [28/Mar/2026:14:52:40 +0000] "GET /wp-content/uploads/al_opt_content/CSS/e71c4e4dd8d6ba227613b07417b587f1.css HTTP/1.1" 200 994 "-" "Mozilla/5.0 (compatible;PetalBot;+https://webmaster.petalsearch.com/site/petalbot)"
114.119.146.126 - - [28/Mar/2026:14:52:40 +0000] "GET /wp-content/uploads/al_opt_content/CSS/5c4c4f3a8b0978400b6cd713d940159c.css HTTP/1.1" 200 1453 "-" "Mozilla/5.0 (compatible;PetalBot;+https://webmaster.petalsearch.com/site/petalbot)"
74.7.241.33 - - [28/Mar/2026:14:52:48 +0000] "GET /wp-content/uploads/cache/wpml/twig/a5/a54a2fdcb98c69a494b58002f4b8a9728dcaafa738d94c537b839dc4abcab7bd.php HTTP/1.1" 500 20 "https://autozone.com.sa/wp-content/uploads/cache/wpml/twig/a5/" "Mozilla/5.0 AppleWebKit/537.36 (KHTML, like Gecko; compatible; GPTBot/1.3; +https://openai.com/gptbot)"
114.119.146.126 - - [28/Mar/2026:14:52:48 +0000] "GET /wp-content/uploads/al_opt_content/IMAGE/autozone.com.sa/wp-content/uploads/2025/04/Go1-11.webp.bv.webp?bv_host=autozone.com.sa HTTP/1.1" 200 76706 "https://autozone.com.sa/" "Mozilla/5.0 (compatible;PetalBot;+https://webmaster.petalsearch.com/site/petalbot)"
114.119.146.126 - - [28/Mar/2026:14:52:48 +0000] "GET /wp-content/uploads/al_opt_content/IMAGE/autozone.com.sa/wp-content/uploads/2025/01/home-page-and-about-us-1-scaled-1.webp.bv.webp?bv_host=autozone.com.sa HTTP/1.1" 200 116625 "https://autozone.com.sa/" "Mozilla/5.0 (compatible;PetalBot;+https://webmaster.petalsearch.com/site/petalbot)"
114.119.146.126 - - [28/Mar/2026:14:52:48 +0000] "GET /wp-content/uploads/al_opt_content/IMAGE/autozone.com.sa/wp-content/uploads/2024/12/bg.webp.bv.webp?bv_host=autozone.com.sa HTTP/1.1" 200 82268 "https://autozone.com.sa/" "Mozilla/5.0 (compatible;PetalBot;+https://webmaster.petalsearch.com/site/petalbot)"
114.119.146.126 - - [28/Mar/2026:14:52:48 +0000] "POST /?wc-ajax=get_refreshed_fragments HTTP/1.1" 200 999 "https://autozone.com.sa/" "Mozilla/5.0 (compatible;PetalBot;+https://webmaster.petalsearch.com/site/petalbot)"
114.119.146.126 - - [28/Mar/2026:14:52:48 +0000] "POST /?wc-ajax=get_refreshed_fragments HTTP/1.1" 200 999 "https://autozone.com.sa/" "Mozilla/5.0 (compatible;PetalBot;+https://webmaster.petalsearch.com/site/petalbot)"
114.119.146.126 - - [28/Mar/2026:14:52:50 +0000] "GET /wp-content/uploads/al_opt_content/IMAGE/autozone.com.sa/wp-content/uploads/2025/04/Go1-10.webp.bv.webp?bv_host=autozone.com.sa HTTP/1.1" 200 123364 "https://autozone.com.sa/" "Mozilla/5.0 (compatible;PetalBot;+https://webmaster.petalsearch.com/site/petalbot)"
114.119.146.126 - - [28/Mar/2026:14:52:50 +0000] "GET /wp-content/uploads/al_opt_content/IMAGE/autozone.com.sa/wp-content/uploads/2025/04/Go1-02-1.webp.bv.webp?bv_host=autozone.com.sa HTTP/1.1" 200 126740 "https://autozone.com.sa/" "Mozilla/5.0 (compatible;PetalBot;+https://webmaster.petalsearch.com/site/petalbot)"
114.119.146.126 - - [28/Mar/2026:14:52:50 +0000] "GET /wp-content/uploads/al_opt_content/IMAGE/autozone.com.sa/wp-content/uploads/2025/04/Go1-04.webp.bv.webp?bv_host=autozone.com.sa HTTP/1.1" 200 110047 "https://autozone.com.sa/" "Mozilla/5.0 (compatible;PetalBot;+https://webmaster.petalsearch.com/site/petalbot)"
114.119.146.126 - - [28/Mar/2026:14:52:50 +0000] "GET /wp-content/uploads/al_opt_content/IMAGE/autozone.com.sa/wp-content/uploads/2025/04/Go1-01-1.webp.bv.webp?bv_host=autozone.com.sa HTTP/1.1" 200 126723 "https://autozone.com.sa/" "Mozilla/5.0 (compatible;PetalBot;+https://webmaster.petalsearch.com/site/petalbot)"
114.119.146.126 - - [28/Mar/2026:14:52:50 +0000] "GET /wp-content/uploads/al_opt_content/IMAGE/autozone.com.sa/wp-content/uploads/2025/04/Go1-03-1.webp.bv.webp?bv_host=autozone.com.sa HTTP/1.1" 200 130344 "https://autozone.com.sa/" "Mozilla/5.0 (compatible;PetalBot;+https://webmaster.petalsearch.com/site/petalbot)"
114.119.146.126 - - [28/Mar/2026:14:52:50 +0000] "GET /wp-content/uploads/al_opt_content/IMAGE/autozone.com.sa/wp-content/uploads/2025/04/Go1-08.webp.bv.webp?bv_host=autozone.com.sa HTTP/1.1" 200 95671 "https://autozone.com.sa/" "Mozilla/5.0 (compatible;PetalBot;+https://webmaster.petalsearch.com/site/petalbot)"
114.119.146.126 - - [28/Mar/2026:14:52:50 +0000] "GET /wp-content/uploads/al_opt_content/IMAGE/autozone.com.sa/wp-content/uploads/2025/04/Go1-07.webp.bv.webp?bv_host=autozone.com.sa HTTP/1.1" 200 157540 "https://autozone.com.sa/" "Mozilla/5.0 (compatible;PetalBot;+https://webmaster.petalsearch.com/site/petalbot)"
114.119.146.126 - - [28/Mar/2026:14:52:54 +0000] "GET /wp-content/uploads/al_opt_content/IMAGE/autozone.com.sa/wp-content/uploads/2025/04/Go1-06.webp.bv.webp?bv_host=autozone.com.sa HTTP/1.1" 200 103002 "https://autozone.com.sa/" "Mozilla/5.0 (compatible;PetalBot;+https://webmaster.petalsearch.com/site/petalbot)"
2a02:ce0:3002:426f:3365:def3:9494:b6f0 - - [28/Mar/2026:14:52:53 +0000] "GET /?utm_medium=paid&utm_source=ig&utm_id=120242719663440023&utm_content=120242719663460023&utm_term=120242719663450023&utm_campaign=120242719663440023 HTTP/1.1" 200 164110 "https://l.facebook.com/" "Mozilla/5.0 (Linux; Android 16; SM-S938B Build/BP2A.250605.031.A3; wv) AppleWebKit/537.36 (KHTML, like Gecko) Version/4.0 Chrome/146.0.7680.157 Mobile Safari/537.36 Instagram 422.0.0.44.64 Android (36/16; 420dpi; 1080x2340; samsung; SM-S938B; pa3q; qcom; en_US; 916493726; IABMV/1)"
114.119.135.163 - - [28/Mar/2026:14:52:55 +0000] "GET / HTTP/1.1" 200 163904 "-" "Mozilla/5.0 (compatible;PetalBot;+https://webmaster.petalsearch.com/site/petalbot)"
2a02:ce0:3002:426f:3365:def3:9494:b6f0 - - [28/Mar/2026:14:52:55 +0000] "GET /?utm_medium=paid&utm_source=ig&utm_id=120242719663440023&utm_content=120242719663460023&utm_term=120242719663450023&utm_campaign=120242719663440023 HTTP/1.1" 200 164077 "https://l.facebook.com/" "Mozilla/5.0 (Linux; Android 16; SM-S938B Build/BP2A.250605.031.A3; wv) AppleWebKit/537.36 (KHTML, like Gecko) Version/4.0 Chrome/146.0.7680.157 Mobile Safari/537.36 Instagram 422.0.0.44.64 Android (36/16; 420dpi; 1080x2340; samsung; SM-S938B; pa3q; qcom; en_US; 916493726; IABMV/1) NV/501"
114.119.135.163 - - [28/Mar/2026:14:53:08 +0000] "POST /?wc-ajax=get_refreshed_fragments HTTP/1.1" 200 999 "https://autozone.com.sa/" "Mozilla/5.0 (compatible;PetalBot;+https://webmaster.petalsearch.com/site/petalbot)"
114.119.135.163 - - [28/Mar/2026:14:53:08 +0000] "POST /?wc-ajax=get_refreshed_fragments HTTP/1.1" 200 999 "https://autozone.com.sa/" "Mozilla/5.0 (compatible;PetalBot;+https://webmaster.petalsearch.com/site/petalbot)"
172.105.42.26 - - [28/Mar/2026:14:53:39 +0000] "POST /wp-cron.php?doing_wp_cron=1774709619.4749560356140136718750 HTTP/1.1" 200 20 "-" "WordPress/6.9.4; https://autozone.com.sa"
47.82.10.127 - - [28/Mar/2026:14:53:38 +0000] "GET /?shopdetail/72782398 HTTP/1.1" 301 20 "https://autozone.com.sa/" "Mozilla/5.0 (Macintosh; Intel Mac OS X 10_15_7) AppleWebKit/605.1.15 (KHTML, like Gecko) Version/18.3.1 Safari/605.1.15"
47.82.10.127 - - [28/Mar/2026:14:53:39 +0000] "GET /?shopdetail/72782398 HTTP/1.1" 301 20 "https://autozone.com.sa/" "Mozilla/5.0 (Macintosh; Intel Mac OS X 10_15_7) AppleWebKit/605.1.15 (KHTML, like Gecko) Version/18.3.1 Safari/605.1.15"
66.249.75.109 - - [28/Mar/2026:14:53:40 +0000] "GET /favicon.ico HTTP/1.1" 302 20 "-" "Googlebot-Image/1.0"
74.7.241.33 - - [28/Mar/2026:14:53:49 +0000] "GET /wp-content/uploads/cache/wpml/twig/6f/6f466acc5f2430fe9818e50a39acd8fd4769e9df1da3e4ffd273fc9f97aef98f.php HTTP/1.1" 500 20 "https://autozone.com.sa/wp-content/uploads/cache/wpml/twig/6f/" "Mozilla/5.0 AppleWebKit/537.36 (KHTML, like Gecko; compatible; GPTBot/1.3; +https://openai.com/gptbot)"
172.105.42.26 - - [28/Mar/2026:14:54:04 +0000] "POST /wp-cron.php?doing_wp_cron=1774709644.2706549167633056640625 HTTP/1.1" 200 20 "-" "WordPress/6.9.4; https://autozone.com.sa"
2001:16a2:c37d:2b87:4556:dbf1:2bd8:c025 - - [28/Mar/2026:14:54:01 +0000] "GET /our-offers/ HTTP/1.1" 200 113302 "https://www.google.com/" "Mozilla/5.0 (iPhone; CPU iPhone OS 18_7 like Mac OS X) AppleWebKit/605.1.15 (KHTML, like Gecko) Version/26.3 Mobile/15E148 Safari/604.1"
2001:16a2:c37d:2b87:4556:dbf1:2bd8:c025 - - [28/Mar/2026:14:54:04 +0000] "GET /wp-content/uploads/elementor/css/post-756.css?ver=1774675943 HTTP/1.1" 200 1478 "https://autozone.com.sa/our-offers/" "Mozilla/5.0 (iPhone; CPU iPhone OS 18_7 like Mac OS X) AppleWebKit/605.1.15 (KHTML, like Gecko) Version/26.3 Mobile/15E148 Safari/604.1"
172.105.42.26 - - [28/Mar/2026:14:54:22 +0000] "POST /wp-cron.php?doing_wp_cron=1774709662.2453079223632812500000 HTTP/1.1" 200 20 "-" "WordPress/6.9.4; https://autozone.com.sa"
47.82.11.181 - - [28/Mar/2026:14:54:21 +0000] "GET /?shopdetail/48986649 HTTP/1.1" 301 20 "https://autozone.com.sa/" "Mozilla/5.0 (Macintosh; Intel Mac OS X 10_15_7) AppleWebKit/605.1.15 (KHTML, like Gecko) Version/18.2 Safari/605.1.15"
2001:16a2:c37d:2b87:4556:dbf1:2bd8:c025 - - [28/Mar/2026:14:54:20 +0000] "POST /wp-json/iawp/search HTTP/1.1" 200 36 "https://autozone.com.sa/our-offers/" "Mozilla/5.0 (iPhone; CPU iPhone OS 18_7 like Mac OS X) AppleWebKit/605.1.15 (KHTML, like Gecko) Version/26.3 Mobile/15E148 Safari/604.1"
2001:16a2:c37d:2b87:4556:dbf1:2bd8:c025 - - [28/Mar/2026:14:54:21 +0000] "POST /?wc-ajax=get_refreshed_fragments HTTP/1.1" 200 999 "https://autozone.com.sa/our-offers/" "Mozilla/5.0 (iPhone; CPU iPhone OS 18_7 like Mac OS X) AppleWebKit/605.1.15 (KHTML, like Gecko) Version/26.3 Mobile/15E148 Safari/604.1"
2001:16a2:c37d:2b87:4556:dbf1:2bd8:c025 - - [28/Mar/2026:14:54:21 +0000] "POST /?wc-ajax=get_refreshed_fragments HTTP/1.1" 200 999 "https://autozone.com.sa/our-offers/" "Mozilla/5.0 (iPhone; CPU iPhone OS 18_7 like Mac OS X) AppleWebKit/605.1.15 (KHTML, like Gecko) Version/26.3 Mobile/15E148 Safari/604.1"
47.82.11.181 - - [28/Mar/2026:14:54:22 +0000] "GET /?shopdetail/48986649 HTTP/1.1" 301 20 "https://autozone.com.sa/" "Mozilla/5.0 (Macintosh; Intel Mac OS X 10_15_7) AppleWebKit/605.1.15 (KHTML, like Gecko) Version/18.2 Safari/605.1.15"
2a02:ce0:3002:426f:3365:def3:9494:b6f0 - - [28/Mar/2026:14:54:28 +0000] "GET / HTTP/1.1" 200 163899 "https://www.google.com/" "Mozilla/5.0 (Linux; Android 10; K) AppleWebKit/537.36 (KHTML, like Gecko) SamsungBrowser/29.0 Chrome/136.0.0.0 Mobile Safari/537.36"
2a02:ce0:3002:426f:3365:def3:9494:b6f0 - - [28/Mar/2026:14:54:35 +0000] "POST /wp-json/iawp/search HTTP/1.1" 200 36 "https://autozone.com.sa/" "Mozilla/5.0 (Linux; Android 10; K) AppleWebKit/537.36 (KHTML, like Gecko) SamsungBrowser/29.0 Chrome/136.0.0.0 Mobile Safari/537.36"
2a02:ce0:3002:426f:3365:def3:9494:b6f0 - - [28/Mar/2026:14:54:35 +0000] "GET /our-offers/ HTTP/1.1" 200 113297 "https://autozone.com.sa/" "Mozilla/5.0 (Linux; Android 10; K) AppleWebKit/537.36 (KHTML, like Gecko) SamsungBrowser/29.0 Chrome/136.0.0.0 Mobile Safari/537.36"
2a02:ce0:3002:426f:3365:def3:9494:b6f0 - - [28/Mar/2026:14:54:35 +0000] "POST /?wc-ajax=get_refreshed_fragments HTTP/1.1" 200 999 "https://autozone.com.sa/" "Mozilla/5.0 (Linux; Android 10; K) AppleWebKit/537.36 (KHTML, like Gecko) SamsungBrowser/29.0 Chrome/136.0.0.0 Mobile Safari/537.36"
2a02:ce0:3002:426f:3365:def3:9494:b6f0 - - [28/Mar/2026:14:54:35 +0000] "POST /?wc-ajax=get_refreshed_fragments HTTP/1.1" 200 999 "https://autozone.com.sa/" "Mozilla/5.0 (Linux; Android 10; K) AppleWebKit/537.36 (KHTML, like Gecko) SamsungBrowser/29.0 Chrome/136.0.0.0 Mobile Safari/537.36"
2a02:ce0:3002:426f:3365:def3:9494:b6f0 - - [28/Mar/2026:14:54:39 +0000] "GET /wp-content/uploads/al_opt_content/IMAGE/autozone.com.sa/wp-content/uploads/2025/01/home-page-and-about-us-1-scaled-1.webp.bv_resized_ipad.webp.bv.webp?bv_host=autozone.com.sa HTTP/1.1" 200 31090 "https://autozone.com.sa/" "Mozilla/5.0 (Linux; Android 10; K) AppleWebKit/537.36 (KHTML, like Gecko) SamsungBrowser/29.0 Chrome/136.0.0.0 Mobile Safari/537.36"
172.105.42.26 - - [28/Mar/2026:14:54:45 +0000] "POST /wp-cron.php?doing_wp_cron=1774709685.7729089260101318359375 HTTP/1.1" 200 20 "-" "WordPress/6.9.4; https://autozone.com.sa"
2a02:ce0:3002:426f:3365:def3:9494:b6f0 - - [28/Mar/2026:14:54:44 +0000] "POST /?wc-ajax=get_refreshed_fragments HTTP/1.1" 200 999 "https://autozone.com.sa/our-offers/" "Mozilla/5.0 (Linux; Android 10; K) AppleWebKit/537.36 (KHTML, like Gecko) SamsungBrowser/29.0 Chrome/136.0.0.0 Mobile Safari/537.36"
2a02:ce0:3002:426f:3365:def3:9494:b6f0 - - [28/Mar/2026:14:54:44 +0000] "POST /wp-json/iawp/search HTTP/1.1" 200 36 "https://autozone.com.sa/our-offers/" "Mozilla/5.0 (Linux; Android 10; K) AppleWebKit/537.36 (KHTML, like Gecko) SamsungBrowser/29.0 Chrome/136.0.0.0 Mobile Safari/537.36"
74.7.241.33 - - [28/Mar/2026:14:54:53 +0000] "GET /wp-login.php?pixbuilders&redirect=false HTTP/1.1" 403 1091 "https://khalidcrm.core3.agency" "Mozilla/5.0 AppleWebKit/537.36 (KHTML, like Gecko; compatible; GPTBot/1.3; +https://openai.com/gptbot)"
198.57.247.228 - - [28/Mar/2026:14:54:54 +0000] "GET /wp-login.php HTTP/1.1" 403 1092 "-" "Mozilla/5.0 (Windows NT 6.1; WOW64; Trident/7.0; BOIE9;ENGB; rv:11.0) like Gecko"
2a02:ce0:3002:426f:3365:def3:9494:b6f0 - - [28/Mar/2026:14:54:54 +0000] "GET /offers/from-eid-to-eid-non-stop-deals-changan-cs35-with-no-tax/ HTTP/1.1" 200 138769 "https://autozone.com.sa/our-offers/" "Mozilla/5.0 (Linux; Android 10; K) AppleWebKit/537.36 (KHTML, like Gecko) SamsungBrowser/29.0 Chrome/136.0.0.0 Mobile Safari/537.36"
198.57.247.228 - - [28/Mar/2026:14:54:58 +0000] "POST /wp-login.php HTTP/1.1" 403 1092 "https://autozone.com.sa/wp-login.php" "Mozilla/5.0 (Windows NT 6.1; WOW64; Trident/7.0; BOIE9;ENGB; rv:11.0) like Gecko"
2a02:ce0:3002:426f:3365:def3:9494:b6f0 - - [28/Mar/2026:14:55:01 +0000] "POST /?wc-ajax=get_refreshed_fragments HTTP/1.1" 200 999 "https://autozone.com.sa/offers/from-eid-to-eid-non-stop-deals-changan-cs35-with-no-tax/" "Mozilla/5.0 (Linux; Android 10; K) AppleWebKit/537.36 (KHTML, like Gecko) SamsungBrowser/29.0 Chrome/136.0.0.0 Mobile Safari/537.36"
2a02:ce0:3002:426f:3365:def3:9494:b6f0 - - [28/Mar/2026:14:55:01 +0000] "POST /wp-json/iawp/search HTTP/1.1" 200 36 "https://autozone.com.sa/offers/from-eid-to-eid-non-stop-deals-changan-cs35-with-no-tax/" "Mozilla/5.0 (Linux; Android 10; K) AppleWebKit/537.36 (KHTML, like Gecko) SamsungBrowser/29.0 Chrome/136.0.0.0 Mobile Safari/537.36"
172.105.42.26 - - [28/Mar/2026:14:55:33 +0000] "POST /wp-cron.php?doing_wp_cron=1774709733.9418931007385253906250 HTTP/1.1" 200 20 "-" "WordPress/6.9.4; https://autozone.com.sa"
2a02:9b0:e8:cd04:e95c:ff49:2c27:2191 - - [28/Mar/2026:14:55:29 +0000] "GET / HTTP/1.1" 200 163869 "https://www.google.com/url?q=https://autozone.com.sa/&sa=U&sqi=2&ved=2ahUKEwjX09j17MKTAxUzZ0EAHSeMFn0QFnoECBwQAQ&usg=AOvVaw1SjMWZts_6ovhlDMgjnPRK" "Mozilla/5.0 (iPhone; CPU iPhone OS 16_7_14 like Mac OS X) AppleWebKit/605.1.15 (KHTML, like Gecko) GSA/413.1.887139264 Mobile/15E148 Safari/604.1"
172.105.42.26 - - [28/Mar/2026:14:55:44 +0000] "POST /wp-cron.php?doing_wp_cron=1774709744.7557179927825927734375 HTTP/1.1" 200 20 "-" "WordPress/6.9.4; https://autozone.com.sa"
2a02:9b0:e8:cd04:e95c:ff49:2c27:2191 - - [28/Mar/2026:14:55:43 +0000] "POST /wp-json/iawp/search HTTP/1.1" 200 36 "https://autozone.com.sa/" "Mozilla/5.0 (iPhone; CPU iPhone OS 16_7_14 like Mac OS X) AppleWebKit/605.1.15 (KHTML, like Gecko) GSA/413.1.887139264 Mobile/15E148 Safari/604.1"
172.105.42.26 - - [28/Mar/2026:14:55:45 +0000] "POST /wp-cron.php?doing_wp_cron=1774709745.8806970119476318359375 HTTP/1.1" 200 20 "-" "WordPress/6.9.4; https://autozone.com.sa"
2a02:9b0:e8:cd04:e95c:ff49:2c27:2191 - - [28/Mar/2026:14:55:43 +0000] "GET /our-offers/ HTTP/1.1" 200 113299 "https://autozone.com.sa/" "Mozilla/5.0 (iPhone; CPU iPhone OS 16_7_14 like Mac OS X) AppleWebKit/605.1.15 (KHTML, like Gecko) GSA/413.1.887139264 Mobile/15E148 Safari/604.1"
2a02:9b0:e8:cd04:e95c:ff49:2c27:2191 - - [28/Mar/2026:14:55:44 +0000] "POST /?wc-ajax=get_refreshed_fragments HTTP/1.1" 200 999 "https://autozone.com.sa/" "Mozilla/5.0 (iPhone; CPU iPhone OS 16_7_14 like Mac OS X) AppleWebKit/605.1.15 (KHTML, like Gecko) GSA/413.1.887139264 Mobile/15E148 Safari/604.1"
2a02:9b0:e8:cd04:e95c:ff49:2c27:2191 - - [28/Mar/2026:14:55:44 +0000] "POST /?wc-ajax=get_refreshed_fragments HTTP/1.1" 200 999 "https://autozone.com.sa/" "Mozilla/5.0 (iPhone; CPU iPhone OS 16_7_14 like Mac OS X) AppleWebKit/605.1.15 (KHTML, like Gecko) GSA/413.1.887139264 Mobile/15E148 Safari/604.1"
2001:16a2:c37d:2b87:4556:dbf1:2bd8:c025 - - [28/Mar/2026:14:55:48 +0000] "GET /our-offers/ HTTP/1.1" 200 113281 "https://www.google.com/" "Mozilla/5.0 (iPhone; CPU iPhone OS 18_7 like Mac OS X) AppleWebKit/605.1.15 (KHTML, like Gecko) Version/26.3 Mobile/15E148 Safari/604.1"
2001:16a2:c37d:2b87:4556:dbf1:2bd8:c025 - - [28/Mar/2026:14:55:52 +0000] "POST /wp-json/iawp/search HTTP/1.1" 200 36 "https://autozone.com.sa/our-offers/" "Mozilla/5.0 (iPhone; CPU iPhone OS 18_7 like Mac OS X) AppleWebKit/605.1.15 (KHTML, like Gecko) Version/26.3 Mobile/15E148 Safari/604.1"
2a02:9b0:e8:cd04:e95c:ff49:2c27:2191 - - [28/Mar/2026:14:55:51 +0000] "GET /our-offers/ HTTP/1.1" 200 113283 "https://autozone.com.sa/" "Mozilla/5.0 (iPhone; CPU iPhone OS 16_7_14 like Mac OS X) AppleWebKit/605.1.15 (KHTML, like Gecko) GSA/413.1.887139264 Mobile/15E148 Safari/604.1"
2001:16a2:c37d:2b87:4556:dbf1:2bd8:c025 - - [28/Mar/2026:14:55:52 +0000] "POST /?wc-ajax=get_refreshed_fragments HTTP/1.1" 200 999 "https://autozone.com.sa/our-offers/" "Mozilla/5.0 (iPhone; CPU iPhone OS 18_7 like Mac OS X) AppleWebKit/605.1.15 (KHTML, like Gecko) Version/26.3 Mobile/15E148 Safari/604.1"
2001:16a2:c37d:2b87:4556:dbf1:2bd8:c025 - - [28/Mar/2026:14:55:52 +0000] "POST /?wc-ajax=get_refreshed_fragments HTTP/1.1" 200 999 "https://autozone.com.sa/our-offers/" "Mozilla/5.0 (iPhone; CPU iPhone OS 18_7 like Mac OS X) AppleWebKit/605.1.15 (KHTML, like Gecko) Version/26.3 Mobile/15E148 Safari/604.1"
5.39.109.169 - - [28/Mar/2026:14:55:56 +0000] "GET /en/product/hyundai-elantra-smart-plus-2025/feed/ HTTP/1.1" 200 480 "-" "Mozilla/5.0 (compatible; AhrefsBot/7.0; +http://ahrefs.com/robot/)"
2001:16a2:c37d:2b87:4556:dbf1:2bd8:c025 - - [28/Mar/2026:14:55:54 +0000] "GET /offers/from-eid-to-eid-non-stop-deals-changan-cs35-with-no-tax/ HTTP/1.1" 200 138785 "https://autozone.com.sa/our-offers/" "Mozilla/5.0 (iPhone; CPU iPhone OS 18_7 like Mac OS X) AppleWebKit/605.1.15 (KHTML, like Gecko) Version/26.3 Mobile/15E148 Safari/604.1"
74.7.241.33 - - [28/Mar/2026:14:55:58 +0000] "GET /wp-content/uploads/cache/wpml/twig/c7/c7ea0d7cc680aa28e1e9c7cbf7dadd1aa7393548defacd9947ae1e941c43d41b.php HTTP/1.1" 500 20 "https://autozone.com.sa/wp-content/uploads/cache/wpml/twig/c7/" "Mozilla/5.0 AppleWebKit/537.36 (KHTML, like Gecko; compatible; GPTBot/1.3; +https://openai.com/gptbot)"
2a02:9b0:e8:cd04:e95c:ff49:2c27:2191 - - [28/Mar/2026:14:55:56 +0000] "GET /shop/ HTTP/1.1" 200 148574 "https://autozone.com.sa/" "Mozilla/5.0 (iPhone; CPU iPhone OS 16_7_14 like Mac OS X) AppleWebKit/605.1.15 (KHTML, like Gecko) GSA/413.1.887139264 Mobile/15E148 Safari/604.1"
2a03:2880:11ff:40:: - - [28/Mar/2026:14:55:59 +0000] "GET /sitemap.xml HTTP/1.1" 301 20 "-" "facebookexternalhit/1.1 (+http://www.facebook.com/externalhit_uatext.php)"
2001:16a2:c37d:2b87:4556:dbf1:2bd8:c025 - - [28/Mar/2026:14:55:59 +0000] "POST /?wc-ajax=get_refreshed_fragments HTTP/1.1" 200 999 "https://autozone.com.sa/offers/from-eid-to-eid-non-stop-deals-changan-cs35-with-no-tax/" "Mozilla/5.0 (iPhone; CPU iPhone OS 18_7 like Mac OS X) AppleWebKit/605.1.15 (KHTML, like Gecko) Version/26.3 Mobile/15E148 Safari/604.1"
2001:16a2:c37d:2b87:4556:dbf1:2bd8:c025 - - [28/Mar/2026:14:55:59 +0000] "POST /wp-json/iawp/search HTTP/1.1" 200 36 "https://autozone.com.sa/offers/from-eid-to-eid-non-stop-deals-changan-cs35-with-no-tax/" "Mozilla/5.0 (iPhone; CPU iPhone OS 18_7 like Mac OS X) AppleWebKit/605.1.15 (KHTML, like Gecko) Version/26.3 Mobile/15E148 Safari/604.1"
2a03:2880:11ff:40:: - - [28/Mar/2026:14:56:00 +0000] "GET /sitemap_index.xml HTTP/1.1" 200 438 "-" "facebookexternalhit/1.1 (+http://www.facebook.com/externalhit_uatext.php)"
2a02:9b0:e8:cd04:e95c:ff49:2c27:2191 - - [28/Mar/2026:14:56:01 +0000] "POST /?wc-ajax=get_refreshed_fragments HTTP/1.1" 200 999 "https://autozone.com.sa/shop/" "Mozilla/5.0 (iPhone; CPU iPhone OS 16_7_14 like Mac OS X) AppleWebKit/605.1.15 (KHTML, like Gecko) GSA/413.1.887139264 Mobile/15E148 Safari/604.1"
2a02:9b0:e8:cd04:e95c:ff49:2c27:2191 - - [28/Mar/2026:14:56:01 +0000] "POST /wp-json/iawp/search HTTP/1.1" 200 36 "https://autozone.com.sa/shop/" "Mozilla/5.0 (iPhone; CPU iPhone OS 16_7_14 like Mac OS X) AppleWebKit/605.1.15 (KHTML, like Gecko) GSA/413.1.887139264 Mobile/15E148 Safari/604.1"
2a03:2880:30ff:4d:: - - [28/Mar/2026:14:56:04 +0000] "GET /post-sitemap.xml HTTP/1.1" 200 375 "-" "facebookexternalhit/1.1 (+http://www.facebook.com/externalhit_uatext.php)"
2a02:ce0:3002:426f:3365:def3:9494:b6f0 - - [28/Mar/2026:14:56:06 +0000] "POST /offers/from-eid-to-eid-non-stop-deals-changan-cs35-with-no-tax/?9yudg2=gLVWnygKUF&method=reload HTTP/1.1" 302 20 "https://autozone.com.sa/offers/from-eid-to-eid-non-stop-deals-changan-cs35-with-no-tax/" "Mozilla/5.0 (Linux; Android 10; K) AppleWebKit/537.36 (KHTML, like Gecko) SamsungBrowser/29.0 Chrome/136.0.0.0 Mobile Safari/537.36"
2a03:2880:30ff:: - - [28/Mar/2026:14:56:08 +0000] "GET /page-sitemap.xml HTTP/1.1" 200 2102 "-" "facebookexternalhit/1.1 (+http://www.facebook.com/externalhit_uatext.php)"
2a02:9b0:e8:cd04:e95c:ff49:2c27:2191 - - [28/Mar/2026:14:56:08 +0000] "POST /wp-json/iawp/search HTTP/1.1" 200 36 "https://autozone.com.sa/our-offers/" "Mozilla/5.0 (iPhone; CPU iPhone OS 16_7_14 like Mac OS X) AppleWebKit/605.1.15 (KHTML, like Gecko) GSA/413.1.887139264 Mobile/15E148 Safari/604.1"
2a02:9b0:e8:cd04:e95c:ff49:2c27:2191 - - [28/Mar/2026:14:56:09 +0000] "POST /?wc-ajax=get_refreshed_fragments HTTP/1.1" 200 999 "https://autozone.com.sa/our-offers/" "Mozilla/5.0 (iPhone; CPU iPhone OS 16_7_14 like Mac OS X) AppleWebKit/605.1.15 (KHTML, like Gecko) GSA/413.1.887139264 Mobile/15E148 Safari/604.1"
2a02:9b0:e8:cd04:e95c:ff49:2c27:2191 - - [28/Mar/2026:14:56:09 +0000] "POST /?wc-ajax=get_refreshed_fragments HTTP/1.1" 200 999 "https://autozone.com.sa/our-offers/" "Mozilla/5.0 (iPhone; CPU iPhone OS 16_7_14 like Mac OS X) AppleWebKit/605.1.15 (KHTML, like Gecko) GSA/413.1.887139264 Mobile/15E148 Safari/604.1"
2a02:ce0:3002:426f:3365:def3:9494:b6f0 - - [28/Mar/2026:14:56:08 +0000] "GET /offers/from-eid-to-eid-non-stop-deals-changan-cs35-with-no-tax/?status=success HTTP/1.1" 200 138857 "https://autozone.com.sa/offers/from-eid-to-eid-non-stop-deals-changan-cs35-with-no-tax/" "Mozilla/5.0 (Linux; Android 10; K) AppleWebKit/537.36 (KHTML, like Gecko) SamsungBrowser/29.0 Chrome/136.0.0.0 Mobile Safari/537.36"
2a02:ce0:3002:426f:3365:def3:9494:b6f0 - - [28/Mar/2026:14:56:12 +0000] "POST /?wc-ajax=get_refreshed_fragments HTTP/1.1" 200 999 "https://autozone.com.sa/offers/from-eid-to-eid-non-stop-deals-changan-cs35-with-no-tax/?status=success" "Mozilla/5.0 (Linux; Android 10; K) AppleWebKit/537.36 (KHTML, like Gecko) SamsungBrowser/29.0 Chrome/136.0.0.0 Mobile Safari/537.36"
2a02:ce0:3002:426f:3365:def3:9494:b6f0 - - [28/Mar/2026:14:56:12 +0000] "POST /wp-json/iawp/search HTTP/1.1" 200 36 "https://autozone.com.sa/offers/from-eid-to-eid-non-stop-deals-changan-cs35-with-no-tax/?status=success" "Mozilla/5.0 (Linux; Android 10; K) AppleWebKit/537.36 (KHTML, like Gecko) SamsungBrowser/29.0 Chrome/136.0.0.0 Mobile Safari/537.36"
2a03:2880:27ff:6:: - - [28/Mar/2026:14:56:14 +0000] "GET /jet-popup-sitemap.xml HTTP/1.1" 200 586 "-" "facebookexternalhit/1.1 (+http://www.facebook.com/externalhit_uatext.php)"
2a03:2880:3ff:43:: - - [28/Mar/2026:14:56:16 +0000] "GET /product-sitemap.xml HTTP/1.1" 200 4084 "-" "facebookexternalhit/1.1 (+http://www.facebook.com/externalhit_uatext.php)"
2a03:2880:7ff:55:: - - [28/Mar/2026:14:56:19 +0000] "GET /offers-sitemap.xml HTTP/1.1" 200 446 "-" "facebookexternalhit/1.1 (+http://www.facebook.com/externalhit_uatext.php)"
2a03:2880:22ff:45:: - - [28/Mar/2026:14:56:21 +0000] "GET /product_cat-sitemap.xml HTTP/1.1" 200 381 "-" "facebookexternalhit/1.1 (+http://www.facebook.com/externalhit_uatext.php)"
2a02:9b0:e8:cd04:e95c:ff49:2c27:2191 - - [28/Mar/2026:14:56:21 +0000] "POST /wp-admin/admin-ajax.php HTTP/1.1" 200 758 "https://autozone.com.sa/shop/" "Mozilla/5.0 (iPhone; CPU iPhone OS 16_7_14 like Mac OS X) AppleWebKit/605.1.15 (KHTML, like Gecko) GSA/413.1.887139264 Mobile/15E148 Safari/604.1"
5.161.69.178 - - [28/Mar/2026:14:56:24 +0000] "POST /wp-load.php?367b4b=63704 HTTP/1.1" 200 270836 "-" "BlogVault/1.0 (+https://blogvault.net)"
2001:16a2:c37d:2b87:4556:dbf1:2bd8:c025 - - [28/Mar/2026:14:56:22 +0000] "GET /our-offers/ HTTP/1.1" 200 113288 "https://www.google.com/" "Mozilla/5.0 (iPhone; CPU iPhone OS 18_7 like Mac OS X) AppleWebKit/605.1.15 (KHTML, like Gecko) Version/26.3 Mobile/15E148 Safari/604.1"
2a03:2880:27ff:6:: - - [28/Mar/2026:14:56:24 +0000] "GET /engine-capacity-sitemap.xml HTTP/1.1" 200 514 "-" "facebookexternalhit/1.1 (+http://www.facebook.com/externalhit_uatext.php)"
2a02:9b0:e8:cd04:e95c:ff49:2c27:2191 - - [28/Mar/2026:14:56:21 +0000] "POST /wp-admin/admin-ajax.php HTTP/1.1" 200 12900 "https://autozone.com.sa/shop/" "Mozilla/5.0 (iPhone; CPU iPhone OS 16_7_14 like Mac OS X) AppleWebKit/605.1.15 (KHTML, like Gecko) GSA/413.1.887139264 Mobile/15E148 Safari/604.1"
2a02:9b0:e8:cd04:e95c:ff49:2c27:2191 - - [28/Mar/2026:14:56:26 +0000] "GET /wp-content/uploads/2025/04/BGC_6303-scaled.webp HTTP/1.1" 200 199282 "https://autozone.com.sa/shop/" "Mozilla/5.0 (iPhone; CPU iPhone OS 16_7_14 like Mac OS X) AppleWebKit/605.1.15 (KHTML, like Gecko) GSA/413.1.887139264 Mobile/15E148 Safari/604.1"
2a02:9b0:e8:cd04:e95c:ff49:2c27:2191 - - [28/Mar/2026:14:56:26 +0000] "GET /wp-content/uploads/2025/04/BGC_0094-scaled.jpg HTTP/1.1" 304 - "https://autozone.com.sa/shop/" "Mozilla/5.0 (iPhone; CPU iPhone OS 16_7_14 like Mac OS X) AppleWebKit/605.1.15 (KHTML, like Gecko) GSA/413.1.887139264 Mobile/15E148 Safari/604.1"
2a02:9b0:e8:cd04:e95c:ff49:2c27:2191 - - [28/Mar/2026:14:56:26 +0000] "GET /wp-content/uploads/2025/04/BGC_9911-scaled.jpg HTTP/1.1" 304 - "https://autozone.com.sa/shop/" "Mozilla/5.0 (iPhone; CPU iPhone OS 16_7_14 like Mac OS X) AppleWebKit/605.1.15 (KHTML, like Gecko) GSA/413.1.887139264 Mobile/15E148 Safari/604.1"
2a02:9b0:e8:cd04:e95c:ff49:2c27:2191 - - [28/Mar/2026:14:56:26 +0000] "GET /wp-content/uploads/2025/04/BGC_6217-scaled.webp HTTP/1.1" 200 237837 "https://autozone.com.sa/shop/" "Mozilla/5.0 (iPhone; CPU iPhone OS 16_7_14 like Mac OS X) AppleWebKit/605.1.15 (KHTML, like Gecko) GSA/413.1.887139264 Mobile/15E148 Safari/604.1"
2a03:2880:2ff:5f:: - - [28/Mar/2026:14:56:27 +0000] "GET /condition-sitemap.xml HTTP/1.1" 200 426 "-" "facebookexternalhit/1.1 (+http://www.facebook.com/externalhit_uatext.php)"
2a02:ce0:3002:426f:3365:def3:9494:b6f0 - - [28/Mar/2026:14:56:25 +0000] "GET /shop/ HTTP/1.1" 200 148571 "https://autozone.com.sa/offers/from-eid-to-eid-non-stop-deals-changan-cs35-with-no-tax/?status=success" "Mozilla/5.0 (Linux; Android 10; K) AppleWebKit/537.36 (KHTML, like Gecko) SamsungBrowser/29.0 Chrome/136.0.0.0 Mobile Safari/537.36"
2a02:ce0:3002:426f:3365:def3:9494:b6f0 - - [28/Mar/2026:14:56:29 +0000] "POST /?wc-ajax=get_refreshed_fragments HTTP/1.1" 200 999 "https://autozone.com.sa/shop/" "Mozilla/5.0 (Linux; Android 10; K) AppleWebKit/537.36 (KHTML, like Gecko) SamsungBrowser/29.0 Chrome/136.0.0.0 Mobile Safari/537.36"
52.255.111.60 - - [28/Mar/2026:14:56:26 +0000] "GET / HTTP/1.1" 200 163849 "-" "Mozilla/5.0 AppleWebKit/537.36 (KHTML, like Gecko); compatible; ChatGPT-User/1.0; +https://openai.com/bot"
2a02:ce0:3002:426f:3365:def3:9494:b6f0 - - [28/Mar/2026:14:56:29 +0000] "POST /wp-json/iawp/search HTTP/1.1" 200 36 "https://autozone.com.sa/shop/" "Mozilla/5.0 (Linux; Android 10; K) AppleWebKit/537.36 (KHTML, like Gecko) SamsungBrowser/29.0 Chrome/136.0.0.0 Mobile Safari/537.36"
2a03:2880:3ff:8:: - - [28/Mar/2026:14:56:30 +0000] "GET /car-type-sitemap.xml HTTP/1.1" 200 549 "-" "facebookexternalhit/1.1 (+http://www.facebook.com/externalhit_uatext.php)"
2a03:2880:22ff:44:: - - [28/Mar/2026:14:56:33 +0000] "GET /model-sitemap.xml HTTP/1.1" 200 2136 "-" "facebookexternalhit/1.1 (+http://www.facebook.com/externalhit_uatext.php)"
178.156.128.204 - - [28/Mar/2026:14:56:35 +0000] "POST /wp-load.php?30b88c=26971 HTTP/1.1" 200 2986 "https://autozone.com.sa/" "BlogVault/1.0 (+https://blogvault.net)"
2a02:cb80:4268:df2:c95d:e4fd:ab11:9466 - - [28/Mar/2026:14:56:32 +0000] "GET / HTTP/1.1" 200 163873 "https://www.google.com/" "Mozilla/5.0 (iPhone; CPU iPhone OS 18_7 like Mac OS X) AppleWebKit/605.1.15 (KHTML, like Gecko) Version/26.3 Mobile/15E148 Safari/604.1"
2a03:2880:12ff:70:: - - [28/Mar/2026:14:56:37 +0000] "GET /make-sitemap.xml HTTP/1.1" 200 691 "-" "facebookexternalhit/1.1 (+http://www.facebook.com/externalhit_uatext.php)"
