172.105.42.26 - - [28/Mar/2026:13:37:25 +0000] "POST /wp-cron.php?doing_wp_cron=1774705045.0042810440063476562500 HTTP/1.1" 200 20 "-" "WordPress/6.9.4; https://autozone.com.sa"
46.240.74.218 - - [28/Mar/2026:13:37:20 +0000] "POST /wp-admin/admin-ajax.php HTTP/1.1" 200 12574 "https://autozone.com.sa/shop/" "Mozilla/5.0 (Windows NT 10.0; Win64; x64) AppleWebKit/537.36 (KHTML, like Gecko) Chrome/146.0.0.0 Safari/537.36"
46.240.74.218 - - [28/Mar/2026:13:37:25 +0000] "GET /wp-content/uploads/2025/07/BGC_6492-scaled.webp HTTP/1.1" 200 187723 "https://autozone.com.sa/shop/" "Mozilla/5.0 (Windows NT 10.0; Win64; x64) AppleWebKit/537.36 (KHTML, like Gecko) Chrome/146.0.0.0 Safari/537.36"
46.240.74.218 - - [28/Mar/2026:13:37:25 +0000] "GET /wp-content/uploads/2025/07/BGC_1405-scaled.webp HTTP/1.1" 200 189049 "https://autozone.com.sa/shop/" "Mozilla/5.0 (Windows NT 10.0; Win64; x64) AppleWebKit/537.36 (KHTML, like Gecko) Chrome/146.0.0.0 Safari/537.36"
46.240.74.218 - - [28/Mar/2026:13:37:25 +0000] "GET /wp-content/uploads/2025/07/BGC_6000-scaled.webp HTTP/1.1" 200 208571 "https://autozone.com.sa/shop/" "Mozilla/5.0 (Windows NT 10.0; Win64; x64) AppleWebKit/537.36 (KHTML, like Gecko) Chrome/146.0.0.0 Safari/537.36"
46.240.74.218 - - [28/Mar/2026:13:37:25 +0000] "GET /wp-content/uploads/2025/07/BGC_6880-scaled.webp HTTP/1.1" 200 228998 "https://autozone.com.sa/shop/" "Mozilla/5.0 (Windows NT 10.0; Win64; x64) AppleWebKit/537.36 (KHTML, like Gecko) Chrome/146.0.0.0 Safari/537.36"
46.240.74.218 - - [28/Mar/2026:13:37:25 +0000] "GET /wp-content/uploads/2025/07/BGC_6099-1-scaled.webp HTTP/1.1" 200 187661 "https://autozone.com.sa/shop/" "Mozilla/5.0 (Windows NT 10.0; Win64; x64) AppleWebKit/537.36 (KHTML, like Gecko) Chrome/146.0.0.0 Safari/537.36"
46.240.74.218 - - [28/Mar/2026:13:37:26 +0000] "GET /wp-content/uploads/2026/01/BGC_5738-copy-21-scaled.webp HTTP/1.1" 200 102618 "https://autozone.com.sa/shop/" "Mozilla/5.0 (Windows NT 10.0; Win64; x64) AppleWebKit/537.36 (KHTML, like Gecko) Chrome/146.0.0.0 Safari/537.36"
46.240.74.218 - - [28/Mar/2026:13:37:26 +0000] "GET /wp-content/uploads/2026/01/BGC_5738-copy-4-scaled.webp HTTP/1.1" 200 88862 "https://autozone.com.sa/shop/" "Mozilla/5.0 (Windows NT 10.0; Win64; x64) AppleWebKit/537.36 (KHTML, like Gecko) Chrome/146.0.0.0 Safari/537.36"
46.240.74.218 - - [28/Mar/2026:13:37:26 +0000] "GET /wp-content/uploads/2026/01/BGC_5738-copy-6-scaled.webp HTTP/1.1" 200 93991 "https://autozone.com.sa/shop/" "Mozilla/5.0 (Windows NT 10.0; Win64; x64) AppleWebKit/537.36 (KHTML, like Gecko) Chrome/146.0.0.0 Safari/537.36"
46.240.74.218 - - [28/Mar/2026:13:37:26 +0000] "GET /wp-content/uploads/2026/01/BGC_5738-copy-22-scaled.webp HTTP/1.1" 200 150385 "https://autozone.com.sa/shop/" "Mozilla/5.0 (Windows NT 10.0; Win64; x64) AppleWebKit/537.36 (KHTML, like Gecko) Chrome/146.0.0.0 Safari/537.36"
46.240.74.218 - - [28/Mar/2026:13:37:27 +0000] "GET /wp-content/uploads/2026/01/BGC_5738-copy-1-scaled.webp HTTP/1.1" 200 98477 "https://autozone.com.sa/shop/" "Mozilla/5.0 (Windows NT 10.0; Win64; x64) AppleWebKit/537.36 (KHTML, like Gecko) Chrome/146.0.0.0 Safari/537.36"
74.7.241.33 - - [28/Mar/2026:13:37:37 +0000] "GET /wp-content/uploads/al_opt_content/CSS/ HTTP/1.1" 200 4960 "https://autozone.com.sa/wp-content/uploads/al_opt_content/CSS/autozone.com.sa/" "Mozilla/5.0 AppleWebKit/537.36 (KHTML, like Gecko; compatible; GPTBot/1.3; +https://openai.com/gptbot)"
46.240.74.218 - - [28/Mar/2026:13:37:35 +0000] "POST /wp-admin/admin-ajax.php HTTP/1.1" 200 9428 "https://autozone.com.sa/shop/" "Mozilla/5.0 (Windows NT 10.0; Win64; x64) AppleWebKit/537.36 (KHTML, like Gecko) Chrome/146.0.0.0 Safari/537.36"
46.240.74.218 - - [28/Mar/2026:13:37:38 +0000] "GET /wp-content/uploads/2025/04/BGC_6468-scaled.jpg HTTP/1.1" 304 - "https://autozone.com.sa/shop/" "Mozilla/5.0 (Windows NT 10.0; Win64; x64) AppleWebKit/537.36 (KHTML, like Gecko) Chrome/146.0.0.0 Safari/537.36"
46.240.74.218 - - [28/Mar/2026:13:37:38 +0000] "GET /wp-content/uploads/2026/01/BGC_5738-copy-27-scaled.webp HTTP/1.1" 200 179447 "https://autozone.com.sa/shop/" "Mozilla/5.0 (Windows NT 10.0; Win64; x64) AppleWebKit/537.36 (KHTML, like Gecko) Chrome/146.0.0.0 Safari/537.36"
46.240.74.218 - - [28/Mar/2026:13:37:38 +0000] "GET /wp-content/uploads/2026/01/BGC_5738-copy-26-scaled.webp HTTP/1.1" 200 170272 "https://autozone.com.sa/shop/" "Mozilla/5.0 (Windows NT 10.0; Win64; x64) AppleWebKit/537.36 (KHTML, like Gecko) Chrome/146.0.0.0 Safari/537.36"
17.241.75.37 - - [28/Mar/2026:13:37:50 +0000] "GET /wp-content/uploads/2025/04/BGC_6266-scaled.webp HTTP/1.1" 200 94950 "-" "Mozilla/5.0 (Macintosh; Intel Mac OS X 10_15_7) AppleWebKit/605.1.15 (KHTML, like Gecko) Version/17.4 Safari/605.1.15 (Applebot/0.1; +http://www.apple.com/go/applebot)"
159.0.235.245 - - [28/Mar/2026:13:37:56 +0000] "GET /end-of-year-2022-offer-wab/?utm_source=GoogleGDN&utm_medium=Paid_Traffic&utm_campaign=EOYO2022&wbraid=ClEKCAiAtICdBhBDEkEAcA3wtm0NRYLnoH62vnQnuuyoQFaar-ekP6se0vkE7JZ5TSe5-e2-AoKZM-wOFBT-BleauLYOQOfY3WlJK_ii8xoCPcQ HTTP/1.1" 404 31284 "-" "Mozilla/5.0 (iPhone; CPU iPhone OS 16_5_1 like Mac OS X) AppleWebKit/605.1.15 (KHTML, like Gecko) Version/16.5.2 Mobile/15E148 Safari/604.1"
46.240.74.218 - - [28/Mar/2026:13:37:58 +0000] "GET /product/toyota-yaris-yx-2024/ HTTP/1.1" 200 129711 "https://autozone.com.sa/shop/" "Mozilla/5.0 (Windows NT 10.0; Win64; x64) AppleWebKit/537.36 (KHTML, like Gecko) Chrome/146.0.0.0 Safari/537.36"
159.0.235.245 - - [28/Mar/2026:13:37:59 +0000] "GET /apple-touch-icon-120x120-precomposed.png HTTP/1.1" 404 30919 "-" "MobileSafari/8615.2.9.10.4 CFNetwork/1408.0.4 Darwin/22.5.0"
46.240.74.218 - - [28/Mar/2026:13:38:02 +0000] "GET /wp-content/uploads/2025/04/BGC_6468-600x400.jpg HTTP/1.1" 200 44142 "https://autozone.com.sa/product/toyota-yaris-yx-2024/" "Mozilla/5.0 (Windows NT 10.0; Win64; x64) AppleWebKit/537.36 (KHTML, like Gecko) Chrome/146.0.0.0 Safari/537.36"
46.240.74.218 - - [28/Mar/2026:13:38:02 +0000] "GET /wp-content/uploads/2025/04/BGC_6468-150x150.jpg HTTP/1.1" 200 6990 "https://autozone.com.sa/product/toyota-yaris-yx-2024/" "Mozilla/5.0 (Windows NT 10.0; Win64; x64) AppleWebKit/537.36 (KHTML, like Gecko) Chrome/146.0.0.0 Safari/537.36"
46.240.74.218 - - [28/Mar/2026:13:38:02 +0000] "GET /wp-content/uploads/2025/04/BGC_6479-150x150.jpg HTTP/1.1" 200 5996 "https://autozone.com.sa/product/toyota-yaris-yx-2024/" "Mozilla/5.0 (Windows NT 10.0; Win64; x64) AppleWebKit/537.36 (KHTML, like Gecko) Chrome/146.0.0.0 Safari/537.36"
46.240.74.218 - - [28/Mar/2026:13:38:02 +0000] "GET /wp-content/uploads/2025/04/BGC_6481-150x150.jpg HTTP/1.1" 200 5460 "https://autozone.com.sa/product/toyota-yaris-yx-2024/" "Mozilla/5.0 (Windows NT 10.0; Win64; x64) AppleWebKit/537.36 (KHTML, like Gecko) Chrome/146.0.0.0 Safari/537.36"
46.240.74.218 - - [28/Mar/2026:13:38:02 +0000] "POST /?wc-ajax=get_variation_gallery HTTP/1.1" 200 555 "https://autozone.com.sa/product/toyota-yaris-yx-2024/" "Mozilla/5.0 (Windows NT 10.0; Win64; x64) AppleWebKit/537.36 (KHTML, like Gecko) Chrome/146.0.0.0 Safari/537.36"
46.240.74.218 - - [28/Mar/2026:13:38:02 +0000] "POST /?wc-ajax=get_default_gallery HTTP/1.1" 200 427 "https://autozone.com.sa/product/toyota-yaris-yx-2024/" "Mozilla/5.0 (Windows NT 10.0; Win64; x64) AppleWebKit/537.36 (KHTML, like Gecko) Chrome/146.0.0.0 Safari/537.36"
46.240.74.218 - - [28/Mar/2026:13:38:03 +0000] "POST /?wc-ajax=get_refreshed_fragments HTTP/1.1" 200 999 "https://autozone.com.sa/product/toyota-yaris-yx-2024/" "Mozilla/5.0 (Windows NT 10.0; Win64; x64) AppleWebKit/537.36 (KHTML, like Gecko) Chrome/146.0.0.0 Safari/537.36"
46.240.74.218 - - [28/Mar/2026:13:38:02 +0000] "POST /wp-json/iawp/search HTTP/1.1" 200 36 "https://autozone.com.sa/product/toyota-yaris-yx-2024/" "Mozilla/5.0 (Windows NT 10.0; Win64; x64) AppleWebKit/537.36 (KHTML, like Gecko) Chrome/146.0.0.0 Safari/537.36"
46.240.74.218 - - [28/Mar/2026:13:38:04 +0000] "GET /wp-content/uploads/2025/04/BGC_6488-150x150.jpg HTTP/1.1" 200 6502 "https://autozone.com.sa/product/toyota-yaris-yx-2024/" "Mozilla/5.0 (Windows NT 10.0; Win64; x64) AppleWebKit/537.36 (KHTML, like Gecko) Chrome/146.0.0.0 Safari/537.36"
46.240.74.218 - - [28/Mar/2026:13:38:04 +0000] "GET /wp-content/uploads/2025/04/BGC_6482-150x150.jpg HTTP/1.1" 200 5300 "https://autozone.com.sa/product/toyota-yaris-yx-2024/" "Mozilla/5.0 (Windows NT 10.0; Win64; x64) AppleWebKit/537.36 (KHTML, like Gecko) Chrome/146.0.0.0 Safari/537.36"
46.240.74.218 - - [28/Mar/2026:13:38:04 +0000] "GET /wp-content/uploads/2025/04/BGC_6404-150x150.jpg HTTP/1.1" 200 6410 "https://autozone.com.sa/product/toyota-yaris-yx-2024/" "Mozilla/5.0 (Windows NT 10.0; Win64; x64) AppleWebKit/537.36 (KHTML, like Gecko) Chrome/146.0.0.0 Safari/537.36"
159.0.235.245 - - [28/Mar/2026:13:38:02 +0000] "GET /apple-touch-icon-120x120.png HTTP/1.1" 404 30911 "-" "MobileSafari/8615.2.9.10.4 CFNetwork/1408.0.4 Darwin/22.5.0"
46.240.74.218 - - [28/Mar/2026:13:38:04 +0000] "GET /wp-content/uploads/2025/04/BGC_6407-150x150.jpg HTTP/1.1" 200 5600 "https://autozone.com.sa/product/toyota-yaris-yx-2024/" "Mozilla/5.0 (Windows NT 10.0; Win64; x64) AppleWebKit/537.36 (KHTML, like Gecko) Chrome/146.0.0.0 Safari/537.36"
46.240.74.218 - - [28/Mar/2026:13:38:04 +0000] "GET /wp-content/uploads/2025/04/BGC_6411-150x150.jpg HTTP/1.1" 304 - "https://autozone.com.sa/product/toyota-yaris-yx-2024/" "Mozilla/5.0 (Windows NT 10.0; Win64; x64) AppleWebKit/537.36 (KHTML, like Gecko) Chrome/146.0.0.0 Safari/537.36"
46.240.74.218 - - [28/Mar/2026:13:38:04 +0000] "GET /wp-content/uploads/2025/04/BGC_6417-150x150.jpg HTTP/1.1" 200 4237 "https://autozone.com.sa/product/toyota-yaris-yx-2024/" "Mozilla/5.0 (Windows NT 10.0; Win64; x64) AppleWebKit/537.36 (KHTML, like Gecko) Chrome/146.0.0.0 Safari/537.36"
46.240.74.218 - - [28/Mar/2026:13:38:04 +0000] "GET /wp-content/uploads/2025/04/BGC_6427-150x150.jpg HTTP/1.1" 200 3491 "https://autozone.com.sa/product/toyota-yaris-yx-2024/" "Mozilla/5.0 (Windows NT 10.0; Win64; x64) AppleWebKit/537.36 (KHTML, like Gecko) Chrome/146.0.0.0 Safari/537.36"
46.240.74.218 - - [28/Mar/2026:13:38:04 +0000] "GET /wp-content/uploads/2025/04/BGC_6433-150x150.jpg HTTP/1.1" 304 - "https://autozone.com.sa/product/toyota-yaris-yx-2024/" "Mozilla/5.0 (Windows NT 10.0; Win64; x64) AppleWebKit/537.36 (KHTML, like Gecko) Chrome/146.0.0.0 Safari/537.36"
46.240.74.218 - - [28/Mar/2026:13:38:04 +0000] "GET /wp-content/uploads/2025/04/BGC_6438-150x150.jpg HTTP/1.1" 200 5788 "https://autozone.com.sa/product/toyota-yaris-yx-2024/" "Mozilla/5.0 (Windows NT 10.0; Win64; x64) AppleWebKit/537.36 (KHTML, like Gecko) Chrome/146.0.0.0 Safari/537.36"
46.240.74.218 - - [28/Mar/2026:13:38:04 +0000] "GET /wp-content/uploads/2025/04/BGC_6450-150x150.jpg HTTP/1.1" 200 6015 "https://autozone.com.sa/product/toyota-yaris-yx-2024/" "Mozilla/5.0 (Windows NT 10.0; Win64; x64) AppleWebKit/537.36 (KHTML, like Gecko) Chrome/146.0.0.0 Safari/537.36"
46.240.74.218 - - [28/Mar/2026:13:38:04 +0000] "GET /wp-content/uploads/2025/04/BGC_6460-150x150.jpg HTTP/1.1" 200 6483 "https://autozone.com.sa/product/toyota-yaris-yx-2024/" "Mozilla/5.0 (Windows NT 10.0; Win64; x64) AppleWebKit/537.36 (KHTML, like Gecko) Chrome/146.0.0.0 Safari/537.36"
46.240.74.218 - - [28/Mar/2026:13:38:04 +0000] "GET /wp-content/uploads/2025/04/BGC_6464-150x150.jpg HTTP/1.1" 200 4712 "https://autozone.com.sa/product/toyota-yaris-yx-2024/" "Mozilla/5.0 (Windows NT 10.0; Win64; x64) AppleWebKit/537.36 (KHTML, like Gecko) Chrome/146.0.0.0 Safari/537.36"
46.240.74.218 - - [28/Mar/2026:13:38:04 +0000] "GET /wp-content/uploads/2025/04/BGC_6468-1536x1024.jpg HTTP/1.1" 304 - "https://autozone.com.sa/product/toyota-yaris-yx-2024/" "Mozilla/5.0 (Windows NT 10.0; Win64; x64) AppleWebKit/537.36 (KHTML, like Gecko) Chrome/146.0.0.0 Safari/537.36"
46.240.74.218 - - [28/Mar/2026:13:38:04 +0000] "GET /wp-content/uploads/2025/04/BGC_6468-100x100.jpg HTTP/1.1" 304 - "https://autozone.com.sa/product/toyota-yaris-yx-2024/" "Mozilla/5.0 (Windows NT 10.0; Win64; x64) AppleWebKit/537.36 (KHTML, like Gecko) Chrome/146.0.0.0 Safari/537.36"
46.240.74.218 - - [28/Mar/2026:13:38:04 +0000] "GET /wp-content/uploads/2025/04/BGC_6486-1536x1024.jpg HTTP/1.1" 304 - "https://autozone.com.sa/product/toyota-yaris-yx-2024/" "Mozilla/5.0 (Windows NT 10.0; Win64; x64) AppleWebKit/537.36 (KHTML, like Gecko) Chrome/146.0.0.0 Safari/537.36"
46.240.74.218 - - [28/Mar/2026:13:38:04 +0000] "GET /wp-content/uploads/2025/04/BGC_6468-300x300.jpg HTTP/1.1" 304 - "https://autozone.com.sa/product/toyota-yaris-yx-2024/" "Mozilla/5.0 (Windows NT 10.0; Win64; x64) AppleWebKit/537.36 (KHTML, like Gecko) Chrome/146.0.0.0 Safari/537.36"
46.240.74.218 - - [28/Mar/2026:13:38:05 +0000] "GET /wp-content/uploads/2025/04/BGC_6486-100x100.jpg HTTP/1.1" 304 - "https://autozone.com.sa/product/toyota-yaris-yx-2024/" "Mozilla/5.0 (Windows NT 10.0; Win64; x64) AppleWebKit/537.36 (KHTML, like Gecko) Chrome/146.0.0.0 Safari/537.36"
46.240.74.218 - - [28/Mar/2026:13:38:05 +0000] "GET /wp-content/uploads/2025/04/BGC_6486-scaled.jpg HTTP/1.1" 304 - "https://autozone.com.sa/product/toyota-yaris-yx-2024/" "Mozilla/5.0 (Windows NT 10.0; Win64; x64) AppleWebKit/537.36 (KHTML, like Gecko) Chrome/146.0.0.0 Safari/537.36"
46.240.74.218 - - [28/Mar/2026:13:38:05 +0000] "GET /wp-content/uploads/2025/04/BGC_6486-300x300.jpg HTTP/1.1" 304 - "https://autozone.com.sa/product/toyota-yaris-yx-2024/" "Mozilla/5.0 (Windows NT 10.0; Win64; x64) AppleWebKit/537.36 (KHTML, like Gecko) Chrome/146.0.0.0 Safari/537.36"
46.240.74.218 - - [28/Mar/2026:13:38:05 +0000] "GET /wp-content/uploads/2025/04/BGC_6475-1536x1024.jpg HTTP/1.1" 304 - "https://autozone.com.sa/product/toyota-yaris-yx-2024/" "Mozilla/5.0 (Windows NT 10.0; Win64; x64) AppleWebKit/537.36 (KHTML, like Gecko) Chrome/146.0.0.0 Safari/537.36"
46.240.74.218 - - [28/Mar/2026:13:38:05 +0000] "GET /wp-content/uploads/2025/04/BGC_6475-100x100.jpg HTTP/1.1" 304 - "https://autozone.com.sa/product/toyota-yaris-yx-2024/" "Mozilla/5.0 (Windows NT 10.0; Win64; x64) AppleWebKit/537.36 (KHTML, like Gecko) Chrome/146.0.0.0 Safari/537.36"
46.240.74.218 - - [28/Mar/2026:13:38:05 +0000] "GET /wp-content/uploads/2025/04/BGC_6475-scaled.jpg HTTP/1.1" 304 - "https://autozone.com.sa/product/toyota-yaris-yx-2024/" "Mozilla/5.0 (Windows NT 10.0; Win64; x64) AppleWebKit/537.36 (KHTML, like Gecko) Chrome/146.0.0.0 Safari/537.36"
46.240.74.218 - - [28/Mar/2026:13:38:05 +0000] "GET /wp-content/uploads/2025/04/BGC_6475-300x300.jpg HTTP/1.1" 304 - "https://autozone.com.sa/product/toyota-yaris-yx-2024/" "Mozilla/5.0 (Windows NT 10.0; Win64; x64) AppleWebKit/537.36 (KHTML, like Gecko) Chrome/146.0.0.0 Safari/537.36"
66.249.75.109 - - [28/Mar/2026:13:38:41 +0000] "GET /en/nissan/ HTTP/1.1" 301 20 "-" "Mozilla/5.0 (Linux; Android 6.0.1; Nexus 5X Build/MMB29P) AppleWebKit/537.36 (KHTML, like Gecko) Chrome/146.0.7680.153 Mobile Safari/537.36 (compatible; Googlebot/2.1; +http://www.google.com/bot.html)"
172.105.42.26 - - [28/Mar/2026:13:38:46 +0000] "POST /wp-cron.php?doing_wp_cron=1774705126.0503189563751220703125 HTTP/1.1" 200 20 "-" "WordPress/6.9.4; https://autozone.com.sa/en/"
66.249.75.109 - - [28/Mar/2026:13:38:43 +0000] "GET /en/product/nissan-sunny-comfort-2024/ HTTP/1.1" 200 84365 "-" "Mozilla/5.0 (Linux; Android 6.0.1; Nexus 5X Build/MMB29P) AppleWebKit/537.36 (KHTML, like Gecko) Chrome/146.0.7680.153 Mobile Safari/537.36 (compatible; Googlebot/2.1; +http://www.google.com/bot.html)"
74.7.241.33 - - [28/Mar/2026:13:39:32 +0000] "GET /wp-content/uploads/cache/wpml/twig/61/61543b42004281ea4a857ccd1f9b2280ed2b25838e7b1d9aac4a8c0f9e7063bc.php HTTP/1.1" 500 20 "https://autozone.com.sa/wp-content/uploads/cache/wpml/twig/61/" "Mozilla/5.0 AppleWebKit/537.36 (KHTML, like Gecko; compatible; GPTBot/1.3; +https://openai.com/gptbot)"
172.105.42.26 - - [28/Mar/2026:13:40:15 +0000] "POST /wp-cron.php?doing_wp_cron=1774705215.8992381095886230468750 HTTP/1.1" 200 20 "-" "WordPress/6.9.4; https://autozone.com.sa"
78.47.98.55 - - [28/Mar/2026:13:40:14 +0000] "HEAD / HTTP/1.1" 200 - "https://autozone.com.sa/" "Mozilla/5.0+(compatible; UptimeRobot/2.0; http://www.uptimerobot.com/)"
172.105.42.26 - - [28/Mar/2026:13:40:22 +0000] "POST /wp-cron.php?doing_wp_cron=1774705222.7221429347991943359375 HTTP/1.1" 200 20 "-" "WordPress/6.9.4; https://autozone.com.sa"
162.241.253.177 - - [28/Mar/2026:13:40:22 +0000] "GET /wp-login.php HTTP/1.1" 403 1095 "-" "Mozilla/5.0 (Windows NT 6.1; Trident/7.0; MATP; rv:11.0) like Gecko"
162.241.253.177 - - [28/Mar/2026:13:40:23 +0000] "POST /wp-login.php HTTP/1.1" 403 1095 "https://autozone.com.sa/wp-login.php" "Mozilla/5.0 (Windows NT 6.1; Trident/7.0; MATP; rv:11.0) like Gecko"
2001:16a2:f668:6d00:1d48:d945:9028:e4c - - [28/Mar/2026:13:40:27 +0000] "GET /favicon.ico HTTP/1.1" 302 20 "-" "NetworkingExtension/8623.1.14.10.9 Network/5569.60.39.0.3 iOS/26.2"
2001:16a2:f668:6d00:1d48:d945:9028:e4c - - [28/Mar/2026:13:40:27 +0000] "GET /apple-touch-icon.png HTTP/1.1" 404 30898 "-" "NetworkingExtension/8623.1.14.10.9 Network/5569.60.39.0.3 iOS/26.2"
2001:16a2:f668:6d00:1d48:d945:9028:e4c - - [28/Mar/2026:13:40:27 +0000] "GET /apple-touch-icon-precomposed.png HTTP/1.1" 404 30908 "-" "NetworkingExtension/8623.1.14.10.9 Network/5569.60.39.0.3 iOS/26.2"
2001:16a2:f668:6d00:1d48:d945:9028:e4c - - [28/Mar/2026:13:40:27 +0000] "GET / HTTP/1.1" 200 163865 "-" "Mozilla/5.0 (Macintosh; Intel Mac OS X 10_11_1) AppleWebKit/601.2.4 (KHTML, like Gecko) Version/9.0.1 Safari/601.2.4 facebookexternalhit/1.1 Facebot Twitterbot/1.0"
2001:16a2:f668:6d00:1d48:d945:9028:e4c - - [28/Mar/2026:13:40:32 +0000] "GET /wp-content/uploads/2025/01/1.webp HTTP/1.1" 200 6701 "-" "NetworkingExtension/8623.1.14.10.9 Network/5569.60.39.0.3 iOS/26.2"
5.161.216.238 - - [28/Mar/2026:13:41:03 +0000] "POST /wp-load.php?a70cfd=34101 HTTP/1.1" 200 221176 "-" "BlogVault/1.0 (+https://blogvault.net)"
68.67.112.176 - - [28/Mar/2026:13:41:06 +0000] "GET /robots.txt HTTP/1.1" 200 104 "-" "Mozilla/5.0 AppleWebKit/537.36 (KHTML, like Gecko; compatible; YouBot/1.0; +https://docs.you.com/youbot; env:prod) Chrome/142.0.0.0 Safari/537.36"
68.67.112.176 - - [28/Mar/2026:13:41:07 +0000] "GET /outlet/listings/kia-optima-lx/ HTTP/1.1" 301 20 "-" "Mozilla/5.0 AppleWebKit/537.36 (KHTML, like Gecko; compatible; YouBot/1.0; +https://docs.you.com/youbot; env:prod) Chrome/142.0.0.0 Safari/537.36"
40.77.167.78 - - [28/Mar/2026:13:41:08 +0000] "GET /wp-sitemap.xml HTTP/1.1" 301 20 "-" "Mozilla/5.0 AppleWebKit/537.36 (KHTML, like Gecko; compatible; bingbot/2.0; +http://www.bing.com/bingbot.htm) Chrome/116.0.1938.76 Safari/537.36"
68.67.112.176 - - [28/Mar/2026:13:41:09 +0000] "GET /outlet/listings/kia-optima-lx/ HTTP/1.1" 404 30929 "-" "Mozilla/5.0 AppleWebKit/537.36 (KHTML, like Gecko; compatible; YouBot/1.0; +https://docs.you.com/youbot; env:prod) Chrome/142.0.0.0 Safari/537.36"
40.77.167.78 - - [28/Mar/2026:13:41:10 +0000] "GET /sitemap_index.xml HTTP/1.1" 200 438 "-" "Mozilla/5.0 AppleWebKit/537.36 (KHTML, like Gecko; compatible; bingbot/2.0; +http://www.bing.com/bingbot.htm) Chrome/116.0.1938.76 Safari/537.36"
5.161.177.123 - - [28/Mar/2026:13:41:15 +0000] "POST /wp-load.php?ebbac8=1476 HTTP/1.1" 200 3291 "https://autozone.com.sa/" "BlogVault/1.0 (+https://blogvault.net)"
74.7.241.33 - - [28/Mar/2026:13:41:29 +0000] "GET /wp-content/uploads/cache/wpml/twig/5c/5cbdb0074f1863e8d8d2761ce0bdb56779376436215783fda859f2ea95eabb24.php HTTP/1.1" 500 20 "https://autozone.com.sa/wp-content/uploads/cache/wpml/twig/5c/" "Mozilla/5.0 AppleWebKit/537.36 (KHTML, like Gecko; compatible; GPTBot/1.3; +https://openai.com/gptbot)"
172.105.42.26 - - [28/Mar/2026:13:42:45 +0000] "POST /wp-cron.php?doing_wp_cron=1774705365.6745650768280029296875 HTTP/1.1" 200 20 "-" "WordPress/6.9.4; https://autozone.com.sa"
2a03:2880:22ff:71:: - - [28/Mar/2026:13:42:43 +0000] "GET /tajeer-back-to-school/?utm_source=Instagram&utm_medium=CPC&utm_campaign=BackToSchoolTajeerAug2024 HTTP/1.1" 404 31018 "-" "facebookexternalhit/1.1 (+http://www.facebook.com/externalhit_uatext.php)"
207.180.11.235 - - [28/Mar/2026:13:43:54 +0000] "GET /wp-content/uploads/2021/01/4-3-350x205.jpg HTTP/1.1" 404 30926 "-" "Mozilla/5.0 (Windows NT 10.0; Win64; x64) AppleWebKit/537.36 (KHTML, like Gecko) Chrome/121.0.0.0 Safari/537.36 Edg/121.0.0.0"
2.189.5.142 - - [28/Mar/2026:13:44:05 +0000] "GET / HTTP/1.1" 200 163878 "-" "Mozilla/5.0 (iPhone; CPU iPhone OS 13_6 like Mac OS X) AppleWebKit/605.1.15 (KHTML, like Gecko) FxiOS/118.0 Mobile/15E148 Safari/605.1.15"
185.2.31.101 - - [28/Mar/2026:13:44:37 +0000] "GET /wp-login.php HTTP/1.1" 403 1091 "-" "Mozilla/5.0 (X11; Ubuntu; Linux x86_64; rv:60.0) Gecko/20100101 Firefox/60.0"
185.2.31.101 - - [28/Mar/2026:13:44:38 +0000] "POST /wp-login.php HTTP/1.1" 403 1091 "https://autozone.com.sa/wp-login.php" "Mozilla/5.0 (X11; Ubuntu; Linux x86_64; rv:60.0) Gecko/20100101 Firefox/60.0"
146.174.182.10 - - [28/Mar/2026:13:44:57 +0000] "GET /cash-offer-1/ws-min-1-2-3-2/ HTTP/1.1" 404 30920 "-" "Mozilla/5.0 (Macintosh; Intel Mac OS X 15.1; rv:134.0) Gecko/20100101 Firefox/134.0"
172.105.42.26 - - [28/Mar/2026:13:45:21 +0000] "POST /wp-cron.php?doing_wp_cron=1774705521.2943809032440185546875 HTTP/1.1" 200 20 "-" "WordPress/6.9.4; https://autozone.com.sa"
18.193.252.127 - - [28/Mar/2026:13:45:20 +0000] "HEAD / HTTP/1.1" 200 - "https://autozone.com.sa/" "Mozilla/5.0+(compatible; UptimeRobot/2.0; http://www.uptimerobot.com/)"
172.105.42.26 - - [28/Mar/2026:13:45:24 +0000] "POST /wp-cron.php?doing_wp_cron=1774705524.6353070735931396484375 HTTP/1.1" 200 20 "-" "WordPress/6.9.4; https://autozone.com.sa"
2a02:cb80:4266:31ff:cbf:665a:3638:a2e9 - - [28/Mar/2026:13:45:20 +0000] "GET /product/hyundai-sonata-2025/ HTTP/1.1" 200 130846 "-" "Mozilla/5.0 (iPhone; CPU iPhone OS 26_2_0 like Mac OS X) AppleWebKit/605.1.15 (KHTML, like Gecko) CriOS/146.0.7680.151 Mobile/15E148 Safari/604.1"
40.77.167.40 - - [28/Mar/2026:13:46:19 +0000] "GET /shopdetail/65982844 HTTP/1.1" 301 20 "-" "Mozilla/5.0 AppleWebKit/537.36 (KHTML, like Gecko; compatible; bingbot/2.0; +http://www.bing.com/bingbot.htm) Chrome/116.0.1938.76 Safari/537.36"
66.249.75.110 - - [28/Mar/2026:13:46:58 +0000] "GET /about-autozone/ HTTP/1.1" 200 118366 "-" "Mozilla/5.0 (compatible; Googlebot/2.1; +http://www.google.com/bot.html)"
66.249.75.108 - - [28/Mar/2026:13:47:19 +0000] "GET /about-autozone/?nocache=1774705620&jet_blog_ajax=1 HTTP/1.1" 200 118419 "-" "Mozilla/5.0 (Linux; Android 6.0.1; Nexus 5X Build/MMB29P) AppleWebKit/537.36 (KHTML, like Gecko) Chrome/146.0.7680.153 Mobile Safari/537.36 (compatible; Googlebot/2.1; +http://www.google.com/bot.html)"
66.249.75.108 - - [28/Mar/2026:13:47:28 +0000] "GET /about-autozone/?nocache=1774705619 HTTP/1.1" 200 118386 "-" "Mozilla/5.0 (Linux; Android 6.0.1; Nexus 5X Build/MMB29P) AppleWebKit/537.36 (KHTML, like Gecko) Chrome/146.0.7680.153 Mobile Safari/537.36 (compatible; Googlebot/2.1; +http://www.google.com/bot.html)"
172.105.42.26 - - [28/Mar/2026:13:48:26 +0000] "POST /wp-cron.php?doing_wp_cron=1774705706.6092588901519775390625 HTTP/1.1" 200 20 "-" "WordPress/6.9.4; https://autozone.com.sa"
66.249.93.8 - - [28/Mar/2026:13:48:24 +0000] "GET /.well-known/traffic-advice HTTP/1.1" 404 30912 "-" "Chrome Privacy Preserving Prefetch Proxy"
172.105.42.26 - - [28/Mar/2026:13:48:29 +0000] "POST /wp-cron.php?doing_wp_cron=1774705709.1395170688629150390625 HTTP/1.1" 200 20 "-" "WordPress/6.9.4; https://autozone.com.sa"
2001:4860:7:1528::ff - - [28/Mar/2026:13:48:24 +0000] "GET / HTTP/1.1" 200 163890 "https://www.google.com/" "Mozilla/5.0 (Windows NT 10.0; Win64; x64) AppleWebKit/537.36 (KHTML, like Gecko) Chrome/146.0.0.0 Safari/537.36"
74.7.241.33 - - [28/Mar/2026:13:48:51 +0000] "GET /wp-content/uploads/al_opt_content/ HTTP/1.1" 200 430 "https://autozone.com.sa/wp-content/uploads/al_opt_content/CSS/" "Mozilla/5.0 AppleWebKit/537.36 (KHTML, like Gecko; compatible; GPTBot/1.3; +https://openai.com/gptbot)"
205.210.31.178 - - [28/Mar/2026:13:49:14 +0000] "GET / HTTP/1.1" 200 163852 "-" "Hello from Palo Alto Networks, find out more about our scans in https://docs-cortex.paloaltonetworks.com/r/1/Cortex-Xpanse/Scanning-activity"
172.105.42.26 - - [28/Mar/2026:13:50:26 +0000] "POST /wp-cron.php?doing_wp_cron=1774705826.7086610794067382812500 HTTP/1.1" 200 20 "-" "WordPress/6.9.4; https://autozone.com.sa"
2a05:d014:1815:3400:d784:e5dd:8e0:67cb - - [28/Mar/2026:13:50:25 +0000] "HEAD / HTTP/1.1" 200 - "https://autozone.com.sa/" "Mozilla/5.0+(compatible; UptimeRobot/2.0; http://www.uptimerobot.com/)"
2001:16a4:63:1513:18a0:d17f:90bd:f3ae - - [28/Mar/2026:13:50:31 +0000] "GET / HTTP/1.1" 200 163879 "https://www.google.com/" "Mozilla/5.0 (Linux; Android 10; K) AppleWebKit/537.36 (KHTML, like Gecko) Chrome/146.0.0.0 Mobile Safari/537.36"
2001:16a4:63:1513:18a0:d17f:90bd:f3ae - - [28/Mar/2026:13:50:36 +0000] "GET /wp-content/uploads/al_opt_content/IMAGE/autozone.com.sa/wp-content/uploads/2025/01/AZ_Original_EN.png.bv_resized_mobile.png.bv.webp?bv_host=autozone.com.sa HTTP/1.1" 200 27127 "https://autozone.com.sa/" "Mozilla/5.0 (Linux; Android 10; K) AppleWebKit/537.36 (KHTML, like Gecko) Chrome/146.0.0.0 Mobile Safari/537.36"
2001:16a4:63:1513:18a0:d17f:90bd:f3ae - - [28/Mar/2026:13:50:36 +0000] "GET /wp-content/uploads/al_opt_content/IMAGE/autozone.com.sa/wp-content/uploads/2025/01/AZ_Original_AR.png.bv_resized_mobile.png.bv.webp?bv_host=autozone.com.sa HTTP/1.1" 200 27153 "https://autozone.com.sa/" "Mozilla/5.0 (Linux; Android 10; K) AppleWebKit/537.36 (KHTML, like Gecko) Chrome/146.0.0.0 Mobile Safari/537.36"
2001:16a4:63:1513:18a0:d17f:90bd:f3ae - - [28/Mar/2026:13:50:36 +0000] "GET /wp-content/uploads/al_opt_content/IMAGE/autozone.com.sa/wp-content/uploads/2026/03/CS-35-Web-Banner.webp.bv_resized_desktop.webp.bv.webp?bv_host=autozone.com.sa HTTP/1.1" 200 80449 "https://autozone.com.sa/" "Mozilla/5.0 (Linux; Android 10; K) AppleWebKit/537.36 (KHTML, like Gecko) Chrome/146.0.0.0 Mobile Safari/537.36"
2001:16a4:63:1513:18a0:d17f:90bd:f3ae - - [28/Mar/2026:13:50:36 +0000] "GET /wp-content/uploads/al_opt_content/IMAGE/autozone.com.sa/wp-content/uploads/2026/03/Uni-T-Web-Banner.webp.bv_resized_desktop.webp.bv.webp?bv_host=autozone.com.sa HTTP/1.1" 200 79987 "https://autozone.com.sa/" "Mozilla/5.0 (Linux; Android 10; K) AppleWebKit/537.36 (KHTML, like Gecko) Chrome/146.0.0.0 Mobile Safari/537.36"
2001:16a4:63:1513:18a0:d17f:90bd:f3ae - - [28/Mar/2026:13:50:37 +0000] "GET /wp-content/uploads/al_opt_content/SCRIPT/6823120876c9afc8929418c9a6f8e343.js?ver=6.9.4 HTTP/1.1" 200 1803 "-" "Mozilla/5.0 (Linux; Android 10; K) AppleWebKit/537.36 (KHTML, like Gecko) Chrome/146.0.0.0 Mobile Safari/537.36"
2001:16a4:63:1513:18a0:d17f:90bd:f3ae - - [28/Mar/2026:13:50:37 +0000] "GET /wp-content/uploads/al_opt_content/SCRIPT/f09dd5e5ff8ea44f222fbc2801d191a5.js?ver=0edd78a6f12e2b918b82 HTTP/1.1" 200 752 "-" "Mozilla/5.0 (Linux; Android 10; K) AppleWebKit/537.36 (KHTML, like Gecko) Chrome/146.0.0.0 Mobile Safari/537.36"
2001:16a4:63:1513:18a0:d17f:90bd:f3ae - - [28/Mar/2026:13:50:37 +0000] "GET /wp-content/uploads/al_opt_content/SCRIPT/3f09ea3cee04647df66535f6cbd1b0c1.js?ver=2.0.21.1 HTTP/1.1" 200 2342 "-" "Mozilla/5.0 (Linux; Android 10; K) AppleWebKit/537.36 (KHTML, like Gecko) Chrome/146.0.0.0 Mobile Safari/537.36"
2001:16a4:63:1513:18a0:d17f:90bd:f3ae - - [28/Mar/2026:13:50:37 +0000] "GET /wp-content/uploads/al_opt_content/SCRIPT/4df6430a356a193856227f4ee32f54f5.js?ver=16395ed38b7c1e8808d6 HTTP/1.1" 200 597 "-" "Mozilla/5.0 (Linux; Android 10; K) AppleWebKit/537.36 (KHTML, like Gecko) Chrome/146.0.0.0 Mobile Safari/537.36"
2001:16a4:63:1513:18a0:d17f:90bd:f3ae - - [28/Mar/2026:13:50:37 +0000] "GET /wp-content/uploads/al_opt_content/SCRIPT/5dda2eae243c89f82274a1dd55df41f0.js?ver=3.5.6.3 HTTP/1.1" 200 3268 "-" "Mozilla/5.0 (Linux; Android 10; K) AppleWebKit/537.36 (KHTML, like Gecko) Chrome/146.0.0.0 Mobile Safari/537.36"
2001:16a4:63:1513:18a0:d17f:90bd:f3ae - - [28/Mar/2026:13:50:37 +0000] "GET /wp-content/uploads/al_opt_content/SCRIPT/d2747d97701d5257ead936eea4eab86c.js?ver=a8ff8d24b43df9ed7e99 HTTP/1.1" 200 12924 "-" "Mozilla/5.0 (Linux; Android 10; K) AppleWebKit/537.36 (KHTML, like Gecko) Chrome/146.0.0.0 Mobile Safari/537.36"
2001:16a4:63:1513:18a0:d17f:90bd:f3ae - - [28/Mar/2026:13:50:37 +0000] "GET /wp-content/plugins/sitepress-multilingual-cms/res/flags/ar.svg HTTP/1.1" 200 452 "https://autozone.com.sa/" "Mozilla/5.0 (Linux; Android 10; K) AppleWebKit/537.36 (KHTML, like Gecko) Chrome/146.0.0.0 Mobile Safari/537.36"
2001:16a4:63:1513:18a0:d17f:90bd:f3ae - - [28/Mar/2026:13:50:41 +0000] "POST /?wc-ajax=get_refreshed_fragments HTTP/1.1" 200 999 "https://autozone.com.sa/" "Mozilla/5.0 (Linux; Android 10; K) AppleWebKit/537.36 (KHTML, like Gecko) Chrome/146.0.0.0 Mobile Safari/537.36"
2001:16a4:63:1513:18a0:d17f:90bd:f3ae - - [28/Mar/2026:13:50:41 +0000] "POST /?wc-ajax=get_refreshed_fragments HTTP/1.1" 200 999 "https://autozone.com.sa/" "Mozilla/5.0 (Linux; Android 10; K) AppleWebKit/537.36 (KHTML, like Gecko) Chrome/146.0.0.0 Mobile Safari/537.36"
172.105.42.26 - - [28/Mar/2026:13:50:43 +0000] "POST /wp-cron.php?doing_wp_cron=1774705843.0275869369506835937500 HTTP/1.1" 200 20 "-" "WordPress/6.9.4; https://autozone.com.sa"
2001:16a4:63:1513:18a0:d17f:90bd:f3ae - - [28/Mar/2026:13:50:41 +0000] "POST /wp-json/iawp/search HTTP/1.1" 200 36 "https://autozone.com.sa/" "Mozilla/5.0 (Linux; Android 10; K) AppleWebKit/537.36 (KHTML, like Gecko) Chrome/146.0.0.0 Mobile Safari/537.36"
192.185.82.235 - - [28/Mar/2026:13:50:44 +0000] "GET /wp-login.php HTTP/1.1" 403 1093 "-" "Mozilla/4.0 (compatible; MSIE 7.0; Windows NT 6.1; Trident/7.0; SLCC2; .NET CLR 2.0.50727; .NET CLR 3.5.30729; .NET CLR 3.0.30729; Media Center PC 6.0; .NET4.0C; .NET4.0E; InfoPath.3; Tablet PC 2.0)"
192.185.82.235 - - [28/Mar/2026:13:50:46 +0000] "POST /wp-login.php HTTP/1.1" 403 1093 "https://autozone.com.sa/wp-login.php" "Mozilla/4.0 (compatible; MSIE 7.0; Windows NT 6.1; Trident/7.0; SLCC2; .NET CLR 2.0.50727; .NET CLR 3.5.30729; .NET CLR 3.0.30729; Media Center PC 6.0; .NET4.0C; .NET4.0E; InfoPath.3; Tablet PC 2.0)"
2001:16a4:63:1513:18a0:d17f:90bd:f3ae - - [28/Mar/2026:13:50:57 +0000] "POST /wp-admin/admin-ajax.php HTTP/1.1" 200 598 "https://autozone.com.sa/" "Mozilla/5.0 (Linux; Android 10; K) AppleWebKit/537.36 (KHTML, like Gecko) Chrome/146.0.0.0 Mobile Safari/537.36"
66.249.75.108 - - [28/Mar/2026:13:50:59 +0000] "GET /en/car-type/mini-van/ HTTP/1.1" 200 61184 "-" "Mozilla/5.0 (compatible; Googlebot/2.1; +http://www.google.com/bot.html)"
66.249.87.172 - - [28/Mar/2026:13:51:03 +0000] "GET /offers/from-eid-to-eid-non-stop-deals-changan-cs35-with-no-tax/ HTTP/1.1" 200 138790 "-" "Mozilla/5.0 (Linux; Android 6.0.1; Nexus 5X Build/MMB29P) AppleWebKit/537.36 (KHTML, like Gecko) Chrome/146.0.7680.153 Mobile Safari/537.36 (compatible; AdsBot-Google-Mobile; +http://www.google.com/mobile/adsbot.html)"
47.82.11.181 - - [28/Mar/2026:13:51:12 +0000] "GET /?shopdetail/60154442 HTTP/1.1" 301 20 "https://www.autozone.com.sa/" "Mozilla/5.0 (Windows NT 10.0; Win64; x64) AppleWebKit/537.36 (KHTML, like Gecko) Chrome/135.0.0.0 Safari/537.36"
66.249.75.108 - - [28/Mar/2026:13:51:11 +0000] "GET /our-offers/?nocache=1774664993 HTTP/1.1" 200 113309 "-" "Mozilla/5.0 (Linux; Android 6.0.1; Nexus 5X Build/MMB29P) AppleWebKit/537.36 (KHTML, like Gecko) Chrome/146.0.7680.153 Mobile Safari/537.36 (compatible; Googlebot/2.1; +http://www.google.com/bot.html)"
47.82.11.181 - - [28/Mar/2026:13:51:13 +0000] "GET /?shopdetail/60154442 HTTP/1.1" 301 20 "https://www.autozone.com.sa/" "Mozilla/5.0 (Windows NT 10.0; Win64; x64) AppleWebKit/537.36 (KHTML, like Gecko) Chrome/135.0.0.0 Safari/537.36"
66.249.75.108 - - [28/Mar/2026:13:51:16 +0000] "GET /wp-content/uploads/elementor/css/post-957.css?ver=1774675858 HTTP/1.1" 200 996 "https://autozone.com.sa/en/car-type/mini-van/" "Mozilla/5.0 AppleWebKit/537.36 (KHTML, like Gecko; compatible; Googlebot/2.1; +http://www.google.com/bot.html) Chrome/146.0.7680.153 Safari/537.36"
66.249.87.172 - - [28/Mar/2026:13:51:18 +0000] "GET /wp-content/plugins/woocommerce/assets/css/woocommerce-layout-rtl.css?ver=10.6.1 HTTP/1.1" 200 3413 "https://autozone.com.sa/offers/from-eid-to-eid-non-stop-deals-changan-cs35-with-no-tax/" "AdsBot-Google (+http://www.google.com/adsbot.html)"
172.105.42.26 - - [28/Mar/2026:13:51:22 +0000] "POST /wp-cron.php?doing_wp_cron=1774705882.7961580753326416015625 HTTP/1.1" 200 20 "-" "WordPress/6.9.4; https://autozone.com.sa/en/"
66.249.75.108 - - [28/Mar/2026:13:51:20 +0000] "GET /en/car-type/mini-van/?nocache=1774705862&jet_blog_ajax=1 HTTP/1.1" 200 61242 "-" "Mozilla/5.0 (Linux; Android 6.0.1; Nexus 5X Build/MMB29P) AppleWebKit/537.36 (KHTML, like Gecko) Chrome/146.0.7680.153 Mobile Safari/537.36 (compatible; Googlebot/2.1; +http://www.google.com/bot.html)"
47.82.11.143 - - [28/Mar/2026:13:51:27 +0000] "GET /?shopdetail/76412944 HTTP/1.1" 301 20 "https://autozone.com.sa/" "Mozilla/5.0 (Windows NT 10.0; Win64; x64) AppleWebKit/537.36 (KHTML, like Gecko) Chrome/135.0.0.0 Safari/537.36 Edg/135.0.0.0"
2001:16a4:63:1513:18a0:d17f:90bd:f3ae - - [28/Mar/2026:13:51:27 +0000] "POST /wp-admin/admin-ajax.php HTTP/1.1" 200 46 "https://autozone.com.sa/" "Mozilla/5.0 (Linux; Android 10; K) AppleWebKit/537.36 (KHTML, like Gecko) Chrome/146.0.0.0 Mobile Safari/537.36"
66.249.87.172 - - [28/Mar/2026:13:51:29 +0000] "GET /wp-content/plugins/elementor/assets/css/widget-social-icons-rtl.min.css?ver=3.35.4 HTTP/1.1" 200 1142 "https://autozone.com.sa/offers/from-eid-to-eid-non-stop-deals-changan-cs35-with-no-tax/" "AdsBot-Google (+http://www.google.com/adsbot.html)"
47.82.11.143 - - [28/Mar/2026:13:51:28 +0000] "GET /?shopdetail/76412944 HTTP/1.1" 301 20 "https://autozone.com.sa/" "Mozilla/5.0 (Windows NT 10.0; Win64; x64) AppleWebKit/537.36 (KHTML, like Gecko) Chrome/135.0.0.0 Safari/537.36 Edg/135.0.0.0"
66.249.87.172 - - [28/Mar/2026:13:51:30 +0000] "GET /wp-content/uploads/elementor/css/custom-apple-webkit.min.css?ver=1774675920 HTTP/1.1" 200 547 "https://autozone.com.sa/offers/from-eid-to-eid-non-stop-deals-changan-cs35-with-no-tax/" "AdsBot-Google (+http://www.google.com/adsbot.html)"
66.249.75.108 - - [28/Mar/2026:13:51:31 +0000] "GET /en/car-type/mini-van/?nocache=1774705861 HTTP/1.1" 200 61211 "-" "Mozilla/5.0 (Linux; Android 6.0.1; Nexus 5X Build/MMB29P) AppleWebKit/537.36 (KHTML, like Gecko) Chrome/146.0.7680.153 Mobile Safari/537.36 (compatible; Googlebot/2.1; +http://www.google.com/bot.html)"
172.105.42.26 - - [28/Mar/2026:13:51:43 +0000] "POST /wp-cron.php?doing_wp_cron=1774705903.2182509899139404296875 HTTP/1.1" 200 20 "-" "WordPress/6.9.4; https://autozone.com.sa"
47.82.11.210 - - [28/Mar/2026:13:51:42 +0000] "GET /?shopdetail/65702126 HTTP/1.1" 301 20 "https://autozone.com.sa/" "Mozilla/5.0 (Macintosh; Intel Mac OS X 10_15_7) AppleWebKit/537.36 (KHTML, like Gecko) Chrome/135.0.0.0 Safari/537.36"
47.82.11.210 - - [28/Mar/2026:13:51:43 +0000] "GET /?shopdetail/65702126 HTTP/1.1" 301 20 "https://autozone.com.sa/" "Mozilla/5.0 (Macintosh; Intel Mac OS X 10_15_7) AppleWebKit/537.36 (KHTML, like Gecko) Chrome/135.0.0.0 Safari/537.36"
172.105.42.26 - - [28/Mar/2026:13:51:45 +0000] "POST /wp-cron.php?doing_wp_cron=1774705905.3999769687652587890625 HTTP/1.1" 200 20 "-" "WordPress/6.9.4; https://autozone.com.sa"
2001:16a4:63:1513:18a0:d17f:90bd:f3ae - - [28/Mar/2026:13:51:42 +0000] "POST //shop/ HTTP/1.1" 200 43694 "https://autozone.com.sa/" "Mozilla/5.0 (Linux; Android 10; K) AppleWebKit/537.36 (KHTML, like Gecko) Chrome/146.0.0.0 Mobile Safari/537.36"
2001:16a4:63:1513:18a0:d17f:90bd:f3ae - - [28/Mar/2026:13:51:45 +0000] "GET /wp-content/uploads/elementor/css/custom-frontend.min.css?ver=1774675920 HTTP/1.1" 200 7325 "https://autozone.com.sa//shop/" "Mozilla/5.0 (Linux; Android 10; K) AppleWebKit/537.36 (KHTML, like Gecko) Chrome/146.0.0.0 Mobile Safari/537.36"
2001:16a4:63:1513:18a0:d17f:90bd:f3ae - - [28/Mar/2026:13:51:45 +0000] "GET /wp-content/uploads/elementor/css/post-6.css?ver=1774675857 HTTP/1.1" 200 878 "https://autozone.com.sa//shop/" "Mozilla/5.0 (Linux; Android 10; K) AppleWebKit/537.36 (KHTML, like Gecko) Chrome/146.0.0.0 Mobile Safari/537.36"
2001:16a4:63:1513:18a0:d17f:90bd:f3ae - - [28/Mar/2026:13:51:45 +0000] "GET /wp-content/uploads/elementor/css/post-1038.css?ver=1774675857 HTTP/1.1" 200 1900 "https://autozone.com.sa//shop/" "Mozilla/5.0 (Linux; Android 10; K) AppleWebKit/537.36 (KHTML, like Gecko) Chrome/146.0.0.0 Mobile Safari/537.36"
2001:16a4:63:1513:18a0:d17f:90bd:f3ae - - [28/Mar/2026:13:51:45 +0000] "GET /wp-content/uploads/elementor/css/custom-widget-icon-list-rtl.min.css?ver=1774675920 HTTP/1.1" 200 1032 "https://autozone.com.sa//shop/" "Mozilla/5.0 (Linux; Android 10; K) AppleWebKit/537.36 (KHTML, like Gecko) Chrome/146.0.0.0 Mobile Safari/537.36"
2001:16a4:63:1513:18a0:d17f:90bd:f3ae - - [28/Mar/2026:13:51:45 +0000] "GET /wp-content/uploads/elementor/css/custom-pro-widget-nav-menu-rtl.min.css?ver=1774675920 HTTP/1.1" 200 3422 "https://autozone.com.sa//shop/" "Mozilla/5.0 (Linux; Android 10; K) AppleWebKit/537.36 (KHTML, like Gecko) Chrome/146.0.0.0 Mobile Safari/537.36"
2001:16a4:63:1513:18a0:d17f:90bd:f3ae - - [28/Mar/2026:13:51:45 +0000] "GET /wp-content/uploads/elementor/css/post-1014.css?ver=1774675857 HTTP/1.1" 200 3291 "https://autozone.com.sa//shop/" "Mozilla/5.0 (Linux; Android 10; K) AppleWebKit/537.36 (KHTML, like Gecko) Chrome/146.0.0.0 Mobile Safari/537.36"
2001:16a4:63:1513:18a0:d17f:90bd:f3ae - - [28/Mar/2026:13:51:45 +0000] "GET /wp-content/uploads/elementor/css/post-613.css?ver=1774675943 HTTP/1.1" 200 1825 "https://autozone.com.sa//shop/" "Mozilla/5.0 (Linux; Android 10; K) AppleWebKit/537.36 (KHTML, like Gecko) Chrome/146.0.0.0 Mobile Safari/537.36"
2001:16a4:63:1513:18a0:d17f:90bd:f3ae - - [28/Mar/2026:13:51:45 +0000] "GET /wp-content/plugins/jet-theme-core/assets/css/frontend.css?ver=2.3.1.1 HTTP/1.1" 304 - "https://autozone.com.sa//shop/" "Mozilla/5.0 (Linux; Android 10; K) AppleWebKit/537.36 (KHTML, like Gecko) Chrome/146.0.0.0 Mobile Safari/537.36"
2001:16a4:63:1513:18a0:d17f:90bd:f3ae - - [28/Mar/2026:13:51:45 +0000] "GET /wp-content/plugins/elementor-pro/assets/css/modules/motion-fx.min.css?ver=3.35.1 HTTP/1.1" 200 310 "https://autozone.com.sa//shop/" "Mozilla/5.0 (Linux; Android 10; K) AppleWebKit/537.36 (KHTML, like Gecko) Chrome/146.0.0.0 Mobile Safari/537.36"
2001:16a4:63:1513:18a0:d17f:90bd:f3ae - - [28/Mar/2026:13:51:45 +0000] "GET /wp-content/plugins/jet-tabs/assets/css/jet-tabs-frontend.css?ver=2.2.10 HTTP/1.1" 200 4018 "https://autozone.com.sa//shop/" "Mozilla/5.0 (Linux; Android 10; K) AppleWebKit/537.36 (KHTML, like Gecko) Chrome/146.0.0.0 Mobile Safari/537.36"
2001:16a4:63:1513:18a0:d17f:90bd:f3ae - - [28/Mar/2026:13:51:46 +0000] "GET /wp-content/uploads/2025/01/AZ_Original_AR-768x222.png HTTP/1.1" 304 - "https://autozone.com.sa//shop/" "Mozilla/5.0 (Linux; Android 10; K) AppleWebKit/537.36 (KHTML, like Gecko) Chrome/146.0.0.0 Mobile Safari/537.36"
2001:16a4:63:1513:18a0:d17f:90bd:f3ae - - [28/Mar/2026:13:51:46 +0000] "GET /wp-content/plugins/jet-smart-filters/assets/css/public.css?ver=3.7.3 HTTP/1.1" 200 10762 "https://autozone.com.sa//shop/" "Mozilla/5.0 (Linux; Android 10; K) AppleWebKit/537.36 (KHTML, like Gecko) Chrome/146.0.0.0 Mobile Safari/537.36"
2001:16a4:63:1513:18a0:d17f:90bd:f3ae - - [28/Mar/2026:13:51:46 +0000] "GET /wp-content/plugins/bdthemes-element-pack/assets/css/ep-helper.rtl.css?ver=9.1.1 HTTP/1.1" 200 6507 "https://autozone.com.sa//shop/" "Mozilla/5.0 (Linux; Android 10; K) AppleWebKit/537.36 (KHTML, like Gecko) Chrome/146.0.0.0 Mobile Safari/537.36"
2001:16a4:63:1513:18a0:d17f:90bd:f3ae - - [28/Mar/2026:13:51:46 +0000] "GET /wp-content/uploads/2024/12/Untitled-design-53-768x222.webp HTTP/1.1" 200 32478 "https://autozone.com.sa//shop/" "Mozilla/5.0 (Linux; Android 10; K) AppleWebKit/537.36 (KHTML, like Gecko) Chrome/146.0.0.0 Mobile Safari/537.36"
2001:16a4:63:1513:18a0:d17f:90bd:f3ae - - [28/Mar/2026:13:51:46 +0000] "GET /wp-content/uploads/2025/01/AZ_White_AR-768x222.png HTTP/1.1" 304 - "https://autozone.com.sa//shop/" "Mozilla/5.0 (Linux; Android 10; K) AppleWebKit/537.36 (KHTML, like Gecko) Chrome/146.0.0.0 Mobile Safari/537.36"
2001:16a4:63:1513:18a0:d17f:90bd:f3ae - - [28/Mar/2026:13:51:46 +0000] "GET /wp-content/plugins/woocommerce/assets/css/photoswipe/photoswipe.min.css?ver=10.6.1 HTTP/1.1" 200 983 "https://autozone.com.sa//shop/" "Mozilla/5.0 (Linux; Android 10; K) AppleWebKit/537.36 (KHTML, like Gecko) Chrome/146.0.0.0 Mobile Safari/537.36"
2001:16a4:63:1513:18a0:d17f:90bd:f3ae - - [28/Mar/2026:13:51:46 +0000] "GET /wp-content/plugins/jetformbuilder/modules/blocks-v2/text-field/assets/build/frontend/field.css?ver=16395ed38b7c1e8808d6 HTTP/1.1" 200 243 "https://autozone.com.sa//shop/" "Mozilla/5.0 (Linux; Android 10; K) AppleWebKit/537.36 (KHTML, like Gecko) Chrome/146.0.0.0 Mobile Safari/537.36"
2001:16a4:63:1513:18a0:d17f:90bd:f3ae - - [28/Mar/2026:13:51:46 +0000] "GET /wp-content/uploads/2025/01/333d.png HTTP/1.1" 304 - "https://autozone.com.sa//shop/" "Mozilla/5.0 (Linux; Android 10; K) AppleWebKit/537.36 (KHTML, like Gecko) Chrome/146.0.0.0 Mobile Safari/537.36"
2001:16a4:63:1513:18a0:d17f:90bd:f3ae - - [28/Mar/2026:13:51:46 +0000] "GET /wp-content/plugins/jet-smart-filters/assets/js/public.js?ver=3.7.3 HTTP/1.1" 200 34710 "https://autozone.com.sa//shop/" "Mozilla/5.0 (Linux; Android 10; K) AppleWebKit/537.36 (KHTML, like Gecko) Chrome/146.0.0.0 Mobile Safari/537.36"
2001:16a4:63:1513:18a0:d17f:90bd:f3ae - - [28/Mar/2026:13:51:46 +0000] "GET /wp-includes/js/jquery/ui/datepicker.min.js?ver=1.13.3 HTTP/1.1" 200 10907 "https://autozone.com.sa//shop/" "Mozilla/5.0 (Linux; Android 10; K) AppleWebKit/537.36 (KHTML, like Gecko) Chrome/146.0.0.0 Mobile Safari/537.36"
2001:16a4:63:1513:18a0:d17f:90bd:f3ae - - [28/Mar/2026:13:51:46 +0000] "GET /wp-content/plugins/jet-blocks/assets/js/jet-blocks.min.js?ver=1.3.22 HTTP/1.1" 200 6050 "https://autozone.com.sa//shop/" "Mozilla/5.0 (Linux; Android 10; K) AppleWebKit/537.36 (KHTML, like Gecko) Chrome/146.0.0.0 Mobile Safari/537.36"
2001:16a4:63:1513:18a0:d17f:90bd:f3ae - - [28/Mar/2026:13:51:46 +0000] "GET /wp-content/plugins/jet-tricks/assets/js/lib/tippy/tippy-bundle.js?ver=6.3.7 HTTP/1.1" 200 18902 "https://autozone.com.sa//shop/" "Mozilla/5.0 (Linux; Android 10; K) AppleWebKit/537.36 (KHTML, like Gecko) Chrome/146.0.0.0 Mobile Safari/537.36"
2001:16a4:63:1513:18a0:d17f:90bd:f3ae - - [28/Mar/2026:13:51:46 +0000] "GET /wp-content/plugins/jet-compare-wishlist/assets/js/dist/frontend.js?ver=1.5.12.2 HTTP/1.1" 200 1933 "https://autozone.com.sa//shop/" "Mozilla/5.0 (Linux; Android 10; K) AppleWebKit/537.36 (KHTML, like Gecko) Chrome/146.0.0.0 Mobile Safari/537.36"
2001:16a4:63:1513:18a0:d17f:90bd:f3ae - - [28/Mar/2026:13:51:46 +0000] "GET /wp-content/plugins/elementor-pro/assets/js/elements-handlers.min.js?ver=3.35.1 HTTP/1.1" 200 10559 "https://autozone.com.sa//shop/" "Mozilla/5.0 (Linux; Android 10; K) AppleWebKit/537.36 (KHTML, like Gecko) Chrome/146.0.0.0 Mobile Safari/537.36"
2001:16a4:63:1513:18a0:d17f:90bd:f3ae - - [28/Mar/2026:13:51:46 +0000] "GET /wp-content/plugins/elementor-pro/assets/js/frontend.min.js?ver=3.35.1 HTTP/1.1" 200 6434 "https://autozone.com.sa//shop/" "Mozilla/5.0 (Linux; Android 10; K) AppleWebKit/537.36 (KHTML, like Gecko) Chrome/146.0.0.0 Mobile Safari/537.36"
2001:16a4:63:1513:18a0:d17f:90bd:f3ae - - [28/Mar/2026:13:51:46 +0000] "GET /wp-content/plugins/jet-blog/assets/js/jet-blog.min.js?ver=2.4.8 HTTP/1.1" 200 3569 "https://autozone.com.sa//shop/" "Mozilla/5.0 (Linux; Android 10; K) AppleWebKit/537.36 (KHTML, like Gecko) Chrome/146.0.0.0 Mobile Safari/537.36"
2001:16a4:63:1513:18a0:d17f:90bd:f3ae - - [28/Mar/2026:13:51:46 +0000] "GET /wp-content/plugins/jet-elements/assets/js/jet-elements.min.js?ver=2.8.1.1 HTTP/1.1" 200 7384 "https://autozone.com.sa//shop/" "Mozilla/5.0 (Linux; Android 10; K) AppleWebKit/537.36 (KHTML, like Gecko) Chrome/146.0.0.0 Mobile Safari/537.36"
2001:16a4:63:1513:18a0:d17f:90bd:f3ae - - [28/Mar/2026:13:51:46 +0000] "GET /wp-content/plugins/jetformbuilder/assets/build/frontend/conditional.block.js?ver=3.5.6.3 HTTP/1.1" 200 3268 "https://autozone.com.sa//shop/" "Mozilla/5.0 (Linux; Android 10; K) AppleWebKit/537.36 (KHTML, like Gecko) Chrome/146.0.0.0 Mobile Safari/537.36"
2001:16a4:63:1513:18a0:d17f:90bd:f3ae - - [28/Mar/2026:13:51:46 +0000] "GET /wp-content/plugins/jet-elements/assets/js/lib/tweenjs/tweenjs.min.js?ver=2.0.2 HTTP/1.1" 200 38470 "https://autozone.com.sa//shop/" "Mozilla/5.0 (Linux; Android 10; K) AppleWebKit/537.36 (KHTML, like Gecko) Chrome/146.0.0.0 Mobile Safari/537.36"
2001:16a4:63:1513:18a0:d17f:90bd:f3ae - - [28/Mar/2026:13:51:46 +0000] "GET /wp-content/plugins/ultimate-post-kit/assets/js/upk-site.min.js?ver=4.1.4 HTTP/1.1" 200 255 "https://autozone.com.sa//shop/" "Mozilla/5.0 (Linux; Android 10; K) AppleWebKit/537.36 (KHTML, like Gecko) Chrome/146.0.0.0 Mobile Safari/537.36"
2001:16a4:63:1513:18a0:d17f:90bd:f3ae - - [28/Mar/2026:13:51:46 +0000] "GET /wp-content/plugins/elementor-pro/assets/js/webpack-pro.runtime.min.js?ver=3.35.1 HTTP/1.1" 200 2856 "https://autozone.com.sa//shop/" "Mozilla/5.0 (Linux; Android 10; K) AppleWebKit/537.36 (KHTML, like Gecko) Chrome/146.0.0.0 Mobile Safari/537.36"
2001:16a4:63:1513:18a0:d17f:90bd:f3ae - - [28/Mar/2026:13:51:46 +0000] "GET /wp-content/plugins/elementor/assets/js/frontend.min.js?ver=3.35.4 HTTP/1.1" 200 10325 "https://autozone.com.sa//shop/" "Mozilla/5.0 (Linux; Android 10; K) AppleWebKit/537.36 (KHTML, like Gecko) Chrome/146.0.0.0 Mobile Safari/537.36"
2001:16a4:63:1513:18a0:d17f:90bd:f3ae - - [28/Mar/2026:13:51:46 +0000] "GET /wp-content/plugins/jet-popup/includes/elementor/assets/js/jet-popup-elementor-frontend.js?ver=2.0.21.1 HTTP/1.1" 200 2342 "https://autozone.com.sa//shop/" "Mozilla/5.0 (Linux; Android 10; K) AppleWebKit/537.36 (KHTML, like Gecko) Chrome/146.0.0.0 Mobile Safari/537.36"
2001:16a4:63:1513:18a0:d17f:90bd:f3ae - - [28/Mar/2026:13:51:46 +0000] "GET /wp-content/plugins/jetformbuilder/modules/blocks-v2/text-field/assets/build/frontend/field.js?ver=16395ed38b7c1e8808d6 HTTP/1.1" 200 597 "https://autozone.com.sa//shop/" "Mozilla/5.0 (Linux; Android 10; K) AppleWebKit/537.36 (KHTML, like Gecko) Chrome/146.0.0.0 Mobile Safari/537.36"
2001:16a4:63:1513:18a0:d17f:90bd:f3ae - - [28/Mar/2026:13:51:46 +0000] "GET /wp-content/plugins/jetformbuilder/assets/build/frontend/main.js?ver=a8ff8d24b43df9ed7e99 HTTP/1.1" 200 12924 "https://autozone.com.sa//shop/" "Mozilla/5.0 (Linux; Android 10; K) AppleWebKit/537.36 (KHTML, like Gecko) Chrome/146.0.0.0 Mobile Safari/537.36"
2001:16a4:63:1513:18a0:d17f:90bd:f3ae - - [28/Mar/2026:13:51:46 +0000] "GET /wp-content/plugins/jetformbuilder/modules/deprecated/assets/build/frontend.js?ver=120e75a68931b79be3f4 HTTP/1.1" 200 375 "https://autozone.com.sa//shop/" "Mozilla/5.0 (Linux; Android 10; K) AppleWebKit/537.36 (KHTML, like Gecko) Chrome/146.0.0.0 Mobile Safari/537.36"
2001:16a4:63:1513:18a0:d17f:90bd:f3ae - - [28/Mar/2026:13:51:46 +0000] "GET /wp-content/plugins/elementor/assets/js/webpack.runtime.min.js?ver=3.35.4 HTTP/1.1" 200 2476 "https://autozone.com.sa//shop/" "Mozilla/5.0 (Linux; Android 10; K) AppleWebKit/537.36 (KHTML, like Gecko) Chrome/146.0.0.0 Mobile Safari/537.36"
2001:16a4:63:1513:18a0:d17f:90bd:f3ae - - [28/Mar/2026:13:51:46 +0000] "GET /wp-content/plugins/elementor/assets/js/frontend-modules.min.js?ver=3.35.4 HTTP/1.1" 200 15944 "https://autozone.com.sa//shop/" "Mozilla/5.0 (Linux; Android 10; K) AppleWebKit/537.36 (KHTML, like Gecko) Chrome/146.0.0.0 Mobile Safari/537.36"
2001:16a4:63:1513:18a0:d17f:90bd:f3ae - - [28/Mar/2026:13:51:46 +0000] "GET /wp-content/plugins/jetformbuilder/modules/option-field/assets/build/select.js?ver=0edd78a6f12e2b918b82 HTTP/1.1" 200 752 "https://autozone.com.sa//shop/" "Mozilla/5.0 (Linux; Android 10; K) AppleWebKit/537.36 (KHTML, like Gecko) Chrome/146.0.0.0 Mobile Safari/537.36"
2001:16a4:63:1513:18a0:d17f:90bd:f3ae - - [28/Mar/2026:13:51:46 +0000] "GET /wp-content/plugins/pixelyoursite/dist/scripts/public.js?ver=11.2.0.4 HTTP/1.1" 200 25524 "https://autozone.com.sa//shop/" "Mozilla/5.0 (Linux; Android 10; K) AppleWebKit/537.36 (KHTML, like Gecko) Chrome/146.0.0.0 Mobile Safari/537.36"
2001:16a4:63:1513:18a0:d17f:90bd:f3ae - - [28/Mar/2026:13:51:46 +0000] "GET /wp-content/plugins/jet-tricks/assets/js/jet-tricks-frontend.js?ver=1.5.10 HTTP/1.1" 200 10023 "https://autozone.com.sa//shop/" "Mozilla/5.0 (Linux; Android 10; K) AppleWebKit/537.36 (KHTML, like Gecko) Chrome/146.0.0.0 Mobile Safari/537.36"
2001:16a4:63:1513:18a0:d17f:90bd:f3ae - - [28/Mar/2026:13:51:46 +0000] "GET /wp-content/plugins/jet-blocks/assets/js/lib/jsticky/jquery.jsticky.min.js?ver=1.1.0 HTTP/1.1" 200 623 "https://autozone.com.sa//shop/" "Mozilla/5.0 (Linux; Android 10; K) AppleWebKit/537.36 (KHTML, like Gecko) Chrome/146.0.0.0 Mobile Safari/537.36"
2001:16a4:63:1513:18a0:d17f:90bd:f3ae - - [28/Mar/2026:13:51:46 +0000] "GET /wp-content/plugins/jet-tabs/assets/js/jet-tabs-frontend.min.js?ver=2.2.10 HTTP/1.1" 200 6421 "https://autozone.com.sa//shop/" "Mozilla/5.0 (Linux; Android 10; K) AppleWebKit/537.36 (KHTML, like Gecko) Chrome/146.0.0.0 Mobile Safari/537.36"
2001:16a4:63:1513:18a0:d17f:90bd:f3ae - - [28/Mar/2026:13:51:46 +0000] "GET /wp-content/plugins/jetformbuilder/modules/option-field/assets/build/checkbox.js?ver=6e25adbbae5a5d1bb65e HTTP/1.1" 200 1661 "https://autozone.com.sa//shop/" "Mozilla/5.0 (Linux; Android 10; K) AppleWebKit/537.36 (KHTML, like Gecko) Chrome/146.0.0.0 Mobile Safari/537.36"
2001:16a4:63:1513:18a0:d17f:90bd:f3ae - - [28/Mar/2026:13:51:46 +0000] "GET /wp-includes/js/jquery/ui/core.min.js?ver=1.13.3 HTTP/1.1" 200 7106 "https://autozone.com.sa//shop/" "Mozilla/5.0 (Linux; Android 10; K) AppleWebKit/537.36 (KHTML, like Gecko) Chrome/146.0.0.0 Mobile Safari/537.36"
