2001:16a4:374:6e32:dda9:967d:9a82:a7a4 - - [28/May/2026:14:37:29 +0000] "GET /wp-content/uploads/al_opt_content/IMAGE/autozone.com.sa/wp-content/uploads/2026/02/BGC_7090-copy-300x300.webp?bv_host=autozone.com.sa&bv-resized-infos=bv_resized_mobile%3A300%2A300%3Bbv_resized_ipad%3A300%2A300%3Bbv_resized_desktop%3A300%2A300 HTTP/1.1" 200 24723 "https://autozone.com.sa/shop/page/2/" "Mozilla/5.0 (Macintosh; Intel Mac OS X 10_15_7) AppleWebKit/605.1.15 (KHTML, like Gecko) Version/16.6.2 Safari/605.1.15"
2001:16a4:374:6e32:dda9:967d:9a82:a7a4 - - [28/May/2026:14:37:29 +0000] "GET /wp-content/uploads/al_opt_content/IMAGE/autozone.com.sa/wp-content/uploads/2026/01/6658342119175c0718d2fbc5_min-8-p-2000-300x300.webp?bv_host=autozone.com.sa&bv-resized-infos=bv_resized_mobile%3A300%2A300%3Bbv_resized_ipad%3A300%2A300%3Bbv_resized_desktop%3A300%2A300 HTTP/1.1" 200 13005 "https://autozone.com.sa/shop/page/2/" "Mozilla/5.0 (Macintosh; Intel Mac OS X 10_15_7) AppleWebKit/605.1.15 (KHTML, like Gecko) Version/16.6.2 Safari/605.1.15"
77.232.124.154 - - [28/May/2026:14:37:30 +0000] "GET /wp-content/uploads/2026/01/BGC_5738-copy-300x300.webp HTTP/1.1" 200 11601 "https://autozone.com.sa/shop/page/3/" "Mozilla/5.0 (iPhone; CPU iPhone OS 18_5 like Mac OS X) AppleWebKit/605.1.15 (KHTML, like Gecko) Version/18.5 Mobile/15E148 Safari/604.1"
2001:16a4:374:6e32:dda9:967d:9a82:a7a4 - - [28/May/2026:14:37:32 +0000] "GET /wp-content/uploads/al_opt_content/IMAGE/autozone.com.sa/wp-content/uploads/2025/07/BGC_6080-300x300.webp?bv_host=autozone.com.sa&bv-resized-infos=bv_resized_mobile%3A300%2A300%3Bbv_resized_ipad%3A300%2A300%3Bbv_resized_desktop%3A300%2A300 HTTP/1.1" 200 11475 "https://autozone.com.sa/shop/page/2/" "Mozilla/5.0 (Macintosh; Intel Mac OS X 10_15_7) AppleWebKit/605.1.15 (KHTML, like Gecko) Version/16.6.2 Safari/605.1.15"
2001:16a4:374:6e32:dda9:967d:9a82:a7a4 - - [28/May/2026:14:37:34 +0000] "GET /wp-content/uploads/al_opt_content/IMAGE/autozone.com.sa/wp-content/uploads/2025/04/3BGC_0008-scaled-copy-300x300.webp?bv_host=autozone.com.sa&bv-resized-infos=bv_resized_mobile%3A300%2A300%3Bbv_resized_ipad%3A300%2A300%3Bbv_resized_desktop%3A300%2A300 HTTP/1.1" 200 16190 "https://autozone.com.sa/shop/page/2/" "Mozilla/5.0 (Macintosh; Intel Mac OS X 10_15_7) AppleWebKit/605.1.15 (KHTML, like Gecko) Version/16.6.2 Safari/605.1.15"
77.232.124.154 - - [28/May/2026:14:37:35 +0000] "GET /shop/page/4/ HTTP/1.1" 200 34668 "https://autozone.com.sa/shop/page/3/" "Mozilla/5.0 (iPhone; CPU iPhone OS 18_5 like Mac OS X) AppleWebKit/605.1.15 (KHTML, like Gecko) Version/18.5 Mobile/15E148 Safari/604.1"
77.232.124.154 - - [28/May/2026:14:37:38 +0000] "POST /?wc-ajax=get_refreshed_fragments HTTP/1.1" 200 858 "https://autozone.com.sa/shop/page/4/" "Mozilla/5.0 (iPhone; CPU iPhone OS 18_5 like Mac OS X) AppleWebKit/605.1.15 (KHTML, like Gecko) Version/18.5 Mobile/15E148 Safari/604.1"
77.232.124.154 - - [28/May/2026:14:37:38 +0000] "POST /wp-json/iawp/search HTTP/1.1" 200 36 "https://autozone.com.sa/shop/page/4/" "Mozilla/5.0 (iPhone; CPU iPhone OS 18_5 like Mac OS X) AppleWebKit/605.1.15 (KHTML, like Gecko) Version/18.5 Mobile/15E148 Safari/604.1"
77.232.124.154 - - [28/May/2026:14:37:40 +0000] "GET /wp-content/uploads/2025/04/BGC_9911-300x300.jpg HTTP/1.1" 200 20057 "https://autozone.com.sa/shop/page/4/" "Mozilla/5.0 (iPhone; CPU iPhone OS 18_5 like Mac OS X) AppleWebKit/605.1.15 (KHTML, like Gecko) Version/18.5 Mobile/15E148 Safari/604.1"
172.105.42.26 - - [28/May/2026:14:37:50 +0000] "POST /wp-cron.php?doing_wp_cron=1779979070.7492239475250244140625 HTTP/1.1" 200 20 "-" "WordPress/7.0; https://autozone.com.sa"
77.232.124.154 - - [28/May/2026:14:37:48 +0000] "GET /shop/page/5/ HTTP/1.1" 200 34916 "https://autozone.com.sa/shop/page/4/" "Mozilla/5.0 (iPhone; CPU iPhone OS 18_5 like Mac OS X) AppleWebKit/605.1.15 (KHTML, like Gecko) Version/18.5 Mobile/15E148 Safari/604.1"
77.232.124.154 - - [28/May/2026:14:37:51 +0000] "GET /wp-content/uploads/2025/07/BGC_7613-300x300.webp HTTP/1.1" 200 7521 "https://autozone.com.sa/shop/page/5/" "Mozilla/5.0 (iPhone; CPU iPhone OS 18_5 like Mac OS X) AppleWebKit/605.1.15 (KHTML, like Gecko) Version/18.5 Mobile/15E148 Safari/604.1"
77.232.124.154 - - [28/May/2026:14:37:52 +0000] "GET /wp-content/uploads/2025/02/arrizo-5-feature-300x300.webp HTTP/1.1" 200 14645 "https://autozone.com.sa/shop/page/5/" "Mozilla/5.0 (iPhone; CPU iPhone OS 18_5 like Mac OS X) AppleWebKit/605.1.15 (KHTML, like Gecko) Version/18.5 Mobile/15E148 Safari/604.1"
77.232.124.154 - - [28/May/2026:14:37:52 +0000] "GET /wp-content/uploads/2025/02/arrizo-8-feature-300x300.webp HTTP/1.1" 200 17822 "https://autozone.com.sa/shop/page/5/" "Mozilla/5.0 (iPhone; CPU iPhone OS 18_5 like Mac OS X) AppleWebKit/605.1.15 (KHTML, like Gecko) Version/18.5 Mobile/15E148 Safari/604.1"
77.232.124.154 - - [28/May/2026:14:37:53 +0000] "GET /wp-content/uploads/al_opt_content/IMAGE/autozone.com.sa/wp-content/uploads/2026/01/03-300x300.webp?bv_host=autozone.com.sa&bv-resized-infos=bv_resized_mobile%3A300%2A300%3Bbv_resized_ipad%3A300%2A300%3Bbv_resized_desktop%3A300%2A300 HTTP/1.1" 200 12255 "https://autozone.com.sa/shop/page/5/" "Mozilla/5.0 (iPhone; CPU iPhone OS 18_5 like Mac OS X) AppleWebKit/605.1.15 (KHTML, like Gecko) Version/18.5 Mobile/15E148 Safari/604.1"
77.232.124.154 - - [28/May/2026:14:37:53 +0000] "GET /wp-content/uploads/2025/02/tiggo-7-feature-300x300.webp HTTP/1.1" 200 16621 "https://autozone.com.sa/shop/page/5/" "Mozilla/5.0 (iPhone; CPU iPhone OS 18_5 like Mac OS X) AppleWebKit/605.1.15 (KHTML, like Gecko) Version/18.5 Mobile/15E148 Safari/604.1"
77.232.124.154 - - [28/May/2026:14:37:52 +0000] "POST /?wc-ajax=get_refreshed_fragments HTTP/1.1" 200 858 "https://autozone.com.sa/shop/page/5/" "Mozilla/5.0 (iPhone; CPU iPhone OS 18_5 like Mac OS X) AppleWebKit/605.1.15 (KHTML, like Gecko) Version/18.5 Mobile/15E148 Safari/604.1"
77.232.124.154 - - [28/May/2026:14:37:52 +0000] "POST /wp-json/iawp/search HTTP/1.1" 200 36 "https://autozone.com.sa/shop/page/5/" "Mozilla/5.0 (iPhone; CPU iPhone OS 18_5 like Mac OS X) AppleWebKit/605.1.15 (KHTML, like Gecko) Version/18.5 Mobile/15E148 Safari/604.1"
77.232.124.154 - - [28/May/2026:14:37:56 +0000] "GET /wp-content/uploads/2025/07/BGC_5036-300x300.webp HTTP/1.1" 200 9535 "https://autozone.com.sa/shop/page/5/" "Mozilla/5.0 (iPhone; CPU iPhone OS 18_5 like Mac OS X) AppleWebKit/605.1.15 (KHTML, like Gecko) Version/18.5 Mobile/15E148 Safari/604.1"
77.232.124.154 - - [28/May/2026:14:37:56 +0000] "GET /wp-content/uploads/al_opt_content/IMAGE/autozone.com.sa/wp-content/uploads/2025/04/BGC_0008-scaled-copy-300x300.webp?bv_host=autozone.com.sa&bv-resized-infos=bv_resized_mobile%3A300%2A300%3Bbv_resized_ipad%3A300%2A300%3Bbv_resized_desktop%3A300%2A300 HTTP/1.1" 200 18232 "https://autozone.com.sa/shop/page/5/" "Mozilla/5.0 (iPhone; CPU iPhone OS 18_5 like Mac OS X) AppleWebKit/605.1.15 (KHTML, like Gecko) Version/18.5 Mobile/15E148 Safari/604.1"
77.232.124.154 - - [28/May/2026:14:38:03 +0000] "GET /wp-content/uploads/2026/01/02-1-300x300.webp HTTP/1.1" 200 8175 "https://autozone.com.sa/shop/page/5/" "Mozilla/5.0 (iPhone; CPU iPhone OS 18_5 like Mac OS X) AppleWebKit/605.1.15 (KHTML, like Gecko) Version/18.5 Mobile/15E148 Safari/604.1"
77.232.124.154 - - [28/May/2026:14:38:04 +0000] "GET /wp-content/uploads/2026/01/BGC_5738-copy-15-300x300.webp HTTP/1.1" 200 19647 "https://autozone.com.sa/shop/page/5/" "Mozilla/5.0 (iPhone; CPU iPhone OS 18_5 like Mac OS X) AppleWebKit/605.1.15 (KHTML, like Gecko) Version/18.5 Mobile/15E148 Safari/604.1"
77.232.124.154 - - [28/May/2026:14:38:05 +0000] "GET /product/kia-pegas-ex-2025/ HTTP/1.1" 200 38280 "https://autozone.com.sa/shop/page/5/" "Mozilla/5.0 (iPhone; CPU iPhone OS 18_5 like Mac OS X) AppleWebKit/605.1.15 (KHTML, like Gecko) Version/18.5 Mobile/15E148 Safari/604.1"
77.232.124.154 - - [28/May/2026:14:38:08 +0000] "GET /wp-content/uploads/2026/01/02-1-1536x1024.webp HTTP/1.1" 200 49860 "https://autozone.com.sa/product/kia-pegas-ex-2025/" "Mozilla/5.0 (iPhone; CPU iPhone OS 18_5 like Mac OS X) AppleWebKit/605.1.15 (KHTML, like Gecko) Version/18.5 Mobile/15E148 Safari/604.1"
77.232.124.154 - - [28/May/2026:14:38:08 +0000] "GET /wp-content/plugins/woocommerce/assets/js/zoom/jquery.zoom.min.js?ver=1.7.21-wc.10.8.0 HTTP/1.1" 200 1192 "-" "Mozilla/5.0 (iPhone; CPU iPhone OS 18_5 like Mac OS X) AppleWebKit/605.1.15 (KHTML, like Gecko) Version/18.5 Mobile/15E148 Safari/604.1"
77.232.124.154 - - [28/May/2026:14:38:08 +0000] "GET /wp-content/plugins/woocommerce/assets/js/photoswipe/photoswipe.min.js?ver=4.1.1-wc.10.8.0 HTTP/1.1" 200 12042 "-" "Mozilla/5.0 (iPhone; CPU iPhone OS 18_5 like Mac OS X) AppleWebKit/605.1.15 (KHTML, like Gecko) Version/18.5 Mobile/15E148 Safari/604.1"
77.232.124.154 - - [28/May/2026:14:38:08 +0000] "GET /wp-content/plugins/woocommerce/assets/js/photoswipe/photoswipe-ui-default.min.js?ver=4.1.1-wc.10.8.0 HTTP/1.1" 200 3674 "-" "Mozilla/5.0 (iPhone; CPU iPhone OS 18_5 like Mac OS X) AppleWebKit/605.1.15 (KHTML, like Gecko) Version/18.5 Mobile/15E148 Safari/604.1"
77.232.124.154 - - [28/May/2026:14:38:08 +0000] "GET /wp-content/plugins/woocommerce/assets/js/frontend/single-product.min.js?ver=10.8.0 HTTP/1.1" 200 2937 "-" "Mozilla/5.0 (iPhone; CPU iPhone OS 18_5 like Mac OS X) AppleWebKit/605.1.15 (KHTML, like Gecko) Version/18.5 Mobile/15E148 Safari/604.1"
77.232.124.154 - - [28/May/2026:14:38:09 +0000] "GET /wp-content/plugins/woocommerce/assets/js/flexslider/jquery.flexslider.min.js?ver=2.7.2-wc.10.8.0 HTTP/1.1" 200 6204 "-" "Mozilla/5.0 (iPhone; CPU iPhone OS 18_5 like Mac OS X) AppleWebKit/605.1.15 (KHTML, like Gecko) Version/18.5 Mobile/15E148 Safari/604.1"
77.232.124.154 - - [28/May/2026:14:38:10 +0000] "GET /wp-content/uploads/2026/01/02-1-scaled.webp HTTP/1.1" 200 104735 "https://autozone.com.sa/product/kia-pegas-ex-2025/" "Mozilla/5.0 (iPhone; CPU iPhone OS 18_5 like Mac OS X) AppleWebKit/605.1.15 (KHTML, like Gecko) Version/18.5 Mobile/15E148 Safari/604.1"
77.232.124.154 - - [28/May/2026:14:38:10 +0000] "POST /?wc-ajax=get_default_gallery HTTP/1.1" 200 417 "https://autozone.com.sa/product/kia-pegas-ex-2025/" "Mozilla/5.0 (iPhone; CPU iPhone OS 18_5 like Mac OS X) AppleWebKit/605.1.15 (KHTML, like Gecko) Version/18.5 Mobile/15E148 Safari/604.1"
77.232.124.154 - - [28/May/2026:14:38:10 +0000] "POST /?wc-ajax=get_variation_gallery HTTP/1.1" 200 474 "https://autozone.com.sa/product/kia-pegas-ex-2025/" "Mozilla/5.0 (iPhone; CPU iPhone OS 18_5 like Mac OS X) AppleWebKit/605.1.15 (KHTML, like Gecko) Version/18.5 Mobile/15E148 Safari/604.1"
77.232.124.154 - - [28/May/2026:14:38:10 +0000] "POST /?wc-ajax=get_refreshed_fragments HTTP/1.1" 200 858 "https://autozone.com.sa/product/kia-pegas-ex-2025/" "Mozilla/5.0 (iPhone; CPU iPhone OS 18_5 like Mac OS X) AppleWebKit/605.1.15 (KHTML, like Gecko) Version/18.5 Mobile/15E148 Safari/604.1"
77.232.124.154 - - [28/May/2026:14:38:10 +0000] "POST /wp-json/iawp/search HTTP/1.1" 200 36 "https://autozone.com.sa/product/kia-pegas-ex-2025/" "Mozilla/5.0 (iPhone; CPU iPhone OS 18_5 like Mac OS X) AppleWebKit/605.1.15 (KHTML, like Gecko) Version/18.5 Mobile/15E148 Safari/604.1"
77.232.124.154 - - [28/May/2026:14:38:12 +0000] "GET /wp-content/uploads/2026/01/01-1-100x100.webp HTTP/1.1" 200 1643 "https://autozone.com.sa/product/kia-pegas-ex-2025/" "Mozilla/5.0 (iPhone; CPU iPhone OS 18_5 like Mac OS X) AppleWebKit/605.1.15 (KHTML, like Gecko) Version/18.5 Mobile/15E148 Safari/604.1"
77.232.124.154 - - [28/May/2026:14:38:12 +0000] "GET /wp-content/uploads/2026/01/01-1-scaled.webp HTTP/1.1" 200 104445 "https://autozone.com.sa/product/kia-pegas-ex-2025/" "Mozilla/5.0 (iPhone; CPU iPhone OS 18_5 like Mac OS X) AppleWebKit/605.1.15 (KHTML, like Gecko) Version/18.5 Mobile/15E148 Safari/604.1"
77.232.124.154 - - [28/May/2026:14:38:12 +0000] "GET /wp-content/uploads/2026/01/02-1-100x100.webp HTTP/1.1" 200 1865 "https://autozone.com.sa/product/kia-pegas-ex-2025/" "Mozilla/5.0 (iPhone; CPU iPhone OS 18_5 like Mac OS X) AppleWebKit/605.1.15 (KHTML, like Gecko) Version/18.5 Mobile/15E148 Safari/604.1"
77.232.124.154 - - [28/May/2026:14:38:12 +0000] "GET /wp-content/uploads/2026/01/01-1-300x300.webp HTTP/1.1" 200 7161 "https://autozone.com.sa/product/kia-pegas-ex-2025/" "Mozilla/5.0 (iPhone; CPU iPhone OS 18_5 like Mac OS X) AppleWebKit/605.1.15 (KHTML, like Gecko) Version/18.5 Mobile/15E148 Safari/604.1"
77.232.124.154 - - [28/May/2026:14:38:12 +0000] "GET /wp-content/uploads/2026/01/01-1-1536x1024.webp HTTP/1.1" 200 46260 "https://autozone.com.sa/product/kia-pegas-ex-2025/" "Mozilla/5.0 (iPhone; CPU iPhone OS 18_5 like Mac OS X) AppleWebKit/605.1.15 (KHTML, like Gecko) Version/18.5 Mobile/15E148 Safari/604.1"
77.232.124.154 - - [28/May/2026:14:38:12 +0000] "GET /wp-content/uploads/2026/01/02-1-600x400.webp HTTP/1.1" 200 12919 "https://autozone.com.sa/product/kia-pegas-ex-2025/" "Mozilla/5.0 (iPhone; CPU iPhone OS 18_5 like Mac OS X) AppleWebKit/605.1.15 (KHTML, like Gecko) Version/18.5 Mobile/15E148 Safari/604.1"
77.232.124.154 - - [28/May/2026:14:38:12 +0000] "GET /wp-content/uploads/2026/01/01-1-600x400.webp HTTP/1.1" 200 11351 "https://autozone.com.sa/product/kia-pegas-ex-2025/" "Mozilla/5.0 (iPhone; CPU iPhone OS 18_5 like Mac OS X) AppleWebKit/605.1.15 (KHTML, like Gecko) Version/18.5 Mobile/15E148 Safari/604.1"
172.105.42.26 - - [28/May/2026:14:38:23 +0000] "POST /wp-cron.php?doing_wp_cron=1779979103.3254649639129638671875 HTTP/1.1" 200 20 "-" "WordPress/7.0; https://autozone.com.sa"
77.232.124.154 - - [28/May/2026:14:38:21 +0000] "POST /product/kia-pegas-ex-2025/ HTTP/1.1" 200 24730 "https://autozone.com.sa/product/kia-pegas-ex-2025/" "Mozilla/5.0 (iPhone; CPU iPhone OS 18_5 like Mac OS X) AppleWebKit/605.1.15 (KHTML, like Gecko) Version/18.5 Mobile/15E148 Safari/604.1"
77.232.124.154 - - [28/May/2026:14:38:23 +0000] "GET /wp-content/plugins/woocommerce/assets/fonts/WooCommerce.woff2 HTTP/1.1" 200 6498 "https://autozone.com.sa/" "Mozilla/5.0 (iPhone; CPU iPhone OS 18_5 like Mac OS X) AppleWebKit/605.1.15 (KHTML, like Gecko) Version/18.5 Mobile/15E148 Safari/604.1"
77.232.124.154 - - [28/May/2026:14:38:24 +0000] "POST /?wc-ajax=get_default_gallery HTTP/1.1" 200 417 "https://autozone.com.sa/product/kia-pegas-ex-2025/" "Mozilla/5.0 (iPhone; CPU iPhone OS 18_5 like Mac OS X) AppleWebKit/605.1.15 (KHTML, like Gecko) Version/18.5 Mobile/15E148 Safari/604.1"
77.232.124.154 - - [28/May/2026:14:38:24 +0000] "POST /?wc-ajax=get_variation_gallery HTTP/1.1" 200 474 "https://autozone.com.sa/product/kia-pegas-ex-2025/" "Mozilla/5.0 (iPhone; CPU iPhone OS 18_5 like Mac OS X) AppleWebKit/605.1.15 (KHTML, like Gecko) Version/18.5 Mobile/15E148 Safari/604.1"
77.232.124.154 - - [28/May/2026:14:38:24 +0000] "POST /?wc-ajax=get_refreshed_fragments HTTP/1.1" 200 1102 "https://autozone.com.sa/product/kia-pegas-ex-2025/" "Mozilla/5.0 (iPhone; CPU iPhone OS 18_5 like Mac OS X) AppleWebKit/605.1.15 (KHTML, like Gecko) Version/18.5 Mobile/15E148 Safari/604.1"
77.232.124.154 - - [28/May/2026:14:38:24 +0000] "POST /wp-json/iawp/search HTTP/1.1" 200 36 "https://autozone.com.sa/product/kia-pegas-ex-2025/" "Mozilla/5.0 (iPhone; CPU iPhone OS 18_5 like Mac OS X) AppleWebKit/605.1.15 (KHTML, like Gecko) Version/18.5 Mobile/15E148 Safari/604.1"
77.232.124.154 - - [28/May/2026:14:38:34 +0000] "GET /product/kia-pegas-ex-2025/ HTTP/1.1" 200 39695 "https://autozone.com.sa/shop/page/5/" "Mozilla/5.0 (iPhone; CPU iPhone OS 18_5 like Mac OS X) AppleWebKit/605.1.15 (KHTML, like Gecko) Version/18.5 Mobile/15E148 Safari/604.1"
34.195.16.23 - - [28/May/2026:14:38:38 +0000] "GET /robots.txt HTTP/1.1" 200 104 "-" "Mozilla/5.0 (Macintosh; Intel Mac OS X 10_10_1) AppleWebKit/600.2.5 (KHTML, like Gecko) Version/8.0.2 Safari/600.2.5 (Gort)"
77.232.124.154 - - [28/May/2026:14:38:36 +0000] "GET /shop/page/5/ HTTP/1.1" 200 36194 "https://autozone.com.sa/shop/page/4/" "Mozilla/5.0 (iPhone; CPU iPhone OS 18_5 like Mac OS X) AppleWebKit/605.1.15 (KHTML, like Gecko) Version/18.5 Mobile/15E148 Safari/604.1"
77.232.124.154 - - [28/May/2026:14:38:39 +0000] "GET /shop/page/4/ HTTP/1.1" 200 35946 "https://autozone.com.sa/shop/page/3/" "Mozilla/5.0 (iPhone; CPU iPhone OS 18_5 like Mac OS X) AppleWebKit/605.1.15 (KHTML, like Gecko) Version/18.5 Mobile/15E148 Safari/604.1"
172.105.42.26 - - [28/May/2026:14:38:44 +0000] "POST /wp-cron.php?doing_wp_cron=1779979124.8238980770111083984375 HTTP/1.1" 200 20 "-" "WordPress/7.0; https://autozone.com.sa"
77.232.124.154 - - [28/May/2026:14:38:42 +0000] "GET /shop/page/3/ HTTP/1.1" 200 36218 "https://autozone.com.sa/shop/page/2/" "Mozilla/5.0 (iPhone; CPU iPhone OS 18_5 like Mac OS X) AppleWebKit/605.1.15 (KHTML, like Gecko) Version/18.5 Mobile/15E148 Safari/604.1"
172.105.42.26 - - [28/May/2026:14:38:53 +0000] "POST /wp-cron.php?doing_wp_cron=1779979133.1338479518890380859375 HTTP/1.1" 200 20 "-" "WordPress/7.0; https://autozone.com.sa"
77.232.124.154 - - [28/May/2026:14:38:51 +0000] "GET /financial-calculator/ HTTP/1.1" 200 43683 "https://www.google.com/" "Mozilla/5.0 (iPhone; CPU iPhone OS 18_5 like Mac OS X) AppleWebKit/605.1.15 (KHTML, like Gecko) Version/18.5 Mobile/15E148 Safari/604.1"
77.232.124.154 - - [28/May/2026:14:38:53 +0000] "GET /wp-content/plugins/fluentformpro/public/libs/intl-tel-input/css/intlTelInput-rtl.min.css?ver=24.2.0 HTTP/1.1" 200 2970 "https://autozone.com.sa/financial-calculator/" "Mozilla/5.0 (iPhone; CPU iPhone OS 18_5 like Mac OS X) AppleWebKit/605.1.15 (KHTML, like Gecko) Version/18.5 Mobile/15E148 Safari/604.1"
77.232.124.154 - - [28/May/2026:14:38:53 +0000] "GET /wp-content/plugins/fluentform/assets/css/fluentform-public-default-rtl.css?ver=6.2.0 HTTP/1.1" 200 1206 "https://autozone.com.sa/financial-calculator/" "Mozilla/5.0 (iPhone; CPU iPhone OS 18_5 like Mac OS X) AppleWebKit/605.1.15 (KHTML, like Gecko) Version/18.5 Mobile/15E148 Safari/604.1"
77.232.124.154 - - [28/May/2026:14:38:53 +0000] "GET /wp-content/plugins/fluentform/assets/css/fluent-forms-public-rtl.css?ver=6.2.0 HTTP/1.1" 200 5870 "https://autozone.com.sa/financial-calculator/" "Mozilla/5.0 (iPhone; CPU iPhone OS 18_5 like Mac OS X) AppleWebKit/605.1.15 (KHTML, like Gecko) Version/18.5 Mobile/15E148 Safari/604.1"
77.232.124.154 - - [28/May/2026:14:38:53 +0000] "GET /wp-content/uploads/elementor/css/post-1123.css?ver=1779946493 HTTP/1.1" 200 1517 "https://autozone.com.sa/financial-calculator/" "Mozilla/5.0 (iPhone; CPU iPhone OS 18_5 like Mac OS X) AppleWebKit/605.1.15 (KHTML, like Gecko) Version/18.5 Mobile/15E148 Safari/604.1"
77.232.124.154 - - [28/May/2026:14:38:54 +0000] "GET /wp-content/plugins/fluentformpro/public/libs/math-expression.min.js?ver=1.2.17 HTTP/1.1" 200 4172 "-" "Mozilla/5.0 (iPhone; CPU iPhone OS 18_5 like Mac OS X) AppleWebKit/605.1.15 (KHTML, like Gecko) Version/18.5 Mobile/15E148 Safari/604.1"
77.232.124.154 - - [28/May/2026:14:38:54 +0000] "GET /wp-content/plugins/fluentformpro/public/libs/intl-tel-input/js/intlTelInputWithUtils.min.js?ver=25.5.2 HTTP/1.1" 200 72088 "-" "Mozilla/5.0 (iPhone; CPU iPhone OS 18_5 like Mac OS X) AppleWebKit/605.1.15 (KHTML, like Gecko) Version/18.5 Mobile/15E148 Safari/604.1"
77.232.124.154 - - [28/May/2026:14:38:54 +0000] "GET /wp-content/plugins/fluentform/assets/js/fluentform-advanced.js?ver=6.2.0 HTTP/1.1" 200 14511 "-" "Mozilla/5.0 (iPhone; CPU iPhone OS 18_5 like Mac OS X) AppleWebKit/605.1.15 (KHTML, like Gecko) Version/18.5 Mobile/15E148 Safari/604.1"
77.232.124.154 - - [28/May/2026:14:38:54 +0000] "GET /wp-content/plugins/fluentform/assets/js/form-submission.js?ver=6.2.0 HTTP/1.1" 200 8505 "-" "Mozilla/5.0 (iPhone; CPU iPhone OS 18_5 like Mac OS X) AppleWebKit/605.1.15 (KHTML, like Gecko) Version/18.5 Mobile/15E148 Safari/604.1"
77.232.124.154 - - [28/May/2026:14:38:55 +0000] "GET /wp-content/plugins/fluentform/assets/js/form-submission.js?ver=6.2.0 HTTP/1.1" 200 8505 "https://autozone.com.sa/financial-calculator/" "Mozilla/5.0 (iPhone; CPU iPhone OS 18_5 like Mac OS X) AppleWebKit/605.1.15 (KHTML, like Gecko) Version/18.5 Mobile/15E148 Safari/604.1"
77.232.124.154 - - [28/May/2026:14:38:55 +0000] "GET /wp-content/plugins/fluentformpro/public/libs/math-expression.min.js?ver=1.2.17 HTTP/1.1" 200 4172 "https://autozone.com.sa/financial-calculator/" "Mozilla/5.0 (iPhone; CPU iPhone OS 18_5 like Mac OS X) AppleWebKit/605.1.15 (KHTML, like Gecko) Version/18.5 Mobile/15E148 Safari/604.1"
77.232.124.154 - - [28/May/2026:14:38:55 +0000] "GET /wp-content/plugins/fluentform/assets/js/fluentform-advanced.js?ver=6.2.0 HTTP/1.1" 200 14511 "https://autozone.com.sa/financial-calculator/" "Mozilla/5.0 (iPhone; CPU iPhone OS 18_5 like Mac OS X) AppleWebKit/605.1.15 (KHTML, like Gecko) Version/18.5 Mobile/15E148 Safari/604.1"
77.232.124.154 - - [28/May/2026:14:38:55 +0000] "GET /wp-content/plugins/fluentformpro/public/libs/intl-tel-input/js/intlTelInputWithUtils.min.js?ver=25.5.2 HTTP/1.1" 200 72088 "https://autozone.com.sa/financial-calculator/" "Mozilla/5.0 (iPhone; CPU iPhone OS 18_5 like Mac OS X) AppleWebKit/605.1.15 (KHTML, like Gecko) Version/18.5 Mobile/15E148 Safari/604.1"
77.232.124.154 - - [28/May/2026:14:38:55 +0000] "GET /wp-content/plugins/fluentformpro/public/libs/intl-tel-input/img/flags@2x.webp HTTP/1.1" 200 66479 "https://autozone.com.sa/financial-calculator/" "Mozilla/5.0 (iPhone; CPU iPhone OS 18_5 like Mac OS X) AppleWebKit/605.1.15 (KHTML, like Gecko) Version/18.5 Mobile/15E148 Safari/604.1"
77.232.124.154 - - [28/May/2026:14:38:55 +0000] "POST /wp-json/iawp/search HTTP/1.1" 200 36 "https://autozone.com.sa/financial-calculator/" "Mozilla/5.0 (iPhone; CPU iPhone OS 18_5 like Mac OS X) AppleWebKit/605.1.15 (KHTML, like Gecko) Version/18.5 Mobile/15E148 Safari/604.1"
2a03:2880:24ff:4e:: - - [28/May/2026:14:39:02 +0000] "GET /wp-content/uploads/2025/01/1.webp HTTP/1.1" 200 6701 "-" "facebookexternalhit/1.1 (+http://www.facebook.com/externalhit_uatext.php)"
157.55.39.10 - - [28/May/2026:14:39:27 +0000] "GET /product/toyota-yaris-y-2026/ HTTP/1.1" 200 38931 "-" "Mozilla/5.0 AppleWebKit/537.36 (KHTML, like Gecko; compatible; bingbot/2.0; +http://www.bing.com/bingbot.htm) Chrome/116.0.1938.76 Safari/537.36"
40.77.167.54 - - [28/May/2026:14:39:33 +0000] "GET /wp-content/uploads/2025/04/BGC_6377-scaled.webp HTTP/1.1" 200 40490 "-" "Mozilla/5.0 AppleWebKit/537.36 (KHTML, like Gecko; compatible; bingbot/2.0; +http://www.bing.com/bingbot.htm) Chrome/116.0.1938.76 Safari/537.36"
40.77.167.54 - - [28/May/2026:14:39:33 +0000] "GET /shopdetail/26216621 HTTP/1.1" 301 20 "-" "Mozilla/5.0 AppleWebKit/537.36 (KHTML, like Gecko; compatible; bingbot/2.0; +http://www.bing.com/bingbot.htm) Chrome/116.0.1938.76 Safari/537.36"
40.77.167.54 - - [28/May/2026:14:39:35 +0000] "GET /outlet/en/cars-with-pricen-06-min/ HTTP/1.1" 301 20 "-" "Mozilla/5.0 AppleWebKit/537.36 (KHTML, like Gecko; compatible; bingbot/2.0; +http://www.bing.com/bingbot.htm) Chrome/116.0.1938.76 Safari/537.36"
2a03:2880:24ff:49:: - - [28/May/2026:14:39:37 +0000] "GET /wp-content/plugins/all-in-one-seo-pack-pro/images/default-user-image.png HTTP/1.1" 404 16945 "-" "facebookexternalhit/1.1 (+http://www.facebook.com/externalhit_uatext.php)"
172.105.42.26 - - [28/May/2026:14:40:17 +0000] "POST /wp-cron.php?doing_wp_cron=1779979217.7890999317169189453125 HTTP/1.1" 200 20 "-" "WordPress/7.0; https://autozone.com.sa"
78.46.215.1 - - [28/May/2026:14:40:13 +0000] "HEAD / HTTP/1.1" 200 - "https://autozone.com.sa/" "Mozilla/5.0+(compatible; UptimeRobot/2.0; http://www.uptimerobot.com/)"
52.167.144.170 - - [28/May/2026:14:40:24 +0000] "GET /?shopdetail/28559924 HTTP/1.1" 301 20 "-" "Mozilla/5.0 AppleWebKit/537.36 (KHTML, like Gecko; compatible; bingbot/2.0; +http://www.bing.com/bingbot.htm) Chrome/116.0.1938.76 Safari/537.36"
172.171.4.180 - - [28/May/2026:14:40:26 +0000] "GET /en/financial-calculator/ HTTP/1.1" 200 40111 "-" "Mozilla/5.0 AppleWebKit/537.36 (KHTML, like Gecko); compatible; ChatGPT-User/1.0; +https://openai.com/bot"
201.150.158.33 - - [28/May/2026:14:40:29 +0000] "GET /?shopdetail/41726703 HTTP/1.1" 301 20 "https://www.autozone.com.sa/" "Mozilla/5.0 (Windows NT 10.0; Win64; x64) AppleWebKit/537.36 (KHTML, like Gecko) Chrome/135.0.0.0 Safari/537.36"
190.186.82.199 - - [28/May/2026:14:40:32 +0000] "GET /?shopdetail/41726703 HTTP/1.1" 301 20 "https://www.autozone.com.sa/" "Mozilla/5.0 (Windows NT 10.0; Win64; x64) AppleWebKit/537.36 (KHTML, like Gecko) Chrome/135.0.0.0 Safari/537.36"
157.55.39.10 - - [28/May/2026:14:40:36 +0000] "GET /en/engine-capacity/2-0l/?9yudg2=gLVWnygKUF&method=reload HTTP/1.1" 302 20 "-" "Mozilla/5.0 AppleWebKit/537.36 (KHTML, like Gecko; compatible; bingbot/2.0; +http://www.bing.com/bingbot.htm) Chrome/116.0.1938.76 Safari/537.36"
157.55.39.10 - - [28/May/2026:14:40:39 +0000] "GET /en/engine-capacity/2-0l/?reload=1&status=failed HTTP/1.1" 200 33563 "-" "Mozilla/5.0 AppleWebKit/537.36 (KHTML, like Gecko; compatible; bingbot/2.0; +http://www.bing.com/bingbot.htm) Chrome/116.0.1938.76 Safari/537.36"
172.105.42.26 - - [28/May/2026:14:40:45 +0000] "POST /wp-cron.php?doing_wp_cron=1779979245.3983581066131591796875 HTTP/1.1" 200 20 "-" "WordPress/7.0; https://autozone.com.sa"
40.77.167.155 - - [28/May/2026:14:40:43 +0000] "GET /special-offers/digital-ads_web-slider-1200x600-min-14/ HTTP/1.1" 404 16934 "-" "Mozilla/5.0 AppleWebKit/537.36 (KHTML, like Gecko; compatible; bingbot/2.0; +http://www.bing.com/bingbot.htm) Chrome/116.0.1938.76 Safari/537.36"
40.77.167.243 - - [28/May/2026:14:40:44 +0000] "GET /product/suzuki-ertiga-gl-2025/?nocache=1769887347 HTTP/1.1" 200 38468 "-" "Mozilla/5.0 AppleWebKit/537.36 (KHTML, like Gecko; compatible; bingbot/2.0; +http://www.bing.com/bingbot.htm) Chrome/116.0.1938.76 Safari/537.36"
40.77.167.155 - - [28/May/2026:14:40:46 +0000] "GET /en/main-installment-al-ahli-02-2/ HTTP/1.1" 404 15765 "-" "Mozilla/5.0 AppleWebKit/537.36 (KHTML, like Gecko; compatible; bingbot/2.0; +http://www.bing.com/bingbot.htm) Chrome/116.0.1938.76 Safari/537.36"
40.77.167.155 - - [28/May/2026:14:40:47 +0000] "GET /en/product/honda-zr-v-2024/feed/ HTTP/1.1" 200 467 "-" "Mozilla/5.0 AppleWebKit/537.36 (KHTML, like Gecko; compatible; bingbot/2.0; +http://www.bing.com/bingbot.htm) Chrome/116.0.1938.76 Safari/537.36"
172.105.42.26 - - [28/May/2026:14:40:49 +0000] "POST /wp-cron.php?doing_wp_cron=1779979248.9692089557647705078125 HTTP/1.1" 200 20 "-" "WordPress/7.0; https://autozone.com.sa"
157.55.39.10 - - [28/May/2026:14:40:45 +0000] "GET /?shopdetail%2F59990621 HTTP/1.1" 200 65344 "-" "Mozilla/5.0 AppleWebKit/537.36 (KHTML, like Gecko; compatible; bingbot/2.0; +http://www.bing.com/bingbot.htm) Chrome/116.0.1938.76 Safari/537.36"
103.96.71.17 - - [28/May/2026:14:40:51 +0000] "GET /?shopdetail/87720013 HTTP/1.1" 301 20 "https://www.autozone.com.sa/" "Mozilla/5.0 (Macintosh; Intel Mac OS X 10_15_7) AppleWebKit/537.36 (KHTML, like Gecko) Chrome/134.0.0.0 Safari/537.36"
14.191.125.85 - - [28/May/2026:14:40:54 +0000] "GET /?shopdetail/87720013 HTTP/1.1" 301 20 "https://www.autozone.com.sa/" "Mozilla/5.0 (Macintosh; Intel Mac OS X 10_15_7) AppleWebKit/537.36 (KHTML, like Gecko) Chrome/134.0.0.0 Safari/537.36"
40.77.167.243 - - [28/May/2026:14:40:53 +0000] "GET /?shopdetail%2F68386059 HTTP/1.1" 200 65359 "-" "Mozilla/5.0 AppleWebKit/537.36 (KHTML, like Gecko; compatible; bingbot/2.0; +http://www.bing.com/bingbot.htm) Chrome/116.0.1938.76 Safari/537.36"
178.156.128.204 - - [28/May/2026:14:41:04 +0000] "POST /wp-load.php?aeeed9=61114 HTTP/1.1" 200 410080 "-" "BlogVault/1.0 (+https://blogvault.net)"
5.161.201.188 - - [28/May/2026:14:41:15 +0000] "POST /wp-load.php?857737=59895 HTTP/1.1" 200 48075 "https://autozone.com.sa/" "BlogVault/1.0 (+https://blogvault.net)"
2a02:c207:2326:4032::1 - - [28/May/2026:14:41:36 +0000] "GET /wp-content/uploads/2021/02/0-1.jpg HTTP/1.1" 404 16927 "-" "Mozilla/5.0 (Windows NT 10.0; Win64; x64) AppleWebKit/537.36 (KHTML, like Gecko) Chrome/120.0.0.0 Safari/537.36"
172.105.42.26 - - [28/May/2026:14:42:09 +0000] "POST /wp-cron.php?doing_wp_cron=1779979329.8812360763549804687500 HTTP/1.1" 200 20 "-" "WordPress/7.0; https://autozone.com.sa"
2001:16a2:45a4:e200:142b:530e:4276:c0c7 - - [28/May/2026:14:42:07 +0000] "GET /our-offers/ HTTP/1.1" 200 40456 "https://www.google.com/" "Mozilla/5.0 (iPhone; CPU iPhone OS 26_5_0 like Mac OS X) AppleWebKit/605.1.15 (KHTML, like Gecko) CriOS/148.0.7778.166 Mobile/15E148 Safari/604.1"
2001:16a2:45a4:e200:142b:530e:4276:c0c7 - - [28/May/2026:14:42:10 +0000] "GET /wp-content/plugins/fluentform/assets/css/fluent-forms-elementor-widget.css?ver=6.2.0 HTTP/1.1" 200 914 "https://autozone.com.sa/our-offers/" "Mozilla/5.0 (iPhone; CPU iPhone OS 26_5_0 like Mac OS X) AppleWebKit/605.1.15 (KHTML, like Gecko) CriOS/148.0.7778.166 Mobile/15E148 Safari/604.1"
2001:16a2:45a4:e200:142b:530e:4276:c0c7 - - [28/May/2026:14:42:10 +0000] "GET /wp-content/plugins/jet-engine/assets/css/frontend.css?ver=3.8.7 HTTP/1.1" 200 8567 "https://autozone.com.sa/our-offers/" "Mozilla/5.0 (iPhone; CPU iPhone OS 26_5_0 like Mac OS X) AppleWebKit/605.1.15 (KHTML, like Gecko) CriOS/148.0.7778.166 Mobile/15E148 Safari/604.1"
2001:16a2:45a4:e200:142b:530e:4276:c0c7 - - [28/May/2026:14:42:10 +0000] "GET /wp-content/plugins/sitepress-multilingual-cms/templates/language-switchers/menu-item/style.min.css?ver=1 HTTP/1.1" 200 141 "https://autozone.com.sa/our-offers/" "Mozilla/5.0 (iPhone; CPU iPhone OS 26_5_0 like Mac OS X) AppleWebKit/605.1.15 (KHTML, like Gecko) CriOS/148.0.7778.166 Mobile/15E148 Safari/604.1"
2001:16a2:45a4:e200:142b:530e:4276:c0c7 - - [28/May/2026:14:42:10 +0000] "GET /wp-content/plugins/woocommerce/assets/css/woocommerce-smallscreen-rtl.css?ver=10.8.0 HTTP/1.1" 200 1407 "https://autozone.com.sa/our-offers/" "Mozilla/5.0 (iPhone; CPU iPhone OS 26_5_0 like Mac OS X) AppleWebKit/605.1.15 (KHTML, like Gecko) CriOS/148.0.7778.166 Mobile/15E148 Safari/604.1"
2001:16a2:45a4:e200:142b:530e:4276:c0c7 - - [28/May/2026:14:42:10 +0000] "GET /wp-content/plugins/woo-variation-gallery/assets/css/frontend.min.css?ver=1779254503 HTTP/1.1" 200 5657 "https://autozone.com.sa/our-offers/" "Mozilla/5.0 (iPhone; CPU iPhone OS 26_5_0 like Mac OS X) AppleWebKit/605.1.15 (KHTML, like Gecko) CriOS/148.0.7778.166 Mobile/15E148 Safari/604.1"
2001:16a2:45a4:e200:142b:530e:4276:c0c7 - - [28/May/2026:14:42:10 +0000] "GET /wp-content/plugins/woocommerce/assets/css/woocommerce-rtl.css?ver=10.8.0 HTTP/1.1" 200 11139 "https://autozone.com.sa/our-offers/" "Mozilla/5.0 (iPhone; CPU iPhone OS 26_5_0 like Mac OS X) AppleWebKit/605.1.15 (KHTML, like Gecko) CriOS/148.0.7778.166 Mobile/15E148 Safari/604.1"
2001:16a2:45a4:e200:142b:530e:4276:c0c7 - - [28/May/2026:14:42:10 +0000] "GET /wp-content/plugins/jet-popup/assets/css/jet-popup-frontend.css?ver=2.0.21.1 HTTP/1.1" 200 3228 "https://autozone.com.sa/our-offers/" "Mozilla/5.0 (iPhone; CPU iPhone OS 26_5_0 like Mac OS X) AppleWebKit/605.1.15 (KHTML, like Gecko) CriOS/148.0.7778.166 Mobile/15E148 Safari/604.1"
2001:16a2:45a4:e200:142b:530e:4276:c0c7 - - [28/May/2026:14:42:10 +0000] "GET /wp-content/uploads/elementor/css/custom-frontend.min.css?ver=1779946027 HTTP/1.1" 200 7325 "https://autozone.com.sa/our-offers/" "Mozilla/5.0 (iPhone; CPU iPhone OS 26_5_0 like Mac OS X) AppleWebKit/605.1.15 (KHTML, like Gecko) CriOS/148.0.7778.166 Mobile/15E148 Safari/604.1"
2001:16a2:45a4:e200:142b:530e:4276:c0c7 - - [28/May/2026:14:42:10 +0000] "GET /wp-content/plugins/woo-variation-swatches/assets/css/frontend.min.css?ver=2.2.3 HTTP/1.1" 200 4518 "https://autozone.com.sa/our-offers/" "Mozilla/5.0 (iPhone; CPU iPhone OS 26_5_0 like Mac OS X) AppleWebKit/605.1.15 (KHTML, like Gecko) CriOS/148.0.7778.166 Mobile/15E148 Safari/604.1"
2001:16a2:45a4:e200:142b:530e:4276:c0c7 - - [28/May/2026:14:42:10 +0000] "GET /wp-content/themes/hello-elementor/assets/css/theme.css?ver=3.4.6 HTTP/1.1" 200 1271 "https://autozone.com.sa/our-offers/" "Mozilla/5.0 (iPhone; CPU iPhone OS 26_5_0 like Mac OS X) AppleWebKit/605.1.15 (KHTML, like Gecko) CriOS/148.0.7778.166 Mobile/15E148 Safari/604.1"
2001:16a2:45a4:e200:142b:530e:4276:c0c7 - - [28/May/2026:14:42:10 +0000] "GET /wp-content/plugins/elementor/assets/css/widget-heading-rtl.min.css?ver=4.0.4 HTTP/1.1" 200 160 "https://autozone.com.sa/our-offers/" "Mozilla/5.0 (iPhone; CPU iPhone OS 26_5_0 like Mac OS X) AppleWebKit/605.1.15 (KHTML, like Gecko) CriOS/148.0.7778.166 Mobile/15E148 Safari/604.1"
2001:16a2:45a4:e200:142b:530e:4276:c0c7 - - [28/May/2026:14:42:10 +0000] "GET /wp-content/themes/hello-elementor/assets/css/reset.css?ver=3.4.6 HTTP/1.1" 200 1792 "https://autozone.com.sa/our-offers/" "Mozilla/5.0 (iPhone; CPU iPhone OS 26_5_0 like Mac OS X) AppleWebKit/605.1.15 (KHTML, like Gecko) CriOS/148.0.7778.166 Mobile/15E148 Safari/604.1"
2001:16a2:45a4:e200:142b:530e:4276:c0c7 - - [28/May/2026:14:42:10 +0000] "GET /wp-content/uploads/elementor/css/post-6.css?ver=1779946027 HTTP/1.1" 200 669 "https://autozone.com.sa/our-offers/" "Mozilla/5.0 (iPhone; CPU iPhone OS 26_5_0 like Mac OS X) AppleWebKit/605.1.15 (KHTML, like Gecko) CriOS/148.0.7778.166 Mobile/15E148 Safari/604.1"
2001:16a2:45a4:e200:142b:530e:4276:c0c7 - - [28/May/2026:14:42:10 +0000] "GET /wp-content/plugins/jet-blog/assets/css/jet-blog.css?ver=2.4.8 HTTP/1.1" 200 11021 "https://autozone.com.sa/our-offers/" "Mozilla/5.0 (iPhone; CPU iPhone OS 26_5_0 like Mac OS X) AppleWebKit/605.1.15 (KHTML, like Gecko) CriOS/148.0.7778.166 Mobile/15E148 Safari/604.1"
2001:16a2:45a4:e200:142b:530e:4276:c0c7 - - [28/May/2026:14:42:10 +0000] "GET /wp-content/uploads/elementor/css/post-787.css?ver=1779946585 HTTP/1.1" 200 948 "https://autozone.com.sa/our-offers/" "Mozilla/5.0 (iPhone; CPU iPhone OS 26_5_0 like Mac OS X) AppleWebKit/605.1.15 (KHTML, like Gecko) CriOS/148.0.7778.166 Mobile/15E148 Safari/604.1"
2001:16a2:45a4:e200:142b:530e:4276:c0c7 - - [28/May/2026:14:42:10 +0000] "GET /wp-content/plugins/sitepress-multilingual-cms/templates/language-switchers/legacy-list-horizontal/style.min.css?ver=1 HTTP/1.1" 200 315 "https://autozone.com.sa/our-offers/" "Mozilla/5.0 (iPhone; CPU iPhone OS 26_5_0 like Mac OS X) AppleWebKit/605.1.15 (KHTML, like Gecko) CriOS/148.0.7778.166 Mobile/15E148 Safari/604.1"
2001:16a2:45a4:e200:142b:530e:4276:c0c7 - - [28/May/2026:14:42:10 +0000] "GET /wp-content/plugins/woocommerce/assets/css/woocommerce-layout-rtl.css?ver=10.8.0 HTTP/1.1" 200 3422 "https://autozone.com.sa/our-offers/" "Mozilla/5.0 (iPhone; CPU iPhone OS 26_5_0 like Mac OS X) AppleWebKit/605.1.15 (KHTML, like Gecko) CriOS/148.0.7778.166 Mobile/15E148 Safari/604.1"
2001:16a2:45a4:e200:142b:530e:4276:c0c7 - - [28/May/2026:14:42:10 +0000] "GET /wp-includes/css/dashicons.min.css?ver=7.0 HTTP/1.1" 200 35721 "https://autozone.com.sa/our-offers/" "Mozilla/5.0 (iPhone; CPU iPhone OS 26_5_0 like Mac OS X) AppleWebKit/605.1.15 (KHTML, like Gecko) CriOS/148.0.7778.166 Mobile/15E148 Safari/604.1"
2001:16a2:45a4:e200:142b:530e:4276:c0c7 - - [28/May/2026:14:42:10 +0000] "GET /wp-content/uploads/elementor/css/custom-jet-blocks-rtl.css?ver=1779946094&ver=1.4.0 HTTP/1.1" 200 5952 "https://autozone.com.sa/our-offers/" "Mozilla/5.0 (iPhone; CPU iPhone OS 26_5_0 like Mac OS X) AppleWebKit/605.1.15 (KHTML, like Gecko) CriOS/148.0.7778.166 Mobile/15E148 Safari/604.1"
2001:16a2:45a4:e200:142b:530e:4276:c0c7 - - [28/May/2026:14:42:10 +0000] "GET /wp-content/plugins/jet-tabs/assets/css/jet-tabs-frontend.css?ver=2.3.0 HTTP/1.1" 200 4331 "https://autozone.com.sa/our-offers/" "Mozilla/5.0 (iPhone; CPU iPhone OS 26_5_0 like Mac OS X) AppleWebKit/605.1.15 (KHTML, like Gecko) CriOS/148.0.7778.166 Mobile/15E148 Safari/604.1"
2001:16a2:45a4:e200:142b:530e:4276:c0c7 - - [28/May/2026:14:42:10 +0000] "GET /wp-content/plugins/bdthemes-prime-slider-lite/assets/css/prime-slider-site.rtl.css?ver=4.1.12 HTTP/1.1" 200 2961 "https://autozone.com.sa/our-offers/" "Mozilla/5.0 (iPhone; CPU iPhone OS 26_5_0 like Mac OS X) AppleWebKit/605.1.15 (KHTML, like Gecko) CriOS/148.0.7778.166 Mobile/15E148 Safari/604.1"
2001:16a2:45a4:e200:142b:530e:4276:c0c7 - - [28/May/2026:14:42:10 +0000] "GET /wp-content/themes/hello-elementor/assets/css/header-footer.css?ver=3.4.6 HTTP/1.1" 200 1423 "https://autozone.com.sa/our-offers/" "Mozilla/5.0 (iPhone; CPU iPhone OS 26_5_0 like Mac OS X) AppleWebKit/605.1.15 (KHTML, like Gecko) CriOS/148.0.7778.166 Mobile/15E148 Safari/604.1"
2001:16a2:45a4:e200:142b:530e:4276:c0c7 - - [28/May/2026:14:42:10 +0000] "GET /wp-content/plugins/jet-tricks/assets/css/jet-tricks-frontend.css?ver=1.5.10 HTTP/1.1" 200 3414 "https://autozone.com.sa/our-offers/" "Mozilla/5.0 (iPhone; CPU iPhone OS 26_5_0 like Mac OS X) AppleWebKit/605.1.15 (KHTML, like Gecko) CriOS/148.0.7778.166 Mobile/15E148 Safari/604.1"
2001:16a2:45a4:e200:142b:530e:4276:c0c7 - - [28/May/2026:14:42:10 +0000] "GET /wp-content/plugins/elementor/assets/css/conditionals/shapes.min.css?ver=4.0.4 HTTP/1.1" 200 288 "https://autozone.com.sa/our-offers/" "Mozilla/5.0 (iPhone; CPU iPhone OS 26_5_0 like Mac OS X) AppleWebKit/605.1.15 (KHTML, like Gecko) CriOS/148.0.7778.166 Mobile/15E148 Safari/604.1"
2001:16a2:45a4:e200:142b:530e:4276:c0c7 - - [28/May/2026:14:42:10 +0000] "GET /wp-content/plugins/elementor/assets/css/widget-image-rtl.min.css?ver=4.0.4 HTTP/1.1" 200 135 "https://autozone.com.sa/our-offers/" "Mozilla/5.0 (iPhone; CPU iPhone OS 26_5_0 like Mac OS X) AppleWebKit/605.1.15 (KHTML, like Gecko) CriOS/148.0.7778.166 Mobile/15E148 Safari/604.1"
2001:16a2:45a4:e200:142b:530e:4276:c0c7 - - [28/May/2026:14:42:10 +0000] "GET /wp-content/plugins/woocommerce/assets/client/blocks/wc-blocks-rtl.css?ver=wc-10.8.0 HTTP/1.1" 200 2620 "https://autozone.com.sa/our-offers/" "Mozilla/5.0 (iPhone; CPU iPhone OS 26_5_0 like Mac OS X) AppleWebKit/605.1.15 (KHTML, like Gecko) CriOS/148.0.7778.166 Mobile/15E148 Safari/604.1"
2001:16a2:45a4:e200:142b:530e:4276:c0c7 - - [28/May/2026:14:42:10 +0000] "GET /wp-content/plugins/elementor/assets/lib/swiper/v8/css/swiper.min.css?ver=8.4.5 HTTP/1.1" 200 4583 "https://autozone.com.sa/our-offers/" "Mozilla/5.0 (iPhone; CPU iPhone OS 26_5_0 like Mac OS X) AppleWebKit/605.1.15 (KHTML, like Gecko) CriOS/148.0.7778.166 Mobile/15E148 Safari/604.1"
2001:16a2:45a4:e200:142b:530e:4276:c0c7 - - [28/May/2026:14:42:10 +0000] "GET /wp-content/plugins/jet-blog/assets/css/jet-blog-rtl.css?ver=2.4.8 HTTP/1.1" 200 648 "https://autozone.com.sa/our-offers/" "Mozilla/5.0 (iPhone; CPU iPhone OS 26_5_0 like Mac OS X) AppleWebKit/605.1.15 (KHTML, like Gecko) CriOS/148.0.7778.166 Mobile/15E148 Safari/604.1"
2001:16a2:45a4:e200:142b:530e:4276:c0c7 - - [28/May/2026:14:42:10 +0000] "GET /wp-content/plugins/woo-variation-gallery/assets/css/slick.min.css?ver=1.8.1 HTTP/1.1" 200 1108 "https://autozone.com.sa/our-offers/" "Mozilla/5.0 (iPhone; CPU iPhone OS 26_5_0 like Mac OS X) AppleWebKit/605.1.15 (KHTML, like Gecko) CriOS/148.0.7778.166 Mobile/15E148 Safari/604.1"
2001:16a2:45a4:e200:142b:530e:4276:c0c7 - - [28/May/2026:14:42:10 +0000] "GET /wp-content/plugins/elementor/assets/css/conditionals/e-swiper.min.css?ver=4.0.4 HTTP/1.1" 200 799 "https://autozone.com.sa/our-offers/" "Mozilla/5.0 (iPhone; CPU iPhone OS 26_5_0 like Mac OS X) AppleWebKit/605.1.15 (KHTML, like Gecko) CriOS/148.0.7778.166 Mobile/15E148 Safari/604.1"
2001:16a2:45a4:e200:142b:530e:4276:c0c7 - - [28/May/2026:14:42:10 +0000] "GET /wp-content/plugins/jet-search/assets/css/jet-search.css?ver=3.5.16.1 HTTP/1.1" 200 10064 "https://autozone.com.sa/our-offers/" "Mozilla/5.0 (iPhone; CPU iPhone OS 26_5_0 like Mac OS X) AppleWebKit/605.1.15 (KHTML, like Gecko) CriOS/148.0.7778.166 Mobile/15E148 Safari/604.1"
2001:16a2:45a4:e200:142b:530e:4276:c0c7 - - [28/May/2026:14:42:10 +0000] "GET /wp-content/plugins/jet-elements/assets/css/addons/jet-countdown-timer-rtl.css?ver=2.8.1.1 HTTP/1.1" 200 281 "https://autozone.com.sa/our-offers/" "Mozilla/5.0 (iPhone; CPU iPhone OS 26_5_0 like Mac OS X) AppleWebKit/605.1.15 (KHTML, like Gecko) CriOS/148.0.7778.166 Mobile/15E148 Safari/604.1"
2001:16a2:45a4:e200:142b:530e:4276:c0c7 - - [28/May/2026:14:42:10 +0000] "GET /wp-content/plugins/woocommerce/assets/css/photoswipe/default-skin/default-skin.min.css?ver=10.8.0 HTTP/1.1" 200 1952 "https://autozone.com.sa/our-offers/" "Mozilla/5.0 (iPhone; CPU iPhone OS 26_5_0 like Mac OS X) AppleWebKit/605.1.15 (KHTML, like Gecko) CriOS/148.0.7778.166 Mobile/15E148 Safari/604.1"
2001:16a2:45a4:e200:142b:530e:4276:c0c7 - - [28/May/2026:14:42:10 +0000] "GET /wp-content/plugins/jet-elements/assets/css/skin/jet-countdown-timer-rtl.css?ver=2.8.1.1 HTTP/1.1" 200 100 "https://autozone.com.sa/our-offers/" "Mozilla/5.0 (iPhone; CPU iPhone OS 26_5_0 like Mac OS X) AppleWebKit/605.1.15 (KHTML, like Gecko) CriOS/148.0.7778.166 Mobile/15E148 Safari/604.1"
2001:16a2:45a4:e200:142b:530e:4276:c0c7 - - [28/May/2026:14:42:10 +0000] "GET /wp-content/plugins/bdthemes-element-pack/assets/css/bdt-uikit.rtl.css?ver=3.21.7 HTTP/1.1" 200 16525 "https://autozone.com.sa/our-offers/" "Mozilla/5.0 (iPhone; CPU iPhone OS 26_5_0 like Mac OS X) AppleWebKit/605.1.15 (KHTML, like Gecko) CriOS/148.0.7778.166 Mobile/15E148 Safari/604.1"
2001:16a2:45a4:e200:142b:530e:4276:c0c7 - - [28/May/2026:14:42:10 +0000] "GET /wp-content/plugins/jet-search/assets/lib/chosen/chosen.min.css?ver=1.8.7 HTTP/1.1" 200 2273 "https://autozone.com.sa/our-offers/" "Mozilla/5.0 (iPhone; CPU iPhone OS 26_5_0 like Mac OS X) AppleWebKit/605.1.15 (KHTML, like Gecko) CriOS/148.0.7778.166 Mobile/15E148 Safari/604.1"
2001:16a2:45a4:e200:142b:530e:4276:c0c7 - - [28/May/2026:14:42:10 +0000] "GET /wp-content/plugins/jet-elements/assets/css/jet-elements-rtl.css?ver=2.8.1.1 HTTP/1.1" 200 3125 "https://autozone.com.sa/our-offers/" "Mozilla/5.0 (iPhone; CPU iPhone OS 26_5_0 like Mac OS X) AppleWebKit/605.1.15 (KHTML, like Gecko) CriOS/148.0.7778.166 Mobile/15E148 Safari/604.1"
2001:16a2:45a4:e200:142b:530e:4276:c0c7 - - [28/May/2026:14:42:10 +0000] "GET /wp-content/plugins/woocommerce/assets/css/photoswipe/photoswipe.min.css?ver=10.8.0 HTTP/1.1" 200 983 "https://autozone.com.sa/our-offers/" "Mozilla/5.0 (iPhone; CPU iPhone OS 26_5_0 like Mac OS X) AppleWebKit/605.1.15 (KHTML, like Gecko) CriOS/148.0.7778.166 Mobile/15E148 Safari/604.1"
2001:16a2:45a4:e200:142b:530e:4276:c0c7 - - [28/May/2026:14:42:10 +0000] "GET /wp-content/plugins/bdthemes-element-pack/assets/css/ep-helper.css?ver=9.3.0 HTTP/1.1" 200 7092 "https://autozone.com.sa/our-offers/" "Mozilla/5.0 (iPhone; CPU iPhone OS 26_5_0 like Mac OS X) AppleWebKit/605.1.15 (KHTML, like Gecko) CriOS/148.0.7778.166 Mobile/15E148 Safari/604.1"
2001:16a2:45a4:e200:142b:530e:4276:c0c7 - - [28/May/2026:14:42:10 +0000] "GET /wp-content/uploads/elementor/css/post-756.css?ver=1779946288 HTTP/1.1" 200 1393 "https://autozone.com.sa/our-offers/" "Mozilla/5.0 (iPhone; CPU iPhone OS 26_5_0 like Mac OS X) AppleWebKit/605.1.15 (KHTML, like Gecko) CriOS/148.0.7778.166 Mobile/15E148 Safari/604.1"
2001:16a2:45a4:e200:142b:530e:4276:c0c7 - - [28/May/2026:14:42:10 +0000] "GET /wp-content/plugins/ultimate-post-kit/assets/css/upk-site.rtl.css?ver=4.1.5 HTTP/1.1" 200 5633 "https://autozone.com.sa/our-offers/" "Mozilla/5.0 (iPhone; CPU iPhone OS 26_5_0 like Mac OS X) AppleWebKit/605.1.15 (KHTML, like Gecko) CriOS/148.0.7778.166 Mobile/15E148 Safari/604.1"
2001:16a2:45a4:e200:142b:530e:4276:c0c7 - - [28/May/2026:14:42:11 +0000] "GET /wp-content/plugins/sitepress-multilingual-cms/res/flags/en.svg HTTP/1.1" 200 568 "https://autozone.com.sa/our-offers/" "Mozilla/5.0 (iPhone; CPU iPhone OS 26_5_0 like Mac OS X) AppleWebKit/605.1.15 (KHTML, like Gecko) CriOS/148.0.7778.166 Mobile/15E148 Safari/604.1"
2001:16a2:45a4:e200:142b:530e:4276:c0c7 - - [28/May/2026:14:42:11 +0000] "GET /wp-content/uploads/al_opt_content/SCRIPT/autozone.com.sa/wp-content/plugins/fluentform/assets/js/6a1780a75612b793c363005e/6a1780a75612b793c363005e-58a4fc1dc987652b9cdfb9fdf7252062_fluent-forms-elementor-widget.js?ver=6.2.0 HTTP/1.1" 200 426 "-" "Mozilla/5.0 (iPhone; CPU iPhone OS 26_5_0 like Mac OS X) AppleWebKit/605.1.15 (KHTML, like Gecko) CriOS/148.0.7778.166 Mobile/15E148 Safari/604.1"
2001:16a2:45a4:e200:142b:530e:4276:c0c7 - - [28/May/2026:14:42:11 +0000] "GET /wp-content/uploads/al_opt_content/IMAGE/autozone.com.sa/wp-content/uploads/2026/04/special-offer-4.png?bv_host=autozone.com.sa&bv-resized-infos=bv_resized_mobile%3A480%2A346%3Bbv_resized_ipad%3A750%2A540%3Bbv_resized_desktop%3A750%2A540 HTTP/1.1" 304 - "https://autozone.com.sa/our-offers/" "Mozilla/5.0 (iPhone; CPU iPhone OS 26_5_0 like Mac OS X) AppleWebKit/605.1.15 (KHTML, like Gecko) CriOS/148.0.7778.166 Mobile/15E148 Safari/604.1"
2001:16a2:45a4:e200:142b:530e:4276:c0c7 - - [28/May/2026:14:42:11 +0000] "GET /wp-content/uploads/al_opt_content/SCRIPT/autozone.com.sa/wp-content/plugins/woocommerce/assets/js/frontend/6a1780a75612b793c363005e/6a1780a75612b793c363005e-81a7828241050d690febd92cf89f546f_add-to-cart-variation.min.js?ver=10.8.0 HTTP/1.1" 200 3940 "-" "Mozilla/5.0 (iPhone; CPU iPhone OS 26_5_0 like Mac OS X) AppleWebKit/605.1.15 (KHTML, like Gecko) CriOS/148.0.7778.166 Mobile/15E148 Safari/604.1"
2001:16a2:45a4:e200:142b:530e:4276:c0c7 - - [28/May/2026:14:42:11 +0000] "GET /wp-content/uploads/al_opt_content/SCRIPT/autozone.com.sa/wp-includes/js/dist/6a1780a75612b793c363005e/6a1780a75612b793c363005e-0174a320c4dd06b3f2871de897acba21_hooks.min.js?ver=7496969728ca0f95732d HTTP/1.1" 200 1799 "-" "Mozilla/5.0 (iPhone; CPU iPhone OS 26_5_0 like Mac OS X) AppleWebKit/605.1.15 (KHTML, like Gecko) CriOS/148.0.7778.166 Mobile/15E148 Safari/604.1"
2001:16a2:45a4:e200:142b:530e:4276:c0c7 - - [28/May/2026:14:42:11 +0000] "GET /wp-content/uploads/al_opt_content/SCRIPT/autozone.com.sa/wp-includes/js/6a1780a75612b793c363005e/6a1780a75612b793c363005e-3ec876f71dece6821b9fd2a03d87c211_underscore.min.js?ver=1.13.8 HTTP/1.1" 200 7372 "-" "Mozilla/5.0 (iPhone; CPU iPhone OS 26_5_0 like Mac OS X) AppleWebKit/605.1.15 (KHTML, like Gecko) CriOS/148.0.7778.166 Mobile/15E148 Safari/604.1"
2001:16a2:45a4:e200:142b:530e:4276:c0c7 - - [28/May/2026:14:42:11 +0000] "GET /wp-content/uploads/al_opt_content/SCRIPT/autozone.com.sa/wp-includes/js/jquery/6a1780a75612b793c363005e/6a1780a75612b793c363005e-16cb9084c573484b0cbcd8b282b41204_jquery.min.js?ver=3.7.1 HTTP/1.1" 200 30377 "-" "Mozilla/5.0 (iPhone; CPU iPhone OS 26_5_0 like Mac OS X) AppleWebKit/605.1.15 (KHTML, like Gecko) CriOS/148.0.7778.166 Mobile/15E148 Safari/604.1"
2001:16a2:45a4:e200:142b:530e:4276:c0c7 - - [28/May/2026:14:42:11 +0000] "GET /wp-content/uploads/al_opt_content/SCRIPT/autozone.com.sa/wp-includes/js/6a1780a75612b793c363005e/6a1780a75612b793c363005e-01e9588ab46b7a3947aab8945549c7ea_wp-util.min.js?ver=7.0 HTTP/1.1" 200 754 "-" "Mozilla/5.0 (iPhone; CPU iPhone OS 26_5_0 like Mac OS X) AppleWebKit/605.1.15 (KHTML, like Gecko) CriOS/148.0.7778.166 Mobile/15E148 Safari/604.1"
2001:16a2:45a4:e200:142b:530e:4276:c0c7 - - [28/May/2026:14:42:11 +0000] "GET /wp-content/uploads/al_opt_content/SCRIPT/autozone.com.sa/wp-includes/js/jquery/6a1780a75612b793c363005e/6a1780a75612b793c363005e-9ffeb32e2d9efbf8f70caabded242267_jquery-migrate.min.js?ver=3.4.1 HTTP/1.1" 200 4872 "-" "Mozilla/5.0 (iPhone; CPU iPhone OS 26_5_0 like Mac OS X) AppleWebKit/605.1.15 (KHTML, like Gecko) CriOS/148.0.7778.166 Mobile/15E148 Safari/604.1"
2001:16a2:45a4:e200:142b:530e:4276:c0c7 - - [28/May/2026:14:42:11 +0000] "GET /wp-content/uploads/al_opt_content/SCRIPT/autozone.com.sa/wp-includes/js/dist/6a1780a75612b793c363005e/6a1780a75612b793c363005e-e73824b7ab9a4f88f98e0530b43ede25_i18n.min.js?ver=781d11515ad3d91786ec HTTP/1.1" 200 2438 "-" "Mozilla/5.0 (iPhone; CPU iPhone OS 26_5_0 like Mac OS X) AppleWebKit/605.1.15 (KHTML, like Gecko) CriOS/148.0.7778.166 Mobile/15E148 Safari/604.1"
2001:16a2:45a4:e200:142b:530e:4276:c0c7 - - [28/May/2026:14:42:11 +0000] "GET /wp-content/uploads/al_opt_content/SCRIPT/autozone.com.sa/wp-includes/js/6a1780a75612b793c363005e/6a1780a75612b793c363005e-6823120876c9afc8929418c9a6f8e343_imagesloaded.min.js?ver=5.0.0 HTTP/1.1" 200 1803 "-" "Mozilla/5.0 (iPhone; CPU iPhone OS 26_5_0 like Mac OS X) AppleWebKit/605.1.15 (KHTML, like Gecko) CriOS/148.0.7778.166 Mobile/15E148 Safari/604.1"
2001:16a2:45a4:e200:142b:530e:4276:c0c7 - - [28/May/2026:14:42:11 +0000] "GET /wp-content/plugins/sitepress-multilingual-cms/res/flags/ar.svg HTTP/1.1" 200 452 "https://autozone.com.sa/our-offers/" "Mozilla/5.0 (iPhone; CPU iPhone OS 26_5_0 like Mac OS X) AppleWebKit/605.1.15 (KHTML, like Gecko) CriOS/148.0.7778.166 Mobile/15E148 Safari/604.1"
2001:16a2:45a4:e200:142b:530e:4276:c0c7 - - [28/May/2026:14:42:11 +0000] "GET /wp-content/uploads/al_opt_content/SCRIPT/autozone.com.sa/wp-content/plugins/jet-search/assets/lib/jet-plugins/6a1780a75612b793c363005e/6a1780a75612b793c363005e-271ad1f3a3e724e9f2620c09d616cb71_jet-plugins.js?ver=1.0.0 HTTP/1.1" 200 2282 "-" "Mozilla/5.0 (iPhone; CPU iPhone OS 26_5_0 like Mac OS X) AppleWebKit/605.1.15 (KHTML, like Gecko) CriOS/148.0.7778.166 Mobile/15E148 Safari/604.1"
2001:16a2:45a4:e200:142b:530e:4276:c0c7 - - [28/May/2026:14:42:11 +0000] "GET /wp-content/uploads/al_opt_content/SCRIPT/autozone.com.sa/wp-content/plugins/bdthemes-element-pack/assets/js/common/6a1780a75612b793c363005e/6a1780a75612b793c363005e-7acb205ca5baa604a6619ebbfa52f598_helper.min.js?ver=9.3.0 HTTP/1.1" 200 1905 "-" "Mozilla/5.0 (iPhone; CPU iPhone OS 26_5_0 like Mac OS X) AppleWebKit/605.1.15 (KHTML, like Gecko) CriOS/148.0.7778.166 Mobile/15E148 Safari/604.1"
2001:16a2:45a4:e200:142b:530e:4276:c0c7 - - [28/May/2026:14:42:11 +0000] "GET /wp-content/uploads/al_opt_content/SCRIPT/autozone.com.sa/wp-includes/js/dist/6a1780a75612b793c363005e/6a1780a75612b793c363005e-38342d2c2caf2a9f130f7452df61b8ba_api-fetch.min.js?ver=d7efe4dc1468d36c39b8 HTTP/1.1" 200 2815 "-" "Mozilla/5.0 (iPhone; CPU iPhone OS 26_5_0 like Mac OS X) AppleWebKit/605.1.15 (KHTML, like Gecko) CriOS/148.0.7778.166 Mobile/15E148 Safari/604.1"
