2a02:9b0:41b7:16c6:a1c0:ced:29d1:9cfd - - [28/May/2026:14:49:09 +0000] "GET /wp-content/uploads/al_opt_content/SCRIPT/autozone.com.sa/wp-content/plugins/ultimate-post-kit/assets/js/6a1780a75612b793c363005e/6a1780a75612b793c363005e-ddeb638dbe370b1d0fb48e8d13b7af2b_upk-site.min.js?ver=4.1.5 HTTP/1.1" 200 255 "https://autozone.com.sa/" "Mozilla/5.0 (iPhone; CPU iPhone OS 18_7 like Mac OS X) AppleWebKit/605.1.15 (KHTML, like Gecko) Version/26.4 Mobile/15E148 Safari/604.1"
2a02:9b0:41b7:16c6:a1c0:ced:29d1:9cfd - - [28/May/2026:14:49:09 +0000] "GET /wp-content/uploads/al_opt_content/SCRIPT/autozone.com.sa/wp-includes/js/jquery/ui/6a1780a75612b793c363005e/6a1780a75612b793c363005e-9ea5bf2de411f7ccb52e57e1415ec3d1_datepicker.min.js?ver=1.13.3 HTTP/1.1" 200 10907 "https://autozone.com.sa/" "Mozilla/5.0 (iPhone; CPU iPhone OS 18_7 like Mac OS X) AppleWebKit/605.1.15 (KHTML, like Gecko) Version/26.4 Mobile/15E148 Safari/604.1"
2a02:9b0:41b7:16c6:a1c0:ced:29d1:9cfd - - [28/May/2026:14:49:09 +0000] "GET /wp-content/uploads/al_opt_content/SCRIPT/autozone.com.sa/wp-content/plugins/jet-smart-filters/assets/js/6a1780a75612b793c363005e/6a1780a75612b793c363005e-88182ba92b854513e85400a04af0ae46_public.js?ver=3.7.5 HTTP/1.1" 200 35338 "https://autozone.com.sa/" "Mozilla/5.0 (iPhone; CPU iPhone OS 18_7 like Mac OS X) AppleWebKit/605.1.15 (KHTML, like Gecko) Version/26.4 Mobile/15E148 Safari/604.1"
2a02:9b0:41b7:16c6:a1c0:ced:29d1:9cfd - - [28/May/2026:14:49:09 +0000] "GET /wp-content/uploads/al_opt_content/SCRIPT/autozone.com.sa/wp-content/plugins/sitepress-multilingual-cms/res/js/cookies/6a1780a75612b793c363005e/6a1780a75612b793c363005e-f3606e4db5e156a1b086bcfeb3b2d9b4_language-cookie.js?ver=494000 HTTP/1.1" 200 187 "https://autozone.com.sa/" "Mozilla/5.0 (iPhone; CPU iPhone OS 18_7 like Mac OS X) AppleWebKit/605.1.15 (KHTML, like Gecko) Version/26.4 Mobile/15E148 Safari/604.1"
2a02:9b0:41b7:16c6:a1c0:ced:29d1:9cfd - - [28/May/2026:14:49:09 +0000] "GET /wp-content/uploads/al_opt_content/SCRIPT/autozone.com.sa/wp-content/plugins/jet-tricks/assets/js/lib/tippy/6a1780a75612b793c363005e/6a1780a75612b793c363005e-b586d1460aad676dc4673760b21727f0_tippy-bundle.js?ver=6.3.7 HTTP/1.1" 200 14513 "https://autozone.com.sa/" "Mozilla/5.0 (iPhone; CPU iPhone OS 18_7 like Mac OS X) AppleWebKit/605.1.15 (KHTML, like Gecko) Version/26.4 Mobile/15E148 Safari/604.1"
2a02:9b0:41b7:16c6:a1c0:ced:29d1:9cfd - - [28/May/2026:14:49:09 +0000] "GET /wp-content/uploads/al_opt_content/SCRIPT/autozone.com.sa/wp-includes/js/dist/6a1780a75612b793c363005e/6a1780a75612b793c363005e-38342d2c2caf2a9f130f7452df61b8ba_api-fetch.min.js?ver=d7efe4dc1468d36c39b8 HTTP/1.1" 200 2815 "https://autozone.com.sa/" "Mozilla/5.0 (iPhone; CPU iPhone OS 18_7 like Mac OS X) AppleWebKit/605.1.15 (KHTML, like Gecko) Version/26.4 Mobile/15E148 Safari/604.1"
2a02:9b0:41b7:16c6:a1c0:ced:29d1:9cfd - - [28/May/2026:14:49:09 +0000] "GET /wp-content/uploads/al_opt_content/SCRIPT/autozone.com.sa/wp-content/plugins/woocommerce/assets/js/frontend/6a1780a75612b793c363005e/6a1780a75612b793c363005e-a5705b9052821b74c1909a723583893e_woocommerce.min.js?ver=10.8.0 HTTP/1.1" 200 1586 "https://autozone.com.sa/" "Mozilla/5.0 (iPhone; CPU iPhone OS 18_7 like Mac OS X) AppleWebKit/605.1.15 (KHTML, like Gecko) Version/26.4 Mobile/15E148 Safari/604.1"
2a02:9b0:41b7:16c6:a1c0:ced:29d1:9cfd - - [28/May/2026:14:49:09 +0000] "GET /wp-content/uploads/al_opt_content/SCRIPT/autozone.com.sa/wp-content/plugins/pixelyoursite/dist/scripts/6a1780a75612b793c363005e/6a1780a75612b793c363005e-602b7e34f2b2dccf867a691ddd6992a6_public.js?ver=11.2.0.6 HTTP/1.1" 200 17923 "https://autozone.com.sa/" "Mozilla/5.0 (iPhone; CPU iPhone OS 18_7 like Mac OS X) AppleWebKit/605.1.15 (KHTML, like Gecko) Version/26.4 Mobile/15E148 Safari/604.1"
2a02:9b0:41b7:16c6:a1c0:ced:29d1:9cfd - - [28/May/2026:14:49:09 +0000] "GET /wp-content/uploads/al_opt_content/SCRIPT/autozone.com.sa/wp-content/plugins/bdthemes-element-pack/assets/js/common/6a1780a75612b793c363005e/6a1780a75612b793c363005e-7acb205ca5baa604a6619ebbfa52f598_helper.min.js?ver=9.3.0 HTTP/1.1" 200 1905 "https://autozone.com.sa/" "Mozilla/5.0 (iPhone; CPU iPhone OS 18_7 like Mac OS X) AppleWebKit/605.1.15 (KHTML, like Gecko) Version/26.4 Mobile/15E148 Safari/604.1"
2a02:9b0:41b7:16c6:a1c0:ced:29d1:9cfd - - [28/May/2026:14:49:09 +0000] "GET /wp-content/uploads/al_opt_content/SCRIPT/autozone.com.sa/wp-content/plugins/jet-woo-product-gallery/assets/lib/swiper/6a1780a75612b793c363005e/6a1780a75612b793c363005e-15bb2b8491fc7e84137d65f610e1685a_swiper.min.js?ver=5.3.6 HTTP/1.1" 200 35491 "https://autozone.com.sa/" "Mozilla/5.0 (iPhone; CPU iPhone OS 18_7 like Mac OS X) AppleWebKit/605.1.15 (KHTML, like Gecko) Version/26.4 Mobile/15E148 Safari/604.1"
2a02:9b0:41b7:16c6:a1c0:ced:29d1:9cfd - - [28/May/2026:14:49:09 +0000] "GET /wp-content/uploads/al_opt_content/SCRIPT/autozone.com.sa/wp-content/plugins/jet-tricks/assets/js/lib/ts-particles/1.18.11/6a1780a75612b793c363005e/6a1780a75612b793c363005e-fdd6f7d0e809e719153d1d5b93708211_tsparticles.min.js?ver=1.18.11 HTTP/1.1" 200 34623 "https://autozone.com.sa/" "Mozilla/5.0 (iPhone; CPU iPhone OS 18_7 like Mac OS X) AppleWebKit/605.1.15 (KHTML, like Gecko) Version/26.4 Mobile/15E148 Safari/604.1"
2a02:9b0:41b7:16c6:a1c0:ced:29d1:9cfd - - [28/May/2026:14:49:09 +0000] "GET /wp-content/uploads/al_opt_content/SCRIPT/autozone.com.sa/wp-content/plugins/jet-elements/assets/js/lib/tweenjs/6a1780a75612b793c363005e/6a1780a75612b793c363005e-31f70c27b0270bf2036ea46c1b69ea35_tweenjs.min.js?ver=2.0.2 HTTP/1.1" 200 38470 "https://autozone.com.sa/" "Mozilla/5.0 (iPhone; CPU iPhone OS 18_7 like Mac OS X) AppleWebKit/605.1.15 (KHTML, like Gecko) Version/26.4 Mobile/15E148 Safari/604.1"
2a02:9b0:41b7:16c6:a1c0:ced:29d1:9cfd - - [28/May/2026:14:49:09 +0000] "GET /wp-content/plugins/elementor/assets/js/shared-frontend-handlers.03caa53373b56d3bab67.bundle.min.js HTTP/1.1" 200 2644 "https://autozone.com.sa/" "Mozilla/5.0 (iPhone; CPU iPhone OS 18_7 like Mac OS X) AppleWebKit/605.1.15 (KHTML, like Gecko) Version/26.4 Mobile/15E148 Safari/604.1"
2a02:9b0:41b7:16c6:a1c0:ced:29d1:9cfd - - [28/May/2026:14:49:09 +0000] "GET /wp-content/plugins/elementor/assets/js/text-editor.45609661e409413f1cef.bundle.min.js HTTP/1.1" 200 648 "https://autozone.com.sa/" "Mozilla/5.0 (iPhone; CPU iPhone OS 18_7 like Mac OS X) AppleWebKit/605.1.15 (KHTML, like Gecko) Version/26.4 Mobile/15E148 Safari/604.1"
2a02:9b0:41b7:16c6:a1c0:ced:29d1:9cfd - - [28/May/2026:14:49:09 +0000] "GET /wp-content/plugins/elementor/assets/js/nested-tabs.a2401356d329f179475e.bundle.min.js HTTP/1.1" 200 3285 "https://autozone.com.sa/" "Mozilla/5.0 (iPhone; CPU iPhone OS 18_7 like Mac OS X) AppleWebKit/605.1.15 (KHTML, like Gecko) Version/26.4 Mobile/15E148 Safari/604.1"
2a02:9b0:41b7:16c6:a1c0:ced:29d1:9cfd - - [28/May/2026:14:49:10 +0000] "GET /wp-includes/js/wp-emoji-release.min.js?ver=7.0 HTTP/1.1" 200 5375 "https://autozone.com.sa/" "Mozilla/5.0 (iPhone; CPU iPhone OS 18_7 like Mac OS X) AppleWebKit/605.1.15 (KHTML, like Gecko) Version/26.4 Mobile/15E148 Safari/604.1"
2a02:9b0:41b7:16c6:a1c0:ced:29d1:9cfd - - [28/May/2026:14:49:09 +0000] "POST /?wc-ajax=get_refreshed_fragments HTTP/1.1" 200 858 "https://autozone.com.sa/" "Mozilla/5.0 (iPhone; CPU iPhone OS 18_7 like Mac OS X) AppleWebKit/605.1.15 (KHTML, like Gecko) Version/26.4 Mobile/15E148 Safari/604.1"
2a02:9b0:41b7:16c6:a1c0:ced:29d1:9cfd - - [28/May/2026:14:49:09 +0000] "POST /?wc-ajax=get_refreshed_fragments HTTP/1.1" 200 858 "https://autozone.com.sa/" "Mozilla/5.0 (iPhone; CPU iPhone OS 18_7 like Mac OS X) AppleWebKit/605.1.15 (KHTML, like Gecko) Version/26.4 Mobile/15E148 Safari/604.1"
2a02:9b0:41b7:16c6:a1c0:ced:29d1:9cfd - - [28/May/2026:14:49:09 +0000] "POST /wp-json/iawp/search HTTP/1.1" 200 36 "https://autozone.com.sa/" "Mozilla/5.0 (iPhone; CPU iPhone OS 18_7 like Mac OS X) AppleWebKit/605.1.15 (KHTML, like Gecko) Version/26.4 Mobile/15E148 Safari/604.1"
2001:16a2:447c:be00:54b:a342:d6e:4743 - - [28/May/2026:14:49:13 +0000] "POST //shop/ HTTP/1.1" 200 19574 "https://autozone.com.sa/" "Mozilla/5.0 (Linux; Android 12; CTR-L81; HMSCore 6.15.6.332; GMSCore 0.3.15.250932) AppleWebKit/537.36 (KHTML, like Gecko) Chrome/114.0.5735.196 HuaweiBrowser/17.0.4.302 Mobile Safari/537.36"
2001:16a2:447c:be00:54b:a342:d6e:4743 - - [28/May/2026:14:49:15 +0000] "GET /wp-content/uploads/2026/01/BGC_5738-copy-2-300x300.webp HTTP/1.1" 200 15003 "https://autozone.com.sa//shop/" "Mozilla/5.0 (Linux; Android 12; CTR-L81; HMSCore 6.15.6.332; GMSCore 0.3.15.250932) AppleWebKit/537.36 (KHTML, like Gecko) Chrome/114.0.5735.196 HuaweiBrowser/17.0.4.302 Mobile Safari/537.36"
2001:16a2:447c:be00:54b:a342:d6e:4743 - - [28/May/2026:14:49:15 +0000] "GET /wp-content/uploads/2025/07/BGC_1405-300x300.webp HTTP/1.1" 200 15411 "https://autozone.com.sa//shop/" "Mozilla/5.0 (Linux; Android 12; CTR-L81; HMSCore 6.15.6.332; GMSCore 0.3.15.250932) AppleWebKit/537.36 (KHTML, like Gecko) Chrome/114.0.5735.196 HuaweiBrowser/17.0.4.302 Mobile Safari/537.36"
2001:16a2:447c:be00:54b:a342:d6e:4743 - - [28/May/2026:14:49:15 +0000] "GET /wp-content/uploads/2025/07/BGC_6492-300x300.webp HTTP/1.1" 200 15195 "https://autozone.com.sa//shop/" "Mozilla/5.0 (Linux; Android 12; CTR-L81; HMSCore 6.15.6.332; GMSCore 0.3.15.250932) AppleWebKit/537.36 (KHTML, like Gecko) Chrome/114.0.5735.196 HuaweiBrowser/17.0.4.302 Mobile Safari/537.36"
2001:16a2:447c:be00:54b:a342:d6e:4743 - - [28/May/2026:14:49:15 +0000] "GET /wp-content/uploads/2025/07/BGC_6099-1-300x300.webp HTTP/1.1" 200 15242 "https://autozone.com.sa//shop/" "Mozilla/5.0 (Linux; Android 12; CTR-L81; HMSCore 6.15.6.332; GMSCore 0.3.15.250932) AppleWebKit/537.36 (KHTML, like Gecko) Chrome/114.0.5735.196 HuaweiBrowser/17.0.4.302 Mobile Safari/537.36"
2001:16a2:447c:be00:54b:a342:d6e:4743 - - [28/May/2026:14:49:15 +0000] "GET /wp-content/uploads/2025/07/BGC_6000-300x300.webp HTTP/1.1" 200 15557 "https://autozone.com.sa//shop/" "Mozilla/5.0 (Linux; Android 12; CTR-L81; HMSCore 6.15.6.332; GMSCore 0.3.15.250932) AppleWebKit/537.36 (KHTML, like Gecko) Chrome/114.0.5735.196 HuaweiBrowser/17.0.4.302 Mobile Safari/537.36"
2001:16a2:447c:be00:54b:a342:d6e:4743 - - [28/May/2026:14:49:16 +0000] "GET /wp-content/uploads/2026/01/BGC_5738-copy-8-300x300.webp HTTP/1.1" 200 9515 "https://autozone.com.sa//shop/" "Mozilla/5.0 (Linux; Android 12; CTR-L81; HMSCore 6.15.6.332; GMSCore 0.3.15.250932) AppleWebKit/537.36 (KHTML, like Gecko) Chrome/114.0.5735.196 HuaweiBrowser/17.0.4.302 Mobile Safari/537.36"
2001:16a2:447c:be00:54b:a342:d6e:4743 - - [28/May/2026:14:49:16 +0000] "GET /wp-content/uploads/2025/04/6BGC_0008-scaled-copy-300x300.webp HTTP/1.1" 200 17498 "https://autozone.com.sa//shop/" "Mozilla/5.0 (Linux; Android 12; CTR-L81; HMSCore 6.15.6.332; GMSCore 0.3.15.250932) AppleWebKit/537.36 (KHTML, like Gecko) Chrome/114.0.5735.196 HuaweiBrowser/17.0.4.302 Mobile Safari/537.36"
2001:16a2:447c:be00:54b:a342:d6e:4743 - - [28/May/2026:14:49:16 +0000] "GET /wp-content/uploads/2025/07/BGC_6880-300x300.webp HTTP/1.1" 200 18105 "https://autozone.com.sa//shop/" "Mozilla/5.0 (Linux; Android 12; CTR-L81; HMSCore 6.15.6.332; GMSCore 0.3.15.250932) AppleWebKit/537.36 (KHTML, like Gecko) Chrome/114.0.5735.196 HuaweiBrowser/17.0.4.302 Mobile Safari/537.36"
2001:16a2:447c:be00:54b:a342:d6e:4743 - - [28/May/2026:14:49:16 +0000] "GET /wp-content/uploads/2026/01/BGC_5738-copy-21-300x300.webp HTTP/1.1" 200 9235 "https://autozone.com.sa//shop/" "Mozilla/5.0 (Linux; Android 12; CTR-L81; HMSCore 6.15.6.332; GMSCore 0.3.15.250932) AppleWebKit/537.36 (KHTML, like Gecko) Chrome/114.0.5735.196 HuaweiBrowser/17.0.4.302 Mobile Safari/537.36"
2001:16a2:447c:be00:54b:a342:d6e:4743 - - [28/May/2026:14:49:16 +0000] "GET /wp-content/plugins/ultimate-post-kit/assets/js/upk-site.min.js?ver=4.1.5 HTTP/1.1" 200 255 "https://autozone.com.sa//shop/" "Mozilla/5.0 (Linux; Android 12; CTR-L81; HMSCore 6.15.6.332; GMSCore 0.3.15.250932) AppleWebKit/537.36 (KHTML, like Gecko) Chrome/114.0.5735.196 HuaweiBrowser/17.0.4.302 Mobile Safari/537.36"
2001:16a2:447c:be00:54b:a342:d6e:4743 - - [28/May/2026:14:49:16 +0000] "GET /wp-content/plugins/bdthemes-prime-slider-lite/assets/js/prime-slider-site.min.js?ver=4.1.12 HTTP/1.1" 200 982 "https://autozone.com.sa//shop/" "Mozilla/5.0 (Linux; Android 12; CTR-L81; HMSCore 6.15.6.332; GMSCore 0.3.15.250932) AppleWebKit/537.36 (KHTML, like Gecko) Chrome/114.0.5735.196 HuaweiBrowser/17.0.4.302 Mobile Safari/537.36"
2001:16a2:447c:be00:54b:a342:d6e:4743 - - [28/May/2026:14:49:16 +0000] "GET /wp-content/plugins/jet-woo-product-gallery/assets/lib/swiper/swiper.min.js?ver=5.3.6 HTTP/1.1" 200 35491 "https://autozone.com.sa//shop/" "Mozilla/5.0 (Linux; Android 12; CTR-L81; HMSCore 6.15.6.332; GMSCore 0.3.15.250932) AppleWebKit/537.36 (KHTML, like Gecko) Chrome/114.0.5735.196 HuaweiBrowser/17.0.4.302 Mobile Safari/537.36"
2001:16a2:447c:be00:54b:a342:d6e:4743 - - [28/May/2026:14:49:16 +0000] "GET /wp-content/plugins/bdthemes-element-pack/assets/js/bdt-uikit.min.js?ver=3.21.7 HTTP/1.1" 200 49707 "https://autozone.com.sa//shop/" "Mozilla/5.0 (Linux; Android 12; CTR-L81; HMSCore 6.15.6.332; GMSCore 0.3.15.250932) AppleWebKit/537.36 (KHTML, like Gecko) Chrome/114.0.5735.196 HuaweiBrowser/17.0.4.302 Mobile Safari/537.36"
2001:16a2:447c:be00:54b:a342:d6e:4743 - - [28/May/2026:14:49:16 +0000] "GET /wp-content/plugins/pixelyoursite/dist/scripts/public.js?ver=11.2.0.6 HTTP/1.1" 200 25878 "https://autozone.com.sa//shop/" "Mozilla/5.0 (Linux; Android 12; CTR-L81; HMSCore 6.15.6.332; GMSCore 0.3.15.250932) AppleWebKit/537.36 (KHTML, like Gecko) Chrome/114.0.5735.196 HuaweiBrowser/17.0.4.302 Mobile Safari/537.36"
2001:16a2:447c:be00:54b:a342:d6e:4743 - - [28/May/2026:14:49:16 +0000] "GET /wp-content/plugins/pixelyoursite/dist/scripts/tld.min.js?ver=2.3.1 HTTP/1.1" 200 40644 "https://autozone.com.sa//shop/" "Mozilla/5.0 (Linux; Android 12; CTR-L81; HMSCore 6.15.6.332; GMSCore 0.3.15.250932) AppleWebKit/537.36 (KHTML, like Gecko) Chrome/114.0.5735.196 HuaweiBrowser/17.0.4.302 Mobile Safari/537.36"
2001:16a2:447c:be00:54b:a342:d6e:4743 - - [28/May/2026:14:49:16 +0000] "GET /wp-content/plugins/woocommerce/assets/js/sourcebuster/sourcebuster.min.js?ver=10.8.0 HTTP/1.1" 200 4807 "https://autozone.com.sa//shop/" "Mozilla/5.0 (Linux; Android 12; CTR-L81; HMSCore 6.15.6.332; GMSCore 0.3.15.250932) AppleWebKit/537.36 (KHTML, like Gecko) Chrome/114.0.5735.196 HuaweiBrowser/17.0.4.302 Mobile Safari/537.36"
2001:16a2:447c:be00:54b:a342:d6e:4743 - - [28/May/2026:14:49:16 +0000] "GET /wp-content/plugins/pixelyoursite/dist/scripts/js.cookie-2.1.3.min.js?ver=2.1.3 HTTP/1.1" 200 874 "https://autozone.com.sa//shop/" "Mozilla/5.0 (Linux; Android 12; CTR-L81; HMSCore 6.15.6.332; GMSCore 0.3.15.250932) AppleWebKit/537.36 (KHTML, like Gecko) Chrome/114.0.5735.196 HuaweiBrowser/17.0.4.302 Mobile Safari/537.36"
2001:16a2:447c:be00:54b:a342:d6e:4743 - - [28/May/2026:14:49:16 +0000] "GET /wp-content/plugins/woocommerce/assets/js/frontend/order-attribution.min.js?ver=10.8.0 HTTP/1.1" 200 1150 "https://autozone.com.sa//shop/" "Mozilla/5.0 (Linux; Android 12; CTR-L81; HMSCore 6.15.6.332; GMSCore 0.3.15.250932) AppleWebKit/537.36 (KHTML, like Gecko) Chrome/114.0.5735.196 HuaweiBrowser/17.0.4.302 Mobile Safari/537.36"
2001:16a2:447c:be00:54b:a342:d6e:4743 - - [28/May/2026:14:49:16 +0000] "GET /wp-content/plugins/pixelyoursite/dist/scripts/jquery.bind-first-0.2.3.min.js?ver=0.2.3 HTTP/1.1" 200 689 "https://autozone.com.sa//shop/" "Mozilla/5.0 (Linux; Android 12; CTR-L81; HMSCore 6.15.6.332; GMSCore 0.3.15.250932) AppleWebKit/537.36 (KHTML, like Gecko) Chrome/114.0.5735.196 HuaweiBrowser/17.0.4.302 Mobile Safari/537.36"
2001:16a2:447c:be00:54b:a342:d6e:4743 - - [28/May/2026:14:49:16 +0000] "GET /wp-content/plugins/woocommerce-multilingual/res/js/cart_widget.min.js?ver=5.5.5 HTTP/1.1" 200 523 "https://autozone.com.sa//shop/" "Mozilla/5.0 (Linux; Android 12; CTR-L81; HMSCore 6.15.6.332; GMSCore 0.3.15.250932) AppleWebKit/537.36 (KHTML, like Gecko) Chrome/114.0.5735.196 HuaweiBrowser/17.0.4.302 Mobile Safari/537.36"
2001:16a2:447c:be00:54b:a342:d6e:4743 - - [28/May/2026:14:49:16 +0000] "GET /wp-content/plugins/jet-popup/assets/js/jet-popup-frontend.js?ver=2.0.21.1 HTTP/1.1" 200 6883 "https://autozone.com.sa//shop/" "Mozilla/5.0 (Linux; Android 12; CTR-L81; HMSCore 6.15.6.332; GMSCore 0.3.15.250932) AppleWebKit/537.36 (KHTML, like Gecko) Chrome/114.0.5735.196 HuaweiBrowser/17.0.4.302 Mobile Safari/537.36"
2001:16a2:447c:be00:54b:a342:d6e:4743 - - [28/May/2026:14:49:16 +0000] "GET /wp-includes/js/dist/url.min.js?ver=bb0f766c3d2efe497871 HTTP/1.1" 200 3875 "https://autozone.com.sa//shop/" "Mozilla/5.0 (Linux; Android 12; CTR-L81; HMSCore 6.15.6.332; GMSCore 0.3.15.250932) AppleWebKit/537.36 (KHTML, like Gecko) Chrome/114.0.5735.196 HuaweiBrowser/17.0.4.302 Mobile Safari/537.36"
2001:16a2:447c:be00:54b:a342:d6e:4743 - - [28/May/2026:14:49:16 +0000] "GET /wp-content/plugins/woo-variation-swatches/assets/js/frontend.min.js?ver=2.2.3 HTTP/1.1" 200 4963 "https://autozone.com.sa//shop/" "Mozilla/5.0 (Linux; Android 12; CTR-L81; HMSCore 6.15.6.332; GMSCore 0.3.15.250932) AppleWebKit/537.36 (KHTML, like Gecko) Chrome/114.0.5735.196 HuaweiBrowser/17.0.4.302 Mobile Safari/537.36"
2001:16a2:447c:be00:54b:a342:d6e:4743 - - [28/May/2026:14:49:16 +0000] "GET /wp-content/plugins/jet-elements/assets/js/lib/anime-js/anime.min.js?ver=2.2.0 HTTP/1.1" 200 6057 "https://autozone.com.sa//shop/" "Mozilla/5.0 (Linux; Android 12; CTR-L81; HMSCore 6.15.6.332; GMSCore 0.3.15.250932) AppleWebKit/537.36 (KHTML, like Gecko) Chrome/114.0.5735.196 HuaweiBrowser/17.0.4.302 Mobile Safari/537.36"
2001:16a2:447c:be00:54b:a342:d6e:4743 - - [28/May/2026:14:49:16 +0000] "GET /wp-includes/js/dist/vendor/wp-polyfill.min.js?ver=3.15.0 HTTP/1.1" 200 11897 "https://autozone.com.sa//shop/" "Mozilla/5.0 (Linux; Android 12; CTR-L81; HMSCore 6.15.6.332; GMSCore 0.3.15.250932) AppleWebKit/537.36 (KHTML, like Gecko) Chrome/114.0.5735.196 HuaweiBrowser/17.0.4.302 Mobile Safari/537.36"
2001:16a2:447c:be00:54b:a342:d6e:4743 - - [28/May/2026:14:49:16 +0000] "GET /wp-content/themes/hello-elementor/assets/js/hello-frontend.js?ver=3.4.6 HTTP/1.1" 200 549 "https://autozone.com.sa//shop/" "Mozilla/5.0 (Linux; Android 12; CTR-L81; HMSCore 6.15.6.332; GMSCore 0.3.15.250932) AppleWebKit/537.36 (KHTML, like Gecko) Chrome/114.0.5735.196 HuaweiBrowser/17.0.4.302 Mobile Safari/537.36"
2001:16a2:447c:be00:54b:a342:d6e:4743 - - [28/May/2026:14:49:16 +0000] "GET /wp-includes/js/dist/api-fetch.min.js?ver=d7efe4dc1468d36c39b8 HTTP/1.1" 200 2815 "https://autozone.com.sa//shop/" "Mozilla/5.0 (Linux; Android 12; CTR-L81; HMSCore 6.15.6.332; GMSCore 0.3.15.250932) AppleWebKit/537.36 (KHTML, like Gecko) Chrome/114.0.5735.196 HuaweiBrowser/17.0.4.302 Mobile Safari/537.36"
2001:16a2:447c:be00:54b:a342:d6e:4743 - - [28/May/2026:14:49:16 +0000] "GET /wp-content/plugins/woo-variation-gallery/assets/js/frontend.min.js?ver=1779254503 HTTP/1.1" 200 4751 "https://autozone.com.sa//shop/" "Mozilla/5.0 (Linux; Android 12; CTR-L81; HMSCore 6.15.6.332; GMSCore 0.3.15.250932) AppleWebKit/537.36 (KHTML, like Gecko) Chrome/114.0.5735.196 HuaweiBrowser/17.0.4.302 Mobile Safari/537.36"
2001:16a2:447c:be00:54b:a342:d6e:4743 - - [28/May/2026:14:49:16 +0000] "GET /wp-content/plugins/jet-search/assets/lib/jet-plugins/jet-plugins.js?ver=1.0.0 HTTP/1.1" 200 2282 "https://autozone.com.sa//shop/" "Mozilla/5.0 (Linux; Android 12; CTR-L81; HMSCore 6.15.6.332; GMSCore 0.3.15.250932) AppleWebKit/537.36 (KHTML, like Gecko) Chrome/114.0.5735.196 HuaweiBrowser/17.0.4.302 Mobile Safari/537.36"
2001:16a2:447c:be00:54b:a342:d6e:4743 - - [28/May/2026:14:49:16 +0000] "GET /wp-content/plugins/woocommerce/assets/js/frontend/woocommerce.min.js?ver=10.8.0 HTTP/1.1" 200 1586 "https://autozone.com.sa//shop/" "Mozilla/5.0 (Linux; Android 12; CTR-L81; HMSCore 6.15.6.332; GMSCore 0.3.15.250932) AppleWebKit/537.36 (KHTML, like Gecko) Chrome/114.0.5735.196 HuaweiBrowser/17.0.4.302 Mobile Safari/537.36"
2001:16a2:447c:be00:54b:a342:d6e:4743 - - [28/May/2026:14:49:16 +0000] "GET /wp-includes/js/api-request.min.js?ver=7.0 HTTP/1.1" 200 590 "https://autozone.com.sa//shop/" "Mozilla/5.0 (Linux; Android 12; CTR-L81; HMSCore 6.15.6.332; GMSCore 0.3.15.250932) AppleWebKit/537.36 (KHTML, like Gecko) Chrome/114.0.5735.196 HuaweiBrowser/17.0.4.302 Mobile Safari/537.36"
2001:16a2:447c:be00:54b:a342:d6e:4743 - - [28/May/2026:14:49:16 +0000] "GET /wp-includes/js/wp-util.min.js?ver=7.0 HTTP/1.1" 200 754 "https://autozone.com.sa//shop/" "Mozilla/5.0 (Linux; Android 12; CTR-L81; HMSCore 6.15.6.332; GMSCore 0.3.15.250932) AppleWebKit/537.36 (KHTML, like Gecko) Chrome/114.0.5735.196 HuaweiBrowser/17.0.4.302 Mobile Safari/537.36"
2001:16a2:447c:be00:54b:a342:d6e:4743 - - [28/May/2026:14:49:16 +0000] "GET /wp-content/plugins/fluentform/assets/js/fluent-forms-elementor-widget.js?ver=6.2.0 HTTP/1.1" 200 426 "https://autozone.com.sa//shop/" "Mozilla/5.0 (Linux; Android 12; CTR-L81; HMSCore 6.15.6.332; GMSCore 0.3.15.250932) AppleWebKit/537.36 (KHTML, like Gecko) Chrome/114.0.5735.196 HuaweiBrowser/17.0.4.302 Mobile Safari/537.36"
2001:16a2:447c:be00:54b:a342:d6e:4743 - - [28/May/2026:14:49:16 +0000] "GET /wp-includes/js/dist/i18n.min.js?ver=781d11515ad3d91786ec HTTP/1.1" 200 2438 "https://autozone.com.sa//shop/" "Mozilla/5.0 (Linux; Android 12; CTR-L81; HMSCore 6.15.6.332; GMSCore 0.3.15.250932) AppleWebKit/537.36 (KHTML, like Gecko) Chrome/114.0.5735.196 HuaweiBrowser/17.0.4.302 Mobile Safari/537.36"
2001:16a2:447c:be00:54b:a342:d6e:4743 - - [28/May/2026:14:49:16 +0000] "GET /wp-content/plugins/woocommerce/assets/js/frontend/add-to-cart-variation.min.js?ver=10.8.0 HTTP/1.1" 200 3940 "https://autozone.com.sa//shop/" "Mozilla/5.0 (Linux; Android 12; CTR-L81; HMSCore 6.15.6.332; GMSCore 0.3.15.250932) AppleWebKit/537.36 (KHTML, like Gecko) Chrome/114.0.5735.196 HuaweiBrowser/17.0.4.302 Mobile Safari/537.36"
2001:16a2:447c:be00:54b:a342:d6e:4743 - - [28/May/2026:14:49:16 +0000] "GET /wp-includes/js/dist/hooks.min.js?ver=7496969728ca0f95732d HTTP/1.1" 200 1799 "https://autozone.com.sa//shop/" "Mozilla/5.0 (Linux; Android 12; CTR-L81; HMSCore 6.15.6.332; GMSCore 0.3.15.250932) AppleWebKit/537.36 (KHTML, like Gecko) Chrome/114.0.5735.196 HuaweiBrowser/17.0.4.302 Mobile Safari/537.36"
2001:16a2:447c:be00:54b:a342:d6e:4743 - - [28/May/2026:14:49:16 +0000] "GET /wp-content/plugins/woo-variation-gallery/assets/js/slick.min.js?ver=1.8.1 HTTP/1.1" 200 10678 "https://autozone.com.sa//shop/" "Mozilla/5.0 (Linux; Android 12; CTR-L81; HMSCore 6.15.6.332; GMSCore 0.3.15.250932) AppleWebKit/537.36 (KHTML, like Gecko) Chrome/114.0.5735.196 HuaweiBrowser/17.0.4.302 Mobile Safari/537.36"
2001:16a2:447c:be00:54b:a342:d6e:4743 - - [28/May/2026:14:49:16 +0000] "GET /wp-includes/js/underscore.min.js?ver=1.13.8 HTTP/1.1" 200 7372 "https://autozone.com.sa//shop/" "Mozilla/5.0 (Linux; Android 12; CTR-L81; HMSCore 6.15.6.332; GMSCore 0.3.15.250932) AppleWebKit/537.36 (KHTML, like Gecko) Chrome/114.0.5735.196 HuaweiBrowser/17.0.4.302 Mobile Safari/537.36"
2001:16a2:447c:be00:54b:a342:d6e:4743 - - [28/May/2026:14:49:16 +0000] "GET /wp-includes/js/imagesloaded.min.js?ver=5.0.0 HTTP/1.1" 200 1803 "https://autozone.com.sa//shop/" "Mozilla/5.0 (Linux; Android 12; CTR-L81; HMSCore 6.15.6.332; GMSCore 0.3.15.250932) AppleWebKit/537.36 (KHTML, like Gecko) Chrome/114.0.5735.196 HuaweiBrowser/17.0.4.302 Mobile Safari/537.36"
2001:16a2:447c:be00:54b:a342:d6e:4743 - - [28/May/2026:14:49:16 +0000] "GET /wp-includes/js/jquery/jquery-migrate.min.js?ver=3.4.1 HTTP/1.1" 200 4872 "https://autozone.com.sa//shop/" "Mozilla/5.0 (Linux; Android 12; CTR-L81; HMSCore 6.15.6.332; GMSCore 0.3.15.250932) AppleWebKit/537.36 (KHTML, like Gecko) Chrome/114.0.5735.196 HuaweiBrowser/17.0.4.302 Mobile Safari/537.36"
2001:16a2:447c:be00:54b:a342:d6e:4743 - - [28/May/2026:14:49:16 +0000] "GET /wp-content/plugins/woocommerce/assets/js/frontend/cart-fragments.min.js?ver=10.8.0 HTTP/1.1" 200 1045 "https://autozone.com.sa//shop/" "Mozilla/5.0 (Linux; Android 12; CTR-L81; HMSCore 6.15.6.332; GMSCore 0.3.15.250932) AppleWebKit/537.36 (KHTML, like Gecko) Chrome/114.0.5735.196 HuaweiBrowser/17.0.4.302 Mobile Safari/537.36"
2001:16a2:447c:be00:54b:a342:d6e:4743 - - [28/May/2026:14:49:16 +0000] "GET /wp-content/plugins/woocommerce/assets/js/js-cookie/js.cookie.min.js?ver=2.1.4-wc.10.8.0 HTTP/1.1" 200 833 "https://autozone.com.sa//shop/" "Mozilla/5.0 (Linux; Android 12; CTR-L81; HMSCore 6.15.6.332; GMSCore 0.3.15.250932) AppleWebKit/537.36 (KHTML, like Gecko) Chrome/114.0.5735.196 HuaweiBrowser/17.0.4.302 Mobile Safari/537.36"
2001:16a2:447c:be00:54b:a342:d6e:4743 - - [28/May/2026:14:49:16 +0000] "GET /wp-includes/js/jquery/jquery.min.js?ver=3.7.1 HTTP/1.1" 200 30368 "https://autozone.com.sa//shop/" "Mozilla/5.0 (Linux; Android 12; CTR-L81; HMSCore 6.15.6.332; GMSCore 0.3.15.250932) AppleWebKit/537.36 (KHTML, like Gecko) Chrome/114.0.5735.196 HuaweiBrowser/17.0.4.302 Mobile Safari/537.36"
2001:16a2:447c:be00:54b:a342:d6e:4743 - - [28/May/2026:14:49:16 +0000] "GET /wp-content/plugins/woocommerce/assets/js/jquery-blockui/jquery.blockUI.min.js?ver=2.7.0-wc.10.8.0 HTTP/1.1" 200 3537 "https://autozone.com.sa//shop/" "Mozilla/5.0 (Linux; Android 12; CTR-L81; HMSCore 6.15.6.332; GMSCore 0.3.15.250932) AppleWebKit/537.36 (KHTML, like Gecko) Chrome/114.0.5735.196 HuaweiBrowser/17.0.4.302 Mobile Safari/537.36"
2001:16a2:447c:be00:54b:a342:d6e:4743 - - [28/May/2026:14:49:16 +0000] "GET /wp-content/plugins/sitepress-multilingual-cms/res/js/cookies/language-cookie.js?ver=494000 HTTP/1.1" 200 187 "https://autozone.com.sa//shop/" "Mozilla/5.0 (Linux; Android 12; CTR-L81; HMSCore 6.15.6.332; GMSCore 0.3.15.250932) AppleWebKit/537.36 (KHTML, like Gecko) Chrome/114.0.5735.196 HuaweiBrowser/17.0.4.302 Mobile Safari/537.36"
2001:16a2:447c:be00:54b:a342:d6e:4743 - - [28/May/2026:14:49:16 +0000] "GET /wp-content/plugins/bdthemes-element-pack/assets/js/common/helper.min.js?ver=9.3.0 HTTP/1.1" 200 1905 "https://autozone.com.sa//shop/" "Mozilla/5.0 (Linux; Android 12; CTR-L81; HMSCore 6.15.6.332; GMSCore 0.3.15.250932) AppleWebKit/537.36 (KHTML, like Gecko) Chrome/114.0.5735.196 HuaweiBrowser/17.0.4.302 Mobile Safari/537.36"
2001:16a2:447c:be00:54b:a342:d6e:4743 - - [28/May/2026:14:49:16 +0000] "GET /wp-content/plugins/woocommerce/assets/js/frontend/add-to-cart.min.js?ver=10.8.0 HTTP/1.1" 200 1439 "https://autozone.com.sa//shop/" "Mozilla/5.0 (Linux; Android 12; CTR-L81; HMSCore 6.15.6.332; GMSCore 0.3.15.250932) AppleWebKit/537.36 (KHTML, like Gecko) Chrome/114.0.5735.196 HuaweiBrowser/17.0.4.302 Mobile Safari/537.36"
2a02:9b0:41b7:16c6:a1c0:ced:29d1:9cfd - - [28/May/2026:14:49:14 +0000] "POST /wp-admin/admin-ajax.php HTTP/1.1" 200 644 "https://autozone.com.sa/" "Mozilla/5.0 (iPhone; CPU iPhone OS 18_7 like Mac OS X) AppleWebKit/605.1.15 (KHTML, like Gecko) Version/26.4 Mobile/15E148 Safari/604.1"
40.116.73.215 - - [28/May/2026:14:49:13 +0000] "GET / HTTP/1.1" 200 65347 "-" "Mozilla/5.0 AppleWebKit/537.36 (KHTML, like Gecko); compatible; ChatGPT-User/1.0; +https://openai.com/bot"
2001:16a2:447c:be00:54b:a342:d6e:4743 - - [28/May/2026:14:49:17 +0000] "POST /?wc-ajax=get_refreshed_fragments HTTP/1.1" 200 858 "https://autozone.com.sa//shop/" "Mozilla/5.0 (Linux; Android 12; CTR-L81; HMSCore 6.15.6.332; GMSCore 0.3.15.250932) AppleWebKit/537.36 (KHTML, like Gecko) Chrome/114.0.5735.196 HuaweiBrowser/17.0.4.302 Mobile Safari/537.36"
2001:16a2:447c:be00:54b:a342:d6e:4743 - - [28/May/2026:14:49:17 +0000] "POST /wp-json/iawp/search HTTP/1.1" 200 36 "https://autozone.com.sa//shop/" "Mozilla/5.0 (Linux; Android 12; CTR-L81; HMSCore 6.15.6.332; GMSCore 0.3.15.250932) AppleWebKit/537.36 (KHTML, like Gecko) Chrome/114.0.5735.196 HuaweiBrowser/17.0.4.302 Mobile Safari/537.36"
2001:16a2:447c:be00:54b:a342:d6e:4743 - - [28/May/2026:14:49:19 +0000] "GET /wp-content/uploads/2026/01/BGC_5738-copy-4-300x300.webp HTTP/1.1" 200 8569 "https://autozone.com.sa//shop/" "Mozilla/5.0 (Linux; Android 12; CTR-L81; HMSCore 6.15.6.332; GMSCore 0.3.15.250932) AppleWebKit/537.36 (KHTML, like Gecko) Chrome/114.0.5735.196 HuaweiBrowser/17.0.4.302 Mobile Safari/537.36"
2001:16a2:447c:be00:54b:a342:d6e:4743 - - [28/May/2026:14:49:19 +0000] "GET /wp-content/uploads/2026/01/BGC_5738-copy-6-300x300.webp HTTP/1.1" 200 8907 "https://autozone.com.sa//shop/" "Mozilla/5.0 (Linux; Android 12; CTR-L81; HMSCore 6.15.6.332; GMSCore 0.3.15.250932) AppleWebKit/537.36 (KHTML, like Gecko) Chrome/114.0.5735.196 HuaweiBrowser/17.0.4.302 Mobile Safari/537.36"
2001:16a2:447c:be00:54b:a342:d6e:4743 - - [28/May/2026:14:49:24 +0000] "GET /wp-content/uploads/2025/04/5BGC_0008-scaled-copy-300x300.webp HTTP/1.1" 200 15578 "https://autozone.com.sa//shop/" "Mozilla/5.0 (Linux; Android 12; CTR-L81; HMSCore 6.15.6.332; GMSCore 0.3.15.250932) AppleWebKit/537.36 (KHTML, like Gecko) Chrome/114.0.5735.196 HuaweiBrowser/17.0.4.302 Mobile Safari/537.36"
2001:16a2:447c:be00:54b:a342:d6e:4743 - - [28/May/2026:14:49:24 +0000] "GET /wp-content/uploads/2026/01/BGC_5738-copy-24-300x300.webp HTTP/1.1" 200 11677 "https://autozone.com.sa//shop/" "Mozilla/5.0 (Linux; Android 12; CTR-L81; HMSCore 6.15.6.332; GMSCore 0.3.15.250932) AppleWebKit/537.36 (KHTML, like Gecko) Chrome/114.0.5735.196 HuaweiBrowser/17.0.4.302 Mobile Safari/537.36"
2001:16a2:447c:be00:54b:a342:d6e:4743 - - [28/May/2026:14:49:24 +0000] "GET /wp-content/uploads/2026/01/BGC_5738-copy-22-300x300.webp HTTP/1.1" 200 10951 "https://autozone.com.sa//shop/" "Mozilla/5.0 (Linux; Android 12; CTR-L81; HMSCore 6.15.6.332; GMSCore 0.3.15.250932) AppleWebKit/537.36 (KHTML, like Gecko) Chrome/114.0.5735.196 HuaweiBrowser/17.0.4.302 Mobile Safari/537.36"
2001:16a2:447c:be00:54b:a342:d6e:4743 - - [28/May/2026:14:49:24 +0000] "GET /wp-content/uploads/2026/01/BGC_5738-copy-23-300x300.webp HTTP/1.1" 200 11341 "https://autozone.com.sa//shop/" "Mozilla/5.0 (Linux; Android 12; CTR-L81; HMSCore 6.15.6.332; GMSCore 0.3.15.250932) AppleWebKit/537.36 (KHTML, like Gecko) Chrome/114.0.5735.196 HuaweiBrowser/17.0.4.302 Mobile Safari/537.36"
2a02:9b0:41b7:16c6:a1c0:ced:29d1:9cfd - - [28/May/2026:14:49:24 +0000] "POST /wp-admin/admin-ajax.php HTTP/1.1" 200 46 "https://autozone.com.sa/" "Mozilla/5.0 (iPhone; CPU iPhone OS 18_7 like Mac OS X) AppleWebKit/605.1.15 (KHTML, like Gecko) Version/26.4 Mobile/15E148 Safari/604.1"
2a02:9b0:41b7:16c6:a1c0:ced:29d1:9cfd - - [28/May/2026:14:49:39 +0000] "POST /wp-admin/admin-ajax.php HTTP/1.1" 200 46 "https://autozone.com.sa/" "Mozilla/5.0 (iPhone; CPU iPhone OS 18_7 like Mac OS X) AppleWebKit/605.1.15 (KHTML, like Gecko) Version/26.4 Mobile/15E148 Safari/604.1"
2a02:9b0:41b7:16c6:a1c0:ced:29d1:9cfd - - [28/May/2026:14:49:43 +0000] "POST /wp-admin/admin-ajax.php HTTP/1.1" 200 46 "https://autozone.com.sa/" "Mozilla/5.0 (iPhone; CPU iPhone OS 18_7 like Mac OS X) AppleWebKit/605.1.15 (KHTML, like Gecko) Version/26.4 Mobile/15E148 Safari/604.1"
2a02:9b0:41b7:16c6:a1c0:ced:29d1:9cfd - - [28/May/2026:14:49:58 +0000] "POST /wp-admin/admin-ajax.php HTTP/1.1" 200 46 "https://autozone.com.sa/" "Mozilla/5.0 (iPhone; CPU iPhone OS 18_7 like Mac OS X) AppleWebKit/605.1.15 (KHTML, like Gecko) Version/26.4 Mobile/15E148 Safari/604.1"
2001:16a2:447c:be00:54b:a342:d6e:4743 - - [28/May/2026:14:49:58 +0000] "GET /shop/ HTTP/1.1" 200 34803 "https://autozone.com.sa/" "Mozilla/5.0 (Linux; Android 12; CTR-L81; HMSCore 6.15.6.332; GMSCore 0.3.15.250932) AppleWebKit/537.36 (KHTML, like Gecko) Chrome/114.0.5735.196 HuaweiBrowser/17.0.4.302 Mobile Safari/537.36"
2001:16a2:447c:be00:54b:a342:d6e:4743 - - [28/May/2026:14:50:06 +0000] "GET /wp-content/uploads/al_opt_content/IMAGE/autozone.com.sa/wp-content/uploads/2025/07/BGC_1405-300x300.webp.bv.webp?bv_host=autozone.com.sa HTTP/1.1" 200 15411 "https://autozone.com.sa/shop/" "Mozilla/5.0 (Linux; Android 12; CTR-L81; HMSCore 6.15.6.332; GMSCore 0.3.15.250932) AppleWebKit/537.36 (KHTML, like Gecko) Chrome/114.0.5735.196 HuaweiBrowser/17.0.4.302 Mobile Safari/537.36"
2001:16a2:447c:be00:54b:a342:d6e:4743 - - [28/May/2026:14:50:06 +0000] "GET /wp-content/uploads/al_opt_content/IMAGE/autozone.com.sa/wp-content/uploads/2025/07/BGC_6492-300x300.webp.bv.webp?bv_host=autozone.com.sa HTTP/1.1" 200 15195 "https://autozone.com.sa/shop/" "Mozilla/5.0 (Linux; Android 12; CTR-L81; HMSCore 6.15.6.332; GMSCore 0.3.15.250932) AppleWebKit/537.36 (KHTML, like Gecko) Chrome/114.0.5735.196 HuaweiBrowser/17.0.4.302 Mobile Safari/537.36"
2a02:9b0:41b7:16c6:a1c0:ced:29d1:9cfd - - [28/May/2026:14:50:05 +0000] "POST //shop/ HTTP/1.1" 200 19574 "https://autozone.com.sa/" "Mozilla/5.0 (iPhone; CPU iPhone OS 18_7 like Mac OS X) AppleWebKit/605.1.15 (KHTML, like Gecko) Version/26.4 Mobile/15E148 Safari/604.1"
2a02:9b0:41b7:16c6:a1c0:ced:29d1:9cfd - - [28/May/2026:14:50:07 +0000] "GET /wp-content/plugins/ultimate-post-kit/assets/js/upk-site.min.js?ver=4.1.5 HTTP/1.1" 200 255 "https://autozone.com.sa//shop/" "Mozilla/5.0 (iPhone; CPU iPhone OS 18_7 like Mac OS X) AppleWebKit/605.1.15 (KHTML, like Gecko) Version/26.4 Mobile/15E148 Safari/604.1"
2a02:9b0:41b7:16c6:a1c0:ced:29d1:9cfd - - [28/May/2026:14:50:07 +0000] "GET /wp-content/plugins/bdthemes-prime-slider-lite/assets/js/prime-slider-site.min.js?ver=4.1.12 HTTP/1.1" 200 982 "https://autozone.com.sa//shop/" "Mozilla/5.0 (iPhone; CPU iPhone OS 18_7 like Mac OS X) AppleWebKit/605.1.15 (KHTML, like Gecko) Version/26.4 Mobile/15E148 Safari/604.1"
2a02:9b0:41b7:16c6:a1c0:ced:29d1:9cfd - - [28/May/2026:14:50:07 +0000] "GET /wp-content/plugins/bdthemes-element-pack/assets/js/common/helper.min.js?ver=9.3.0 HTTP/1.1" 200 1905 "https://autozone.com.sa//shop/" "Mozilla/5.0 (iPhone; CPU iPhone OS 18_7 like Mac OS X) AppleWebKit/605.1.15 (KHTML, like Gecko) Version/26.4 Mobile/15E148 Safari/604.1"
2a02:9b0:41b7:16c6:a1c0:ced:29d1:9cfd - - [28/May/2026:14:50:07 +0000] "GET /wp-content/plugins/pixelyoursite/dist/scripts/public.js?ver=11.2.0.6 HTTP/1.1" 200 25878 "https://autozone.com.sa//shop/" "Mozilla/5.0 (iPhone; CPU iPhone OS 18_7 like Mac OS X) AppleWebKit/605.1.15 (KHTML, like Gecko) Version/26.4 Mobile/15E148 Safari/604.1"
2a02:9b0:41b7:16c6:a1c0:ced:29d1:9cfd - - [28/May/2026:14:50:07 +0000] "GET /wp-content/plugins/bdthemes-element-pack/assets/js/bdt-uikit.min.js?ver=3.21.7 HTTP/1.1" 200 49707 "https://autozone.com.sa//shop/" "Mozilla/5.0 (iPhone; CPU iPhone OS 18_7 like Mac OS X) AppleWebKit/605.1.15 (KHTML, like Gecko) Version/26.4 Mobile/15E148 Safari/604.1"
2a02:9b0:41b7:16c6:a1c0:ced:29d1:9cfd - - [28/May/2026:14:50:07 +0000] "GET /wp-content/plugins/jet-woo-product-gallery/assets/lib/swiper/swiper.min.js?ver=5.3.6 HTTP/1.1" 200 35491 "https://autozone.com.sa//shop/" "Mozilla/5.0 (iPhone; CPU iPhone OS 18_7 like Mac OS X) AppleWebKit/605.1.15 (KHTML, like Gecko) Version/26.4 Mobile/15E148 Safari/604.1"
2a02:9b0:41b7:16c6:a1c0:ced:29d1:9cfd - - [28/May/2026:14:50:07 +0000] "GET /wp-content/plugins/pixelyoursite/dist/scripts/jquery.bind-first-0.2.3.min.js?ver=0.2.3 HTTP/1.1" 200 689 "https://autozone.com.sa//shop/" "Mozilla/5.0 (iPhone; CPU iPhone OS 18_7 like Mac OS X) AppleWebKit/605.1.15 (KHTML, like Gecko) Version/26.4 Mobile/15E148 Safari/604.1"
2a02:9b0:41b7:16c6:a1c0:ced:29d1:9cfd - - [28/May/2026:14:50:07 +0000] "GET /wp-content/plugins/jet-search/assets/lib/jet-plugins/jet-plugins.js?ver=1.0.0 HTTP/1.1" 200 2282 "https://autozone.com.sa//shop/" "Mozilla/5.0 (iPhone; CPU iPhone OS 18_7 like Mac OS X) AppleWebKit/605.1.15 (KHTML, like Gecko) Version/26.4 Mobile/15E148 Safari/604.1"
2a02:9b0:41b7:16c6:a1c0:ced:29d1:9cfd - - [28/May/2026:14:50:07 +0000] "GET /wp-content/plugins/woo-variation-gallery/assets/js/frontend.min.js?ver=1779254503 HTTP/1.1" 200 4751 "https://autozone.com.sa//shop/" "Mozilla/5.0 (iPhone; CPU iPhone OS 18_7 like Mac OS X) AppleWebKit/605.1.15 (KHTML, like Gecko) Version/26.4 Mobile/15E148 Safari/604.1"
2a02:9b0:41b7:16c6:a1c0:ced:29d1:9cfd - - [28/May/2026:14:50:07 +0000] "GET /wp-content/plugins/woocommerce/assets/js/sourcebuster/sourcebuster.min.js?ver=10.8.0 HTTP/1.1" 200 4807 "https://autozone.com.sa//shop/" "Mozilla/5.0 (iPhone; CPU iPhone OS 18_7 like Mac OS X) AppleWebKit/605.1.15 (KHTML, like Gecko) Version/26.4 Mobile/15E148 Safari/604.1"
2a02:9b0:41b7:16c6:a1c0:ced:29d1:9cfd - - [28/May/2026:14:50:07 +0000] "GET /wp-includes/js/dist/i18n.min.js?ver=781d11515ad3d91786ec HTTP/1.1" 200 2438 "https://autozone.com.sa//shop/" "Mozilla/5.0 (iPhone; CPU iPhone OS 18_7 like Mac OS X) AppleWebKit/605.1.15 (KHTML, like Gecko) Version/26.4 Mobile/15E148 Safari/604.1"
2a02:9b0:41b7:16c6:a1c0:ced:29d1:9cfd - - [28/May/2026:14:50:07 +0000] "GET /wp-includes/js/underscore.min.js?ver=1.13.8 HTTP/1.1" 200 7372 "https://autozone.com.sa//shop/" "Mozilla/5.0 (iPhone; CPU iPhone OS 18_7 like Mac OS X) AppleWebKit/605.1.15 (KHTML, like Gecko) Version/26.4 Mobile/15E148 Safari/604.1"
2a02:9b0:41b7:16c6:a1c0:ced:29d1:9cfd - - [28/May/2026:14:50:07 +0000] "GET /wp-content/plugins/jet-elements/assets/js/lib/anime-js/anime.min.js?ver=2.2.0 HTTP/1.1" 200 6057 "https://autozone.com.sa//shop/" "Mozilla/5.0 (iPhone; CPU iPhone OS 18_7 like Mac OS X) AppleWebKit/605.1.15 (KHTML, like Gecko) Version/26.4 Mobile/15E148 Safari/604.1"
2a02:9b0:41b7:16c6:a1c0:ced:29d1:9cfd - - [28/May/2026:14:50:07 +0000] "GET /wp-includes/js/api-request.min.js?ver=7.0 HTTP/1.1" 200 590 "https://autozone.com.sa//shop/" "Mozilla/5.0 (iPhone; CPU iPhone OS 18_7 like Mac OS X) AppleWebKit/605.1.15 (KHTML, like Gecko) Version/26.4 Mobile/15E148 Safari/604.1"
2a02:9b0:41b7:16c6:a1c0:ced:29d1:9cfd - - [28/May/2026:14:50:07 +0000] "GET /wp-includes/js/dist/vendor/wp-polyfill.min.js?ver=3.15.0 HTTP/1.1" 200 11897 "https://autozone.com.sa//shop/" "Mozilla/5.0 (iPhone; CPU iPhone OS 18_7 like Mac OS X) AppleWebKit/605.1.15 (KHTML, like Gecko) Version/26.4 Mobile/15E148 Safari/604.1"
2a02:9b0:41b7:16c6:a1c0:ced:29d1:9cfd - - [28/May/2026:14:50:07 +0000] "GET /wp-content/themes/hello-elementor/assets/js/hello-frontend.js?ver=3.4.6 HTTP/1.1" 200 549 "https://autozone.com.sa//shop/" "Mozilla/5.0 (iPhone; CPU iPhone OS 18_7 like Mac OS X) AppleWebKit/605.1.15 (KHTML, like Gecko) Version/26.4 Mobile/15E148 Safari/604.1"
2a02:9b0:41b7:16c6:a1c0:ced:29d1:9cfd - - [28/May/2026:14:50:07 +0000] "GET /wp-includes/js/dist/api-fetch.min.js?ver=d7efe4dc1468d36c39b8 HTTP/1.1" 200 2815 "https://autozone.com.sa//shop/" "Mozilla/5.0 (iPhone; CPU iPhone OS 18_7 like Mac OS X) AppleWebKit/605.1.15 (KHTML, like Gecko) Version/26.4 Mobile/15E148 Safari/604.1"
2a02:9b0:41b7:16c6:a1c0:ced:29d1:9cfd - - [28/May/2026:14:50:07 +0000] "GET /wp-content/plugins/jet-popup/assets/js/jet-popup-frontend.js?ver=2.0.21.1 HTTP/1.1" 200 6883 "https://autozone.com.sa//shop/" "Mozilla/5.0 (iPhone; CPU iPhone OS 18_7 like Mac OS X) AppleWebKit/605.1.15 (KHTML, like Gecko) Version/26.4 Mobile/15E148 Safari/604.1"
2a02:9b0:41b7:16c6:a1c0:ced:29d1:9cfd - - [28/May/2026:14:50:07 +0000] "GET /wp-content/plugins/woocommerce/assets/js/frontend/add-to-cart-variation.min.js?ver=10.8.0 HTTP/1.1" 200 3940 "https://autozone.com.sa//shop/" "Mozilla/5.0 (iPhone; CPU iPhone OS 18_7 like Mac OS X) AppleWebKit/605.1.15 (KHTML, like Gecko) Version/26.4 Mobile/15E148 Safari/604.1"
2a02:9b0:41b7:16c6:a1c0:ced:29d1:9cfd - - [28/May/2026:14:50:07 +0000] "GET /wp-content/plugins/woocommerce/assets/js/js-cookie/js.cookie.min.js?ver=2.1.4-wc.10.8.0 HTTP/1.1" 200 833 "https://autozone.com.sa//shop/" "Mozilla/5.0 (iPhone; CPU iPhone OS 18_7 like Mac OS X) AppleWebKit/605.1.15 (KHTML, like Gecko) Version/26.4 Mobile/15E148 Safari/604.1"
2a02:9b0:41b7:16c6:a1c0:ced:29d1:9cfd - - [28/May/2026:14:50:07 +0000] "GET /wp-content/plugins/woo-variation-swatches/assets/js/frontend.min.js?ver=2.2.3 HTTP/1.1" 200 4963 "https://autozone.com.sa//shop/" "Mozilla/5.0 (iPhone; CPU iPhone OS 18_7 like Mac OS X) AppleWebKit/605.1.15 (KHTML, like Gecko) Version/26.4 Mobile/15E148 Safari/604.1"
2a02:9b0:41b7:16c6:a1c0:ced:29d1:9cfd - - [28/May/2026:14:50:07 +0000] "GET /wp-content/uploads/2026/01/BGC_5738-copy-2-300x300.webp HTTP/1.1" 200 15003 "https://autozone.com.sa//shop/" "Mozilla/5.0 (iPhone; CPU iPhone OS 18_7 like Mac OS X) AppleWebKit/605.1.15 (KHTML, like Gecko) Version/26.4 Mobile/15E148 Safari/604.1"
2a02:9b0:41b7:16c6:a1c0:ced:29d1:9cfd - - [28/May/2026:14:50:07 +0000] "GET /wp-includes/js/dist/url.min.js?ver=bb0f766c3d2efe497871 HTTP/1.1" 200 3875 "https://autozone.com.sa//shop/" "Mozilla/5.0 (iPhone; CPU iPhone OS 18_7 like Mac OS X) AppleWebKit/605.1.15 (KHTML, like Gecko) Version/26.4 Mobile/15E148 Safari/604.1"
2a02:9b0:41b7:16c6:a1c0:ced:29d1:9cfd - - [28/May/2026:14:50:07 +0000] "GET /wp-includes/js/jquery/jquery-migrate.min.js?ver=3.4.1 HTTP/1.1" 200 4872 "https://autozone.com.sa//shop/" "Mozilla/5.0 (iPhone; CPU iPhone OS 18_7 like Mac OS X) AppleWebKit/605.1.15 (KHTML, like Gecko) Version/26.4 Mobile/15E148 Safari/604.1"
2a02:9b0:41b7:16c6:a1c0:ced:29d1:9cfd - - [28/May/2026:14:50:07 +0000] "GET /wp-content/plugins/woocommerce/assets/js/frontend/order-attribution.min.js?ver=10.8.0 HTTP/1.1" 200 1150 "https://autozone.com.sa//shop/" "Mozilla/5.0 (iPhone; CPU iPhone OS 18_7 like Mac OS X) AppleWebKit/605.1.15 (KHTML, like Gecko) Version/26.4 Mobile/15E148 Safari/604.1"
2a02:9b0:41b7:16c6:a1c0:ced:29d1:9cfd - - [28/May/2026:14:50:07 +0000] "GET /wp-content/plugins/woocommerce/assets/js/frontend/woocommerce.min.js?ver=10.8.0 HTTP/1.1" 200 1586 "https://autozone.com.sa//shop/" "Mozilla/5.0 (iPhone; CPU iPhone OS 18_7 like Mac OS X) AppleWebKit/605.1.15 (KHTML, like Gecko) Version/26.4 Mobile/15E148 Safari/604.1"
2a02:9b0:41b7:16c6:a1c0:ced:29d1:9cfd - - [28/May/2026:14:50:07 +0000] "GET /wp-includes/js/dist/hooks.min.js?ver=7496969728ca0f95732d HTTP/1.1" 200 1799 "https://autozone.com.sa//shop/" "Mozilla/5.0 (iPhone; CPU iPhone OS 18_7 like Mac OS X) AppleWebKit/605.1.15 (KHTML, like Gecko) Version/26.4 Mobile/15E148 Safari/604.1"
2a02:9b0:41b7:16c6:a1c0:ced:29d1:9cfd - - [28/May/2026:14:50:07 +0000] "GET /wp-includes/js/imagesloaded.min.js?ver=5.0.0 HTTP/1.1" 200 1803 "https://autozone.com.sa//shop/" "Mozilla/5.0 (iPhone; CPU iPhone OS 18_7 like Mac OS X) AppleWebKit/605.1.15 (KHTML, like Gecko) Version/26.4 Mobile/15E148 Safari/604.1"
2a02:9b0:41b7:16c6:a1c0:ced:29d1:9cfd - - [28/May/2026:14:50:07 +0000] "GET /wp-content/plugins/sitepress-multilingual-cms/res/js/cookies/language-cookie.js?ver=494000 HTTP/1.1" 200 187 "https://autozone.com.sa//shop/" "Mozilla/5.0 (iPhone; CPU iPhone OS 18_7 like Mac OS X) AppleWebKit/605.1.15 (KHTML, like Gecko) Version/26.4 Mobile/15E148 Safari/604.1"
2a02:9b0:41b7:16c6:a1c0:ced:29d1:9cfd - - [28/May/2026:14:50:07 +0000] "GET /wp-includes/js/jquery/jquery.min.js?ver=3.7.1 HTTP/1.1" 200 30368 "https://autozone.com.sa//shop/" "Mozilla/5.0 (iPhone; CPU iPhone OS 18_7 like Mac OS X) AppleWebKit/605.1.15 (KHTML, like Gecko) Version/26.4 Mobile/15E148 Safari/604.1"
2a02:9b0:41b7:16c6:a1c0:ced:29d1:9cfd - - [28/May/2026:14:50:07 +0000] "GET /wp-content/plugins/woocommerce-multilingual/res/js/cart_widget.min.js?ver=5.5.5 HTTP/1.1" 200 523 "https://autozone.com.sa//shop/" "Mozilla/5.0 (iPhone; CPU iPhone OS 18_7 like Mac OS X) AppleWebKit/605.1.15 (KHTML, like Gecko) Version/26.4 Mobile/15E148 Safari/604.1"
2a02:9b0:41b7:16c6:a1c0:ced:29d1:9cfd - - [28/May/2026:14:50:07 +0000] "GET /wp-content/plugins/woocommerce/assets/js/jquery-blockui/jquery.blockUI.min.js?ver=2.7.0-wc.10.8.0 HTTP/1.1" 200 3537 "https://autozone.com.sa//shop/" "Mozilla/5.0 (iPhone; CPU iPhone OS 18_7 like Mac OS X) AppleWebKit/605.1.15 (KHTML, like Gecko) Version/26.4 Mobile/15E148 Safari/604.1"
2a02:9b0:41b7:16c6:a1c0:ced:29d1:9cfd - - [28/May/2026:14:50:07 +0000] "GET /wp-content/plugins/pixelyoursite/dist/scripts/tld.min.js?ver=2.3.1 HTTP/1.1" 200 40644 "https://autozone.com.sa//shop/" "Mozilla/5.0 (iPhone; CPU iPhone OS 18_7 like Mac OS X) AppleWebKit/605.1.15 (KHTML, like Gecko) Version/26.4 Mobile/15E148 Safari/604.1"
2a02:9b0:41b7:16c6:a1c0:ced:29d1:9cfd - - [28/May/2026:14:50:07 +0000] "GET /wp-content/plugins/woo-variation-gallery/assets/js/slick.min.js?ver=1.8.1 HTTP/1.1" 200 10678 "https://autozone.com.sa//shop/" "Mozilla/5.0 (iPhone; CPU iPhone OS 18_7 like Mac OS X) AppleWebKit/605.1.15 (KHTML, like Gecko) Version/26.4 Mobile/15E148 Safari/604.1"
2a02:9b0:41b7:16c6:a1c0:ced:29d1:9cfd - - [28/May/2026:14:50:07 +0000] "GET /wp-content/plugins/woocommerce/assets/js/frontend/add-to-cart.min.js?ver=10.8.0 HTTP/1.1" 200 1439 "https://autozone.com.sa//shop/" "Mozilla/5.0 (iPhone; CPU iPhone OS 18_7 like Mac OS X) AppleWebKit/605.1.15 (KHTML, like Gecko) Version/26.4 Mobile/15E148 Safari/604.1"
2a02:9b0:41b7:16c6:a1c0:ced:29d1:9cfd - - [28/May/2026:14:50:07 +0000] "GET /wp-includes/js/wp-util.min.js?ver=7.0 HTTP/1.1" 200 754 "https://autozone.com.sa//shop/" "Mozilla/5.0 (iPhone; CPU iPhone OS 18_7 like Mac OS X) AppleWebKit/605.1.15 (KHTML, like Gecko) Version/26.4 Mobile/15E148 Safari/604.1"
2a02:9b0:41b7:16c6:a1c0:ced:29d1:9cfd - - [28/May/2026:14:50:07 +0000] "GET /wp-content/plugins/woocommerce/assets/js/frontend/cart-fragments.min.js?ver=10.8.0 HTTP/1.1" 200 1045 "https://autozone.com.sa//shop/" "Mozilla/5.0 (iPhone; CPU iPhone OS 18_7 like Mac OS X) AppleWebKit/605.1.15 (KHTML, like Gecko) Version/26.4 Mobile/15E148 Safari/604.1"
2a02:9b0:41b7:16c6:a1c0:ced:29d1:9cfd - - [28/May/2026:14:50:07 +0000] "GET /wp-content/plugins/fluentform/assets/js/fluent-forms-elementor-widget.js?ver=6.2.0 HTTP/1.1" 200 426 "https://autozone.com.sa//shop/" "Mozilla/5.0 (iPhone; CPU iPhone OS 18_7 like Mac OS X) AppleWebKit/605.1.15 (KHTML, like Gecko) Version/26.4 Mobile/15E148 Safari/604.1"
2a02:9b0:41b7:16c6:a1c0:ced:29d1:9cfd - - [28/May/2026:14:50:07 +0000] "GET /wp-content/uploads/2025/07/BGC_6492-300x300.webp HTTP/1.1" 200 15195 "https://autozone.com.sa//shop/" "Mozilla/5.0 (iPhone; CPU iPhone OS 18_7 like Mac OS X) AppleWebKit/605.1.15 (KHTML, like Gecko) Version/26.4 Mobile/15E148 Safari/604.1"
2a02:9b0:41b7:16c6:a1c0:ced:29d1:9cfd - - [28/May/2026:14:50:07 +0000] "GET /wp-content/uploads/2025/07/BGC_1405-300x300.webp HTTP/1.1" 200 15411 "https://autozone.com.sa//shop/" "Mozilla/5.0 (iPhone; CPU iPhone OS 18_7 like Mac OS X) AppleWebKit/605.1.15 (KHTML, like Gecko) Version/26.4 Mobile/15E148 Safari/604.1"
2a02:9b0:41b7:16c6:a1c0:ced:29d1:9cfd - - [28/May/2026:14:50:07 +0000] "GET /wp-content/uploads/2025/07/BGC_6099-1-300x300.webp HTTP/1.1" 200 15242 "https://autozone.com.sa//shop/" "Mozilla/5.0 (iPhone; CPU iPhone OS 18_7 like Mac OS X) AppleWebKit/605.1.15 (KHTML, like Gecko) Version/26.4 Mobile/15E148 Safari/604.1"
2a02:9b0:41b7:16c6:a1c0:ced:29d1:9cfd - - [28/May/2026:14:50:07 +0000] "GET /wp-content/uploads/2025/07/BGC_6000-300x300.webp HTTP/1.1" 200 15557 "https://autozone.com.sa//shop/" "Mozilla/5.0 (iPhone; CPU iPhone OS 18_7 like Mac OS X) AppleWebKit/605.1.15 (KHTML, like Gecko) Version/26.4 Mobile/15E148 Safari/604.1"
172.105.42.26 - - [28/May/2026:14:50:08 +0000] "POST /wp-cron.php?doing_wp_cron=1779979808.2790260314941406250000 HTTP/1.1" 200 20 "-" "WordPress/7.0; https://autozone.com.sa"
2001:16a2:447c:be00:54b:a342:d6e:4743 - - [28/May/2026:14:50:06 +0000] "POST /?wc-ajax=get_refreshed_fragments HTTP/1.1" 200 858 "https://autozone.com.sa/shop/" "Mozilla/5.0 (Linux; Android 12; CTR-L81; HMSCore 6.15.6.332; GMSCore 0.3.15.250932) AppleWebKit/537.36 (KHTML, like Gecko) Chrome/114.0.5735.196 HuaweiBrowser/17.0.4.302 Mobile Safari/537.36"
2a02:9b0:41b7:16c6:a1c0:ced:29d1:9cfd - - [28/May/2026:14:50:08 +0000] "GET /wp-content/uploads/2025/07/BGC_6880-300x300.webp HTTP/1.1" 200 18105 "https://autozone.com.sa//shop/" "Mozilla/5.0 (iPhone; CPU iPhone OS 18_7 like Mac OS X) AppleWebKit/605.1.15 (KHTML, like Gecko) Version/26.4 Mobile/15E148 Safari/604.1"
2a02:9b0:41b7:16c6:a1c0:ced:29d1:9cfd - - [28/May/2026:14:50:08 +0000] "GET /wp-content/uploads/2025/04/6BGC_0008-scaled-copy-300x300.webp HTTP/1.1" 200 17498 "https://autozone.com.sa//shop/" "Mozilla/5.0 (iPhone; CPU iPhone OS 18_7 like Mac OS X) AppleWebKit/605.1.15 (KHTML, like Gecko) Version/26.4 Mobile/15E148 Safari/604.1"
172.105.42.26 - - [28/May/2026:14:50:08 +0000] "POST /wp-cron.php?doing_wp_cron=1779979808.6038219928741455078125 HTTP/1.1" 200 20 "-" "WordPress/7.0; https://autozone.com.sa"
2001:16a2:447c:be00:54b:a342:d6e:4743 - - [28/May/2026:14:50:06 +0000] "POST /wp-json/iawp/search HTTP/1.1" 200 36 "https://autozone.com.sa/shop/" "Mozilla/5.0 (Linux; Android 12; CTR-L81; HMSCore 6.15.6.332; GMSCore 0.3.15.250932) AppleWebKit/537.36 (KHTML, like Gecko) Chrome/114.0.5735.196 HuaweiBrowser/17.0.4.302 Mobile Safari/537.36"
2a02:9b0:41b7:16c6:a1c0:ced:29d1:9cfd - - [28/May/2026:14:50:09 +0000] "GET /wp-content/uploads/2026/01/BGC_5738-copy-8-300x300.webp HTTP/1.1" 200 9515 "https://autozone.com.sa//shop/" "Mozilla/5.0 (iPhone; CPU iPhone OS 18_7 like Mac OS X) AppleWebKit/605.1.15 (KHTML, like Gecko) Version/26.4 Mobile/15E148 Safari/604.1"
2a02:9b0:41b7:16c6:a1c0:ced:29d1:9cfd - - [28/May/2026:14:50:09 +0000] "GET /wp-content/uploads/2026/01/BGC_5738-copy-21-300x300.webp HTTP/1.1" 200 9235 "https://autozone.com.sa//shop/" "Mozilla/5.0 (iPhone; CPU iPhone OS 18_7 like Mac OS X) AppleWebKit/605.1.15 (KHTML, like Gecko) Version/26.4 Mobile/15E148 Safari/604.1"
172.105.42.26 - - [28/May/2026:14:50:09 +0000] "POST /wp-cron.php?doing_wp_cron=1779979809.7209770679473876953125 HTTP/1.1" 200 20 "-" "WordPress/7.0; https://autozone.com.sa"
2a02:9b0:41b7:16c6:a1c0:ced:29d1:9cfd - - [28/May/2026:14:50:08 +0000] "POST /?wc-ajax=get_refreshed_fragments HTTP/1.1" 200 858 "https://autozone.com.sa//shop/" "Mozilla/5.0 (iPhone; CPU iPhone OS 18_7 like Mac OS X) AppleWebKit/605.1.15 (KHTML, like Gecko) Version/26.4 Mobile/15E148 Safari/604.1"
172.105.42.26 - - [28/May/2026:14:50:10 +0000] "POST /wp-cron.php?doing_wp_cron=1779979809.9806630611419677734375 HTTP/1.1" 200 20 "-" "WordPress/7.0; https://autozone.com.sa"
