17.246.19.80 - - [28/May/2026:12:33:44 +0000] "POST /?wc-ajax=get_refreshed_fragments HTTP/1.1" 200 858 "https://autozone.com.sa/end-of-year-2022-offer/07-s-offer-2/" "Mozilla/5.0 (Macintosh; Intel Mac OS X 10_15_7) AppleWebKit/605.1.15 (KHTML, like Gecko) Version/17.4 Safari/605.1.15 (Applebot/0.1; +http://www.apple.com/go/applebot)"
172.105.42.26 - - [28/May/2026:12:34:23 +0000] "POST /wp-cron.php?doing_wp_cron=1779971663.7814431190490722656250 HTTP/1.1" 200 20 "-" "WordPress/7.0; https://autozone.com.sa"
216.73.216.51 - - [28/May/2026:12:34:22 +0000] "GET /sitemap-4.xml HTTP/1.1" 404 16889 "-" "Mozilla/5.0 AppleWebKit/537.36 (KHTML, like Gecko; compatible; ClaudeBot/1.0; +claudebot@anthropic.com)"
172.105.42.26 - - [28/May/2026:12:35:23 +0000] "POST /wp-cron.php?doing_wp_cron=1779971723.9374310970306396484375 HTTP/1.1" 200 20 "-" "WordPress/7.0; https://autozone.com.sa"
40.77.167.27 - - [28/May/2026:12:35:22 +0000] "GET /listings/toyota-hilux-dabbablux/ HTTP/1.1" 301 20 "-" "Mozilla/5.0 AppleWebKit/537.36 (KHTML, like Gecko; compatible; bingbot/2.0; +http://www.bing.com/bingbot.htm) Chrome/116.0.1938.76 Safari/537.36"
47.128.112.202 - - [28/May/2026:12:35:27 +0000] "GET /outlet/en/financing-calculator/ HTTP/1.1" 301 20 "-" "Mozilla/5.0 (Linux; Android 5.0) AppleWebKit/537.36 (KHTML, like Gecko) Mobile Safari/537.36 (compatible; TikTokSpider; ttspider-feedback@tiktok.com)"
47.128.112.202 - - [28/May/2026:12:35:28 +0000] "GET /outlet/en/financing-calculator/ HTTP/1.1" 404 16920 "-" "Mozilla/5.0 (Linux; Android 5.0) AppleWebKit/537.36 (KHTML, like Gecko) Mobile Safari/537.36 (compatible; TikTokSpider; ttspider-feedback@tiktok.com)"
47.128.112.202 - - [28/May/2026:12:35:30 +0000] "GET /wp-content/plugins/woocommerce/assets/css/woocommerce-smallscreen-rtl.css?ver=10.8.0 HTTP/1.1" 200 1407 "https://autozone.com.sa/outlet/en/financing-calculator/" "Mozilla/5.0 (Linux; Android 5.0) AppleWebKit/537.36 (KHTML, like Gecko) Mobile Safari/537.36 (compatible; TikTokSpider; ttspider-feedback@tiktok.com)"
47.128.112.202 - - [28/May/2026:12:35:30 +0000] "GET /wp-content/plugins/woocommerce/assets/css/woocommerce-layout-rtl.css?ver=10.8.0 HTTP/1.1" 200 3422 "https://autozone.com.sa/outlet/en/financing-calculator/" "Mozilla/5.0 (Linux; Android 5.0) AppleWebKit/537.36 (KHTML, like Gecko) Mobile Safari/537.36 (compatible; TikTokSpider; ttspider-feedback@tiktok.com)"
47.128.112.202 - - [28/May/2026:12:35:30 +0000] "GET /wp-content/plugins/sitepress-multilingual-cms/templates/language-switchers/legacy-list-horizontal/style.min.css?ver=1 HTTP/1.1" 200 315 "https://autozone.com.sa/outlet/en/financing-calculator/" "Mozilla/5.0 (Linux; Android 5.0) AppleWebKit/537.36 (KHTML, like Gecko) Mobile Safari/537.36 (compatible; TikTokSpider; ttspider-feedback@tiktok.com)"
47.128.112.202 - - [28/May/2026:12:35:30 +0000] "GET /wp-content/plugins/sitepress-multilingual-cms/templates/language-switchers/menu-item/style.min.css?ver=1 HTTP/1.1" 200 141 "https://autozone.com.sa/outlet/en/financing-calculator/" "Mozilla/5.0 (Linux; Android 5.0) AppleWebKit/537.36 (KHTML, like Gecko) Mobile Safari/537.36 (compatible; TikTokSpider; ttspider-feedback@tiktok.com)"
47.128.112.202 - - [28/May/2026:12:35:30 +0000] "GET /wp-content/plugins/woo-variation-gallery/assets/css/slick.min.css?ver=1.8.1 HTTP/1.1" 200 1108 "https://autozone.com.sa/outlet/en/financing-calculator/" "Mozilla/5.0 (Linux; Android 5.0) AppleWebKit/537.36 (KHTML, like Gecko) Mobile Safari/537.36 (compatible; TikTokSpider; ttspider-feedback@tiktok.com)"
47.128.112.202 - - [28/May/2026:12:35:30 +0000] "GET /wp-includes/css/dashicons.min.css?ver=7.0 HTTP/1.1" 200 35721 "https://autozone.com.sa/outlet/en/financing-calculator/" "Mozilla/5.0 (Linux; Android 5.0) AppleWebKit/537.36 (KHTML, like Gecko) Mobile Safari/537.36 (compatible; TikTokSpider; ttspider-feedback@tiktok.com)"
47.128.112.202 - - [28/May/2026:12:35:30 +0000] "GET /wp-content/plugins/woocommerce/assets/css/woocommerce-rtl.css?ver=10.8.0 HTTP/1.1" 200 11139 "https://autozone.com.sa/outlet/en/financing-calculator/" "Mozilla/5.0 (Linux; Android 5.0) AppleWebKit/537.36 (KHTML, like Gecko) Mobile Safari/537.36 (compatible; TikTokSpider; ttspider-feedback@tiktok.com)"
47.128.112.202 - - [28/May/2026:12:35:30 +0000] "GET /wp-content/themes/hello-elementor/assets/css/theme.css?ver=3.4.6 HTTP/1.1" 200 1271 "https://autozone.com.sa/outlet/en/financing-calculator/" "Mozilla/5.0 (Linux; Android 5.0) AppleWebKit/537.36 (KHTML, like Gecko) Mobile Safari/537.36 (compatible; TikTokSpider; ttspider-feedback@tiktok.com)"
47.128.112.202 - - [28/May/2026:12:35:30 +0000] "GET /wp-content/themes/hello-elementor/assets/css/header-footer.css?ver=3.4.6 HTTP/1.1" 200 1423 "https://autozone.com.sa/outlet/en/financing-calculator/" "Mozilla/5.0 (Linux; Android 5.0) AppleWebKit/537.36 (KHTML, like Gecko) Mobile Safari/537.36 (compatible; TikTokSpider; ttspider-feedback@tiktok.com)"
47.128.112.202 - - [28/May/2026:12:35:30 +0000] "GET /wp-content/plugins/jet-search/assets/lib/chosen/chosen.min.css?ver=1.8.7 HTTP/1.1" 200 2273 "https://autozone.com.sa/outlet/en/financing-calculator/" "Mozilla/5.0 (Linux; Android 5.0) AppleWebKit/537.36 (KHTML, like Gecko) Mobile Safari/537.36 (compatible; TikTokSpider; ttspider-feedback@tiktok.com)"
47.128.112.202 - - [28/May/2026:12:35:31 +0000] "GET /wp-content/plugins/bdthemes-prime-slider-lite/assets/css/prime-slider-site.rtl.css?ver=4.1.12 HTTP/1.1" 200 2961 "https://autozone.com.sa/outlet/en/financing-calculator/" "Mozilla/5.0 (Linux; Android 5.0) AppleWebKit/537.36 (KHTML, like Gecko) Mobile Safari/537.36 (compatible; TikTokSpider; ttspider-feedback@tiktok.com)"
47.128.112.202 - - [28/May/2026:12:35:31 +0000] "GET /wp-content/plugins/woocommerce/assets/client/blocks/wc-blocks-rtl.css?ver=wc-10.8.0 HTTP/1.1" 200 2620 "https://autozone.com.sa/outlet/en/financing-calculator/" "Mozilla/5.0 (Linux; Android 5.0) AppleWebKit/537.36 (KHTML, like Gecko) Mobile Safari/537.36 (compatible; TikTokSpider; ttspider-feedback@tiktok.com)"
47.128.112.202 - - [28/May/2026:12:35:31 +0000] "GET /wp-content/plugins/ultimate-post-kit/assets/css/upk-site.rtl.css?ver=4.1.5 HTTP/1.1" 200 5633 "https://autozone.com.sa/outlet/en/financing-calculator/" "Mozilla/5.0 (Linux; Android 5.0) AppleWebKit/537.36 (KHTML, like Gecko) Mobile Safari/537.36 (compatible; TikTokSpider; ttspider-feedback@tiktok.com)"
47.128.112.202 - - [28/May/2026:12:35:31 +0000] "GET /wp-content/plugins/sitepress-multilingual-cms/res/flags/ar.svg HTTP/1.1" 200 452 "https://autozone.com.sa/outlet/en/financing-calculator/" "Mozilla/5.0 (Linux; Android 5.0) AppleWebKit/537.36 (KHTML, like Gecko) Mobile Safari/537.36 (compatible; TikTokSpider; ttspider-feedback@tiktok.com)"
47.128.112.202 - - [28/May/2026:12:35:31 +0000] "GET /wp-content/plugins/sitepress-multilingual-cms/res/flags/ar.svg HTTP/1.1" 206 452 "https://autozone.com.sa/outlet/en/financing-calculator/" "Mozilla/5.0 (Linux; Android 5.0) AppleWebKit/537.36 (KHTML, like Gecko) Mobile Safari/537.36 (compatible; TikTokSpider; ttspider-feedback@tiktok.com)"
47.128.112.202 - - [28/May/2026:12:35:31 +0000] "GET /wp-content/plugins/sitepress-multilingual-cms/res/flags/ar.svg HTTP/1.1" 200 452 "https://autozone.com.sa/outlet/en/financing-calculator/" "Mozilla/5.0 (Linux; Android 5.0) AppleWebKit/537.36 (KHTML, like Gecko) Mobile Safari/537.36 (compatible; TikTokSpider; ttspider-feedback@tiktok.com)"
172.105.42.26 - - [28/May/2026:12:35:54 +0000] "POST /wp-cron.php?doing_wp_cron=1779971754.0060429573059082031250 HTTP/1.1" 200 20 "-" "WordPress/7.0; https://autozone.com.sa"
2a02:c207:2326:3614::1 - - [28/May/2026:12:35:52 +0000] "GET /wp-content/uploads/2021/02/ezgif-4-46ba26ec9c0d-350x205.jpg HTTP/1.1" 404 16951 "-" "Mozilla/5.0 (Macintosh; Intel Mac OS X 10_15_7) AppleWebKit/605.1.15 (KHTML, like Gecko) Version/17.1 Safari/605.1.15"
52.167.144.170 - - [28/May/2026:12:36:11 +0000] "GET /wp-content/uploads/2025/07/BGC_6057-scaled.webp HTTP/1.1" 200 223626 "-" "Mozilla/5.0 AppleWebKit/537.36 (KHTML, like Gecko; compatible; bingbot/2.0; +http://www.bing.com/bingbot.htm) Chrome/116.0.1938.76 Safari/537.36"
40.77.167.18 - - [28/May/2026:12:36:42 +0000] "GET /shop/page/2/?9yudg2=gLVWnygKUF&method=ajax HTTP/1.1" 200 111 "-" "Mozilla/5.0 AppleWebKit/537.36 (KHTML, like Gecko; compatible; bingbot/2.0; +http://www.bing.com/bingbot.htm) Chrome/116.0.1938.76 Safari/537.36"
157.55.39.16 - - [28/May/2026:12:36:44 +0000] "GET /outlet/en/new-cars-previous-models/ HTTP/1.1" 404 16923 "-" "Mozilla/5.0 AppleWebKit/537.36 (KHTML, like Gecko; compatible; bingbot/2.0; +http://www.bing.com/bingbot.htm) Chrome/116.0.1938.76 Safari/537.36"
172.105.42.26 - - [28/May/2026:12:36:45 +0000] "POST /wp-cron.php?doing_wp_cron=1779971805.8372468948364257812500 HTTP/1.1" 200 20 "-" "WordPress/7.0; https://autozone.com.sa"
40.77.167.18 - - [28/May/2026:12:36:43 +0000] "GET /product/kia-pegas-ex-2025/ HTTP/1.1" 200 38318 "-" "Mozilla/5.0 AppleWebKit/537.36 (KHTML, like Gecko; compatible; bingbot/2.0; +http://www.bing.com/bingbot.htm) Chrome/116.0.1938.76 Safari/537.36"
40.77.167.18 - - [28/May/2026:12:36:47 +0000] "GET /product/%D8%AC%D9%8A%D8%AA%D9%88%D8%B1-%D8%A7%D9%83%D8%B3-70-%D8%A8%D9%84%D8%B3-%D9%83%D9%88%D9%85%D9%81%D9%88%D8%B1%D8%AA-2025-%D9%86%D8%B3%D8%AE%D8%A9/ HTTP/1.1" 200 38824 "-" "Mozilla/5.0 AppleWebKit/537.36 (KHTML, like Gecko; compatible; bingbot/2.0; +http://www.bing.com/bingbot.htm) Chrome/116.0.1938.76 Safari/537.36"
66.249.75.98 - - [28/May/2026:12:36:52 +0000] "GET /wp-content/uploads/al_opt_content/SCRIPT/01e9588ab46b7a3947aab8945549c7ea.js?ver=7.0 HTTP/1.1" 200 754 "-" "Mozilla/5.0 (Linux; Android 6.0.1; Nexus 5X Build/MMB29P) AppleWebKit/537.36 (KHTML, like Gecko) Chrome/148.0.7778.96 Mobile Safari/537.36 (compatible; Googlebot/2.1; +http://www.google.com/bot.html)"
66.249.75.99 - - [28/May/2026:12:36:53 +0000] "GET /wp-content/uploads/al_opt_content/SCRIPT/4066c01fc4f55bd4da8e3b7f03a272fa.js?ver=4.1.12 HTTP/1.1" 200 982 "-" "Mozilla/5.0 (Linux; Android 6.0.1; Nexus 5X Build/MMB29P) AppleWebKit/537.36 (KHTML, like Gecko) Chrome/148.0.7778.96 Mobile Safari/537.36 (compatible; Googlebot/2.1; +http://www.google.com/bot.html)"
66.249.75.98 - - [28/May/2026:12:36:53 +0000] "GET /wp-content/uploads/al_opt_content/SCRIPT/3ec876f71dece6821b9fd2a03d87c211.js?ver=1.13.8 HTTP/1.1" 200 7372 "-" "Mozilla/5.0 (Linux; Android 6.0.1; Nexus 5X Build/MMB29P) AppleWebKit/537.36 (KHTML, like Gecko) Chrome/148.0.7778.96 Mobile Safari/537.36 (compatible; Googlebot/2.1; +http://www.google.com/bot.html)"
66.249.75.98 - - [28/May/2026:12:36:54 +0000] "GET /wp-content/uploads/al_opt_content/SCRIPT/7acb205ca5baa604a6619ebbfa52f598.js?ver=9.3.0 HTTP/1.1" 200 1905 "-" "Mozilla/5.0 (Linux; Android 6.0.1; Nexus 5X Build/MMB29P) AppleWebKit/537.36 (KHTML, like Gecko) Chrome/148.0.7778.96 Mobile Safari/537.36 (compatible; Googlebot/2.1; +http://www.google.com/bot.html)"
66.249.75.99 - - [28/May/2026:12:36:54 +0000] "GET /wp-content/uploads/al_opt_content/SCRIPT/e73824b7ab9a4f88f98e0530b43ede25.js?ver=781d11515ad3d91786ec HTTP/1.1" 200 2438 "-" "Mozilla/5.0 (Linux; Android 6.0.1; Nexus 5X Build/MMB29P) AppleWebKit/537.36 (KHTML, like Gecko) Chrome/148.0.7778.96 Mobile Safari/537.36 (compatible; Googlebot/2.1; +http://www.google.com/bot.html)"
66.249.75.100 - - [28/May/2026:12:36:54 +0000] "GET /wp-content/uploads/al_opt_content/SCRIPT/4aa4ac645f553ba863c940a9f60ceb4e.js?ver=bb0f766c3d2efe497871 HTTP/1.1" 200 3875 "-" "Mozilla/5.0 (Linux; Android 6.0.1; Nexus 5X Build/MMB29P) AppleWebKit/537.36 (KHTML, like Gecko) Chrome/148.0.7778.96 Mobile Safari/537.36 (compatible; Googlebot/2.1; +http://www.google.com/bot.html)"
66.249.75.98 - - [28/May/2026:12:36:55 +0000] "GET /wp-content/uploads/al_opt_content/SCRIPT/38342d2c2caf2a9f130f7452df61b8ba.js?ver=d7efe4dc1468d36c39b8 HTTP/1.1" 200 2815 "-" "Mozilla/5.0 (Linux; Android 6.0.1; Nexus 5X Build/MMB29P) AppleWebKit/537.36 (KHTML, like Gecko) Chrome/148.0.7778.96 Mobile Safari/537.36 (compatible; Googlebot/2.1; +http://www.google.com/bot.html)"
66.249.75.99 - - [28/May/2026:12:36:55 +0000] "GET /wp-content/uploads/al_opt_content/SCRIPT/58a4fc1dc987652b9cdfb9fdf7252062.js?ver=6.2.0 HTTP/1.1" 200 426 "-" "Mozilla/5.0 (Linux; Android 6.0.1; Nexus 5X Build/MMB29P) AppleWebKit/537.36 (KHTML, like Gecko) Chrome/148.0.7778.96 Mobile Safari/537.36 (compatible; Googlebot/2.1; +http://www.google.com/bot.html)"
172.105.42.26 - - [28/May/2026:12:36:56 +0000] "POST /wp-cron.php?doing_wp_cron=1779971815.9914119243621826171875 HTTP/1.1" 200 20 "-" "WordPress/7.0; https://autozone.com.sa"
157.55.39.16 - - [28/May/2026:12:36:54 +0000] "GET /mg-rx8-cashback-ramadan-v2/az-ramadan_pegas_1171x582-min-2/ HTTP/1.1" 404 16943 "-" "Mozilla/5.0 AppleWebKit/537.36 (KHTML, like Gecko; compatible; bingbot/2.0; +http://www.bing.com/bingbot.htm) Chrome/116.0.1938.76 Safari/537.36"
66.249.75.98 - - [28/May/2026:12:36:56 +0000] "GET /wp-content/uploads/al_opt_content/SCRIPT/9ffeb32e2d9efbf8f70caabded242267.js?ver=3.4.1 HTTP/1.1" 200 4872 "-" "Mozilla/5.0 (Linux; Android 6.0.1; Nexus 5X Build/MMB29P) AppleWebKit/537.36 (KHTML, like Gecko) Chrome/148.0.7778.96 Mobile Safari/537.36 (compatible; Googlebot/2.1; +http://www.google.com/bot.html)"
157.55.39.16 - - [28/May/2026:12:36:56 +0000] "GET /en/?s=p%5C%5Csep HTTP/1.1" 200 15912 "-" "Mozilla/5.0 AppleWebKit/537.36 (KHTML, like Gecko; compatible; bingbot/2.0; +http://www.bing.com/bingbot.htm) Chrome/116.0.1938.76 Safari/537.36"
49.13.130.29 - - [28/May/2026:12:37:23 +0000] "HEAD / HTTP/1.1" 200 - "https://autozone.com.sa/" "Mozilla/5.0+(compatible; UptimeRobot/2.0; http://www.uptimerobot.com/)"
172.105.42.26 - - [28/May/2026:12:38:07 +0000] "POST /wp-cron.php?doing_wp_cron=1779971887.2535068988800048828125 HTTP/1.1" 200 20 "-" "WordPress/7.0; https://autozone.com.sa"
157.55.39.16 - - [28/May/2026:12:38:05 +0000] "GET /?s=%D1%81%D0%BC%D0%BE%D1%82%D1%80%D0%B5%D1%82%D1%8C+%D0%B0%D0%BD%D0%B8%D0%BC%D0%B5+%D1%81%D0%BF%D0%B0%D1%81%D0%B8+%D1%81%D0%B5%D0%B1%D1%8F+%D1%81%D0%B0%D0%BC HTTP/1.1" 200 17296 "-" "Mozilla/5.0 AppleWebKit/537.36 (KHTML, like Gecko; compatible; bingbot/2.0; +http://www.bing.com/bingbot.htm) Chrome/116.0.1938.76 Safari/537.36"
66.249.75.98 - - [28/May/2026:12:38:10 +0000] "GET /en/shop/ HTTP/1.1" 200 33100 "-" "Mozilla/5.0 (Linux; Android 6.0.1; Nexus 5X Build/MMB29P) AppleWebKit/537.36 (KHTML, like Gecko) Chrome/148.0.7778.96 Mobile Safari/537.36 (compatible; Googlebot/2.1; +http://www.google.com/bot.html)"
172.105.42.26 - - [28/May/2026:12:39:37 +0000] "POST /wp-cron.php?doing_wp_cron=1779971977.6870748996734619140625 HTTP/1.1" 200 20 "-" "WordPress/7.0; https://autozone.com.sa"
2a02:c207:2331:4591::1 - - [28/May/2026:12:39:36 +0000] "GET /wp-content/uploads/2019/12/Haval-H9-02-min-350x205.jpg HTTP/1.1" 301 20 "-" "Mozilla/5.0 (Macintosh; Intel Mac OS X 10_15_7) AppleWebKit/605.1.15 (KHTML, like Gecko) Version/17.1 Safari/605.1.15"
2a02:c207:2331:4591::1 - - [28/May/2026:12:39:38 +0000] "GET /wp-content/uploads/2019/12/Haval-H9-02-min-350x205.jpg HTTP/1.1" 404 16946 "-" "Mozilla/5.0 (Macintosh; Intel Mac OS X 10_15_7) AppleWebKit/605.1.15 (KHTML, like Gecko) Version/17.1 Safari/605.1.15"
172.105.42.26 - - [28/May/2026:12:40:11 +0000] "POST /wp-cron.php?doing_wp_cron=1779972011.2206299304962158203125 HTTP/1.1" 200 20 "-" "WordPress/7.0; https://autozone.com.sa"
8.231.136.205 - - [28/May/2026:12:40:09 +0000] "GET /wp-content/uploads/2019/12/Optima-2019-04-min-300x175.jpg HTTP/1.1" 404 16948 "-" "Mozilla/5.0 (X11; Linux x86_64) AppleWebKit/537.36 (KHTML, like Gecko) Chrome/91.0.4472.114 Safari/537.36"
5.161.52.234 - - [28/May/2026:12:40:13 +0000] "POST /wp-load.php?1ee7ae=42723 HTTP/1.1" 200 100455 "-" "BlogVault/1.0 (+https://blogvault.net)"
5.161.250.15 - - [28/May/2026:12:40:25 +0000] "POST /wp-load.php?0c3e7f=49225 HTTP/1.1" 200 3718 "https://autozone.com.sa/" "BlogVault/1.0 (+https://blogvault.net)"
172.105.42.26 - - [28/May/2026:12:40:59 +0000] "POST /wp-cron.php?doing_wp_cron=1779972058.7198081016540527343750 HTTP/1.1" 200 20 "-" "WordPress/7.0; https://autozone.com.sa/en/"
157.55.39.16 - - [28/May/2026:12:40:57 +0000] "GET /en/listings/changan-cs-35-1-6-l-at-2020/changan-cs35-03-min-2/ HTTP/1.1" 404 15851 "-" "Mozilla/5.0 AppleWebKit/537.36 (KHTML, like Gecko; compatible; bingbot/2.0; +http://www.bing.com/bingbot.htm) Chrome/116.0.1938.76 Safari/537.36"
157.55.39.16 - - [28/May/2026:12:40:59 +0000] "GET /en/listings/hyundai-elantra-gls-2-0l-mr-2019/ HTTP/1.1" 404 15789 "-" "Mozilla/5.0 AppleWebKit/537.36 (KHTML, like Gecko; compatible; bingbot/2.0; +http://www.bing.com/bingbot.htm) Chrome/116.0.1938.76 Safari/537.36"
52.167.144.197 - - [28/May/2026:12:41:01 +0000] "GET /model/jetour-g700-luxury-2-0l-turbo-awd-hybrid-a-t/?nocache=1778580183&jet_blog_ajax=1 HTTP/1.1" 200 32865 "-" "Mozilla/5.0 AppleWebKit/537.36 (KHTML, like Gecko; compatible; bingbot/2.0; +http://www.bing.com/bingbot.htm) Chrome/116.0.1938.76 Safari/537.36"
157.55.39.16 - - [28/May/2026:12:41:01 +0000] "GET /en/special-offers/az-buraidah-opening-ads_s-offer-750x540-en-min-1-2/ HTTP/1.1" 404 15794 "-" "Mozilla/5.0 AppleWebKit/537.36 (KHTML, like Gecko; compatible; bingbot/2.0; +http://www.bing.com/bingbot.htm) Chrome/116.0.1938.76 Safari/537.36"
52.167.144.197 - - [28/May/2026:12:41:02 +0000] "GET /suzuki-ciaz-2020_web-slider-1200x600-ar-min/ HTTP/1.1" 404 16928 "-" "Mozilla/5.0 AppleWebKit/537.36 (KHTML, like Gecko; compatible; bingbot/2.0; +http://www.bing.com/bingbot.htm) Chrome/116.0.1938.76 Safari/537.36"
52.167.144.197 - - [28/May/2026:12:41:03 +0000] "GET /en/az-ramadan_sunny_750x540-min-2-2/ HTTP/1.1" 404 15774 "-" "Mozilla/5.0 AppleWebKit/537.36 (KHTML, like Gecko; compatible; bingbot/2.0; +http://www.bing.com/bingbot.htm) Chrome/116.0.1938.76 Safari/537.36"
52.167.144.197 - - [28/May/2026:12:41:06 +0000] "GET /en/end-of-year-2022-offer/02-s-offer-2-2/ HTTP/1.1" 404 15775 "-" "Mozilla/5.0 AppleWebKit/537.36 (KHTML, like Gecko; compatible; bingbot/2.0; +http://www.bing.com/bingbot.htm) Chrome/116.0.1938.76 Safari/537.36"
157.55.39.16 - - [28/May/2026:12:41:07 +0000] "GET /pre-ramadan-offer-2022-p2/az-ramadan_coolary_750x540-min/ HTTP/1.1" 404 16941 "-" "Mozilla/5.0 AppleWebKit/537.36 (KHTML, like Gecko; compatible; bingbot/2.0; +http://www.bing.com/bingbot.htm) Chrome/116.0.1938.76 Safari/537.36"
157.55.39.16 - - [28/May/2026:12:41:09 +0000] "GET /special-offers/new-21-min/ HTTP/1.1" 404 16911 "-" "Mozilla/5.0 AppleWebKit/537.36 (KHTML, like Gecko; compatible; bingbot/2.0; +http://www.bing.com/bingbot.htm) Chrome/116.0.1938.76 Safari/537.36"
157.55.39.16 - - [28/May/2026:12:41:13 +0000] "GET /wp-content/plugins/elementor/assets/js/6f779545aaa23e951088.bundle.min.js HTTP/1.1" 200 812 "-" "Mozilla/5.0 AppleWebKit/537.36 (KHTML, like Gecko; compatible; bingbot/2.0; +http://www.bing.com/bingbot.htm) Chrome/116.0.1938.76 Safari/537.36"
157.55.39.16 - - [28/May/2026:12:41:11 +0000] "GET /en/product/changan-cs35-plus-2025/?reload=1&status=failed HTTP/1.1" 200 37296 "-" "Mozilla/5.0 AppleWebKit/537.36 (KHTML, like Gecko; compatible; bingbot/2.0; +http://www.bing.com/bingbot.htm) Chrome/116.0.1938.76 Safari/537.36"
157.55.39.16 - - [28/May/2026:12:41:15 +0000] "GET /wp-content/plugins/elementor/assets/svg-paths/arc.svg HTTP/1.1" 200 133 "-" "Mozilla/5.0 AppleWebKit/537.36 (KHTML, like Gecko; compatible; bingbot/2.0; +http://www.bing.com/bingbot.htm) Chrome/116.0.1938.76 Safari/537.36"
157.55.39.16 - - [28/May/2026:12:41:14 +0000] "GET /?s=%D0%B7%D0%BE%D0%BD%D0%B0+%D1%81%D0%BC%D0%BE%D1%82%D1%80%D0%B5%D1%82%D1%8C+%D1%84%D0%B8%D0%BB%D1%8C%D0%BC%D1%8B+%D0%BE%D0%BD%D0%BB%D0%B0%D0%B9%D0%BD+%D0%BD%D0%B0+%D1%81%D0%B0%D0%B9%D1%82%D0%B5+hd HTTP/1.1" 200 17336 "-" "Mozilla/5.0 AppleWebKit/537.36 (KHTML, like Gecko; compatible; bingbot/2.0; +http://www.bing.com/bingbot.htm) Chrome/116.0.1938.76 Safari/537.36"
157.55.39.16 - - [28/May/2026:12:41:16 +0000] "GET /wp-content/uploads/2025/01/3.webp HTTP/1.1" 200 5820 "-" "Mozilla/5.0 AppleWebKit/537.36 (KHTML, like Gecko; compatible; bingbot/2.0; +http://www.bing.com/bingbot.htm) Chrome/116.0.1938.76 Safari/537.36"
66.249.75.98 - - [28/May/2026:12:41:12 +0000] "GET /?nocache=1773267978&jet_blog_ajax=1 HTTP/1.1" 200 65372 "-" "Mozilla/5.0 (Linux; Android 6.0.1; Nexus 5X Build/MMB29P) AppleWebKit/537.36 (KHTML, like Gecko) Chrome/148.0.7778.96 Mobile Safari/537.36 (compatible; Googlebot/2.1; +http://www.google.com/bot.html)"
52.167.144.16 - - [28/May/2026:12:41:17 +0000] "GET /wp-content/plugins/elementor/includes/settings/ HTTP/1.1" 200 465 "-" "Mozilla/5.0 AppleWebKit/537.36 (KHTML, like Gecko; compatible; bingbot/2.0; +http://www.bing.com/bingbot.htm) Chrome/116.0.1938.76 Safari/537.36"
157.55.39.16 - - [28/May/2026:12:41:16 +0000] "GET /?s=%E7%8B%BC%E9%98%9F%E8%B4%A2%E5%8A%A1%E5%88%86%E6%9E%902026 HTTP/1.1" 200 17183 "-" "Mozilla/5.0 AppleWebKit/537.36 (KHTML, like Gecko; compatible; bingbot/2.0; +http://www.bing.com/bingbot.htm) Chrome/116.0.1938.76 Safari/537.36"
52.167.144.197 - - [28/May/2026:12:41:22 +0000] "GET /wp-content/uploads/2026/01/6796129c28099e7106b32c9a_%C3%A8%C2%AF%E2%80%A2%C3%A9%C2%A9%C2%BE%C3%A7%C2%BE%C5%BD%C3%A5%E2%80%BA%C2%BE-9-min-p-1600.webp HTTP/1.1" 404 17021 "-" "Mozilla/5.0 AppleWebKit/537.36 (KHTML, like Gecko; compatible; bingbot/2.0; +http://www.bing.com/bingbot.htm) Chrome/116.0.1938.76 Safari/537.36"
52.167.144.197 - - [28/May/2026:12:41:24 +0000] "GET /en/shop/?nocache=1776805581&jet_blog_ajax=1 HTTP/1.1" 200 33130 "-" "Mozilla/5.0 AppleWebKit/537.36 (KHTML, like Gecko; compatible; bingbot/2.0; +http://www.bing.com/bingbot.htm) Chrome/116.0.1938.76 Safari/537.36"
66.249.75.98 - - [28/May/2026:12:41:39 +0000] "GET /shop/?nocache=1779026745&jet_blog_ajax=1 HTTP/1.1" 200 34879 "-" "Mozilla/5.0 (Linux; Android 6.0.1; Nexus 5X Build/MMB29P) AppleWebKit/537.36 (KHTML, like Gecko) Chrome/148.0.7778.96 Mobile Safari/537.36 (compatible; Googlebot/2.1; +http://www.google.com/bot.html)"
136.118.246.169 - - [28/May/2026:12:41:40 +0000] "GET /wp-content/uploads/2020/12/SUV-M_Landing-Page-1171X582-min-300x149.jpg HTTP/1.1" 404 16961 "-" "Mozilla/5.0 (X11; Linux x86_64) AppleWebKit/537.36 (KHTML, like Gecko) Chrome/91.0.4472.114 Safari/537.36"
2620:121:5042:51:a579::1 - - [28/May/2026:12:41:38 +0000] "GET / HTTP/1.1" 200 65339 "-" "Snap URL Preview Service; bot; snapchat; https://developers.snap.com/robots"
172.105.42.26 - - [28/May/2026:12:41:48 +0000] "POST /wp-cron.php?doing_wp_cron=1779972108.3486070632934570312500 HTTP/1.1" 200 20 "-" "WordPress/7.0; https://autozone.com.sa"
51.89.129.135 - - [28/May/2026:12:41:46 +0000] "GET /sitemap-1.xml HTTP/1.1" 404 16890 "-" "Mozilla/5.0 (compatible; AhrefsBot/7.0; +http://ahrefs.com/robot/)"
2a02:c207:2326:1162::1 - - [28/May/2026:12:41:47 +0000] "GET /wp-content/uploads/2018/04/creta-cover-255x135.jpg HTTP/1.1" 301 20 "-" "Mozilla/5.0 (Windows NT 10.0; Win64; x64; rv:121.0) Gecko/20100101 Firefox/121.0"
2a02:c207:2326:1162::1 - - [28/May/2026:12:41:48 +0000] "GET /wp-content/uploads/2018/04/creta-cover-255x135.jpg HTTP/1.1" 404 16949 "-" "Mozilla/5.0 (Windows NT 10.0; Win64; x64; rv:121.0) Gecko/20100101 Firefox/121.0"
66.249.75.98 - - [28/May/2026:12:41:55 +0000] "GET /wp-content/uploads/al_opt_content/IMAGE/autozone.com.sa/wp-content/uploads/2026/02/Autozone-toyota-logo-copy-2.webp.bv.webp?bv_host=autozone.com.sa HTTP/1.1" 200 3405 "-" "Googlebot-Image/1.0"
52.167.144.16 - - [28/May/2026:12:42:05 +0000] "GET /model/changan-uni-k-elite-2-0l-turbo-4wd-petrol-a-t-2026/?nocache=1770755052 HTTP/1.1" 200 31799 "-" "Mozilla/5.0 AppleWebKit/537.36 (KHTML, like Gecko; compatible; bingbot/2.0; +http://www.bing.com/bingbot.htm) Chrome/116.0.1938.76 Safari/537.36"
172.105.42.26 - - [28/May/2026:12:42:06 +0000] "POST /wp-cron.php?doing_wp_cron=1779972126.8351850509643554687500 HTTP/1.1" 200 20 "-" "WordPress/7.0; https://autozone.com.sa"
35.230.112.202 - - [28/May/2026:12:42:05 +0000] "GET /wp-content/uploads/2019/09/WS-N-Day19_Balubaid-WS-min-300x150.jpg HTTP/1.1" 404 16954 "-" "Mozilla/5.0 (X11; Linux x86_64) AppleWebKit/537.36 (KHTML, like Gecko) Chrome/91.0.4472.114 Safari/537.36"
52.28.162.93 - - [28/May/2026:12:42:30 +0000] "HEAD / HTTP/1.1" 200 - "https://autozone.com.sa/" "Mozilla/5.0+(compatible; UptimeRobot/2.0; http://www.uptimerobot.com/)"
52.167.144.180 - - [28/May/2026:12:42:42 +0000] "GET /wp-content/uploads/2025/04/BGC_8383-scaled.webp HTTP/1.1" 200 261768 "-" "Mozilla/5.0 AppleWebKit/537.36 (KHTML, like Gecko; compatible; bingbot/2.0; +http://www.bing.com/bingbot.htm) Chrome/116.0.1938.76 Safari/537.36"
172.105.42.26 - - [28/May/2026:12:42:45 +0000] "POST /wp-cron.php?doing_wp_cron=1779972165.1017749309539794921875 HTTP/1.1" 200 20 "-" "WordPress/7.0; https://autozone.com.sa"
66.249.75.98 - - [28/May/2026:12:42:41 +0000] "GET /?lang=ar&nocache=1775084218&jet_blog_ajax=1 HTTP/1.1" 200 65368 "-" "Mozilla/5.0 (Linux; Android 6.0.1; Nexus 5X Build/MMB29P) AppleWebKit/537.36 (KHTML, like Gecko) Chrome/148.0.7778.96 Mobile Safari/537.36 (compatible; Googlebot/2.1; +http://www.google.com/bot.html)"
172.105.42.26 - - [28/May/2026:12:42:55 +0000] "POST /wp-cron.php?doing_wp_cron=1779972175.3705570697784423828125 HTTP/1.1" 200 20 "-" "WordPress/7.0; https://autozone.com.sa"
2a02:c207:2317:3163::1 - - [28/May/2026:12:42:54 +0000] "GET /outlet/wp-content/uploads/2015/12/671647.jpg.pagespeed.ce_.ILboc99Pvy-600x300.jpg HTTP/1.1" 301 20 "-" "Mozilla/5.0 (Macintosh; Intel Mac OS X 10_15_7) AppleWebKit/605.1.15 (KHTML, like Gecko) Version/17.1 Safari/605.1.15"
2a02:c207:2317:3163::1 - - [28/May/2026:12:42:56 +0000] "GET /outlet/wp-content/uploads/2015/12/671647.jpg.pagespeed.ce_.ILboc99Pvy-600x300.jpg HTTP/1.1" 404 16980 "-" "Mozilla/5.0 (Macintosh; Intel Mac OS X 10_15_7) AppleWebKit/605.1.15 (KHTML, like Gecko) Version/17.1 Safari/605.1.15"
183.61.117.228 - - [28/May/2026:12:43:11 +0000] "GET /robots.txt HTTP/1.1" 200 104 "-" "Mozilla/5.0 (Windows NT 10.0; Win64; x64) AppleWebKit/537.36 (KHTML, like Gecko) Chrome/64.0.4343.138 Safari/537.36 Edge/18.18362"
172.105.42.26 - - [28/May/2026:12:44:06 +0000] "POST /wp-cron.php?doing_wp_cron=1779972246.3141660690307617187500 HTTP/1.1" 200 20 "-" "WordPress/7.0; https://autozone.com.sa"
157.55.39.58 - - [28/May/2026:12:44:01 +0000] "GET /?s=2026%E5%B9%B41%E6%9C%8812%E6%97%A5%E7%BA%BD%E5%A8%81%E8%82%A1%E4%BB%BD%E6%94%BE%E9%87%8F%E4%B8%8B%E8%B7%8C%E5%90%8E%E6%8A%80%E6%9C%AF%E5%88%86%E6%9E%90%E8%B5%B0%E5%8A%BF%E9%A2%84%E6%B5%8B HTTP/1.1" 200 17446 "-" "Mozilla/5.0 AppleWebKit/537.36 (KHTML, like Gecko; compatible; bingbot/2.0; +http://www.bing.com/bingbot.htm) Chrome/116.0.1938.76 Safari/537.36"
40.77.167.7 - - [28/May/2026:12:44:43 +0000] "GET /pre-ramadan-offer-2022-p2/az-ramadan_cherokee_750x540-min/ HTTP/1.1" 301 20 "-" "Mozilla/5.0 AppleWebKit/537.36 (KHTML, like Gecko; compatible; bingbot/2.0; +http://www.bing.com/bingbot.htm) Chrome/116.0.1938.76 Safari/537.36"
172.105.42.26 - - [28/May/2026:12:45:00 +0000] "POST /wp-cron.php?doing_wp_cron=1779972300.8515889644622802734375 HTTP/1.1" 200 20 "-" "WordPress/7.0; https://autozone.com.sa"
52.167.144.197 - - [28/May/2026:12:45:31 +0000] "GET /nfh-summer-offer-groove-2022/s-offer-min-1-2-3-4-2/ HTTP/1.1" 404 16934 "-" "Mozilla/5.0 AppleWebKit/537.36 (KHTML, like Gecko; compatible; bingbot/2.0; +http://www.bing.com/bingbot.htm) Chrome/116.0.1938.76 Safari/537.36"
52.167.144.197 - - [28/May/2026:12:45:34 +0000] "GET /wp-includes/sodium_compat/src/?C=N;O=A HTTP/1.1" 200 527 "-" "Mozilla/5.0 AppleWebKit/537.36 (KHTML, like Gecko; compatible; bingbot/2.0; +http://www.bing.com/bingbot.htm) Chrome/116.0.1938.76 Safari/537.36"
52.167.144.16 - - [28/May/2026:12:45:36 +0000] "GET /shopdetail/87224233 HTTP/1.1" 404 16898 "-" "Mozilla/5.0 AppleWebKit/537.36 (KHTML, like Gecko; compatible; bingbot/2.0; +http://www.bing.com/bingbot.htm) Chrome/116.0.1938.76 Safari/537.36"
52.167.144.16 - - [28/May/2026:12:45:38 +0000] "GET /saudi-national-day-offer-tajeer-offer/05-s-offer-10/ HTTP/1.1" 404 16931 "-" "Mozilla/5.0 AppleWebKit/537.36 (KHTML, like Gecko; compatible; bingbot/2.0; +http://www.bing.com/bingbot.htm) Chrome/116.0.1938.76 Safari/537.36"
52.167.144.16 - - [28/May/2026:12:45:41 +0000] "GET /ramadan-offer-chery-cars/digital-ads_landing-page-1171x582-min-18/ HTTP/1.1" 404 16942 "-" "Mozilla/5.0 AppleWebKit/537.36 (KHTML, like Gecko; compatible; bingbot/2.0; +http://www.bing.com/bingbot.htm) Chrome/116.0.1938.76 Safari/537.36"
157.55.39.58 - - [28/May/2026:12:45:41 +0000] "GET /en/digital-ads_special-offer-750x540-min-7-2/ HTTP/1.1" 404 15774 "-" "Mozilla/5.0 AppleWebKit/537.36 (KHTML, like Gecko; compatible; bingbot/2.0; +http://www.bing.com/bingbot.htm) Chrome/116.0.1938.76 Safari/537.36"
157.55.39.58 - - [28/May/2026:12:45:41 +0000] "GET /product/kia-k5-lx-2025/ HTTP/1.1" 200 38395 "-" "Mozilla/5.0 AppleWebKit/537.36 (KHTML, like Gecko; compatible; bingbot/2.0; +http://www.bing.com/bingbot.htm) Chrome/116.0.1938.76 Safari/537.36"
172.105.42.26 - - [28/May/2026:12:45:56 +0000] "POST /wp-cron.php?doing_wp_cron=1779972356.4218630790710449218750 HTTP/1.1" 200 20 "-" "WordPress/7.0; https://autozone.com.sa"
2.189.5.218 - - [28/May/2026:12:45:52 +0000] "GET / HTTP/1.1" 200 65347 "-" "Mozilla/5.0 (Windows NT 10.0; Win64; x64) AppleWebKit/537.36 (KHTML, like Gecko) Chrome/42.0.2311.135 Safari/537.36 Edge/12.246"
18.221.24.127 - - [28/May/2026:12:46:27 +0000] "GET /robots.txt HTTP/1.1" 200 104 "-" "Mozilla/5.0 (Macintosh; Intel Mac OS X 10_15_7) AppleWebKit/537.36 (KHTML, like Gecko) Chrome/131.0.0.0 Safari/537.36; ClaudeBot/1.0; +claudebot@anthropic.com)"
18.221.24.127 - - [28/May/2026:12:46:27 +0000] "GET /end-of-year-2022-offer/06-s-offer-2/ HTTP/1.1" 404 16922 "-" "Mozilla/5.0 (Macintosh; Intel Mac OS X 10_15_7) AppleWebKit/537.36 (KHTML, like Gecko) Chrome/131.0.0.0 Safari/537.36; ClaudeBot/1.0; +claudebot@anthropic.com)"
18.221.24.127 - - [28/May/2026:12:46:29 +0000] "GET /wp-content/plugins/fluentform/assets/css/fluent-forms-elementor-widget.css?ver=6.2.0 HTTP/1.1" 200 914 "https://autozone.com.sa/end-of-year-2022-offer/06-s-offer-2/" "Mozilla/5.0 (Macintosh; Intel Mac OS X 10_15_7) AppleWebKit/537.36 (KHTML, like Gecko) Chrome/131.0.0.0 Safari/537.36; ClaudeBot/1.0; +claudebot@anthropic.com)"
18.221.24.127 - - [28/May/2026:12:46:29 +0000] "GET /wp-content/plugins/jet-engine/assets/css/frontend.css?ver=3.8.7 HTTP/1.1" 200 8567 "https://autozone.com.sa/end-of-year-2022-offer/06-s-offer-2/" "Mozilla/5.0 (Macintosh; Intel Mac OS X 10_15_7) AppleWebKit/537.36 (KHTML, like Gecko) Chrome/131.0.0.0 Safari/537.36; ClaudeBot/1.0; +claudebot@anthropic.com)"
18.221.24.127 - - [28/May/2026:12:46:29 +0000] "GET /wp-content/plugins/woocommerce/assets/css/woocommerce-rtl.css?ver=10.8.0 HTTP/1.1" 200 11139 "https://autozone.com.sa/end-of-year-2022-offer/06-s-offer-2/" "Mozilla/5.0 (Macintosh; Intel Mac OS X 10_15_7) AppleWebKit/537.36 (KHTML, like Gecko) Chrome/131.0.0.0 Safari/537.36; ClaudeBot/1.0; +claudebot@anthropic.com)"
18.221.24.127 - - [28/May/2026:12:46:29 +0000] "GET /wp-content/plugins/woocommerce/assets/css/woocommerce-layout-rtl.css?ver=10.8.0 HTTP/1.1" 200 3422 "https://autozone.com.sa/end-of-year-2022-offer/06-s-offer-2/" "Mozilla/5.0 (Macintosh; Intel Mac OS X 10_15_7) AppleWebKit/537.36 (KHTML, like Gecko) Chrome/131.0.0.0 Safari/537.36; ClaudeBot/1.0; +claudebot@anthropic.com)"
18.221.24.127 - - [28/May/2026:12:46:29 +0000] "GET /wp-content/plugins/sitepress-multilingual-cms/templates/language-switchers/menu-item/style.min.css?ver=1 HTTP/1.1" 200 141 "https://autozone.com.sa/end-of-year-2022-offer/06-s-offer-2/" "Mozilla/5.0 (Macintosh; Intel Mac OS X 10_15_7) AppleWebKit/537.36 (KHTML, like Gecko) Chrome/131.0.0.0 Safari/537.36; ClaudeBot/1.0; +claudebot@anthropic.com)"
18.221.24.127 - - [28/May/2026:12:46:29 +0000] "GET /wp-content/plugins/sitepress-multilingual-cms/templates/language-switchers/legacy-list-horizontal/style.min.css?ver=1 HTTP/1.1" 200 315 "https://autozone.com.sa/end-of-year-2022-offer/06-s-offer-2/" "Mozilla/5.0 (Macintosh; Intel Mac OS X 10_15_7) AppleWebKit/537.36 (KHTML, like Gecko) Chrome/131.0.0.0 Safari/537.36; ClaudeBot/1.0; +claudebot@anthropic.com)"
18.221.24.127 - - [28/May/2026:12:46:29 +0000] "GET /wp-content/uploads/elementor/css/custom-frontend.min.css?ver=1779946027 HTTP/1.1" 200 7325 "https://autozone.com.sa/end-of-year-2022-offer/06-s-offer-2/" "Mozilla/5.0 (Macintosh; Intel Mac OS X 10_15_7) AppleWebKit/537.36 (KHTML, like Gecko) Chrome/131.0.0.0 Safari/537.36; ClaudeBot/1.0; +claudebot@anthropic.com)"
18.221.24.127 - - [28/May/2026:12:46:29 +0000] "GET /wp-content/plugins/jet-popup/assets/css/jet-popup-frontend.css?ver=2.0.21.1 HTTP/1.1" 200 3228 "https://autozone.com.sa/end-of-year-2022-offer/06-s-offer-2/" "Mozilla/5.0 (Macintosh; Intel Mac OS X 10_15_7) AppleWebKit/537.36 (KHTML, like Gecko) Chrome/131.0.0.0 Safari/537.36; ClaudeBot/1.0; +claudebot@anthropic.com)"
18.221.24.127 - - [28/May/2026:12:46:29 +0000] "GET /wp-includes/css/dashicons.min.css?ver=7.0 HTTP/1.1" 200 35721 "https://autozone.com.sa/end-of-year-2022-offer/06-s-offer-2/" "Mozilla/5.0 (Macintosh; Intel Mac OS X 10_15_7) AppleWebKit/537.36 (KHTML, like Gecko) Chrome/131.0.0.0 Safari/537.36; ClaudeBot/1.0; +claudebot@anthropic.com)"
18.221.24.127 - - [28/May/2026:12:46:29 +0000] "GET /wp-content/themes/hello-elementor/assets/css/header-footer.css?ver=3.4.6 HTTP/1.1" 200 1423 "https://autozone.com.sa/end-of-year-2022-offer/06-s-offer-2/" "Mozilla/5.0 (Macintosh; Intel Mac OS X 10_15_7) AppleWebKit/537.36 (KHTML, like Gecko) Chrome/131.0.0.0 Safari/537.36; ClaudeBot/1.0; +claudebot@anthropic.com)"
18.221.24.127 - - [28/May/2026:12:46:29 +0000] "GET /wp-content/plugins/woo-variation-gallery/assets/css/frontend.min.css?ver=1779254503 HTTP/1.1" 200 5657 "https://autozone.com.sa/end-of-year-2022-offer/06-s-offer-2/" "Mozilla/5.0 (Macintosh; Intel Mac OS X 10_15_7) AppleWebKit/537.36 (KHTML, like Gecko) Chrome/131.0.0.0 Safari/537.36; ClaudeBot/1.0; +claudebot@anthropic.com)"
18.221.24.127 - - [28/May/2026:12:46:29 +0000] "GET /wp-content/plugins/woo-variation-gallery/assets/css/slick.min.css?ver=1.8.1 HTTP/1.1" 200 1108 "https://autozone.com.sa/end-of-year-2022-offer/06-s-offer-2/" "Mozilla/5.0 (Macintosh; Intel Mac OS X 10_15_7) AppleWebKit/537.36 (KHTML, like Gecko) Chrome/131.0.0.0 Safari/537.36; ClaudeBot/1.0; +claudebot@anthropic.com)"
18.221.24.127 - - [28/May/2026:12:46:29 +0000] "GET /wp-content/plugins/woo-variation-swatches/assets/css/frontend.min.css?ver=2.2.3 HTTP/1.1" 200 4518 "https://autozone.com.sa/end-of-year-2022-offer/06-s-offer-2/" "Mozilla/5.0 (Macintosh; Intel Mac OS X 10_15_7) AppleWebKit/537.36 (KHTML, like Gecko) Chrome/131.0.0.0 Safari/537.36; ClaudeBot/1.0; +claudebot@anthropic.com)"
18.221.24.127 - - [28/May/2026:12:46:29 +0000] "GET /wp-content/uploads/elementor/css/post-6.css?ver=1779946027 HTTP/1.1" 200 669 "https://autozone.com.sa/end-of-year-2022-offer/06-s-offer-2/" "Mozilla/5.0 (Macintosh; Intel Mac OS X 10_15_7) AppleWebKit/537.36 (KHTML, like Gecko) Chrome/131.0.0.0 Safari/537.36; ClaudeBot/1.0; +claudebot@anthropic.com)"
18.221.24.127 - - [28/May/2026:12:46:29 +0000] "GET /wp-content/themes/hello-elementor/assets/css/theme.css?ver=3.4.6 HTTP/1.1" 200 1271 "https://autozone.com.sa/end-of-year-2022-offer/06-s-offer-2/" "Mozilla/5.0 (Macintosh; Intel Mac OS X 10_15_7) AppleWebKit/537.36 (KHTML, like Gecko) Chrome/131.0.0.0 Safari/537.36; ClaudeBot/1.0; +claudebot@anthropic.com)"
18.221.24.127 - - [28/May/2026:12:46:29 +0000] "GET /wp-content/plugins/jet-search/assets/lib/chosen/chosen.min.css?ver=1.8.7 HTTP/1.1" 200 2273 "https://autozone.com.sa/end-of-year-2022-offer/06-s-offer-2/" "Mozilla/5.0 (Macintosh; Intel Mac OS X 10_15_7) AppleWebKit/537.36 (KHTML, like Gecko) Chrome/131.0.0.0 Safari/537.36; ClaudeBot/1.0; +claudebot@anthropic.com)"
18.221.24.127 - - [28/May/2026:12:46:29 +0000] "GET /wp-content/plugins/jet-search/assets/css/jet-search.css?ver=3.5.16.1 HTTP/1.1" 200 10064 "https://autozone.com.sa/end-of-year-2022-offer/06-s-offer-2/" "Mozilla/5.0 (Macintosh; Intel Mac OS X 10_15_7) AppleWebKit/537.36 (KHTML, like Gecko) Chrome/131.0.0.0 Safari/537.36; ClaudeBot/1.0; +claudebot@anthropic.com)"
18.221.24.127 - - [28/May/2026:12:46:29 +0000] "GET /wp-content/plugins/bdthemes-element-pack/assets/css/bdt-uikit.rtl.css?ver=3.21.7 HTTP/1.1" 200 16525 "https://autozone.com.sa/end-of-year-2022-offer/06-s-offer-2/" "Mozilla/5.0 (Macintosh; Intel Mac OS X 10_15_7) AppleWebKit/537.36 (KHTML, like Gecko) Chrome/131.0.0.0 Safari/537.36; ClaudeBot/1.0; +claudebot@anthropic.com)"
18.221.24.127 - - [28/May/2026:12:46:29 +0000] "GET /wp-content/plugins/bdthemes-element-pack/assets/css/ep-helper.css?ver=9.3.0 HTTP/1.1" 200 7092 "https://autozone.com.sa/end-of-year-2022-offer/06-s-offer-2/" "Mozilla/5.0 (Macintosh; Intel Mac OS X 10_15_7) AppleWebKit/537.36 (KHTML, like Gecko) Chrome/131.0.0.0 Safari/537.36; ClaudeBot/1.0; +claudebot@anthropic.com)"
18.221.24.127 - - [28/May/2026:12:46:29 +0000] "GET /wp-content/plugins/ultimate-post-kit/assets/css/upk-site.rtl.css?ver=4.1.5 HTTP/1.1" 200 5633 "https://autozone.com.sa/end-of-year-2022-offer/06-s-offer-2/" "Mozilla/5.0 (Macintosh; Intel Mac OS X 10_15_7) AppleWebKit/537.36 (KHTML, like Gecko) Chrome/131.0.0.0 Safari/537.36; ClaudeBot/1.0; +claudebot@anthropic.com)"
18.221.24.127 - - [28/May/2026:12:46:29 +0000] "GET /wp-content/plugins/bdthemes-prime-slider-lite/assets/css/prime-slider-site.rtl.css?ver=4.1.12 HTTP/1.1" 200 2961 "https://autozone.com.sa/end-of-year-2022-offer/06-s-offer-2/" "Mozilla/5.0 (Macintosh; Intel Mac OS X 10_15_7) AppleWebKit/537.36 (KHTML, like Gecko) Chrome/131.0.0.0 Safari/537.36; ClaudeBot/1.0; +claudebot@anthropic.com)"
18.221.24.127 - - [28/May/2026:12:46:29 +0000] "GET /wp-content/plugins/woocommerce/assets/css/photoswipe/photoswipe.min.css?ver=10.8.0 HTTP/1.1" 200 983 "https://autozone.com.sa/end-of-year-2022-offer/06-s-offer-2/" "Mozilla/5.0 (Macintosh; Intel Mac OS X 10_15_7) AppleWebKit/537.36 (KHTML, like Gecko) Chrome/131.0.0.0 Safari/537.36; ClaudeBot/1.0; +claudebot@anthropic.com)"
18.221.24.127 - - [28/May/2026:12:46:29 +0000] "GET /wp-content/plugins/woocommerce/assets/css/photoswipe/default-skin/default-skin.min.css?ver=10.8.0 HTTP/1.1" 200 1952 "https://autozone.com.sa/end-of-year-2022-offer/06-s-offer-2/" "Mozilla/5.0 (Macintosh; Intel Mac OS X 10_15_7) AppleWebKit/537.36 (KHTML, like Gecko) Chrome/131.0.0.0 Safari/537.36; ClaudeBot/1.0; +claudebot@anthropic.com)"
18.221.24.127 - - [28/May/2026:12:46:29 +0000] "GET /wp-content/plugins/woocommerce/assets/client/blocks/wc-blocks-rtl.css?ver=wc-10.8.0 HTTP/1.1" 200 2620 "https://autozone.com.sa/end-of-year-2022-offer/06-s-offer-2/" "Mozilla/5.0 (Macintosh; Intel Mac OS X 10_15_7) AppleWebKit/537.36 (KHTML, like Gecko) Chrome/131.0.0.0 Safari/537.36; ClaudeBot/1.0; +claudebot@anthropic.com)"
18.221.24.127 - - [28/May/2026:12:46:30 +0000] "GET /wp-content/themes/hello-elementor/assets/css/reset.css?ver=3.4.6 HTTP/1.1" 200 1792 "https://autozone.com.sa/end-of-year-2022-offer/06-s-offer-2/" "Mozilla/5.0 (Macintosh; Intel Mac OS X 10_15_7) AppleWebKit/537.36 (KHTML, like Gecko) Chrome/131.0.0.0 Safari/537.36; ClaudeBot/1.0; +claudebot@anthropic.com)"
18.221.24.127 - - [28/May/2026:12:46:30 +0000] "GET /wp-content/plugins/woocommerce/assets/css/woocommerce-smallscreen-rtl.css?ver=10.8.0 HTTP/1.1" 200 1407 "https://autozone.com.sa/end-of-year-2022-offer/06-s-offer-2/" "Mozilla/5.0 (Macintosh; Intel Mac OS X 10_15_7) AppleWebKit/537.36 (KHTML, like Gecko) Chrome/131.0.0.0 Safari/537.36; ClaudeBot/1.0; +claudebot@anthropic.com)"
18.221.24.127 - - [28/May/2026:12:46:30 +0000] "GET /wp-content/plugins/sitepress-multilingual-cms/res/flags/ar.svg HTTP/1.1" 200 452 "https://autozone.com.sa/end-of-year-2022-offer/06-s-offer-2/" "Mozilla/5.0 (Macintosh; Intel Mac OS X 10_15_7) AppleWebKit/537.36 (KHTML, like Gecko) Chrome/131.0.0.0 Safari/537.36; ClaudeBot/1.0; +claudebot@anthropic.com)"
18.221.24.127 - - [28/May/2026:12:46:30 +0000] "GET /wp-content/plugins/sitepress-multilingual-cms/res/flags/en.svg HTTP/1.1" 200 568 "https://autozone.com.sa/end-of-year-2022-offer/06-s-offer-2/" "Mozilla/5.0 (Macintosh; Intel Mac OS X 10_15_7) AppleWebKit/537.36 (KHTML, like Gecko) Chrome/131.0.0.0 Safari/537.36; ClaudeBot/1.0; +claudebot@anthropic.com)"
18.221.24.127 - - [28/May/2026:12:46:30 +0000] "GET /wp-content/plugins/bdthemes-element-pack/assets/js/bdt-uikit.min.js?ver=3.21.7 HTTP/1.1" 200 49707 "https://autozone.com.sa/end-of-year-2022-offer/06-s-offer-2/" "Mozilla/5.0 (Macintosh; Intel Mac OS X 10_15_7) AppleWebKit/537.36 (KHTML, like Gecko) Chrome/131.0.0.0 Safari/537.36; ClaudeBot/1.0; +claudebot@anthropic.com)"
18.221.24.127 - - [28/May/2026:12:46:30 +0000] "GET /wp-content/plugins/bdthemes-element-pack/assets/js/common/helper.min.js?ver=9.3.0 HTTP/1.1" 200 1905 "https://autozone.com.sa/end-of-year-2022-offer/06-s-offer-2/" "Mozilla/5.0 (Macintosh; Intel Mac OS X 10_15_7) AppleWebKit/537.36 (KHTML, like Gecko) Chrome/131.0.0.0 Safari/537.36; ClaudeBot/1.0; +claudebot@anthropic.com)"
18.221.24.127 - - [28/May/2026:12:46:30 +0000] "GET /wp-content/plugins/bdthemes-prime-slider-lite/assets/js/prime-slider-site.min.js?ver=4.1.12 HTTP/1.1" 200 982 "https://autozone.com.sa/end-of-year-2022-offer/06-s-offer-2/" "Mozilla/5.0 (Macintosh; Intel Mac OS X 10_15_7) AppleWebKit/537.36 (KHTML, like Gecko) Chrome/131.0.0.0 Safari/537.36; ClaudeBot/1.0; +claudebot@anthropic.com)"
18.221.24.127 - - [28/May/2026:12:46:30 +0000] "GET /wp-content/plugins/ultimate-post-kit/assets/js/upk-site.min.js?ver=4.1.5 HTTP/1.1" 200 255 "https://autozone.com.sa/end-of-year-2022-offer/06-s-offer-2/" "Mozilla/5.0 (Macintosh; Intel Mac OS X 10_15_7) AppleWebKit/537.36 (KHTML, like Gecko) Chrome/131.0.0.0 Safari/537.36; ClaudeBot/1.0; +claudebot@anthropic.com)"
18.221.24.127 - - [28/May/2026:12:46:31 +0000] "GET /wp-content/plugins/jet-woo-product-gallery/assets/lib/swiper/swiper.min.js?ver=5.3.6 HTTP/1.1" 200 35491 "https://autozone.com.sa/end-of-year-2022-offer/06-s-offer-2/" "Mozilla/5.0 (Macintosh; Intel Mac OS X 10_15_7) AppleWebKit/537.36 (KHTML, like Gecko) Chrome/131.0.0.0 Safari/537.36; ClaudeBot/1.0; +claudebot@anthropic.com)"
18.221.24.127 - - [28/May/2026:12:46:31 +0000] "GET /wp-content/plugins/woo-variation-swatches/assets/js/frontend.min.js?ver=2.2.3 HTTP/1.1" 200 4963 "https://autozone.com.sa/end-of-year-2022-offer/06-s-offer-2/" "Mozilla/5.0 (Macintosh; Intel Mac OS X 10_15_7) AppleWebKit/537.36 (KHTML, like Gecko) Chrome/131.0.0.0 Safari/537.36; ClaudeBot/1.0; +claudebot@anthropic.com)"
18.221.24.127 - - [28/May/2026:12:46:31 +0000] "GET /wp-content/plugins/woocommerce/assets/js/frontend/order-attribution.min.js?ver=10.8.0 HTTP/1.1" 200 1150 "https://autozone.com.sa/end-of-year-2022-offer/06-s-offer-2/" "Mozilla/5.0 (Macintosh; Intel Mac OS X 10_15_7) AppleWebKit/537.36 (KHTML, like Gecko) Chrome/131.0.0.0 Safari/537.36; ClaudeBot/1.0; +claudebot@anthropic.com)"
18.221.24.127 - - [28/May/2026:12:46:31 +0000] "GET /wp-content/plugins/pixelyoursite/dist/scripts/tld.min.js?ver=2.3.1 HTTP/1.1" 200 40644 "https://autozone.com.sa/end-of-year-2022-offer/06-s-offer-2/" "Mozilla/5.0 (Macintosh; Intel Mac OS X 10_15_7) AppleWebKit/537.36 (KHTML, like Gecko) Chrome/131.0.0.0 Safari/537.36; ClaudeBot/1.0; +claudebot@anthropic.com)"
18.221.24.127 - - [28/May/2026:12:46:31 +0000] "GET /wp-content/plugins/pixelyoursite/dist/scripts/js.cookie-2.1.3.min.js?ver=2.1.3 HTTP/1.1" 200 874 "https://autozone.com.sa/end-of-year-2022-offer/06-s-offer-2/" "Mozilla/5.0 (Macintosh; Intel Mac OS X 10_15_7) AppleWebKit/537.36 (KHTML, like Gecko) Chrome/131.0.0.0 Safari/537.36; ClaudeBot/1.0; +claudebot@anthropic.com)"
18.221.24.127 - - [28/May/2026:12:46:31 +0000] "GET /wp-content/plugins/pixelyoursite/dist/scripts/jquery.bind-first-0.2.3.min.js?ver=0.2.3 HTTP/1.1" 200 689 "https://autozone.com.sa/end-of-year-2022-offer/06-s-offer-2/" "Mozilla/5.0 (Macintosh; Intel Mac OS X 10_15_7) AppleWebKit/537.36 (KHTML, like Gecko) Chrome/131.0.0.0 Safari/537.36; ClaudeBot/1.0; +claudebot@anthropic.com)"
18.221.24.127 - - [28/May/2026:12:46:31 +0000] "GET /wp-includes/js/dist/url.min.js?ver=bb0f766c3d2efe497871 HTTP/1.1" 200 3875 "https://autozone.com.sa/end-of-year-2022-offer/06-s-offer-2/" "Mozilla/5.0 (Macintosh; Intel Mac OS X 10_15_7) AppleWebKit/537.36 (KHTML, like Gecko) Chrome/131.0.0.0 Safari/537.36; ClaudeBot/1.0; +claudebot@anthropic.com)"
18.221.24.127 - - [28/May/2026:12:46:31 +0000] "GET /wp-content/plugins/jet-search/assets/lib/jet-plugins/jet-plugins.js?ver=1.0.0 HTTP/1.1" 200 2282 "https://autozone.com.sa/end-of-year-2022-offer/06-s-offer-2/" "Mozilla/5.0 (Macintosh; Intel Mac OS X 10_15_7) AppleWebKit/537.36 (KHTML, like Gecko) Chrome/131.0.0.0 Safari/537.36; ClaudeBot/1.0; +claudebot@anthropic.com)"
18.221.24.127 - - [28/May/2026:12:46:31 +0000] "GET /wp-content/plugins/woocommerce-multilingual/res/js/cart_widget.min.js?ver=5.5.5 HTTP/1.1" 200 523 "https://autozone.com.sa/end-of-year-2022-offer/06-s-offer-2/" "Mozilla/5.0 (Macintosh; Intel Mac OS X 10_15_7) AppleWebKit/537.36 (KHTML, like Gecko) Chrome/131.0.0.0 Safari/537.36; ClaudeBot/1.0; +claudebot@anthropic.com)"
18.221.24.127 - - [28/May/2026:12:46:31 +0000] "GET /wp-content/plugins/jet-elements/assets/js/lib/anime-js/anime.min.js?ver=2.2.0 HTTP/1.1" 200 6057 "https://autozone.com.sa/end-of-year-2022-offer/06-s-offer-2/" "Mozilla/5.0 (Macintosh; Intel Mac OS X 10_15_7) AppleWebKit/537.36 (KHTML, like Gecko) Chrome/131.0.0.0 Safari/537.36; ClaudeBot/1.0; +claudebot@anthropic.com)"
18.221.24.127 - - [28/May/2026:12:46:31 +0000] "GET /wp-includes/js/api-request.min.js?ver=7.0 HTTP/1.1" 404 16927 "https://autozone.com.sa/end-of-year-2022-offer/06-s-offer-2/" "Mozilla/5.0 (Macintosh; Intel Mac OS X 10_15_7) AppleWebKit/537.36 (KHTML, like Gecko) Chrome/131.0.0.0 Safari/537.36; ClaudeBot/1.0; +claudebot@anthropic.com)"
18.221.24.127 - - [28/May/2026:12:46:31 +0000] "GET /wp-includes/js/jquery/jquery-migrate.min.js?ver=3.4.1 HTTP/1.1" 404 16937 "https://autozone.com.sa/end-of-year-2022-offer/06-s-offer-2/" "Mozilla/5.0 (Macintosh; Intel Mac OS X 10_15_7) AppleWebKit/537.36 (KHTML, like Gecko) Chrome/131.0.0.0 Safari/537.36; ClaudeBot/1.0; +claudebot@anthropic.com)"
18.221.24.127 - - [28/May/2026:12:46:31 +0000] "GET /wp-content/plugins/woocommerce/assets/js/jquery-blockui/jquery.blockUI.min.js?ver=2.7.0-wc.10.8.0 HTTP/1.1" 404 16966 "https://autozone.com.sa/end-of-year-2022-offer/06-s-offer-2/" "Mozilla/5.0 (Macintosh; Intel Mac OS X 10_15_7) AppleWebKit/537.36 (KHTML, like Gecko) Chrome/131.0.0.0 Safari/537.36; ClaudeBot/1.0; +claudebot@anthropic.com)"
18.221.24.127 - - [28/May/2026:12:46:31 +0000] "GET /wp-includes/js/dist/api-fetch.min.js?ver=d7efe4dc1468d36c39b8 HTTP/1.1" 404 16934 "https://autozone.com.sa/end-of-year-2022-offer/06-s-offer-2/" "Mozilla/5.0 (Macintosh; Intel Mac OS X 10_15_7) AppleWebKit/537.36 (KHTML, like Gecko) Chrome/131.0.0.0 Safari/537.36; ClaudeBot/1.0; +claudebot@anthropic.com)"
18.221.24.127 - - [28/May/2026:12:46:31 +0000] "GET /wp-content/plugins/pixelyoursite/dist/scripts/public.js?ver=11.2.0.6 HTTP/1.1" 404 16953 "https://autozone.com.sa/end-of-year-2022-offer/06-s-offer-2/" "Mozilla/5.0 (Macintosh; Intel Mac OS X 10_15_7) AppleWebKit/537.36 (KHTML, like Gecko) Chrome/131.0.0.0 Safari/537.36; ClaudeBot/1.0; +claudebot@anthropic.com)"
18.221.24.127 - - [28/May/2026:12:46:31 +0000] "GET /wp-content/plugins/woocommerce/assets/js/frontend/cart-fragments.min.js?ver=10.8.0 HTTP/1.1" 404 16965 "https://autozone.com.sa/end-of-year-2022-offer/06-s-offer-2/" "Mozilla/5.0 (Macintosh; Intel Mac OS X 10_15_7) AppleWebKit/537.36 (KHTML, like Gecko) Chrome/131.0.0.0 Safari/537.36; ClaudeBot/1.0; +claudebot@anthropic.com)"
18.221.24.127 - - [28/May/2026:12:46:31 +0000] "GET /wp-includes/js/dist/i18n.min.js?ver=781d11515ad3d91786ec HTTP/1.1" 404 16936 "https://autozone.com.sa/end-of-year-2022-offer/06-s-offer-2/" "Mozilla/5.0 (Macintosh; Intel Mac OS X 10_15_7) AppleWebKit/537.36 (KHTML, like Gecko) Chrome/131.0.0.0 Safari/537.36; ClaudeBot/1.0; +claudebot@anthropic.com)"
18.221.24.127 - - [28/May/2026:12:46:31 +0000] "GET /wp-content/plugins/woocommerce/assets/js/js-cookie/js.cookie.min.js?ver=2.1.4-wc.10.8.0 HTTP/1.1" 404 16967 "https://autozone.com.sa/end-of-year-2022-offer/06-s-offer-2/" "Mozilla/5.0 (Macintosh; Intel Mac OS X 10_15_7) AppleWebKit/537.36 (KHTML, like Gecko) Chrome/131.0.0.0 Safari/537.36; ClaudeBot/1.0; +claudebot@anthropic.com)"
18.221.24.127 - - [28/May/2026:12:46:31 +0000] "GET /wp-includes/js/dist/vendor/wp-polyfill.min.js?ver=3.15.0 HTTP/1.1" 404 16943 "https://autozone.com.sa/end-of-year-2022-offer/06-s-offer-2/" "Mozilla/5.0 (Macintosh; Intel Mac OS X 10_15_7) AppleWebKit/537.36 (KHTML, like Gecko) Chrome/131.0.0.0 Safari/537.36; ClaudeBot/1.0; +claudebot@anthropic.com)"
18.221.24.127 - - [28/May/2026:12:46:31 +0000] "GET /wp-content/themes/hello-elementor/assets/js/hello-frontend.js?ver=3.4.6 HTTP/1.1" 404 16954 "https://autozone.com.sa/end-of-year-2022-offer/06-s-offer-2/" "Mozilla/5.0 (Macintosh; Intel Mac OS X 10_15_7) AppleWebKit/537.36 (KHTML, like Gecko) Chrome/131.0.0.0 Safari/537.36; ClaudeBot/1.0; +claudebot@anthropic.com)"
18.221.24.127 - - [28/May/2026:12:46:31 +0000] "GET /wp-includes/js/jquery/jquery.min.js?ver=3.7.1 HTTP/1.1" 404 16938 "https://autozone.com.sa/end-of-year-2022-offer/06-s-offer-2/" "Mozilla/5.0 (Macintosh; Intel Mac OS X 10_15_7) AppleWebKit/537.36 (KHTML, like Gecko) Chrome/131.0.0.0 Safari/537.36; ClaudeBot/1.0; +claudebot@anthropic.com)"
18.221.24.127 - - [28/May/2026:12:46:31 +0000] "GET /wp-content/plugins/sitepress-multilingual-cms/res/js/cookies/language-cookie.js?ver=494000 HTTP/1.1" 404 16966 "https://autozone.com.sa/end-of-year-2022-offer/06-s-offer-2/" "Mozilla/5.0 (Macintosh; Intel Mac OS X 10_15_7) AppleWebKit/537.36 (KHTML, like Gecko) Chrome/131.0.0.0 Safari/537.36; ClaudeBot/1.0; +claudebot@anthropic.com)"
