2a02:9b0:4157:8602:344e:fae2:95d4:efc8 - - [28/Mar/2026:13:21:48 +0000] "GET /wp-content/uploads/al_opt_content/CSS/14fdf0d71a5607e1d6e9c64066c9dd7d.css HTTP/1.1" 200 7325 "-" "Mozilla/5.0 (iPhone; CPU iPhone OS 18_5 like Mac OS X) AppleWebKit/605.1.15 (KHTML, like Gecko) Version/18.5 Mobile/15E148 Safari/604.1"
2a02:9b0:4157:8602:344e:fae2:95d4:efc8 - - [28/Mar/2026:13:21:48 +0000] "GET /wp-content/uploads/al_opt_content/CSS/3bb23a88e1835e239965798d1c112d79.css HTTP/1.1" 200 618 "-" "Mozilla/5.0 (iPhone; CPU iPhone OS 18_5 like Mac OS X) AppleWebKit/605.1.15 (KHTML, like Gecko) Version/18.5 Mobile/15E148 Safari/604.1"
2a02:9b0:4157:8602:344e:fae2:95d4:efc8 - - [28/Mar/2026:13:21:48 +0000] "GET /wp-content/uploads/al_opt_content/CSS/fe12a714ec08993034e5c08c53499cdb.css HTTP/1.1" 200 502 "-" "Mozilla/5.0 (iPhone; CPU iPhone OS 18_5 like Mac OS X) AppleWebKit/605.1.15 (KHTML, like Gecko) Version/18.5 Mobile/15E148 Safari/604.1"
2a02:9b0:4157:8602:344e:fae2:95d4:efc8 - - [28/Mar/2026:13:21:48 +0000] "GET /wp-content/uploads/al_opt_content/CSS/23f5e9bfc943830056db2052c42721da.css HTTP/1.1" 200 1032 "-" "Mozilla/5.0 (iPhone; CPU iPhone OS 18_5 like Mac OS X) AppleWebKit/605.1.15 (KHTML, like Gecko) Version/18.5 Mobile/15E148 Safari/604.1"
2a02:9b0:4157:8602:344e:fae2:95d4:efc8 - - [28/Mar/2026:13:21:48 +0000] "GET /wp-content/uploads/al_opt_content/CSS/d171e55e14f3b2d20bc05a8f2d8ef104.css HTTP/1.1" 200 678 "-" "Mozilla/5.0 (iPhone; CPU iPhone OS 18_5 like Mac OS X) AppleWebKit/605.1.15 (KHTML, like Gecko) Version/18.5 Mobile/15E148 Safari/604.1"
2a02:9b0:4157:8602:344e:fae2:95d4:efc8 - - [28/Mar/2026:13:21:48 +0000] "GET /wp-content/uploads/al_opt_content/CSS/12045858d487a8ae56337b554a5ee03c.css HTTP/1.1" 200 135 "-" "Mozilla/5.0 (iPhone; CPU iPhone OS 18_5 like Mac OS X) AppleWebKit/605.1.15 (KHTML, like Gecko) Version/18.5 Mobile/15E148 Safari/604.1"
2a02:9b0:4157:8602:344e:fae2:95d4:efc8 - - [28/Mar/2026:13:21:48 +0000] "GET /wp-content/uploads/al_opt_content/CSS/cd84a6e0e1ac1d3a8bc4fd5d98a57bc6.css HTTP/1.1" 200 1045 "-" "Mozilla/5.0 (iPhone; CPU iPhone OS 18_5 like Mac OS X) AppleWebKit/605.1.15 (KHTML, like Gecko) Version/18.5 Mobile/15E148 Safari/604.1"
2a02:9b0:4157:8602:344e:fae2:95d4:efc8 - - [28/Mar/2026:13:21:48 +0000] "GET /wp-content/uploads/al_opt_content/CSS/83ec0e0fcd43cbae253a8e0ddd52e08c.css HTTP/1.1" 200 4518 "-" "Mozilla/5.0 (iPhone; CPU iPhone OS 18_5 like Mac OS X) AppleWebKit/605.1.15 (KHTML, like Gecko) Version/18.5 Mobile/15E148 Safari/604.1"
2a02:9b0:4157:8602:344e:fae2:95d4:efc8 - - [28/Mar/2026:13:21:48 +0000] "GET /wp-content/uploads/al_opt_content/CSS/f8ab0c98754e13666d2cd378bd023dbb.css HTTP/1.1" 200 799 "-" "Mozilla/5.0 (iPhone; CPU iPhone OS 18_5 like Mac OS X) AppleWebKit/605.1.15 (KHTML, like Gecko) Version/18.5 Mobile/15E148 Safari/604.1"
2a02:9b0:4157:8602:344e:fae2:95d4:efc8 - - [28/Mar/2026:13:21:48 +0000] "GET /wp-content/uploads/al_opt_content/CSS/c3be9e612baf8fc4af612de8af4c0864.css HTTP/1.1" 200 160 "-" "Mozilla/5.0 (iPhone; CPU iPhone OS 18_5 like Mac OS X) AppleWebKit/605.1.15 (KHTML, like Gecko) Version/18.5 Mobile/15E148 Safari/604.1"
2a02:9b0:4157:8602:344e:fae2:95d4:efc8 - - [28/Mar/2026:13:21:48 +0000] "GET /wp-content/uploads/al_opt_content/CSS/f94a49c4961bc08d71abedf98d482d79.css HTTP/1.1" 200 547 "-" "Mozilla/5.0 (iPhone; CPU iPhone OS 18_5 like Mac OS X) AppleWebKit/605.1.15 (KHTML, like Gecko) Version/18.5 Mobile/15E148 Safari/604.1"
2a02:9b0:4157:8602:344e:fae2:95d4:efc8 - - [28/Mar/2026:13:21:48 +0000] "GET /wp-content/uploads/al_opt_content/CSS/e12323dff206361e584c1c4adab9e636.css HTTP/1.1" 200 591 "-" "Mozilla/5.0 (iPhone; CPU iPhone OS 18_5 like Mac OS X) AppleWebKit/605.1.15 (KHTML, like Gecko) Version/18.5 Mobile/15E148 Safari/604.1"
2a02:9b0:4157:8602:344e:fae2:95d4:efc8 - - [28/Mar/2026:13:21:48 +0000] "GET /wp-content/uploads/al_opt_content/CSS/90e12d7c63f1362779b440a3528a98ce.css HTTP/1.1" 200 11004 "-" "Mozilla/5.0 (iPhone; CPU iPhone OS 18_5 like Mac OS X) AppleWebKit/605.1.15 (KHTML, like Gecko) Version/18.5 Mobile/15E148 Safari/604.1"
2a02:9b0:4157:8602:344e:fae2:95d4:efc8 - - [28/Mar/2026:13:21:48 +0000] "GET /wp-content/uploads/al_opt_content/CSS/06d991cff81f66113e0ab5a2767cb029.css HTTP/1.1" 200 4038 "-" "Mozilla/5.0 (iPhone; CPU iPhone OS 18_5 like Mac OS X) AppleWebKit/605.1.15 (KHTML, like Gecko) Version/18.5 Mobile/15E148 Safari/604.1"
2a02:9b0:4157:8602:344e:fae2:95d4:efc8 - - [28/Mar/2026:13:21:48 +0000] "GET /wp-content/uploads/al_opt_content/CSS/d026a17938c5380cc610572fdda43f40.css HTTP/1.1" 200 1142 "-" "Mozilla/5.0 (iPhone; CPU iPhone OS 18_5 like Mac OS X) AppleWebKit/605.1.15 (KHTML, like Gecko) Version/18.5 Mobile/15E148 Safari/604.1"
2a02:9b0:4157:8602:344e:fae2:95d4:efc8 - - [28/Mar/2026:13:21:48 +0000] "GET /wp-content/uploads/al_opt_content/CSS/732400b1093f91f0c3fc2cb9bc0d108e.css HTTP/1.1" 200 2766 "-" "Mozilla/5.0 (iPhone; CPU iPhone OS 18_5 like Mac OS X) AppleWebKit/605.1.15 (KHTML, like Gecko) Version/18.5 Mobile/15E148 Safari/604.1"
2a02:9b0:4157:8602:344e:fae2:95d4:efc8 - - [28/Mar/2026:13:21:48 +0000] "GET /wp-content/uploads/al_opt_content/CSS/37637319d8c07f1bca23d91da9fcbb6a.css HTTP/1.1" 200 3064 "-" "Mozilla/5.0 (iPhone; CPU iPhone OS 18_5 like Mac OS X) AppleWebKit/605.1.15 (KHTML, like Gecko) Version/18.5 Mobile/15E148 Safari/604.1"
2a02:9b0:4157:8602:344e:fae2:95d4:efc8 - - [28/Mar/2026:13:21:48 +0000] "GET /wp-content/uploads/al_opt_content/CSS/a006a019fa982ad49f20d7bbeb9523db.css HTTP/1.1" 200 79 "-" "Mozilla/5.0 (iPhone; CPU iPhone OS 18_5 like Mac OS X) AppleWebKit/605.1.15 (KHTML, like Gecko) Version/18.5 Mobile/15E148 Safari/604.1"
2a02:9b0:4157:8602:344e:fae2:95d4:efc8 - - [28/Mar/2026:13:21:48 +0000] "GET /wp-content/uploads/al_opt_content/CSS/c329a1f8486b82d9b9c7cb4d7060f346.css HTTP/1.1" 200 338 "-" "Mozilla/5.0 (iPhone; CPU iPhone OS 18_5 like Mac OS X) AppleWebKit/605.1.15 (KHTML, like Gecko) Version/18.5 Mobile/15E148 Safari/604.1"
2a02:9b0:4157:8602:344e:fae2:95d4:efc8 - - [28/Mar/2026:13:21:48 +0000] "GET /wp-content/uploads/al_opt_content/CSS/ddd253f56756de76a411d9f0c2e968e2.css HTTP/1.1" 200 16381 "-" "Mozilla/5.0 (iPhone; CPU iPhone OS 18_5 like Mac OS X) AppleWebKit/605.1.15 (KHTML, like Gecko) Version/18.5 Mobile/15E148 Safari/604.1"
2a02:9b0:4157:8602:344e:fae2:95d4:efc8 - - [28/Mar/2026:13:21:48 +0000] "GET /wp-content/uploads/al_opt_content/CSS/18b6260305b3bdc5100c937971d28906.css HTTP/1.1" 200 117 "-" "Mozilla/5.0 (iPhone; CPU iPhone OS 18_5 like Mac OS X) AppleWebKit/605.1.15 (KHTML, like Gecko) Version/18.5 Mobile/15E148 Safari/604.1"
2a02:9b0:4157:8602:344e:fae2:95d4:efc8 - - [28/Mar/2026:13:21:48 +0000] "GET /wp-content/uploads/al_opt_content/CSS/20ab658f5e5f37cddbf72660e3b1b7fd.css HTTP/1.1" 200 1867 "-" "Mozilla/5.0 (iPhone; CPU iPhone OS 18_5 like Mac OS X) AppleWebKit/605.1.15 (KHTML, like Gecko) Version/18.5 Mobile/15E148 Safari/604.1"
2a02:9b0:4157:8602:344e:fae2:95d4:efc8 - - [28/Mar/2026:13:21:48 +0000] "GET /wp-content/uploads/al_opt_content/CSS/afe9cdcb49820d6d193c3e50575e753c.css HTTP/1.1" 200 6490 "-" "Mozilla/5.0 (iPhone; CPU iPhone OS 18_5 like Mac OS X) AppleWebKit/605.1.15 (KHTML, like Gecko) Version/18.5 Mobile/15E148 Safari/604.1"
2a02:9b0:4157:8602:344e:fae2:95d4:efc8 - - [28/Mar/2026:13:21:48 +0000] "GET /wp-content/uploads/al_opt_content/CSS/2727ad3a9c6921eb1000411f297b6531.css HTTP/1.1" 200 738 "-" "Mozilla/5.0 (iPhone; CPU iPhone OS 18_5 like Mac OS X) AppleWebKit/605.1.15 (KHTML, like Gecko) Version/18.5 Mobile/15E148 Safari/604.1"
2a02:9b0:4157:8602:344e:fae2:95d4:efc8 - - [28/Mar/2026:13:21:48 +0000] "GET /wp-content/uploads/al_opt_content/CSS/b6fa9d2d351606825374296313d5618a.css HTTP/1.1" 200 1803 "-" "Mozilla/5.0 (iPhone; CPU iPhone OS 18_5 like Mac OS X) AppleWebKit/605.1.15 (KHTML, like Gecko) Version/18.5 Mobile/15E148 Safari/604.1"
2a02:9b0:4157:8602:344e:fae2:95d4:efc8 - - [28/Mar/2026:13:21:48 +0000] "GET /wp-content/uploads/al_opt_content/CSS/60c28759decc2f7e8c9345d92925ba3d.css HTTP/1.1" 200 442 "-" "Mozilla/5.0 (iPhone; CPU iPhone OS 18_5 like Mac OS X) AppleWebKit/605.1.15 (KHTML, like Gecko) Version/18.5 Mobile/15E148 Safari/604.1"
2a02:9b0:4157:8602:344e:fae2:95d4:efc8 - - [28/Mar/2026:13:21:48 +0000] "GET /wp-content/uploads/al_opt_content/CSS/d608a69565011a7b2049136a88ee4563.css HTTP/1.1" 200 3035 "-" "Mozilla/5.0 (iPhone; CPU iPhone OS 18_5 like Mac OS X) AppleWebKit/605.1.15 (KHTML, like Gecko) Version/18.5 Mobile/15E148 Safari/604.1"
2a02:9b0:4157:8602:344e:fae2:95d4:efc8 - - [28/Mar/2026:13:21:48 +0000] "GET /wp-content/uploads/al_opt_content/CSS/61b022e9b5cf6a2c8a68739a3b55591a.css HTTP/1.1" 200 2234 "-" "Mozilla/5.0 (iPhone; CPU iPhone OS 18_5 like Mac OS X) AppleWebKit/605.1.15 (KHTML, like Gecko) Version/18.5 Mobile/15E148 Safari/604.1"
2a02:9b0:4157:8602:344e:fae2:95d4:efc8 - - [28/Mar/2026:13:21:48 +0000] "GET /wp-content/uploads/al_opt_content/CSS/f19a50b2a031b65c0243f60d7519ef5c.css HTTP/1.1" 200 10714 "-" "Mozilla/5.0 (iPhone; CPU iPhone OS 18_5 like Mac OS X) AppleWebKit/605.1.15 (KHTML, like Gecko) Version/18.5 Mobile/15E148 Safari/604.1"
2a02:9b0:4157:8602:344e:fae2:95d4:efc8 - - [28/Mar/2026:13:21:48 +0000] "GET /wp-content/uploads/al_opt_content/CSS/cc289423deb9cdf94703b329dc9e7f0f.css HTTP/1.1" 200 100 "-" "Mozilla/5.0 (iPhone; CPU iPhone OS 18_5 like Mac OS X) AppleWebKit/605.1.15 (KHTML, like Gecko) Version/18.5 Mobile/15E148 Safari/604.1"
2a02:9b0:4157:8602:344e:fae2:95d4:efc8 - - [28/Mar/2026:13:21:48 +0000] "GET /wp-content/uploads/al_opt_content/CSS/48541c56d912e63a05928d9ac82a149b.css HTTP/1.1" 200 15851 "-" "Mozilla/5.0 (iPhone; CPU iPhone OS 18_5 like Mac OS X) AppleWebKit/605.1.15 (KHTML, like Gecko) Version/18.5 Mobile/15E148 Safari/604.1"
2a02:9b0:4157:8602:344e:fae2:95d4:efc8 - - [28/Mar/2026:13:21:48 +0000] "GET /wp-content/uploads/al_opt_content/CSS/9335ce566252351d98c18719af4b01d1.css HTTP/1.1" 200 243 "-" "Mozilla/5.0 (iPhone; CPU iPhone OS 18_5 like Mac OS X) AppleWebKit/605.1.15 (KHTML, like Gecko) Version/18.5 Mobile/15E148 Safari/604.1"
2a02:9b0:4157:8602:344e:fae2:95d4:efc8 - - [28/Mar/2026:13:21:48 +0000] "GET /wp-content/uploads/al_opt_content/CSS/a8a6db5428026927a77e3c840819a6e8.css HTTP/1.1" 200 2515 "-" "Mozilla/5.0 (iPhone; CPU iPhone OS 18_5 like Mac OS X) AppleWebKit/605.1.15 (KHTML, like Gecko) Version/18.5 Mobile/15E148 Safari/604.1"
2a02:9b0:4157:8602:344e:fae2:95d4:efc8 - - [28/Mar/2026:13:21:52 +0000] "GET /wp-content/uploads/2024/12/Autozone-B.woff2 HTTP/1.1" 200 29579 "https://autozone.com.sa/" "Mozilla/5.0 (iPhone; CPU iPhone OS 18_5 like Mac OS X) AppleWebKit/605.1.15 (KHTML, like Gecko) Version/18.5 Mobile/15E148 Safari/604.1"
2a02:9b0:4157:8602:344e:fae2:95d4:efc8 - - [28/Mar/2026:13:21:52 +0000] "POST /?wc-ajax=get_refreshed_fragments HTTP/1.1" 200 999 "https://autozone.com.sa/" "Mozilla/5.0 (iPhone; CPU iPhone OS 18_5 like Mac OS X) AppleWebKit/605.1.15 (KHTML, like Gecko) Version/18.5 Mobile/15E148 Safari/604.1"
2a02:9b0:4157:8602:344e:fae2:95d4:efc8 - - [28/Mar/2026:13:21:52 +0000] "POST /?wc-ajax=get_refreshed_fragments HTTP/1.1" 200 999 "https://autozone.com.sa/" "Mozilla/5.0 (iPhone; CPU iPhone OS 18_5 like Mac OS X) AppleWebKit/605.1.15 (KHTML, like Gecko) Version/18.5 Mobile/15E148 Safari/604.1"
2a02:9b0:4157:8602:344e:fae2:95d4:efc8 - - [28/Mar/2026:13:21:52 +0000] "POST /wp-json/iawp/search HTTP/1.1" 200 36 "https://autozone.com.sa/" "Mozilla/5.0 (iPhone; CPU iPhone OS 18_5 like Mac OS X) AppleWebKit/605.1.15 (KHTML, like Gecko) Version/18.5 Mobile/15E148 Safari/604.1"
74.7.241.33 - - [28/Mar/2026:13:21:57 +0000] "GET /wp-content/uploads/cache/wpml/twig/f8/f82411bc6b1103cfb2d4112ed38ceb3b2b1bb2a13de67f17d58e7a88b216a8a7.php HTTP/1.1" 500 20 "https://autozone.com.sa/wp-content/uploads/cache/wpml/twig/f8/" "Mozilla/5.0 AppleWebKit/537.36 (KHTML, like Gecko; compatible; GPTBot/1.3; +https://openai.com/gptbot)"
2a02:9b0:4157:8602:344e:fae2:95d4:efc8 - - [28/Mar/2026:13:22:00 +0000] "GET /showroom/ HTTP/1.1" 200 110366 "https://autozone.com.sa/" "Mozilla/5.0 (iPhone; CPU iPhone OS 18_5 like Mac OS X) AppleWebKit/605.1.15 (KHTML, like Gecko) Version/18.5 Mobile/15E148 Safari/604.1"
2a02:9b0:4157:8602:344e:fae2:95d4:efc8 - - [28/Mar/2026:13:22:03 +0000] "GET /wp-content/plugins/jetformbuilder/modules/option-field/assets/build/select.css?ver=0edd78a6f12e2b918b82 HTTP/1.1" 200 243 "https://autozone.com.sa/showroom/" "Mozilla/5.0 (iPhone; CPU iPhone OS 18_5 like Mac OS X) AppleWebKit/605.1.15 (KHTML, like Gecko) Version/18.5 Mobile/15E148 Safari/604.1"
2a02:9b0:4157:8602:344e:fae2:95d4:efc8 - - [28/Mar/2026:13:22:03 +0000] "GET /wp-content/plugins/jet-search/assets/lib/chosen/chosen.min.css?ver=1.8.7 HTTP/1.1" 200 2273 "https://autozone.com.sa/showroom/" "Mozilla/5.0 (iPhone; CPU iPhone OS 18_5 like Mac OS X) AppleWebKit/605.1.15 (KHTML, like Gecko) Version/18.5 Mobile/15E148 Safari/604.1"
2a02:9b0:4157:8602:344e:fae2:95d4:efc8 - - [28/Mar/2026:13:22:03 +0000] "GET /wp-content/plugins/woocommerce/assets/css/photoswipe/default-skin/default-skin.min.css?ver=10.6.1 HTTP/1.1" 200 1952 "https://autozone.com.sa/showroom/" "Mozilla/5.0 (iPhone; CPU iPhone OS 18_5 like Mac OS X) AppleWebKit/605.1.15 (KHTML, like Gecko) Version/18.5 Mobile/15E148 Safari/604.1"
2a02:9b0:4157:8602:344e:fae2:95d4:efc8 - - [28/Mar/2026:13:22:03 +0000] "GET /wp-content/plugins/jet-tricks/assets/css/jet-tricks-frontend.css?ver=1.5.10 HTTP/1.1" 200 3414 "https://autozone.com.sa/showroom/" "Mozilla/5.0 (iPhone; CPU iPhone OS 18_5 like Mac OS X) AppleWebKit/605.1.15 (KHTML, like Gecko) Version/18.5 Mobile/15E148 Safari/604.1"
2a02:9b0:4157:8602:344e:fae2:95d4:efc8 - - [28/Mar/2026:13:22:03 +0000] "GET /wp-content/plugins/sitepress-multilingual-cms/templates/language-switchers/legacy-list-horizontal/style.min.css?ver=1 HTTP/1.1" 200 315 "https://autozone.com.sa/showroom/" "Mozilla/5.0 (iPhone; CPU iPhone OS 18_5 like Mac OS X) AppleWebKit/605.1.15 (KHTML, like Gecko) Version/18.5 Mobile/15E148 Safari/604.1"
2a02:9b0:4157:8602:344e:fae2:95d4:efc8 - - [28/Mar/2026:13:22:03 +0000] "GET /wp-content/themes/hello-elementor/assets/css/theme.css?ver=3.4.6 HTTP/1.1" 200 1271 "https://autozone.com.sa/showroom/" "Mozilla/5.0 (iPhone; CPU iPhone OS 18_5 like Mac OS X) AppleWebKit/605.1.15 (KHTML, like Gecko) Version/18.5 Mobile/15E148 Safari/604.1"
2a02:9b0:4157:8602:344e:fae2:95d4:efc8 - - [28/Mar/2026:13:22:03 +0000] "GET /wp-content/themes/hello-elementor/assets/css/reset.css?ver=3.4.6 HTTP/1.1" 200 1792 "https://autozone.com.sa/showroom/" "Mozilla/5.0 (iPhone; CPU iPhone OS 18_5 like Mac OS X) AppleWebKit/605.1.15 (KHTML, like Gecko) Version/18.5 Mobile/15E148 Safari/604.1"
2a02:9b0:4157:8602:344e:fae2:95d4:efc8 - - [28/Mar/2026:13:22:03 +0000] "GET /wp-content/plugins/jetformbuilder/modules/option-field/assets/build/radio.css?ver=7c6d0d4d7df91e6bd6a4 HTTP/1.1" 200 446 "https://autozone.com.sa/showroom/" "Mozilla/5.0 (iPhone; CPU iPhone OS 18_5 like Mac OS X) AppleWebKit/605.1.15 (KHTML, like Gecko) Version/18.5 Mobile/15E148 Safari/604.1"
2a02:9b0:4157:8602:344e:fae2:95d4:efc8 - - [28/Mar/2026:13:22:03 +0000] "GET /wp-content/plugins/sitepress-multilingual-cms/templates/language-switchers/menu-item/style.min.css?ver=1 HTTP/1.1" 200 141 "https://autozone.com.sa/showroom/" "Mozilla/5.0 (iPhone; CPU iPhone OS 18_5 like Mac OS X) AppleWebKit/605.1.15 (KHTML, like Gecko) Version/18.5 Mobile/15E148 Safari/604.1"
2a02:9b0:4157:8602:344e:fae2:95d4:efc8 - - [28/Mar/2026:13:22:03 +0000] "GET /wp-content/themes/hello-elementor/assets/css/header-footer.css?ver=3.4.6 HTTP/1.1" 200 1423 "https://autozone.com.sa/showroom/" "Mozilla/5.0 (iPhone; CPU iPhone OS 18_5 like Mac OS X) AppleWebKit/605.1.15 (KHTML, like Gecko) Version/18.5 Mobile/15E148 Safari/604.1"
2a02:9b0:4157:8602:344e:fae2:95d4:efc8 - - [28/Mar/2026:13:22:03 +0000] "GET /wp-content/plugins/woo-variation-gallery/assets/css/frontend.min.css?ver=1748067894 HTTP/1.1" 200 5657 "https://autozone.com.sa/showroom/" "Mozilla/5.0 (iPhone; CPU iPhone OS 18_5 like Mac OS X) AppleWebKit/605.1.15 (KHTML, like Gecko) Version/18.5 Mobile/15E148 Safari/604.1"
2a02:9b0:4157:8602:344e:fae2:95d4:efc8 - - [28/Mar/2026:13:22:03 +0000] "GET /wp-content/plugins/woo-variation-swatches/assets/css/frontend.min.css?ver=2.2.3 HTTP/1.1" 200 4518 "https://autozone.com.sa/showroom/" "Mozilla/5.0 (iPhone; CPU iPhone OS 18_5 like Mac OS X) AppleWebKit/605.1.15 (KHTML, like Gecko) Version/18.5 Mobile/15E148 Safari/604.1"
2a02:9b0:4157:8602:344e:fae2:95d4:efc8 - - [28/Mar/2026:13:22:03 +0000] "GET /wp-content/plugins/jet-search/assets/css/jet-search.css?ver=3.5.16.1 HTTP/1.1" 200 10064 "https://autozone.com.sa/showroom/" "Mozilla/5.0 (iPhone; CPU iPhone OS 18_5 like Mac OS X) AppleWebKit/605.1.15 (KHTML, like Gecko) Version/18.5 Mobile/15E148 Safari/604.1"
2a02:9b0:4157:8602:344e:fae2:95d4:efc8 - - [28/Mar/2026:13:22:06 +0000] "POST /?wc-ajax=get_refreshed_fragments HTTP/1.1" 200 999 "https://autozone.com.sa/showroom/" "Mozilla/5.0 (iPhone; CPU iPhone OS 18_5 like Mac OS X) AppleWebKit/605.1.15 (KHTML, like Gecko) Version/18.5 Mobile/15E148 Safari/604.1"
2a02:9b0:4157:8602:344e:fae2:95d4:efc8 - - [28/Mar/2026:13:22:06 +0000] "POST /wp-json/iawp/search HTTP/1.1" 200 36 "https://autozone.com.sa/showroom/" "Mozilla/5.0 (iPhone; CPU iPhone OS 18_5 like Mac OS X) AppleWebKit/605.1.15 (KHTML, like Gecko) Version/18.5 Mobile/15E148 Safari/604.1"
2a03:2880:f802:2c:: - - [28/Mar/2026:13:22:07 +0000] "GET /product/toyota-yaris-y-2026/ HTTP/1.1" 200 128967 "-" "meta-externalagent/1.1 (+https://developers.facebook.com/docs/sharing/webmasters/crawler)"
172.105.42.26 - - [28/Mar/2026:13:22:26 +0000] "POST /wp-cron.php?doing_wp_cron=1774704146.5702919960021972656250 HTTP/1.1" 200 20 "-" "WordPress/6.9.4; https://autozone.com.sa"
2a02:9b0:4157:8602:344e:fae2:95d4:efc8 - - [28/Mar/2026:13:22:22 +0000] "GET / HTTP/1.1" 200 163892 "https://www.google.com/" "Mozilla/5.0 (iPhone; CPU iPhone OS 18_5 like Mac OS X) AppleWebKit/605.1.15 (KHTML, like Gecko) Version/18.5 Mobile/15E148 Safari/604.1"
2a02:9b0:4157:8602:344e:fae2:95d4:efc8 - - [28/Mar/2026:13:22:27 +0000] "GET / HTTP/1.1" 200 163872 "https://www.google.com/" "Mozilla/5.0 (iPhone; CPU iPhone OS 18_5 like Mac OS X) AppleWebKit/605.1.15 (KHTML, like Gecko) Version/18.5 Mobile/15E148 Safari/604.1"
2a02:9b0:4157:8602:344e:fae2:95d4:efc8 - - [28/Mar/2026:13:22:30 +0000] "GET / HTTP/1.1" 200 163864 "https://www.google.com/" "Mozilla/5.0 (iPhone; CPU iPhone OS 18_5 like Mac OS X) AppleWebKit/605.1.15 (KHTML, like Gecko) Version/18.5 Mobile/15E148 Safari/604.1"
2a02:9b0:4157:8602:344e:fae2:95d4:efc8 - - [28/Mar/2026:13:22:38 +0000] "POST /?wc-ajax=get_refreshed_fragments HTTP/1.1" 200 999 "https://autozone.com.sa/" "Mozilla/5.0 (iPhone; CPU iPhone OS 18_5 like Mac OS X) AppleWebKit/605.1.15 (KHTML, like Gecko) Version/18.5 Mobile/15E148 Safari/604.1"
2a02:9b0:4157:8602:344e:fae2:95d4:efc8 - - [28/Mar/2026:13:22:38 +0000] "POST /wp-json/iawp/search HTTP/1.1" 200 36 "https://autozone.com.sa/" "Mozilla/5.0 (iPhone; CPU iPhone OS 18_5 like Mac OS X) AppleWebKit/605.1.15 (KHTML, like Gecko) Version/18.5 Mobile/15E148 Safari/604.1"
2a02:9b0:4157:8602:344e:fae2:95d4:efc8 - - [28/Mar/2026:13:22:46 +0000] "GET /wp-content/uploads/al_opt_content/IMAGE/autozone.com.sa/wp-content/uploads/2025/04/Go1-10.webp?bv_host=autozone.com.sa&bv-resized-infos=bv_resized_mobile%3A480%2A193%3Bbv_resized_ipad%3A820%2A330%3Bbv_resized_desktop%3A1536%2A617 HTTP/1.1" 200 123364 "https://autozone.com.sa/" "Mozilla/5.0 (iPhone; CPU iPhone OS 18_5 like Mac OS X) AppleWebKit/605.1.15 (KHTML, like Gecko) Version/18.5 Mobile/15E148 Safari/604.1"
2a02:9b0:4157:8602:344e:fae2:95d4:efc8 - - [28/Mar/2026:13:22:46 +0000] "GET /wp-content/uploads/al_opt_content/IMAGE/autozone.com.sa/wp-content/uploads/2025/01/shape2.webp?bv_host=autozone.com.sa HTTP/1.1" 200 4737 "https://autozone.com.sa/" "Mozilla/5.0 (iPhone; CPU iPhone OS 18_5 like Mac OS X) AppleWebKit/605.1.15 (KHTML, like Gecko) Version/18.5 Mobile/15E148 Safari/604.1"
2a02:9b0:4157:8602:344e:fae2:95d4:efc8 - - [28/Mar/2026:13:22:46 +0000] "GET /wp-content/uploads/al_opt_content/IMAGE/autozone.com.sa/wp-content/uploads/2024/12/f58d4b0f-1ca5-447d-b38b-d8ad46337f23.png?bv_host=autozone.com.sa&bv-resized-infos=bv_resized_mobile%3A150%2A150%3Bbv_resized_ipad%3A150%2A150%3Bbv_resized_desktop%3A150%2A150 HTTP/1.1" 304 - "https://autozone.com.sa/" "Mozilla/5.0 (iPhone; CPU iPhone OS 18_5 like Mac OS X) AppleWebKit/605.1.15 (KHTML, like Gecko) Version/18.5 Mobile/15E148 Safari/604.1"
2a02:9b0:4157:8602:344e:fae2:95d4:efc8 - - [28/Mar/2026:13:22:46 +0000] "GET /wp-content/uploads/al_opt_content/IMAGE/autozone.com.sa/wp-content/uploads/2024/12/2c2947dd-5636-4745-aeb7-3d5762119bf7.png?bv_host=autozone.com.sa&bv-resized-infos=bv_resized_mobile%3A150%2A150%3Bbv_resized_ipad%3A150%2A150%3Bbv_resized_desktop%3A150%2A150 HTTP/1.1" 304 - "https://autozone.com.sa/" "Mozilla/5.0 (iPhone; CPU iPhone OS 18_5 like Mac OS X) AppleWebKit/605.1.15 (KHTML, like Gecko) Version/18.5 Mobile/15E148 Safari/604.1"
2a02:9b0:4157:8602:344e:fae2:95d4:efc8 - - [28/Mar/2026:13:22:47 +0000] "GET /wp-content/uploads/al_opt_content/IMAGE/autozone.com.sa/wp-content/uploads/2025/02/Autozone-nissan-logo.webp?bv_host=autozone.com.sa&bv-resized-infos=bv_resized_mobile%3A250%2A250%3Bbv_resized_ipad%3A250%2A250%3Bbv_resized_desktop%3A250%2A250 HTTP/1.1" 200 4827 "https://autozone.com.sa/" "Mozilla/5.0 (iPhone; CPU iPhone OS 18_5 like Mac OS X) AppleWebKit/605.1.15 (KHTML, like Gecko) Version/18.5 Mobile/15E148 Safari/604.1"
2a02:9b0:4157:8602:344e:fae2:95d4:efc8 - - [28/Mar/2026:13:22:47 +0000] "GET /wp-content/uploads/al_opt_content/IMAGE/autozone.com.sa/wp-content/uploads/2024/12/1f12a941-6ddb-4133-948a-ea3ffde494ca.png?bv_host=autozone.com.sa&bv-resized-infos=bv_resized_mobile%3A150%2A150%3Bbv_resized_ipad%3A150%2A150%3Bbv_resized_desktop%3A150%2A150 HTTP/1.1" 304 - "https://autozone.com.sa/" "Mozilla/5.0 (iPhone; CPU iPhone OS 18_5 like Mac OS X) AppleWebKit/605.1.15 (KHTML, like Gecko) Version/18.5 Mobile/15E148 Safari/604.1"
2a02:9b0:4157:8602:344e:fae2:95d4:efc8 - - [28/Mar/2026:13:22:47 +0000] "GET /wp-content/uploads/al_opt_content/IMAGE/autozone.com.sa/wp-content/uploads/2024/12/46b290a9-af5c-43eb-9843-8820965bd205.png?bv_host=autozone.com.sa&bv-resized-infos=bv_resized_mobile%3A150%2A150%3Bbv_resized_ipad%3A150%2A150%3Bbv_resized_desktop%3A150%2A150 HTTP/1.1" 304 - "https://autozone.com.sa/" "Mozilla/5.0 (iPhone; CPU iPhone OS 18_5 like Mac OS X) AppleWebKit/605.1.15 (KHTML, like Gecko) Version/18.5 Mobile/15E148 Safari/604.1"
2a02:9b0:4157:8602:344e:fae2:95d4:efc8 - - [28/Mar/2026:13:22:47 +0000] "GET /wp-content/uploads/al_opt_content/IMAGE/autozone.com.sa/wp-content/uploads/2025/02/Autozone-ford-logo.webp?bv_host=autozone.com.sa&bv-resized-infos=bv_resized_mobile%3A250%2A250%3Bbv_resized_ipad%3A250%2A250%3Bbv_resized_desktop%3A250%2A250 HTTP/1.1" 200 18800 "https://autozone.com.sa/" "Mozilla/5.0 (iPhone; CPU iPhone OS 18_5 like Mac OS X) AppleWebKit/605.1.15 (KHTML, like Gecko) Version/18.5 Mobile/15E148 Safari/604.1"
2a02:9b0:4157:8602:344e:fae2:95d4:efc8 - - [28/Mar/2026:13:22:48 +0000] "GET /wp-content/uploads/al_opt_content/IMAGE/autozone.com.sa/wp-content/uploads/2024/12/05f0cba7-b48a-4abb-bacd-e0e8fac9900d.png?bv_host=autozone.com.sa&bv-resized-infos=bv_resized_mobile%3A150%2A150%3Bbv_resized_ipad%3A150%2A150%3Bbv_resized_desktop%3A150%2A150 HTTP/1.1" 304 - "https://autozone.com.sa/" "Mozilla/5.0 (iPhone; CPU iPhone OS 18_5 like Mac OS X) AppleWebKit/605.1.15 (KHTML, like Gecko) Version/18.5 Mobile/15E148 Safari/604.1"
2a02:9b0:4157:8602:344e:fae2:95d4:efc8 - - [28/Mar/2026:13:22:48 +0000] "GET /wp-content/uploads/al_opt_content/IMAGE/autozone.com.sa/wp-content/uploads/2026/01/Chevrolet-Logo-2.webp?bv_host=autozone.com.sa&bv-resized-infos=bv_resized_mobile%3A480%2A480%3Bbv_resized_ipad%3A500%2A500%3Bbv_resized_desktop%3A500%2A500 HTTP/1.1" 200 8880 "https://autozone.com.sa/" "Mozilla/5.0 (iPhone; CPU iPhone OS 18_5 like Mac OS X) AppleWebKit/605.1.15 (KHTML, like Gecko) Version/18.5 Mobile/15E148 Safari/604.1"
2a02:9b0:4157:8602:344e:fae2:95d4:efc8 - - [28/Mar/2026:13:22:48 +0000] "GET /wp-content/uploads/al_opt_content/IMAGE/autozone.com.sa/wp-content/uploads/2026/02/Autozone-toyota-logo-copy.webp?bv_host=autozone.com.sa&bv-resized-infos=bv_resized_mobile%3A250%2A250%3Bbv_resized_ipad%3A250%2A250%3Bbv_resized_desktop%3A250%2A250 HTTP/1.1" 200 4889 "https://autozone.com.sa/" "Mozilla/5.0 (iPhone; CPU iPhone OS 18_5 like Mac OS X) AppleWebKit/605.1.15 (KHTML, like Gecko) Version/18.5 Mobile/15E148 Safari/604.1"
2a02:9b0:4157:8602:344e:fae2:95d4:efc8 - - [28/Mar/2026:13:22:48 +0000] "GET /wp-content/uploads/al_opt_content/IMAGE/autozone.com.sa/wp-content/uploads/2024/12/60a4b462-f069-490a-9e0f-7cd33ab24dc8.png?bv_host=autozone.com.sa&bv-resized-infos=bv_resized_mobile%3A150%2A150%3Bbv_resized_ipad%3A150%2A150%3Bbv_resized_desktop%3A150%2A150 HTTP/1.1" 304 - "https://autozone.com.sa/" "Mozilla/5.0 (iPhone; CPU iPhone OS 18_5 like Mac OS X) AppleWebKit/605.1.15 (KHTML, like Gecko) Version/18.5 Mobile/15E148 Safari/604.1"
2a02:9b0:4157:8602:344e:fae2:95d4:efc8 - - [28/Mar/2026:13:22:48 +0000] "GET /wp-content/uploads/al_opt_content/IMAGE/autozone.com.sa/wp-content/uploads/2026/01/Jetour-Logo-2.webp?bv_host=autozone.com.sa&bv-resized-infos=bv_resized_mobile%3A480%2A480%3Bbv_resized_ipad%3A500%2A500%3Bbv_resized_desktop%3A500%2A500 HTTP/1.1" 200 3147 "https://autozone.com.sa/" "Mozilla/5.0 (iPhone; CPU iPhone OS 18_5 like Mac OS X) AppleWebKit/605.1.15 (KHTML, like Gecko) Version/18.5 Mobile/15E148 Safari/604.1"
2a02:9b0:4157:8602:344e:fae2:95d4:efc8 - - [28/Mar/2026:13:22:48 +0000] "GET /wp-content/uploads/al_opt_content/IMAGE/autozone.com.sa/wp-content/uploads/2025/02/Autozone-geely-logo.webp?bv_host=autozone.com.sa&bv-resized-infos=bv_resized_mobile%3A250%2A250%3Bbv_resized_ipad%3A250%2A250%3Bbv_resized_desktop%3A250%2A250 HTTP/1.1" 200 4097 "https://autozone.com.sa/" "Mozilla/5.0 (iPhone; CPU iPhone OS 18_5 like Mac OS X) AppleWebKit/605.1.15 (KHTML, like Gecko) Version/18.5 Mobile/15E148 Safari/604.1"
2a02:9b0:4157:8602:344e:fae2:95d4:efc8 - - [28/Mar/2026:13:22:48 +0000] "GET /wp-content/uploads/al_opt_content/IMAGE/autozone.com.sa/wp-content/uploads/2025/07/f2bf43_deddd5c4d6a0447a9198c13e39f205admv2_d_1408_1408_s_2.webp?bv_host=autozone.com.sa&bv-resized-infos=bv_resized_mobile%3A480%2A480%3Bbv_resized_ipad%3A820%2A820%3Bbv_resized_desktop%3A1056%2A1056 HTTP/1.1" 200 32345 "https://autozone.com.sa/" "Mozilla/5.0 (iPhone; CPU iPhone OS 18_5 like Mac OS X) AppleWebKit/605.1.15 (KHTML, like Gecko) Version/18.5 Mobile/15E148 Safari/604.1"
2a02:9b0:4157:8602:344e:fae2:95d4:efc8 - - [28/Mar/2026:13:22:48 +0000] "GET /wp-content/uploads/al_opt_content/IMAGE/autozone.com.sa/wp-content/uploads/2026/02/%E2%80%8F%D9%84%D9%82%D8%B7%D8%A9-%D8%A7%D9%84%D8%B4%D8%A7%D8%B4%D8%A9-%D9%A1%D9%A4%D9%A4%D9%A7-%D9%A0%D9%A9-%D9%A0%D9%A2-%D9%81%D9%8A-%D9%A4.%D9%A4%D9%A8-copy.webp?bv_host=autozone.com.sa&bv-resized-infos=bv_resized_mobile%3A480%2A481%3Bbv_resized_ipad%3A820%2A821%3Bbv_resized_desktop%3A1496%2A1498 HTTP/1.1" 200 208903 "https://autozone.com.sa/" "Mozilla/5.0 (iPhone; CPU iPhone OS 18_5 like Mac OS X) AppleWebKit/605.1.15 (KHTML, like Gecko) Version/18.5 Mobile/15E148 Safari/604.1"
2a02:9b0:4157:8602:344e:fae2:95d4:efc8 - - [28/Mar/2026:13:22:48 +0000] "GET /wp-content/uploads/al_opt_content/IMAGE/autozone.com.sa/wp-content/uploads/2026/02/Autozone-toyota-logo-copy-2.webp?bv_host=autozone.com.sa&bv-resized-infos=bv_resized_mobile%3A250%2A250%3Bbv_resized_ipad%3A250%2A250%3Bbv_resized_desktop%3A250%2A250 HTTP/1.1" 200 3405 "https://autozone.com.sa/" "Mozilla/5.0 (iPhone; CPU iPhone OS 18_5 like Mac OS X) AppleWebKit/605.1.15 (KHTML, like Gecko) Version/18.5 Mobile/15E148 Safari/604.1"
2a02:9b0:4157:8602:344e:fae2:95d4:efc8 - - [28/Mar/2026:13:22:48 +0000] "GET /wp-content/uploads/al_opt_content/IMAGE/autozone.com.sa/wp-content/uploads/2025/02/Autozone-toyota-logo.webp?bv_host=autozone.com.sa&bv-resized-infos=bv_resized_mobile%3A250%2A250%3Bbv_resized_ipad%3A250%2A250%3Bbv_resized_desktop%3A250%2A250 HTTP/1.1" 200 20467 "https://autozone.com.sa/" "Mozilla/5.0 (iPhone; CPU iPhone OS 18_5 like Mac OS X) AppleWebKit/605.1.15 (KHTML, like Gecko) Version/18.5 Mobile/15E148 Safari/604.1"
2a02:9b0:4157:8602:344e:fae2:95d4:efc8 - - [28/Mar/2026:13:22:48 +0000] "GET /wp-content/uploads/al_opt_content/IMAGE/autozone.com.sa/wp-content/uploads/2025/02/Autozone-Isuzu-logo.webp?bv_host=autozone.com.sa&bv-resized-infos=bv_resized_mobile%3A250%2A250%3Bbv_resized_ipad%3A250%2A250%3Bbv_resized_desktop%3A250%2A250 HTTP/1.1" 200 3567 "https://autozone.com.sa/" "Mozilla/5.0 (iPhone; CPU iPhone OS 18_5 like Mac OS X) AppleWebKit/605.1.15 (KHTML, like Gecko) Version/18.5 Mobile/15E148 Safari/604.1"
2a02:9b0:4157:8602:344e:fae2:95d4:efc8 - - [28/Mar/2026:13:22:49 +0000] "GET /wp-content/uploads/al_opt_content/IMAGE/autozone.com.sa/wp-content/uploads/2024/12/18.webp?bv_host=autozone.com.sa HTTP/1.1" 200 140143 "https://autozone.com.sa/" "Mozilla/5.0 (iPhone; CPU iPhone OS 18_5 like Mac OS X) AppleWebKit/605.1.15 (KHTML, like Gecko) Version/18.5 Mobile/15E148 Safari/604.1"
2a02:9b0:4157:8602:344e:fae2:95d4:efc8 - - [28/Mar/2026:13:22:50 +0000] "GET /wp-content/uploads/al_opt_content/IMAGE/autozone.com.sa/wp-content/uploads/2026/01/BGC_5738-copy-26-scaled.webp?bv_host=autozone.com.sa&bv-resized-infos=bv_resized_mobile%3A480%2A320%3Bbv_resized_ipad%3A820%2A547%3Bbv_resized_desktop%3A1536%2A1024 HTTP/1.1" 200 170272 "https://autozone.com.sa/" "Mozilla/5.0 (iPhone; CPU iPhone OS 18_5 like Mac OS X) AppleWebKit/605.1.15 (KHTML, like Gecko) Version/18.5 Mobile/15E148 Safari/604.1"
2a02:9b0:4157:8602:344e:fae2:95d4:efc8 - - [28/Mar/2026:13:22:53 +0000] "GET /wp-content/uploads/al_opt_content/IMAGE/autozone.com.sa/wp-content/uploads/2026/02/1.png?bv_host=autozone.com.sa&bv-resized-infos=bv_resized_mobile%3A480%2A402%3Bbv_resized_ipad%3A820%2A687%3Bbv_resized_desktop%3A940%2A788 HTTP/1.1" 304 - "https://autozone.com.sa/" "Mozilla/5.0 (iPhone; CPU iPhone OS 18_5 like Mac OS X) AppleWebKit/605.1.15 (KHTML, like Gecko) Version/18.5 Mobile/15E148 Safari/604.1"
2a02:9b0:4157:8602:344e:fae2:95d4:efc8 - - [28/Mar/2026:13:22:53 +0000] "GET /wp-content/uploads/al_opt_content/IMAGE/autozone.com.sa/wp-content/uploads/2026/02/2.png?bv_host=autozone.com.sa&bv-resized-infos=bv_resized_mobile%3A480%2A402%3Bbv_resized_ipad%3A820%2A687%3Bbv_resized_desktop%3A940%2A788 HTTP/1.1" 304 - "https://autozone.com.sa/" "Mozilla/5.0 (iPhone; CPU iPhone OS 18_5 like Mac OS X) AppleWebKit/605.1.15 (KHTML, like Gecko) Version/18.5 Mobile/15E148 Safari/604.1"
74.7.241.33 - - [28/Mar/2026:13:23:01 +0000] "GET /wp-content/uploads/cache/wpml/twig/2f/2f9f3809531acdd45c7ef7552d569520fdfa59efdfd6d04aea06915f064da9e5.php HTTP/1.1" 500 20 "https://autozone.com.sa/wp-content/uploads/cache/wpml/twig/2f/" "Mozilla/5.0 AppleWebKit/537.36 (KHTML, like Gecko; compatible; GPTBot/1.3; +https://openai.com/gptbot)"
172.105.42.26 - - [28/Mar/2026:13:23:05 +0000] "POST /wp-cron.php?doing_wp_cron=1774704184.8237841129302978515625 HTTP/1.1" 200 20 "-" "WordPress/6.9.4; https://autozone.com.sa"
85.202.160.80 - - [28/Mar/2026:13:23:04 +0000] "GET /wp-login.php HTTP/1.1" 403 1092 "-" "Mozilla/5.0 (Windows NT 6.3; Trident/7.0; rv:11.0) like Gecko"
85.202.160.80 - - [28/Mar/2026:13:23:05 +0000] "POST /wp-login.php HTTP/1.1" 403 1092 "https://autozone.com.sa/wp-login.php" "Mozilla/5.0 (Windows NT 6.3; Trident/7.0; rv:11.0) like Gecko"
2001:16a4:18:ec02:603a:36f7:d820:7b58 - - [28/Mar/2026:13:23:07 +0000] "GET / HTTP/1.1" 200 163881 "https://www.google.com/" "Mozilla/5.0 (iPhone; CPU iPhone OS 18_7 like Mac OS X) AppleWebKit/605.1.15 (KHTML, like Gecko) Version/26.2 Mobile/15E148 Safari/604.1"
2001:16a4:18:ec02:603a:36f7:d820:7b58 - - [28/Mar/2026:13:23:16 +0000] "POST /?wc-ajax=get_refreshed_fragments HTTP/1.1" 200 999 "https://autozone.com.sa/" "Mozilla/5.0 (iPhone; CPU iPhone OS 18_7 like Mac OS X) AppleWebKit/605.1.15 (KHTML, like Gecko) Version/26.2 Mobile/15E148 Safari/604.1"
2001:16a4:18:ec02:603a:36f7:d820:7b58 - - [28/Mar/2026:13:23:16 +0000] "POST /?wc-ajax=get_refreshed_fragments HTTP/1.1" 200 999 "https://autozone.com.sa/" "Mozilla/5.0 (iPhone; CPU iPhone OS 18_7 like Mac OS X) AppleWebKit/605.1.15 (KHTML, like Gecko) Version/26.2 Mobile/15E148 Safari/604.1"
172.105.42.26 - - [28/Mar/2026:13:23:28 +0000] "POST /wp-cron.php?doing_wp_cron=1774704207.9801900386810302734375 HTTP/1.1" 200 20 "-" "WordPress/6.9.4; https://autozone.com.sa"
2001:16a4:18:ec02:603a:36f7:d820:7b58 - - [28/Mar/2026:13:23:26 +0000] "POST /wp-admin/admin-ajax.php HTTP/1.1" 200 758 "https://autozone.com.sa/" "Mozilla/5.0 (iPhone; CPU iPhone OS 18_7 like Mac OS X) AppleWebKit/605.1.15 (KHTML, like Gecko) Version/26.2 Mobile/15E148 Safari/604.1"
172.105.42.26 - - [28/Mar/2026:13:23:53 +0000] "POST /wp-cron.php?doing_wp_cron=1774704233.8452050685882568359375 HTTP/1.1" 200 20 "-" "WordPress/6.9.4; https://autozone.com.sa"
2001:16a4:18:ec02:603a:36f7:d820:7b58 - - [28/Mar/2026:13:23:52 +0000] "POST /wp-admin/admin-ajax.php HTTP/1.1" 200 46 "https://autozone.com.sa/" "Mozilla/5.0 (iPhone; CPU iPhone OS 18_7 like Mac OS X) AppleWebKit/605.1.15 (KHTML, like Gecko) Version/26.2 Mobile/15E148 Safari/604.1"
2001:16a4:18:ec02:603a:36f7:d820:7b58 - - [28/Mar/2026:13:23:54 +0000] "POST //shop/ HTTP/1.1" 200 38934 "https://autozone.com.sa/" "Mozilla/5.0 (iPhone; CPU iPhone OS 18_7 like Mac OS X) AppleWebKit/605.1.15 (KHTML, like Gecko) Version/26.2 Mobile/15E148 Safari/604.1"
2001:16a4:18:ec02:603a:36f7:d820:7b58 - - [28/Mar/2026:13:23:56 +0000] "GET /wp-content/plugins/jet-elements/assets/css/skin/jet-button-rtl.css?ver=2.8.1.1 HTTP/1.1" 200 215 "https://autozone.com.sa//shop/" "Mozilla/5.0 (iPhone; CPU iPhone OS 18_7 like Mac OS X) AppleWebKit/605.1.15 (KHTML, like Gecko) Version/26.2 Mobile/15E148 Safari/604.1"
2001:16a4:18:ec02:603a:36f7:d820:7b58 - - [28/Mar/2026:13:23:56 +0000] "GET /wp-content/plugins/jet-elements/assets/css/addons/jet-button-rtl.css?ver=2.8.1.1 HTTP/1.1" 200 1449 "https://autozone.com.sa//shop/" "Mozilla/5.0 (iPhone; CPU iPhone OS 18_7 like Mac OS X) AppleWebKit/605.1.15 (KHTML, like Gecko) Version/26.2 Mobile/15E148 Safari/604.1"
2001:16a4:18:ec02:603a:36f7:d820:7b58 - - [28/Mar/2026:13:23:58 +0000] "POST /?wc-ajax=get_refreshed_fragments HTTP/1.1" 200 999 "https://autozone.com.sa//shop/" "Mozilla/5.0 (iPhone; CPU iPhone OS 18_7 like Mac OS X) AppleWebKit/605.1.15 (KHTML, like Gecko) Version/26.2 Mobile/15E148 Safari/604.1"
74.7.241.33 - - [28/Mar/2026:13:24:06 +0000] "GET /wp-content/uploads/cache/wpml/twig/1a/1a3740aa29983d41dd838d6dd30a967d883f3a4e5bcbd81ac2dd55373816aacc.php HTTP/1.1" 500 20 "https://autozone.com.sa/wp-content/uploads/cache/wpml/twig/1a/" "Mozilla/5.0 AppleWebKit/537.36 (KHTML, like Gecko; compatible; GPTBot/1.3; +https://openai.com/gptbot)"
2a03:2880:f802:27:: - - [28/Mar/2026:13:24:07 +0000] "GET /product/%d8%aa%d9%88%d9%8a%d9%88%d8%aa%d8%a7-%d9%83%d9%88%d8%b1%d9%88%d9%84%d8%a7-%d8%a7%d9%83%d8%b3-%d8%a7%d9%84-%d8%a7%d9%8a-%d8%a7%d9%83%d8%b3%d9%83%d8%aa%d9%8a%d9%81-2026-%d9%86%d8%b3%d8%ae%d8%a9/ HTTP/1.1" 200 129546 "-" "meta-externalagent/1.1 (+https://developers.facebook.com/docs/sharing/webmasters/crawler)"
142.132.180.39 - - [28/Mar/2026:13:24:56 +0000] "HEAD / HTTP/1.1" 200 - "https://autozone.com.sa/" "Mozilla/5.0+(compatible; UptimeRobot/2.0; http://www.uptimerobot.com/)"
14.186.173.248 - - [28/Mar/2026:13:24:58 +0000] "GET /tahoe-5000-cashback/ HTTP/1.1" 404 26874 "-" "Mozilla/5.0 (Macintosh; Intel Mac OS X 13.3; rv:126.0) Gecko/20100101 Firefox/126.0"
2001:41d0:303:6fea::1 - - [28/Mar/2026:13:24:59 +0000] "GET /ar/car-type/%D8%A7%D8%B3-%D9%8A%D9%88-%D9%81%D9%8A-%D9%85%D8%AA%D9%88%D8%B3%D8%B7/ HTTP/1.1" 404 26943 "-" "Mozilla/5.0 (compatible; MJ12bot/v1.4.8; http://mj12bot.com/)"
66.249.75.109 - - [28/Mar/2026:13:25:02 +0000] "GET /wp-content/uploads/al_opt_content/IMAGE/autozone.com.sa/wp-content/uploads/2026/01/Autozone-cars-50-50-campaign-banner-header-homepage.jpeg.bv.webp?bv_host=autozone.com.sa HTTP/1.1" 200 163882 "-" "Googlebot-Image/1.0"
2001:41d0:303:6fea::1 - - [28/Mar/2026:13:25:03 +0000] "GET /ar/car-type/%D8%B3%D9%8A%D8%AF%D8%A7%D9%86-%D8%B5%D8%BA%D9%8A%D8%B1/ HTTP/1.1" 404 26939 "-" "Mozilla/5.0 (compatible; MJ12bot/v1.4.8; http://mj12bot.com/)"
185.191.171.17 - - [28/Mar/2026:13:25:05 +0000] "GET /national-day-offer-2021/?utm_id=AZ-0009-004 HTTP/1.1" 404 26913 "-" "Mozilla/5.0 (compatible; SemrushBot/7~bl; +http://www.semrush.com/bot.html)"
2001:41d0:303:6fea::1 - - [28/Mar/2026:13:25:06 +0000] "GET /ar/car-type/%D8%B3%D9%8A%D8%AF%D8%A7%D9%86-%D9%85%D8%AA%D9%88%D8%B3%D8%B7/ HTTP/1.1" 404 26942 "-" "Mozilla/5.0 (compatible; MJ12bot/v1.4.8; http://mj12bot.com/)"
74.7.241.33 - - [28/Mar/2026:13:25:07 +0000] "GET /outlet/listings/ HTTP/1.1" 404 26866 "https://www.autozone.com.sa" "Mozilla/5.0 AppleWebKit/537.36 (KHTML, like Gecko; compatible; GPTBot/1.3; +https://openai.com/gptbot)"
2001:41d0:303:6fea::1 - - [28/Mar/2026:13:25:11 +0000] "GET /ar/%D8%A7%D9%84%D9%85%D8%A7%D8%B1%D9%83%D8%A9/%D8%AC%D9%8A%D9%84%D9%8A/ HTTP/1.1" 404 26928 "-" "Mozilla/5.0 (compatible; MJ12bot/v1.4.8; http://mj12bot.com/)"
2001:41d0:303:6fea::1 - - [28/Mar/2026:13:25:15 +0000] "GET /ar/%D8%A7%D9%84%D9%85%D8%A7%D8%B1%D9%83%D8%A9/%D8%B4%D8%A7%D9%86%D8%AC%D8%A7%D9%86/ HTTP/1.1" 404 26938 "-" "Mozilla/5.0 (compatible; MJ12bot/v1.4.8; http://mj12bot.com/)"
172.105.42.26 - - [28/Mar/2026:13:25:21 +0000] "POST /wp-cron.php?doing_wp_cron=1774704321.3009181022644042968750 HTTP/1.1" 200 20 "-" "WordPress/6.9.4; https://autozone.com.sa"
2001:41d0:303:6fea::1 - - [28/Mar/2026:13:25:19 +0000] "GET /ar/%D8%A7%D9%84%D9%85%D8%A7%D8%B1%D9%83%D8%A9/%D8%B4%D9%8A%D8%B1%D9%8A/ HTTP/1.1" 404 26929 "-" "Mozilla/5.0 (compatible; MJ12bot/v1.4.8; http://mj12bot.com/)"
2001:41d0:303:6fea::1 - - [28/Mar/2026:13:25:23 +0000] "GET /ar/%D8%A7%D9%84%D9%85%D8%A7%D8%B1%D9%83%D8%A9/%D9%81%D9%88%D8%B1%D8%AF/ HTTP/1.1" 404 26933 "-" "Mozilla/5.0 (compatible; MJ12bot/v1.4.8; http://mj12bot.com/)"
2001:41d0:303:6fea::1 - - [28/Mar/2026:13:25:27 +0000] "GET /ar/%D8%A7%D9%84%D9%85%D8%A7%D8%B1%D9%83%D8%A9/%D9%83%D9%8A%D8%A7/ HTTP/1.1" 404 26929 "-" "Mozilla/5.0 (compatible; MJ12bot/v1.4.8; http://mj12bot.com/)"
2001:41d0:303:6fea::1 - - [28/Mar/2026:13:25:32 +0000] "GET /ar/%D8%A7%D9%84%D9%85%D8%A7%D8%B1%D9%83%D8%A9/%D9%86%D9%8A%D8%B3%D8%A7%D9%86/ HTTP/1.1" 404 26936 "-" "Mozilla/5.0 (compatible; MJ12bot/v1.4.8; http://mj12bot.com/)"
2001:41d0:303:6fea::1 - - [28/Mar/2026:13:25:36 +0000] "GET /ar/%D8%A7%D9%84%D9%85%D8%A7%D8%B1%D9%83%D8%A9/%D9%87%D9%88%D9%86%D8%AF%D8%A7/ HTTP/1.1" 404 26938 "-" "Mozilla/5.0 (compatible; MJ12bot/v1.4.8; http://mj12bot.com/)"
2001:41d0:303:6fea::1 - - [28/Mar/2026:13:25:40 +0000] "GET /car-type/%D8%A7%D8%B3-%D9%8A%D9%88-%D9%81%D9%89-%D9%83%D8%A8%D9%8A%D8%B1/feed/ HTTP/1.1" 200 1686 "-" "Mozilla/5.0 (compatible; MJ12bot/v1.4.8; http://mj12bot.com/)"
172.105.42.26 - - [28/Mar/2026:13:25:46 +0000] "POST /wp-cron.php?doing_wp_cron=1774704346.8383619785308837890625 HTTP/1.1" 200 20 "-" "WordPress/6.9.4; https://autozone.com.sa"
2001:41d0:303:6fea::1 - - [28/Mar/2026:13:25:43 +0000] "GET /car-type/%D8%A7%D8%B3-%D9%8A%D9%88-%D9%81%D9%89-%D9%83%D8%A8%D9%8A%D8%B1/ HTTP/1.1" 200 63214 "-" "Mozilla/5.0 (compatible; MJ12bot/v1.4.8; http://mj12bot.com/)"
2001:41d0:303:6fea::1 - - [28/Mar/2026:13:25:48 +0000] "GET /product/%D8%AC%D9%8A%D8%AA%D9%88%D8%B1-%D8%A7%D9%83%D8%B3-70-%D8%A8%D9%84%D8%B3-%D9%83%D9%88%D9%85%D9%81%D9%88%D8%B1%D8%AA-2025-%D9%86%D8%B3%D8%AE%D8%A9/feed/ HTTP/1.1" 200 602 "-" "Mozilla/5.0 (compatible; MJ12bot/v1.4.8; http://mj12bot.com/)"
2001:41d0:303:6fea::1 - - [28/Mar/2026:13:25:51 +0000] "GET /product/%D8%AC%D9%8A%D8%AA%D9%88%D8%B1-%D8%AA%D9%8A-%D8%AA%D9%88-%D9%84%D9%83%D8%AC%D8%B1%D9%8A-2025-%D9%86%D8%B3%D8%AE%D8%A9/feed/ HTTP/1.1" 200 580 "-" "Mozilla/5.0 (compatible; MJ12bot/v1.4.8; http://mj12bot.com/)"
5.161.201.188 - - [28/Mar/2026:13:25:54 +0000] "POST /wp-load.php?c1d2d5=6151 HTTP/1.1" 200 305188 "-" "BlogVault/1.0 (+https://blogvault.net)"
2001:41d0:303:6fea::1 - - [28/Mar/2026:13:25:54 +0000] "GET /product/%D8%B4%D8%A7%D9%86%D8%AC%D8%A7%D9%86-%D8%A7%D9%8A%D8%AF%D9%88-%D8%A8%D9%84%D8%B3-%D9%84%D9%8A%D9%85%D9%8A%D8%AA%D9%8A%D8%AF-2026-%D9%86%D8%B3%D8%AE%D8%A9/ HTTP/1.1" 200 130550 "-" "Mozilla/5.0 (compatible; MJ12bot/v1.4.8; http://mj12bot.com/)"
2001:41d0:303:6fea::1 - - [28/Mar/2026:13:26:00 +0000] "GET /product/%D9%81%D9%88%D8%B1%D8%AF-%D8%AA%D9%88%D8%B1%D8%B3-%D8%AA%D9%8A%D8%AA%D8%A7%D9%86%D9%8A%D9%88%D9%85-2025-%D9%86%D8%B3%D8%AE%D8%A9/ HTTP/1.1" 200 70655 "-" "Mozilla/5.0 (compatible; MJ12bot/v1.4.8; http://mj12bot.com/)"
178.156.136.36 - - [28/Mar/2026:13:26:04 +0000] "POST /wp-load.php?0bd8ca=36263 HTTP/1.1" 200 13460 "https://autozone.com.sa/" "BlogVault/1.0 (+https://blogvault.net)"
2001:41d0:303:6fea::1 - - [28/Mar/2026:13:26:06 +0000] "GET /product/%D8%AC%D9%8A%D8%AA%D9%88%D8%B1-%D8%A7%D9%83%D8%B3-70-%D8%A8%D9%84%D8%B3-%D9%83%D9%88%D9%85%D9%81%D9%88%D8%B1%D8%AA-2025-%D9%86%D8%B3%D8%AE%D8%A9/ HTTP/1.1" 200 132065 "-" "Mozilla/5.0 (compatible; MJ12bot/v1.4.8; http://mj12bot.com/)"
74.7.241.33 - - [28/Mar/2026:13:26:12 +0000] "GET /wp-content/uploads/cache/wpml/twig/ed/ed6bce99e62a655e3cd7e36ca7883e791cc114426c1de7e1729847431eb615c5.php HTTP/1.1" 500 20 "https://autozone.com.sa/wp-content/uploads/cache/wpml/twig/ed/" "Mozilla/5.0 AppleWebKit/537.36 (KHTML, like Gecko; compatible; GPTBot/1.3; +https://openai.com/gptbot)"
66.249.75.110 - - [28/Mar/2026:13:26:11 +0000] "GET /en/ HTTP/1.1" 200 94221 "-" "Mozilla/5.0 (Linux; Android 6.0.1; Nexus 5X Build/MMB29P) AppleWebKit/537.36 (KHTML, like Gecko) Chrome/146.0.7680.153 Mobile Safari/537.36 (compatible; Googlebot/2.1; +http://www.google.com/bot.html)"
2001:41d0:303:6fea::1 - - [28/Mar/2026:13:26:12 +0000] "GET /product/%D8%AC%D9%8A%D8%AA%D9%88%D8%B1-%D8%AA%D9%8A-%D8%AA%D9%88-%D9%84%D9%83%D8%AC%D8%B1%D9%8A-2025-%D9%86%D8%B3%D8%AE%D8%A9/ HTTP/1.1" 200 132404 "-" "Mozilla/5.0 (compatible; MJ12bot/v1.4.8; http://mj12bot.com/)"
66.249.75.110 - - [28/Mar/2026:13:26:18 +0000] "GET /wp-content/uploads/elementor/css/post-79.css?ver=1772928000 HTTP/1.1" 200 1482 "https://autozone.com.sa/en/" "Mozilla/5.0 (Linux; Android 6.0.1; Nexus 5X Build/MMB29P) AppleWebKit/537.36 (KHTML, like Gecko) Chrome/146.0.7680.153 Mobile Safari/537.36 (compatible; Googlebot/2.1; +http://www.google.com/bot.html)"
2001:41d0:303:6fea::1 - - [28/Mar/2026:13:26:18 +0000] "GET /%D8%A7%D9%84%D9%85%D8%A7%D8%B1%D9%83%D8%A9/%D8%AA%D8%A7%D9%86%D9%83/feed/ HTTP/1.1" 200 927 "-" "Mozilla/5.0 (compatible; MJ12bot/v1.4.8; http://mj12bot.com/)"
172.105.42.26 - - [28/Mar/2026:13:26:24 +0000] "POST /wp-cron.php?doing_wp_cron=1774704384.7382009029388427734375 HTTP/1.1" 200 20 "-" "WordPress/6.9.4; https://autozone.com.sa"
2001:41d0:303:6fea::1 - - [28/Mar/2026:13:26:22 +0000] "GET /%D8%A7%D9%84%D9%85%D8%A7%D8%B1%D9%83%D8%A9/%D8%AA%D8%A7%D9%86%D9%83/ HTTP/1.1" 200 61720 "-" "Mozilla/5.0 (compatible; MJ12bot/v1.4.8; http://mj12bot.com/)"
2a03:2880:32ff:: - - [28/Mar/2026:13:26:29 +0000] "GET /wp-content/uploads/2018/08/Logo-L-For-Web.png HTTP/1.1" 404 30931 "-" "facebookexternalhit/1.1 (+http://www.facebook.com/externalhit_uatext.php)"
172.105.42.26 - - [28/Mar/2026:13:27:14 +0000] "POST /wp-cron.php?doing_wp_cron=1774704434.4462969303131103515625 HTTP/1.1" 200 20 "-" "WordPress/6.9.4; https://autozone.com.sa"
74.7.241.33 - - [28/Mar/2026:13:27:13 +0000] "GET /wp-login.php HTTP/1.1" 403 1091 "https://khalidcrm.core3.agency" "Mozilla/5.0 AppleWebKit/537.36 (KHTML, like Gecko; compatible; GPTBot/1.3; +https://openai.com/gptbot)"
54.39.17.116 - - [28/Mar/2026:13:27:17 +0000] "GET /wp-login.php HTTP/1.1" 403 1660 "-" "Mozilla/5.0 (Macintosh; Intel Mac OS X 10_10_5) AppleWebKit/537.36 (KHTML, like Gecko) Chrome/66.0.3359.181 Safari/537.36"
54.39.17.116 - - [28/Mar/2026:13:27:17 +0000] "POST /wp-login.php HTTP/1.1" 403 1660 "https://autozone.com.sa/wp-login.php" "Mozilla/5.0 (Macintosh; Intel Mac OS X 10_10_5) AppleWebKit/537.36 (KHTML, like Gecko) Chrome/66.0.3359.181 Safari/537.36"
172.105.42.26 - - [28/Mar/2026:13:27:28 +0000] "POST /wp-cron.php?doing_wp_cron=1774704448.5133259296417236328125 HTTP/1.1" 200 20 "-" "WordPress/6.9.4; https://autozone.com.sa/en/"
2a02:cb80:402d:fa0e:c5e4:d21f:bd7e:fb67 - - [28/Mar/2026:13:27:24 +0000] "GET /en/ HTTP/1.1" 200 94236 "https://www.google.com/" "Mozilla/5.0 (iPhone; CPU iPhone OS 18_7 like Mac OS X) AppleWebKit/605.1.15 (KHTML, like Gecko) Version/26.3 Mobile/15E148 Safari/604.1"
2a02:cb80:402d:fa0e:c5e4:d21f:bd7e:fb67 - - [28/Mar/2026:13:27:28 +0000] "GET /wp-content/plugins/elementor/assets/lib/swiper/v8/css/swiper.min.css?ver=8.4.5 HTTP/1.1" 200 4583 "https://autozone.com.sa/en/" "Mozilla/5.0 (iPhone; CPU iPhone OS 18_7 like Mac OS X) AppleWebKit/605.1.15 (KHTML, like Gecko) Version/26.3 Mobile/15E148 Safari/604.1"
2a02:cb80:402d:fa0e:c5e4:d21f:bd7e:fb67 - - [28/Mar/2026:13:27:28 +0000] "GET /wp-content/plugins/elementor/assets/css/conditionals/e-swiper.min.css?ver=3.35.4 HTTP/1.1" 200 799 "https://autozone.com.sa/en/" "Mozilla/5.0 (iPhone; CPU iPhone OS 18_7 like Mac OS X) AppleWebKit/605.1.15 (KHTML, like Gecko) Version/26.3 Mobile/15E148 Safari/604.1"
172.105.42.26 - - [28/Mar/2026:13:28:48 +0000] "POST /wp-cron.php?doing_wp_cron=1774704528.7603399753570556640625 HTTP/1.1" 200 20 "-" "WordPress/6.9.4; https://autozone.com.sa"
40.77.167.47 - - [28/Mar/2026:13:28:47 +0000] "GET /offers/ramadan-deals-from-autozone-are-on-3-installments-are-paid-for-you/?9yudg2=gLVWnygKUF&method=ajax HTTP/1.1" 200 111 "-" "Mozilla/5.0 AppleWebKit/537.36 (KHTML, like Gecko; compatible; bingbot/2.0; +http://www.bing.com/bingbot.htm) Chrome/116.0.1938.76 Safari/537.36"
20.220.117.88 - - [28/Mar/2026:13:29:10 +0000] "GET /wp-content/uploads/2020/01/Resaize_MG-RX8-12-min-797x466.jpg HTTP/1.1" 301 20 "-" "Mozilla/5.0 (compatible; BingIndexCrawler/1.0)"
20.220.117.88 - - [28/Mar/2026:13:29:11 +0000] "GET /wp-content/uploads/2020/01/Resaize_MG-RX8-12-min-797x466.jpg HTTP/1.1" 404 30947 "-" "Mozilla/5.0 (compatible; BingIndexCrawler/1.0)"
2001:16a2:c35e:b4af:70b1:83ea:2428:2169 - - [28/Mar/2026:13:29:13 +0000] "GET /favicon.ico HTTP/1.1" 302 20 "-" "com.apple.WebKit.Networking/21623.2.7.11.7 Network/5569.81.5 macOS/26.3.1"
2001:16a2:c35e:b4af:70b1:83ea:2428:2169 - - [28/Mar/2026:13:29:13 +0000] "GET /apple-touch-icon-precomposed.png HTTP/1.1" 404 30907 "-" "com.apple.WebKit.Networking/21623.2.7.11.7 Network/5569.81.5 macOS/26.3.1"
2001:16a2:c35e:b4af:70b1:83ea:2428:2169 - - [28/Mar/2026:13:29:13 +0000] "GET /apple-touch-icon.png HTTP/1.1" 404 30897 "-" "com.apple.WebKit.Networking/21623.2.7.11.7 Network/5569.81.5 macOS/26.3.1"
74.7.241.33 - - [28/Mar/2026:13:29:17 +0000] "GET /wp-content/uploads/cache/wpml/twig/26/261760fe835f251f07e6f8c802ce7001a53d6a4e93ac4bf641b685ee8b97d7db.php HTTP/1.1" 500 20 "https://autozone.com.sa/wp-content/uploads/cache/wpml/twig/26/" "Mozilla/5.0 AppleWebKit/537.36 (KHTML, like Gecko; compatible; GPTBot/1.3; +https://openai.com/gptbot)"
2001:16a2:c35e:b4af:70b1:83ea:2428:2169 - - [28/Mar/2026:13:29:13 +0000] "GET / HTTP/1.1" 200 163882 "-" "Mozilla/5.0 (Macintosh; Intel Mac OS X 10_11_1) AppleWebKit/601.2.4 (KHTML, like Gecko) Version/9.0.1 Safari/601.2.4 facebookexternalhit/1.1 Facebot Twitterbot/1.0"
3.77.67.4 - - [28/Mar/2026:13:30:02 +0000] "HEAD / HTTP/1.1" 200 - "https://autozone.com.sa/" "Mozilla/5.0+(compatible; UptimeRobot/2.0; http://www.uptimerobot.com/)"
34.63.153.120 - - [28/Mar/2026:13:30:13 +0000] "GET /wp-content/uploads/2018/04/tahoe-front-255x135.jpg HTTP/1.1" 301 20 "-" "Mozilla/5.0 (X11; Ubuntu; Linux x86_64; rv:72.0) Gecko/20100101 Firefox/72.0"
74.7.241.33 - - [28/Mar/2026:13:30:17 +0000] "GET /wp-content/uploads/cache/wpml/twig/72/72c5b2ed6c557625a7ebb524baa68336f0a8d0afcbf0c38ba91931d549d06261.php HTTP/1.1" 500 20 "https://autozone.com.sa/wp-content/uploads/cache/wpml/twig/72/" "Mozilla/5.0 AppleWebKit/537.36 (KHTML, like Gecko; compatible; GPTBot/1.3; +https://openai.com/gptbot)"
172.105.42.26 - - [28/Mar/2026:13:30:22 +0000] "POST /wp-cron.php?doing_wp_cron=1774704622.5577499866485595703125 HTTP/1.1" 200 20 "-" "WordPress/6.9.4; https://autozone.com.sa"
34.63.153.120 - - [28/Mar/2026:13:30:20 +0000] "GET /wp-content/uploads/2018/04/tahoe-front-255x135.jpg HTTP/1.1" 404 30937 "-" "Mozilla/5.0 (X11; Ubuntu; Linux x86_64; rv:72.0) Gecko/20100101 Firefox/72.0"
34.63.153.120 - - [28/Mar/2026:13:30:27 +0000] "GET /wp-content/uploads/2018/04/tahoe-front-255x135.jpg HTTP/1.1" 301 20 "-" "Mozilla/5.0 (X11; Ubuntu; Linux x86_64; rv:72.0) Gecko/20100101 Firefox/72.0"
34.63.153.120 - - [28/Mar/2026:13:30:29 +0000] "GET /wp-content/uploads/2018/04/tahoe-front-255x135.jpg HTTP/1.1" 404 30937 "-" "Mozilla/5.0 (X11; Ubuntu; Linux x86_64; rv:72.0) Gecko/20100101 Firefox/72.0"
2001:4860:7:1628::fc - - [28/Mar/2026:13:30:32 +0000] "GET /en/ HTTP/1.1" 200 94232 "https://www.google.com/" "Mozilla/5.0 (Windows NT 10.0; Win64; x64) AppleWebKit/537.36 (KHTML, like Gecko) Chrome/146.0.0.0 Safari/537.36"
34.63.153.120 - - [28/Mar/2026:13:30:37 +0000] "GET /wp-content/uploads/2018/04/tahoe-front-255x135.jpg HTTP/1.1" 301 20 "-" "Mozilla/5.0 (X11; Ubuntu; Linux x86_64; rv:72.0) Gecko/20100101 Firefox/72.0"
2a02:cb80:42e0:3518:8d89:7b41:7e65:b3e1 - - [28/Mar/2026:13:30:35 +0000] "GET /en/ HTTP/1.1" 200 94225 "https://www.google.com/" "Mozilla/5.0 (Windows NT 10.0; Win64; x64) AppleWebKit/537.36 (KHTML, like Gecko) Chrome/146.0.0.0 Safari/537.36"
34.63.153.120 - - [28/Mar/2026:13:30:38 +0000] "GET /wp-content/uploads/2018/04/tahoe-front-255x135.jpg HTTP/1.1" 404 30936 "-" "Mozilla/5.0 (X11; Ubuntu; Linux x86_64; rv:72.0) Gecko/20100101 Firefox/72.0"
