18.221.24.127 - - [28/May/2026:12:46:31 +0000] "GET /wp-includes/js/wp-util.min.js?ver=7.0 HTTP/1.1" 404 16931 "https://autozone.com.sa/end-of-year-2022-offer/06-s-offer-2/" "Mozilla/5.0 (Macintosh; Intel Mac OS X 10_15_7) AppleWebKit/537.36 (KHTML, like Gecko) Chrome/131.0.0.0 Safari/537.36; ClaudeBot/1.0; +claudebot@anthropic.com)"
18.221.24.127 - - [28/May/2026:12:46:31 +0000] "GET /wp-includes/js/underscore.min.js?ver=1.13.8 HTTP/1.1" 404 16931 "https://autozone.com.sa/end-of-year-2022-offer/06-s-offer-2/" "Mozilla/5.0 (Macintosh; Intel Mac OS X 10_15_7) AppleWebKit/537.36 (KHTML, like Gecko) Chrome/131.0.0.0 Safari/537.36; ClaudeBot/1.0; +claudebot@anthropic.com)"
18.221.24.127 - - [28/May/2026:12:46:31 +0000] "GET /wp-includes/js/dist/hooks.min.js?ver=7496969728ca0f95732d HTTP/1.1" 404 16938 "https://autozone.com.sa/end-of-year-2022-offer/06-s-offer-2/" "Mozilla/5.0 (Macintosh; Intel Mac OS X 10_15_7) AppleWebKit/537.36 (KHTML, like Gecko) Chrome/131.0.0.0 Safari/537.36; ClaudeBot/1.0; +claudebot@anthropic.com)"
18.221.24.127 - - [28/May/2026:12:46:31 +0000] "GET /wp-content/plugins/woocommerce/assets/js/frontend/woocommerce.min.js?ver=10.8.0 HTTP/1.1" 404 16955 "https://autozone.com.sa/end-of-year-2022-offer/06-s-offer-2/" "Mozilla/5.0 (Macintosh; Intel Mac OS X 10_15_7) AppleWebKit/537.36 (KHTML, like Gecko) Chrome/131.0.0.0 Safari/537.36; ClaudeBot/1.0; +claudebot@anthropic.com)"
172.105.42.26 - - [28/May/2026:12:46:44 +0000] "POST /wp-cron.php?doing_wp_cron=1779972404.4068999290466308593750 HTTP/1.1" 200 20 "-" "WordPress/7.0; https://autozone.com.sa"
18.221.24.127 - - [28/May/2026:12:46:31 +0000] "GET /wp-content/plugins/woo-variation-gallery/assets/js/slick.min.js?ver=1.8.1 HTTP/1.1" 404 16946 "https://autozone.com.sa/end-of-year-2022-offer/06-s-offer-2/" "Mozilla/5.0 (Macintosh; Intel Mac OS X 10_15_7) AppleWebKit/537.36 (KHTML, like Gecko) Chrome/131.0.0.0 Safari/537.36; ClaudeBot/1.0; +claudebot@anthropic.com)"
18.221.24.127 - - [28/May/2026:12:46:31 +0000] "GET /wp-content/plugins/jet-popup/assets/js/jet-popup-frontend.js?ver=2.0.21.1 HTTP/1.1" 404 16948 "https://autozone.com.sa/end-of-year-2022-offer/06-s-offer-2/" "Mozilla/5.0 (Macintosh; Intel Mac OS X 10_15_7) AppleWebKit/537.36 (KHTML, like Gecko) Chrome/131.0.0.0 Safari/537.36; ClaudeBot/1.0; +claudebot@anthropic.com)"
18.221.24.127 - - [28/May/2026:12:46:31 +0000] "GET /wp-content/plugins/fluentform/assets/js/fluent-forms-elementor-widget.js?ver=6.2.0 HTTP/1.1" 404 16937 "https://autozone.com.sa/end-of-year-2022-offer/06-s-offer-2/" "Mozilla/5.0 (Macintosh; Intel Mac OS X 10_15_7) AppleWebKit/537.36 (KHTML, like Gecko) Chrome/131.0.0.0 Safari/537.36; ClaudeBot/1.0; +claudebot@anthropic.com)"
172.105.42.26 - - [28/May/2026:12:46:46 +0000] "POST /wp-cron.php?doing_wp_cron=1779972406.2318890094757080078125 HTTP/1.1" 200 20 "-" "WordPress/7.0; https://autozone.com.sa"
18.221.24.127 - - [28/May/2026:12:46:31 +0000] "GET /wp-content/plugins/woo-variation-gallery/assets/js/frontend.min.js?ver=1779254503 HTTP/1.1" 404 16950 "https://autozone.com.sa/end-of-year-2022-offer/06-s-offer-2/" "Mozilla/5.0 (Macintosh; Intel Mac OS X 10_15_7) AppleWebKit/537.36 (KHTML, like Gecko) Chrome/131.0.0.0 Safari/537.36; ClaudeBot/1.0; +claudebot@anthropic.com)"
18.221.24.127 - - [28/May/2026:12:46:31 +0000] "GET /wp-content/plugins/woocommerce/assets/js/sourcebuster/sourcebuster.min.js?ver=10.8.0 HTTP/1.1" 404 16963 "https://autozone.com.sa/end-of-year-2022-offer/06-s-offer-2/" "Mozilla/5.0 (Macintosh; Intel Mac OS X 10_15_7) AppleWebKit/537.36 (KHTML, like Gecko) Chrome/131.0.0.0 Safari/537.36; ClaudeBot/1.0; +claudebot@anthropic.com)"
18.221.24.127 - - [28/May/2026:12:46:31 +0000] "GET /wp-content/plugins/woocommerce/assets/js/frontend/add-to-cart-variation.min.js?ver=10.8.0 HTTP/1.1" 404 16953 "https://autozone.com.sa/end-of-year-2022-offer/06-s-offer-2/" "Mozilla/5.0 (Macintosh; Intel Mac OS X 10_15_7) AppleWebKit/537.36 (KHTML, like Gecko) Chrome/131.0.0.0 Safari/537.36; ClaudeBot/1.0; +claudebot@anthropic.com)"
18.221.24.127 - - [28/May/2026:12:46:31 +0000] "GET /wp-includes/js/imagesloaded.min.js?ver=5.0.0 HTTP/1.1" 404 16930 "https://autozone.com.sa/end-of-year-2022-offer/06-s-offer-2/" "Mozilla/5.0 (Macintosh; Intel Mac OS X 10_15_7) AppleWebKit/537.36 (KHTML, like Gecko) Chrome/131.0.0.0 Safari/537.36; ClaudeBot/1.0; +claudebot@anthropic.com)"
18.221.24.127 - - [28/May/2026:12:46:31 +0000] "GET /wp-content/plugins/woocommerce/assets/js/frontend/add-to-cart.min.js?ver=10.8.0 HTTP/1.1" 404 16953 "https://autozone.com.sa/end-of-year-2022-offer/06-s-offer-2/" "Mozilla/5.0 (Macintosh; Intel Mac OS X 10_15_7) AppleWebKit/537.36 (KHTML, like Gecko) Chrome/131.0.0.0 Safari/537.36; ClaudeBot/1.0; +claudebot@anthropic.com)"
52.167.144.16 - - [28/May/2026:12:46:52 +0000] "GET /wp-includes/class-wp-tax-query.php HTTP/1.1" 200 20 "-" "Mozilla/5.0 AppleWebKit/537.36 (KHTML, like Gecko; compatible; bingbot/2.0; +http://www.bing.com/bingbot.htm) Chrome/116.0.1938.76 Safari/537.36"
45.92.1.232 - - [28/May/2026:12:47:00 +0000] "GET /wp-content/themes/seotheme/db.php?u HTTP/1.1" 403 6633 "www.google.com" "Mozlila/5.0 (Linux; Android 7.0; SM-G892A Bulid/NRD90M; wv) AppleWebKit/537.36 (KHTML, like Gecko) Version/4.0 Chrome/60.0.3112.107 Moblie Safari/537.36"
172.105.42.26 - - [28/May/2026:12:47:00 +0000] "POST /?wordfence_syncAttackData=1779972420.6844 HTTP/1.1" 200 20 "-" "WordPress/7.0; https://autozone.com.sa"
45.92.1.232 - - [28/May/2026:12:47:03 +0000] "POST /wp-plain.php HTTP/1.1" 403 5168 "www.google.com" "Mozilla/5.0 (Linux; Android 7.0; SM-G892A Bulid/NRD90M; wv) AppleWebKit/537.36 (KHTML, like Gecko) Version/4.0 Chrome/60.0.3112.107 Moblie Safari/537.36"
45.92.1.232 - - [28/May/2026:12:47:03 +0000] "GET /zwgauiqm.php?Fox=d3wL7 HTTP/1.1" 404 16903 "www.google.com" "Mozilla/5.0 (Linux; Android 7.0; SM-G892A Bulid/NRD90M; wv) AppleWebKit/537.36 (KHTML, like Gecko) Version/4.0 Chrome/60.0.3112.107 Moblie Safari/537.36"
207.46.13.126 - - [28/May/2026:12:47:21 +0000] "GET /wp-includes/ms-files.php HTTP/1.1" 200 49 "-" "Mozilla/5.0 AppleWebKit/537.36 (KHTML, like Gecko; compatible; bingbot/2.0; +http://www.bing.com/bingbot.htm) Chrome/116.0.1938.76 Safari/537.36"
172.105.42.26 - - [28/May/2026:12:47:23 +0000] "POST /?wordfence_syncAttackData=1779972443.769 HTTP/1.1" 200 20 "-" "WordPress/7.0; https://autozone.com.sa"
207.46.13.126 - - [28/May/2026:12:47:23 +0000] "GET /blog/ HTTP/1.1" 301 20 "-" "Mozilla/5.0 AppleWebKit/537.36 (KHTML, like Gecko; compatible; bingbot/2.0; +http://www.bing.com/bingbot.htm) Chrome/116.0.1938.76 Safari/537.36"
35.252.112.28 - - [28/May/2026:12:47:35 +0000] "GET /wp-content/uploads/2019/05/Webp.net-resizeimage-57-300x149.jpg HTTP/1.1" 404 16952 "-" "Mozilla/5.0 (X11; Linux x86_64) AppleWebKit/537.36 (KHTML, like Gecko) Chrome/91.0.4472.114 Safari/537.36"
159.69.158.189 - - [28/May/2026:12:47:36 +0000] "HEAD / HTTP/1.1" 200 - "https://autozone.com.sa/" "Mozilla/5.0+(compatible; UptimeRobot/2.0; http://www.uptimerobot.com/)"
172.105.42.26 - - [28/May/2026:12:47:55 +0000] "POST /wp-cron.php?doing_wp_cron=1779972475.1878039836883544921875 HTTP/1.1" 200 20 "-" "WordPress/7.0; https://autozone.com.sa"
136.109.14.106 - - [28/May/2026:12:47:53 +0000] "GET /wp-content/uploads/2019/12/Cerato-02-min-300x175.jpg HTTP/1.1" 404 16951 "-" "Mozilla/5.0 (X11; Linux x86_64) AppleWebKit/537.36 (KHTML, like Gecko) Chrome/91.0.4472.114 Safari/537.36"
172.105.42.26 - - [28/May/2026:12:49:33 +0000] "POST /wp-cron.php?doing_wp_cron=1779972572.9636530876159667968750 HTTP/1.1" 200 20 "-" "WordPress/7.0; https://autozone.com.sa"
2a02:c207:2326:2040::1 - - [28/May/2026:12:49:28 +0000] "GET /wp-content/uploads/2018/05/sentra-seats-798x466.jpg HTTP/1.1" 301 20 "-" "Mozilla/5.0 (Macintosh; Intel Mac OS X 10_15_7) AppleWebKit/605.1.15 (KHTML, like Gecko) Version/17.1 Safari/605.1.15"
2a02:c207:2326:2040::1 - - [28/May/2026:12:49:33 +0000] "GET /wp-content/uploads/2018/05/sentra-seats-798x466.jpg HTTP/1.1" 404 16951 "-" "Mozilla/5.0 (Macintosh; Intel Mac OS X 10_15_7) AppleWebKit/605.1.15 (KHTML, like Gecko) Version/17.1 Safari/605.1.15"
172.105.42.26 - - [28/May/2026:12:49:47 +0000] "POST /wp-cron.php?doing_wp_cron=1779972587.4459030628204345703125 HTTP/1.1" 200 20 "-" "WordPress/7.0; https://autozone.com.sa"
8.231.163.201 - - [28/May/2026:12:49:45 +0000] "GET /wp-content/uploads/2020/02/Resaize-93-min-300x175.jpg HTTP/1.1" 404 16945 "-" "Mozilla/5.0 (X11; Linux x86_64) AppleWebKit/537.36 (KHTML, like Gecko) Chrome/91.0.4472.114 Safari/537.36"
172.105.42.26 - - [28/May/2026:12:50:05 +0000] "POST /wp-cron.php?doing_wp_cron=1779972605.6932179927825927734375 HTTP/1.1" 200 20 "-" "WordPress/7.0; https://autozone.com.sa"
2a03:2880:7ff:44:: - - [28/May/2026:12:50:03 +0000] "GET /meta.json?utm_source=Instagram&utm_medium=Paid_Traffic&utm_campaign=AZ-ND-OFFER-09-22&utm_id=AZ-0008-01 HTTP/1.1" 404 16973 "-" "facebookexternalhit/1.1 (+http://www.facebook.com/externalhit_uatext.php)"
185.56.195.214 - - [28/May/2026:12:50:09 +0000] "GET /?shopdetail/17394853 HTTP/1.1" 301 20 "https://autozone.com.sa/" "Mozilla/5.0 (Macintosh; Intel Mac OS X 10_15_7) AppleWebKit/605.1.15 (KHTML, like Gecko) Version/17.10 Safari/605.1.15"
52.167.144.16 - - [28/May/2026:12:50:12 +0000] "GET /special-offers/06-s-offer-min-9/ HTTP/1.1" 404 16917 "-" "Mozilla/5.0 AppleWebKit/537.36 (KHTML, like Gecko; compatible; bingbot/2.0; +http://www.bing.com/bingbot.htm) Chrome/116.0.1938.76 Safari/537.36"
147.30.78.229 - - [28/May/2026:12:50:14 +0000] "GET /?shopdetail/17394853 HTTP/1.1" 301 20 "https://autozone.com.sa/" "Mozilla/5.0 (Macintosh; Intel Mac OS X 10_15_7) AppleWebKit/605.1.15 (KHTML, like Gecko) Version/17.10 Safari/605.1.15"
52.167.144.16 - - [28/May/2026:12:50:15 +0000] "GET /special-offers/s-offer-min-8/ HTTP/1.1" 404 16911 "-" "Mozilla/5.0 AppleWebKit/537.36 (KHTML, like Gecko; compatible; bingbot/2.0; +http://www.bing.com/bingbot.htm) Chrome/116.0.1938.76 Safari/537.36"
52.167.144.21 - - [28/May/2026:12:50:22 +0000] "GET /en/bts-mg-2019-sm_ws-1200x600-min-2/ HTTP/1.1" 404 15775 "-" "Mozilla/5.0 AppleWebKit/537.36 (KHTML, like Gecko; compatible; bingbot/2.0; +http://www.bing.com/bingbot.htm) Chrome/116.0.1938.76 Safari/537.36"
157.55.39.58 - - [28/May/2026:12:50:24 +0000] "GET /wp-content/plugins/elementor/elementor.php HTTP/1.1" 200 20 "-" "Mozilla/5.0 AppleWebKit/537.36 (KHTML, like Gecko; compatible; bingbot/2.0; +http://www.bing.com/bingbot.htm) Chrome/116.0.1938.76 Safari/537.36"
52.167.144.21 - - [28/May/2026:12:50:24 +0000] "GET /wp-json/wp/v2/product/6172 HTTP/1.1" 200 830 "-" "Mozilla/5.0 AppleWebKit/537.36 (KHTML, like Gecko; compatible; bingbot/2.0; +http://www.bing.com/bingbot.htm) Chrome/116.0.1938.76 Safari/537.36"
52.167.144.21 - - [28/May/2026:12:50:26 +0000] "GET /en/product/haval-h7-adventure-2026/?9yudg2=gLVWnygKUF&method=ajax HTTP/1.1" 200 111 "-" "Mozilla/5.0 AppleWebKit/537.36 (KHTML, like Gecko; compatible; bingbot/2.0; +http://www.bing.com/bingbot.htm) Chrome/116.0.1938.76 Safari/537.36"
157.55.39.58 - - [28/May/2026:12:50:26 +0000] "GET /wp-json/wp/v2/product/5614 HTTP/1.1" 200 1273 "-" "Mozilla/5.0 AppleWebKit/537.36 (KHTML, like Gecko; compatible; bingbot/2.0; +http://www.bing.com/bingbot.htm) Chrome/116.0.1938.76 Safari/537.36"
157.55.39.58 - - [28/May/2026:12:50:28 +0000] "GET /product/%D9%87%D9%88%D9%86%D8%AF%D8%A7-%D8%A7%D9%83%D9%88%D8%B1%D8%AF-%D8%A7%D9%84-%D8%A7%D9%83%D8%B3-%D9%8A%D9%88-2023/?nocache=1769729092 HTTP/1.1" 200 38706 "-" "Mozilla/5.0 AppleWebKit/537.36 (KHTML, like Gecko; compatible; bingbot/2.0; +http://www.bing.com/bingbot.htm) Chrome/116.0.1938.76 Safari/537.36"
157.55.39.58 - - [28/May/2026:12:50:31 +0000] "GET /wp-includes/general-template.php HTTP/1.1" 200 20 "-" "Mozilla/5.0 AppleWebKit/537.36 (KHTML, like Gecko; compatible; bingbot/2.0; +http://www.bing.com/bingbot.htm) Chrome/116.0.1938.76 Safari/537.36"
172.105.42.26 - - [28/May/2026:12:50:47 +0000] "POST /wp-cron.php?doing_wp_cron=1779972647.5696570873260498046875 HTTP/1.1" 200 20 "-" "WordPress/7.0; https://autozone.com.sa"
200.53.202.136 - - [28/May/2026:12:50:46 +0000] "GET /?shopdetail/26845385 HTTP/1.1" 301 20 "https://www.autozone.com.sa/" "Mozilla/5.0 (Macintosh; Intel Mac OS X 10_15_7) AppleWebKit/537.36 (KHTML, like Gecko) Chrome/134.0.0.0 Safari/537.36"
191.113.182.243 - - [28/May/2026:12:50:47 +0000] "GET /?shopdetail/33116867 HTTP/1.1" 301 20 "https://www.autozone.com.sa/" "Mozilla/5.0 (Windows NT 10.0; Win64; x64) AppleWebKit/537.36 (KHTML, like Gecko) Chrome/134.0.0.0 Safari/537.36"
190.120.248.0 - - [28/May/2026:12:50:49 +0000] "GET /?shopdetail/26845385 HTTP/1.1" 301 20 "https://www.autozone.com.sa/" "Mozilla/5.0 (Macintosh; Intel Mac OS X 10_15_7) AppleWebKit/537.36 (KHTML, like Gecko) Chrome/134.0.0.0 Safari/537.36"
172.105.42.26 - - [28/May/2026:12:50:53 +0000] "POST /wp-cron.php?doing_wp_cron=1779972653.4467790126800537109375 HTTP/1.1" 200 20 "-" "WordPress/7.0; https://autozone.com.sa"
186.172.186.55 - - [28/May/2026:12:50:52 +0000] "GET /?shopdetail/33116867 HTTP/1.1" 301 20 "https://www.autozone.com.sa/" "Mozilla/5.0 (Windows NT 10.0; Win64; x64) AppleWebKit/537.36 (KHTML, like Gecko) Chrome/134.0.0.0 Safari/537.36"
2a02:c207:2326:3936::1 - - [28/May/2026:12:51:06 +0000] "GET /wp-content/uploads/2020/01/Resaize-123-min-255x135.jpg HTTP/1.1" 404 16947 "-" "Mozilla/5.0 (Windows NT 10.0; Win64; x64; rv:121.0) Gecko/20100101 Firefox/121.0"
40.77.167.42 - - [28/May/2026:12:51:33 +0000] "GET /2016/04/21/renault-clio-rs-2016/ HTTP/1.1" 301 20 "-" "Mozilla/5.0 AppleWebKit/537.36 (KHTML, like Gecko; compatible; bingbot/2.0; +http://www.bing.com/bingbot.htm) Chrome/116.0.1938.76 Safari/537.36"
172.105.42.26 - - [28/May/2026:12:51:44 +0000] "POST /wp-cron.php?doing_wp_cron=1779972704.7231459617614746093750 HTTP/1.1" 200 20 "-" "WordPress/7.0; https://autozone.com.sa"
207.46.13.126 - - [28/May/2026:12:51:43 +0000] "GET /outlet/financing-partners/finance-partners-1_preview-2/ HTTP/1.1" 301 20 "-" "Mozilla/5.0 AppleWebKit/537.36 (KHTML, like Gecko; compatible; bingbot/2.0; +http://www.bing.com/bingbot.htm) Chrome/116.0.1938.76 Safari/537.36"
172.105.42.26 - - [28/May/2026:12:52:46 +0000] "POST /wp-cron.php?doing_wp_cron=1779972766.6390769481658935546875 HTTP/1.1" 200 20 "-" "WordPress/7.0; https://autozone.com.sa"
168.119.96.239 - - [28/May/2026:12:52:42 +0000] "HEAD / HTTP/1.1" 200 - "https://autozone.com.sa/" "Mozilla/5.0+(compatible; UptimeRobot/2.0; http://www.uptimerobot.com/)"
172.105.42.26 - - [28/May/2026:12:52:52 +0000] "POST /wp-cron.php?doing_wp_cron=1779972772.3248670101165771484375 HTTP/1.1" 200 20 "-" "WordPress/7.0; https://autozone.com.sa"
2a03:2880:f802:44:: - - [28/May/2026:12:52:50 +0000] "GET /product/kia-k4-gl-2026/ HTTP/1.1" 200 38345 "-" "meta-externalagent/1.1 (+https://developers.facebook.com/docs/sharing/webmasters/crawler)"
2a02:ce0:3002:fc24:91fd:1826:f99b:901b - - [28/May/2026:12:53:46 +0000] "GET /wp-content/uploads/al_opt_content/CSS//660826765070dccef09e095555a0cf64.css HTTP/1.1" 200 34865 "-" "Mozilla/5.0 (Linux; Android 10; K) AppleWebKit/537.36 (KHTML, like Gecko) Chrome/148.0.0.0 Mobile Safari/537.36"
172.105.42.26 - - [28/May/2026:12:53:52 +0000] "POST /wp-cron.php?doing_wp_cron=1779972832.2463219165802001953125 HTTP/1.1" 200 20 "-" "WordPress/7.0; https://autozone.com.sa"
2a02:ce0:3002:fc24:91fd:1826:f99b:901b - - [28/May/2026:12:53:45 +0000] "GET / HTTP/1.1" 200 65373 "https://www.google.com/" "Mozilla/5.0 (Linux; Android 10; K) AppleWebKit/537.36 (KHTML, like Gecko) Chrome/148.0.0.0 Mobile Safari/537.36"
2a02:ce0:3002:fc24:91fd:1826:f99b:901b - - [28/May/2026:12:53:52 +0000] "GET /wp-content/plugins/woocommerce/assets/css/woocommerce-smallscreen-rtl.css?ver=10.8.0 HTTP/1.1" 200 1407 "https://autozone.com.sa/" "Mozilla/5.0 (Linux; Android 10; K) AppleWebKit/537.36 (KHTML, like Gecko) Chrome/148.0.0.0 Mobile Safari/537.36"
2a02:ce0:3002:fc24:91fd:1826:f99b:901b - - [28/May/2026:12:53:52 +0000] "GET /wp-content/plugins/woocommerce/assets/css/woocommerce-rtl.css?ver=10.8.0 HTTP/1.1" 200 11139 "https://autozone.com.sa/" "Mozilla/5.0 (Linux; Android 10; K) AppleWebKit/537.36 (KHTML, like Gecko) Chrome/148.0.0.0 Mobile Safari/537.36"
2a02:ce0:3002:fc24:91fd:1826:f99b:901b - - [28/May/2026:12:53:52 +0000] "GET /wp-content/plugins/sitepress-multilingual-cms/templates/language-switchers/legacy-list-horizontal/style.min.css?ver=1 HTTP/1.1" 200 315 "https://autozone.com.sa/" "Mozilla/5.0 (Linux; Android 10; K) AppleWebKit/537.36 (KHTML, like Gecko) Chrome/148.0.0.0 Mobile Safari/537.36"
2a02:ce0:3002:fc24:91fd:1826:f99b:901b - - [28/May/2026:12:53:52 +0000] "GET /wp-content/plugins/fluentform/assets/css/fluent-forms-elementor-widget.css?ver=6.2.0 HTTP/1.1" 200 914 "https://autozone.com.sa/" "Mozilla/5.0 (Linux; Android 10; K) AppleWebKit/537.36 (KHTML, like Gecko) Chrome/148.0.0.0 Mobile Safari/537.36"
2a02:ce0:3002:fc24:91fd:1826:f99b:901b - - [28/May/2026:12:53:52 +0000] "GET /wp-content/plugins/woocommerce/assets/css/woocommerce-layout-rtl.css?ver=10.8.0 HTTP/1.1" 200 3422 "https://autozone.com.sa/" "Mozilla/5.0 (Linux; Android 10; K) AppleWebKit/537.36 (KHTML, like Gecko) Chrome/148.0.0.0 Mobile Safari/537.36"
2a02:ce0:3002:fc24:91fd:1826:f99b:901b - - [28/May/2026:12:53:52 +0000] "GET /wp-content/plugins/woo-variation-swatches/assets/css/frontend.min.css?ver=2.2.3 HTTP/1.1" 200 4518 "https://autozone.com.sa/" "Mozilla/5.0 (Linux; Android 10; K) AppleWebKit/537.36 (KHTML, like Gecko) Chrome/148.0.0.0 Mobile Safari/537.36"
2a02:ce0:3002:fc24:91fd:1826:f99b:901b - - [28/May/2026:12:53:52 +0000] "GET /wp-content/plugins/woo-variation-gallery/assets/css/frontend.min.css?ver=1779254503 HTTP/1.1" 200 5657 "https://autozone.com.sa/" "Mozilla/5.0 (Linux; Android 10; K) AppleWebKit/537.36 (KHTML, like Gecko) Chrome/148.0.0.0 Mobile Safari/537.36"
2a02:ce0:3002:fc24:91fd:1826:f99b:901b - - [28/May/2026:12:53:52 +0000] "GET /wp-content/themes/hello-elementor/assets/css/theme.css?ver=3.4.6 HTTP/1.1" 200 1271 "https://autozone.com.sa/" "Mozilla/5.0 (Linux; Android 10; K) AppleWebKit/537.36 (KHTML, like Gecko) Chrome/148.0.0.0 Mobile Safari/537.36"
2a02:ce0:3002:fc24:91fd:1826:f99b:901b - - [28/May/2026:12:53:52 +0000] "GET /wp-content/plugins/woo-variation-gallery/assets/css/slick.min.css?ver=1.8.1 HTTP/1.1" 200 1108 "https://autozone.com.sa/" "Mozilla/5.0 (Linux; Android 10; K) AppleWebKit/537.36 (KHTML, like Gecko) Chrome/148.0.0.0 Mobile Safari/537.36"
2a02:ce0:3002:fc24:91fd:1826:f99b:901b - - [28/May/2026:12:53:52 +0000] "GET /wp-content/themes/hello-elementor/assets/css/header-footer.css?ver=3.4.6 HTTP/1.1" 200 1423 "https://autozone.com.sa/" "Mozilla/5.0 (Linux; Android 10; K) AppleWebKit/537.36 (KHTML, like Gecko) Chrome/148.0.0.0 Mobile Safari/537.36"
2a02:ce0:3002:fc24:91fd:1826:f99b:901b - - [28/May/2026:12:53:52 +0000] "GET /wp-content/plugins/sitepress-multilingual-cms/templates/language-switchers/menu-item/style.min.css?ver=1 HTTP/1.1" 200 141 "https://autozone.com.sa/" "Mozilla/5.0 (Linux; Android 10; K) AppleWebKit/537.36 (KHTML, like Gecko) Chrome/148.0.0.0 Mobile Safari/537.36"
2a02:ce0:3002:fc24:91fd:1826:f99b:901b - - [28/May/2026:12:53:52 +0000] "GET /wp-content/uploads/elementor/css/post-6.css?ver=1779946027 HTTP/1.1" 200 669 "https://autozone.com.sa/" "Mozilla/5.0 (Linux; Android 10; K) AppleWebKit/537.36 (KHTML, like Gecko) Chrome/148.0.0.0 Mobile Safari/537.36"
2a02:ce0:3002:fc24:91fd:1826:f99b:901b - - [28/May/2026:12:53:52 +0000] "GET /wp-content/uploads/elementor/css/custom-frontend.min.css?ver=1779946027 HTTP/1.1" 200 7325 "https://autozone.com.sa/" "Mozilla/5.0 (Linux; Android 10; K) AppleWebKit/537.36 (KHTML, like Gecko) Chrome/148.0.0.0 Mobile Safari/537.36"
2a02:ce0:3002:fc24:91fd:1826:f99b:901b - - [28/May/2026:12:53:52 +0000] "GET /wp-content/uploads/elementor/css/custom-jet-blocks-rtl.css?ver=1779946094&ver=1.4.0 HTTP/1.1" 200 5952 "https://autozone.com.sa/" "Mozilla/5.0 (Linux; Android 10; K) AppleWebKit/537.36 (KHTML, like Gecko) Chrome/148.0.0.0 Mobile Safari/537.36"
2a02:ce0:3002:fc24:91fd:1826:f99b:901b - - [28/May/2026:12:53:52 +0000] "GET /wp-content/plugins/jet-popup/assets/css/jet-popup-frontend.css?ver=2.0.21.1 HTTP/1.1" 200 3228 "https://autozone.com.sa/" "Mozilla/5.0 (Linux; Android 10; K) AppleWebKit/537.36 (KHTML, like Gecko) Chrome/148.0.0.0 Mobile Safari/537.36"
2a02:ce0:3002:fc24:91fd:1826:f99b:901b - - [28/May/2026:12:53:52 +0000] "GET /wp-content/plugins/jet-tabs/assets/css/jet-tabs-frontend.css?ver=2.3.0 HTTP/1.1" 200 4331 "https://autozone.com.sa/" "Mozilla/5.0 (Linux; Android 10; K) AppleWebKit/537.36 (KHTML, like Gecko) Chrome/148.0.0.0 Mobile Safari/537.36"
2a02:ce0:3002:fc24:91fd:1826:f99b:901b - - [28/May/2026:12:53:52 +0000] "GET /wp-content/themes/hello-elementor/assets/css/reset.css?ver=3.4.6 HTTP/1.1" 200 1792 "https://autozone.com.sa/" "Mozilla/5.0 (Linux; Android 10; K) AppleWebKit/537.36 (KHTML, like Gecko) Chrome/148.0.0.0 Mobile Safari/537.36"
2a02:ce0:3002:fc24:91fd:1826:f99b:901b - - [28/May/2026:12:53:52 +0000] "GET /wp-content/plugins/bdthemes-element-pack/assets/css/bdt-uikit.rtl.css?ver=3.21.7 HTTP/1.1" 200 16525 "https://autozone.com.sa/" "Mozilla/5.0 (Linux; Android 10; K) AppleWebKit/537.36 (KHTML, like Gecko) Chrome/148.0.0.0 Mobile Safari/537.36"
2a02:ce0:3002:fc24:91fd:1826:f99b:901b - - [28/May/2026:12:53:52 +0000] "GET /wp-content/plugins/bdthemes-element-pack/assets/css/ep-helper.css?ver=9.3.0 HTTP/1.1" 200 7092 "https://autozone.com.sa/" "Mozilla/5.0 (Linux; Android 10; K) AppleWebKit/537.36 (KHTML, like Gecko) Chrome/148.0.0.0 Mobile Safari/537.36"
2a02:ce0:3002:fc24:91fd:1826:f99b:901b - - [28/May/2026:12:53:52 +0000] "GET /wp-content/uploads/elementor/css/post-617.css?ver=1779946095 HTTP/1.1" 200 738 "https://autozone.com.sa/" "Mozilla/5.0 (Linux; Android 10; K) AppleWebKit/537.36 (KHTML, like Gecko) Chrome/148.0.0.0 Mobile Safari/537.36"
2a02:ce0:3002:fc24:91fd:1826:f99b:901b - - [28/May/2026:12:53:52 +0000] "GET /wp-content/plugins/elementor/assets/lib/animations/styles/fadeIn.min.css?ver=4.0.4 HTTP/1.1" 200 79 "https://autozone.com.sa/" "Mozilla/5.0 (Linux; Android 10; K) AppleWebKit/537.36 (KHTML, like Gecko) Chrome/148.0.0.0 Mobile Safari/537.36"
2a02:ce0:3002:fc24:91fd:1826:f99b:901b - - [28/May/2026:12:53:52 +0000] "GET /wp-content/plugins/jet-blog/assets/css/jet-blog.css?ver=2.4.8 HTTP/1.1" 200 11021 "https://autozone.com.sa/" "Mozilla/5.0 (Linux; Android 10; K) AppleWebKit/537.36 (KHTML, like Gecko) Chrome/148.0.0.0 Mobile Safari/537.36"
2a02:ce0:3002:fc24:91fd:1826:f99b:901b - - [28/May/2026:12:53:52 +0000] "GET /wp-content/plugins/jet-smart-filters/assets/css/public.css?ver=3.7.5 HTTP/1.1" 200 10762 "https://autozone.com.sa/" "Mozilla/5.0 (Linux; Android 10; K) AppleWebKit/537.36 (KHTML, like Gecko) Chrome/148.0.0.0 Mobile Safari/537.36"
2a02:ce0:3002:fc24:91fd:1826:f99b:901b - - [28/May/2026:12:53:52 +0000] "GET /wp-content/uploads/elementor/css/post-78.css?ver=1779946288 HTTP/1.1" 200 442 "https://autozone.com.sa/" "Mozilla/5.0 (Linux; Android 10; K) AppleWebKit/537.36 (KHTML, like Gecko) Chrome/148.0.0.0 Mobile Safari/537.36"
2a02:ce0:3002:fc24:91fd:1826:f99b:901b - - [28/May/2026:12:53:52 +0000] "GET /wp-content/plugins/woocommerce/assets/client/blocks/wc-blocks-rtl.css?ver=wc-10.8.0 HTTP/1.1" 200 2620 "https://autozone.com.sa/" "Mozilla/5.0 (Linux; Android 10; K) AppleWebKit/537.36 (KHTML, like Gecko) Chrome/148.0.0.0 Mobile Safari/537.36"
2a02:ce0:3002:fc24:91fd:1826:f99b:901b - - [28/May/2026:12:53:52 +0000] "GET /wp-content/plugins/woocommerce/assets/css/photoswipe/default-skin/default-skin.min.css?ver=10.8.0 HTTP/1.1" 200 1952 "https://autozone.com.sa/" "Mozilla/5.0 (Linux; Android 10; K) AppleWebKit/537.36 (KHTML, like Gecko) Chrome/148.0.0.0 Mobile Safari/537.36"
2a02:ce0:3002:fc24:91fd:1826:f99b:901b - - [28/May/2026:12:53:52 +0000] "GET /wp-content/plugins/elementor/assets/css/widget-spacer-rtl.min.css?ver=4.0.4 HTTP/1.1" 200 338 "https://autozone.com.sa/" "Mozilla/5.0 (Linux; Android 10; K) AppleWebKit/537.36 (KHTML, like Gecko) Chrome/148.0.0.0 Mobile Safari/537.36"
2a02:ce0:3002:fc24:91fd:1826:f99b:901b - - [28/May/2026:12:53:52 +0000] "GET /wp-content/plugins/jet-tricks/assets/css/jet-tricks-frontend.css?ver=1.5.10 HTTP/1.1" 200 3414 "https://autozone.com.sa/" "Mozilla/5.0 (Linux; Android 10; K) AppleWebKit/537.36 (KHTML, like Gecko) Chrome/148.0.0.0 Mobile Safari/537.36"
2a02:ce0:3002:fc24:91fd:1826:f99b:901b - - [28/May/2026:12:53:52 +0000] "GET /wp-content/plugins/jet-blog/assets/css/jet-blog-rtl.css?ver=2.4.8 HTTP/1.1" 200 648 "https://autozone.com.sa/" "Mozilla/5.0 (Linux; Android 10; K) AppleWebKit/537.36 (KHTML, like Gecko) Chrome/148.0.0.0 Mobile Safari/537.36"
2a02:ce0:3002:fc24:91fd:1826:f99b:901b - - [28/May/2026:12:53:52 +0000] "GET /wp-content/plugins/jet-elements/assets/css/jet-elements-rtl.css?ver=2.8.1.1 HTTP/1.1" 200 3125 "https://autozone.com.sa/" "Mozilla/5.0 (Linux; Android 10; K) AppleWebKit/537.36 (KHTML, like Gecko) Chrome/148.0.0.0 Mobile Safari/537.36"
2a02:ce0:3002:fc24:91fd:1826:f99b:901b - - [28/May/2026:12:53:52 +0000] "GET /wp-content/plugins/elementor/assets/css/widget-image-rtl.min.css?ver=4.0.4 HTTP/1.1" 200 135 "https://autozone.com.sa/" "Mozilla/5.0 (Linux; Android 10; K) AppleWebKit/537.36 (KHTML, like Gecko) Chrome/148.0.0.0 Mobile Safari/537.36"
2a02:ce0:3002:fc24:91fd:1826:f99b:901b - - [28/May/2026:12:53:52 +0000] "GET /wp-content/plugins/elementor/assets/css/conditionals/e-swiper.min.css?ver=4.0.4 HTTP/1.1" 200 799 "https://autozone.com.sa/" "Mozilla/5.0 (Linux; Android 10; K) AppleWebKit/537.36 (KHTML, like Gecko) Chrome/148.0.0.0 Mobile Safari/537.36"
2a02:ce0:3002:fc24:91fd:1826:f99b:901b - - [28/May/2026:12:53:52 +0000] "GET /wp-content/plugins/elementor/assets/lib/swiper/v8/css/swiper.min.css?ver=8.4.5 HTTP/1.1" 200 4583 "https://autozone.com.sa/" "Mozilla/5.0 (Linux; Android 10; K) AppleWebKit/537.36 (KHTML, like Gecko) Chrome/148.0.0.0 Mobile Safari/537.36"
2a02:ce0:3002:fc24:91fd:1826:f99b:901b - - [28/May/2026:12:53:52 +0000] "GET /wp-content/uploads/elementor/css/post-756.css?ver=1779946288 HTTP/1.1" 200 1393 "https://autozone.com.sa/" "Mozilla/5.0 (Linux; Android 10; K) AppleWebKit/537.36 (KHTML, like Gecko) Chrome/148.0.0.0 Mobile Safari/537.36"
2a02:ce0:3002:fc24:91fd:1826:f99b:901b - - [28/May/2026:12:53:52 +0000] "GET /wp-content/plugins/elementor/assets/lib/animations/styles/fadeInUp.min.css?ver=4.0.4 HTTP/1.1" 200 117 "https://autozone.com.sa/" "Mozilla/5.0 (Linux; Android 10; K) AppleWebKit/537.36 (KHTML, like Gecko) Chrome/148.0.0.0 Mobile Safari/537.36"
2a02:ce0:3002:fc24:91fd:1826:f99b:901b - - [28/May/2026:12:53:52 +0000] "GET /wp-content/plugins/jet-search/assets/css/jet-search.css?ver=3.5.16.1 HTTP/1.1" 200 10064 "https://autozone.com.sa/" "Mozilla/5.0 (Linux; Android 10; K) AppleWebKit/537.36 (KHTML, like Gecko) Chrome/148.0.0.0 Mobile Safari/537.36"
2a02:ce0:3002:fc24:91fd:1826:f99b:901b - - [28/May/2026:12:53:52 +0000] "GET /wp-content/plugins/jet-elements/assets/css/skin/jet-countdown-timer-rtl.css?ver=2.8.1.1 HTTP/1.1" 200 100 "https://autozone.com.sa/" "Mozilla/5.0 (Linux; Android 10; K) AppleWebKit/537.36 (KHTML, like Gecko) Chrome/148.0.0.0 Mobile Safari/537.36"
2a02:ce0:3002:fc24:91fd:1826:f99b:901b - - [28/May/2026:12:53:52 +0000] "GET /wp-content/plugins/jet-elements/assets/css/addons/jet-countdown-timer-rtl.css?ver=2.8.1.1 HTTP/1.1" 200 281 "https://autozone.com.sa/" "Mozilla/5.0 (Linux; Android 10; K) AppleWebKit/537.36 (KHTML, like Gecko) Chrome/148.0.0.0 Mobile Safari/537.36"
2a02:ce0:3002:fc24:91fd:1826:f99b:901b - - [28/May/2026:12:53:52 +0000] "GET /wp-content/plugins/jet-search/assets/lib/chosen/chosen.min.css?ver=1.8.7 HTTP/1.1" 200 2273 "https://autozone.com.sa/" "Mozilla/5.0 (Linux; Android 10; K) AppleWebKit/537.36 (KHTML, like Gecko) Chrome/148.0.0.0 Mobile Safari/537.36"
2a02:ce0:3002:fc24:91fd:1826:f99b:901b - - [28/May/2026:12:53:52 +0000] "GET /wp-content/plugins/elementor/assets/css/widget-heading-rtl.min.css?ver=4.0.4 HTTP/1.1" 200 160 "https://autozone.com.sa/" "Mozilla/5.0 (Linux; Android 10; K) AppleWebKit/537.36 (KHTML, like Gecko) Chrome/148.0.0.0 Mobile Safari/537.36"
2a02:ce0:3002:fc24:91fd:1826:f99b:901b - - [28/May/2026:12:53:52 +0000] "GET /wp-content/plugins/bdthemes-element-pack/assets/css/ep-animated-card.css?ver=9.3.0 HTTP/1.1" 200 903 "https://autozone.com.sa/" "Mozilla/5.0 (Linux; Android 10; K) AppleWebKit/537.36 (KHTML, like Gecko) Chrome/148.0.0.0 Mobile Safari/537.36"
2a02:ce0:3002:fc24:91fd:1826:f99b:901b - - [28/May/2026:12:53:52 +0000] "GET /wp-content/uploads/elementor/css/post-613.css?ver=1779946288 HTTP/1.1" 200 1825 "https://autozone.com.sa/" "Mozilla/5.0 (Linux; Android 10; K) AppleWebKit/537.36 (KHTML, like Gecko) Chrome/148.0.0.0 Mobile Safari/537.36"
2a02:ce0:3002:fc24:91fd:1826:f99b:901b - - [28/May/2026:12:53:52 +0000] "GET /wp-content/plugins/bdthemes-prime-slider-lite/assets/css/prime-slider-site.rtl.css?ver=4.1.12 HTTP/1.1" 200 2961 "https://autozone.com.sa/" "Mozilla/5.0 (Linux; Android 10; K) AppleWebKit/537.36 (KHTML, like Gecko) Chrome/148.0.0.0 Mobile Safari/537.36"
2a02:ce0:3002:fc24:91fd:1826:f99b:901b - - [28/May/2026:12:53:52 +0000] "GET /wp-content/plugins/woocommerce/assets/css/photoswipe/photoswipe.min.css?ver=10.8.0 HTTP/1.1" 200 983 "https://autozone.com.sa/" "Mozilla/5.0 (Linux; Android 10; K) AppleWebKit/537.36 (KHTML, like Gecko) Chrome/148.0.0.0 Mobile Safari/537.36"
2a02:ce0:3002:fc24:91fd:1826:f99b:901b - - [28/May/2026:12:53:52 +0000] "GET /wp-content/plugins/ultimate-post-kit/assets/css/upk-site.rtl.css?ver=4.1.5 HTTP/1.1" 200 5633 "https://autozone.com.sa/" "Mozilla/5.0 (Linux; Android 10; K) AppleWebKit/537.36 (KHTML, like Gecko) Chrome/148.0.0.0 Mobile Safari/537.36"
2a02:ce0:3002:fc24:91fd:1826:f99b:901b - - [28/May/2026:12:53:52 +0000] "GET /wp-content/plugins/elementor/assets/css/widget-divider-rtl.min.css?ver=4.0.4 HTTP/1.1" 200 741 "https://autozone.com.sa/" "Mozilla/5.0 (Linux; Android 10; K) AppleWebKit/537.36 (KHTML, like Gecko) Chrome/148.0.0.0 Mobile Safari/537.36"
2a02:ce0:3002:fc24:91fd:1826:f99b:901b - - [28/May/2026:12:53:52 +0000] "GET /wp-includes/css/dashicons.min.css?ver=7.0 HTTP/1.1" 200 35721 "https://autozone.com.sa/" "Mozilla/5.0 (Linux; Android 10; K) AppleWebKit/537.36 (KHTML, like Gecko) Chrome/148.0.0.0 Mobile Safari/537.36"
2a02:ce0:3002:fc24:91fd:1826:f99b:901b - - [28/May/2026:12:53:52 +0000] "GET /wp-content/plugins/jet-engine/assets/css/frontend.css?ver=3.8.7 HTTP/1.1" 200 8567 "https://autozone.com.sa/" "Mozilla/5.0 (Linux; Android 10; K) AppleWebKit/537.36 (KHTML, like Gecko) Chrome/148.0.0.0 Mobile Safari/537.36"
2a02:ce0:3002:fc24:91fd:1826:f99b:901b - - [28/May/2026:12:53:52 +0000] "GET /wp-content/uploads/elementor/css/post-596.css?ver=1779946287 HTTP/1.1" 200 4501 "https://autozone.com.sa/" "Mozilla/5.0 (Linux; Android 10; K) AppleWebKit/537.36 (KHTML, like Gecko) Chrome/148.0.0.0 Mobile Safari/537.36"
2a02:ce0:3002:fc24:91fd:1826:f99b:901b - - [28/May/2026:12:53:52 +0000] "GET /wp-content/uploads/elementor/css/custom-widget-nested-tabs-rtl.min.css?ver=1779946027 HTTP/1.1" 200 1867 "https://autozone.com.sa/" "Mozilla/5.0 (Linux; Android 10; K) AppleWebKit/537.36 (KHTML, like Gecko) Chrome/148.0.0.0 Mobile Safari/537.36"
2a02:ce0:3002:fc24:91fd:1826:f99b:901b - - [28/May/2026:12:53:53 +0000] "GET /wp-content/uploads/2025/01/shape2.webp HTTP/1.1" 200 4737 "https://autozone.com.sa/wp-content/uploads/elementor/css/post-596.css?ver=1779946287" "Mozilla/5.0 (Linux; Android 10; K) AppleWebKit/537.36 (KHTML, like Gecko) Chrome/148.0.0.0 Mobile Safari/537.36"
2a02:ce0:3002:fc24:91fd:1826:f99b:901b - - [28/May/2026:12:53:53 +0000] "GET /wp-content/uploads/2025/01/home-page-and-about-us-1-scaled-1.webp HTTP/1.1" 200 116625 "https://autozone.com.sa/wp-content/uploads/elementor/css/post-596.css?ver=1779946287" "Mozilla/5.0 (Linux; Android 10; K) AppleWebKit/537.36 (KHTML, like Gecko) Chrome/148.0.0.0 Mobile Safari/537.36"
2a02:ce0:3002:fc24:91fd:1826:f99b:901b - - [28/May/2026:12:53:53 +0000] "GET /wp-content/uploads/2025/01/shape3.webp HTTP/1.1" 200 2296 "https://autozone.com.sa/wp-content/uploads/elementor/css/post-596.css?ver=1779946287" "Mozilla/5.0 (Linux; Android 10; K) AppleWebKit/537.36 (KHTML, like Gecko) Chrome/148.0.0.0 Mobile Safari/537.36"
2a02:ce0:3002:fc24:91fd:1826:f99b:901b - - [28/May/2026:12:53:53 +0000] "GET /wp-content/uploads/2024/12/bg.webp HTTP/1.1" 200 82268 "https://autozone.com.sa/wp-content/uploads/elementor/css/post-596.css?ver=1779946287" "Mozilla/5.0 (Linux; Android 10; K) AppleWebKit/537.36 (KHTML, like Gecko) Chrome/148.0.0.0 Mobile Safari/537.36"
2a02:ce0:3002:fc24:91fd:1826:f99b:901b - - [28/May/2026:12:53:53 +0000] "GET /wp-content/uploads/2024/12/18.webp HTTP/1.1" 200 140143 "https://autozone.com.sa/wp-content/uploads/elementor/css/post-596.css?ver=1779946287" "Mozilla/5.0 (Linux; Android 10; K) AppleWebKit/537.36 (KHTML, like Gecko) Chrome/148.0.0.0 Mobile Safari/537.36"
2a02:ce0:3002:fc24:91fd:1826:f99b:901b - - [28/May/2026:12:53:54 +0000] "GET /wp-content/uploads/al_opt_content/SCRIPT/autozone.com.sa/wp-content/plugins/fluentform/assets/js/6a1780a75612b793c363005e/6a1780a75612b793c363005e-58a4fc1dc987652b9cdfb9fdf7252062_fluent-forms-elementor-widget.js?ver=6.2.0 HTTP/1.1" 200 426 "-" "Mozilla/5.0 (Linux; Android 10; K) AppleWebKit/537.36 (KHTML, like Gecko) Chrome/148.0.0.0 Mobile Safari/537.36"
2a02:ce0:3002:fc24:91fd:1826:f99b:901b - - [28/May/2026:12:53:54 +0000] "GET /wp-content/uploads/al_opt_content/SCRIPT/autozone.com.sa/wp-content/plugins/woocommerce/assets/js/frontend/6a1780a75612b793c363005e/6a1780a75612b793c363005e-81a7828241050d690febd92cf89f546f_add-to-cart-variation.min.js?ver=10.8.0 HTTP/1.1" 200 3940 "-" "Mozilla/5.0 (Linux; Android 10; K) AppleWebKit/537.36 (KHTML, like Gecko) Chrome/148.0.0.0 Mobile Safari/537.36"
2a02:ce0:3002:fc24:91fd:1826:f99b:901b - - [28/May/2026:12:53:54 +0000] "GET /wp-content/uploads/al_opt_content/SCRIPT/autozone.com.sa/wp-content/plugins/woocommerce/assets/js/frontend/6a1780a75612b793c363005e/6a1780a75612b793c363005e-46a816ff38bdd095e2118365ad4c618b_order-attribution.min.js?ver=10.8.0 HTTP/1.1" 200 1150 "-" "Mozilla/5.0 (Linux; Android 10; K) AppleWebKit/537.36 (KHTML, like Gecko) Chrome/148.0.0.0 Mobile Safari/537.36"
2a02:ce0:3002:fc24:91fd:1826:f99b:901b - - [28/May/2026:12:53:54 +0000] "GET /wp-content/uploads/al_opt_content/SCRIPT/autozone.com.sa/wp-includes/js/6a1780a75612b793c363005e/6a1780a75612b793c363005e-e40e89bb5b27a17c222921c3b422fb70_api-request.min.js?ver=7.0 HTTP/1.1" 200 590 "-" "Mozilla/5.0 (Linux; Android 10; K) AppleWebKit/537.36 (KHTML, like Gecko) Chrome/148.0.0.0 Mobile Safari/537.36"
2a02:ce0:3002:fc24:91fd:1826:f99b:901b - - [28/May/2026:12:53:54 +0000] "GET /wp-content/uploads/al_opt_content/SCRIPT/autozone.com.sa/wp-content/plugins/jet-engine/assets/lib/slick/6a1780a75612b793c363005e/6a1780a75612b793c363005e-5d735b35ec9f028116aa437002bf2e8d_slick.min.js?ver=1.8.1 HTTP/1.1" 200 10327 "-" "Mozilla/5.0 (Linux; Android 10; K) AppleWebKit/537.36 (KHTML, like Gecko) Chrome/148.0.0.0 Mobile Safari/537.36"
2a02:ce0:3002:fc24:91fd:1826:f99b:901b - - [28/May/2026:12:53:54 +0000] "GET /wp-content/uploads/al_opt_content/SCRIPT/autozone.com.sa/wp-includes/js/6a1780a75612b793c363005e/6a1780a75612b793c363005e-3ec876f71dece6821b9fd2a03d87c211_underscore.min.js?ver=1.13.8 HTTP/1.1" 200 7372 "-" "Mozilla/5.0 (Linux; Android 10; K) AppleWebKit/537.36 (KHTML, like Gecko) Chrome/148.0.0.0 Mobile Safari/537.36"
2a02:ce0:3002:fc24:91fd:1826:f99b:901b - - [28/May/2026:12:53:54 +0000] "GET /wp-content/uploads/al_opt_content/SCRIPT/autozone.com.sa/wp-content/plugins/jet-search/assets/lib/jet-plugins/6a1780a75612b793c363005e/6a1780a75612b793c363005e-271ad1f3a3e724e9f2620c09d616cb71_jet-plugins.js?ver=1.0.0 HTTP/1.1" 200 2282 "-" "Mozilla/5.0 (Linux; Android 10; K) AppleWebKit/537.36 (KHTML, like Gecko) Chrome/148.0.0.0 Mobile Safari/537.36"
2a02:ce0:3002:fc24:91fd:1826:f99b:901b - - [28/May/2026:12:53:54 +0000] "GET /wp-content/uploads/al_opt_content/SCRIPT/autozone.com.sa/wp-content/plugins/woo-variation-swatches/assets/js/6a1780a75612b793c363005e/6a1780a75612b793c363005e-7c9202d61cc00180acee3ce0c63a949b_frontend.min.js?ver=2.2.3 HTTP/1.1" 200 4963 "-" "Mozilla/5.0 (Linux; Android 10; K) AppleWebKit/537.36 (KHTML, like Gecko) Chrome/148.0.0.0 Mobile Safari/537.36"
2a02:ce0:3002:fc24:91fd:1826:f99b:901b - - [28/May/2026:12:53:54 +0000] "GET /wp-content/uploads/al_opt_content/SCRIPT/autozone.com.sa/wp-content/plugins/woo-variation-gallery/assets/js/6a1780a75612b793c363005e/6a1780a75612b793c363005e-2b6521ce7c33c80e2876d48750e5c8a4_frontend.min.js?ver=1779254503 HTTP/1.1" 200 4751 "-" "Mozilla/5.0 (Linux; Android 10; K) AppleWebKit/537.36 (KHTML, like Gecko) Chrome/148.0.0.0 Mobile Safari/537.36"
2a02:ce0:3002:fc24:91fd:1826:f99b:901b - - [28/May/2026:12:53:54 +0000] "GET /wp-content/uploads/al_opt_content/SCRIPT/autozone.com.sa/wp-content/plugins/jet-compare-wishlist/assets/js/dist/6a1780a75612b793c363005e/6a1780a75612b793c363005e-698fec8ff147d68358a50b1774f33565_frontend.js?ver=1.5.12.2 HTTP/1.1" 200 1933 "-" "Mozilla/5.0 (Linux; Android 10; K) AppleWebKit/537.36 (KHTML, like Gecko) Chrome/148.0.0.0 Mobile Safari/537.36"
2a02:ce0:3002:fc24:91fd:1826:f99b:901b - - [28/May/2026:12:53:54 +0000] "GET /wp-content/uploads/al_opt_content/SCRIPT/autozone.com.sa/wp-content/plugins/woocommerce/assets/js/jquery-blockui/6a1780a75612b793c363005e/6a1780a75612b793c363005e-ef56117d1bb5cc41aa6bd127a49c7640_jquery.blockUI.min.js?ver=2.7.0-wc.10.8.0 HTTP/1.1" 200 3537 "-" "Mozilla/5.0 (Linux; Android 10; K) AppleWebKit/537.36 (KHTML, like Gecko) Chrome/148.0.0.0 Mobile Safari/537.36"
2a02:ce0:3002:fc24:91fd:1826:f99b:901b - - [28/May/2026:12:53:54 +0000] "GET /wp-content/uploads/al_opt_content/SCRIPT/autozone.com.sa/wp-content/plugins/bdthemes-element-pack/assets/js/common/6a1780a75612b793c363005e/6a1780a75612b793c363005e-7acb205ca5baa604a6619ebbfa52f598_helper.min.js?ver=9.3.0 HTTP/1.1" 200 1905 "-" "Mozilla/5.0 (Linux; Android 10; K) AppleWebKit/537.36 (KHTML, like Gecko) Chrome/148.0.0.0 Mobile Safari/537.36"
2a02:ce0:3002:fc24:91fd:1826:f99b:901b - - [28/May/2026:12:53:54 +0000] "GET /wp-content/uploads/al_opt_content/SCRIPT/autozone.com.sa/wp-includes/js/dist/6a1780a75612b793c363005e/6a1780a75612b793c363005e-0174a320c4dd06b3f2871de897acba21_hooks.min.js?ver=7496969728ca0f95732d HTTP/1.1" 200 1799 "-" "Mozilla/5.0 (Linux; Android 10; K) AppleWebKit/537.36 (KHTML, like Gecko) Chrome/148.0.0.0 Mobile Safari/537.36"
2a02:ce0:3002:fc24:91fd:1826:f99b:901b - - [28/May/2026:12:53:54 +0000] "GET /wp-content/uploads/al_opt_content/SCRIPT/autozone.com.sa/wp-content/plugins/pixelyoursite/dist/scripts/6a1780a75612b793c363005e/6a1780a75612b793c363005e-35a22bea641003807bc6e7ee80eb14eb_tld.min.js?ver=2.3.1 HTTP/1.1" 200 40644 "-" "Mozilla/5.0 (Linux; Android 10; K) AppleWebKit/537.36 (KHTML, like Gecko) Chrome/148.0.0.0 Mobile Safari/537.36"
2a02:ce0:3002:fc24:91fd:1826:f99b:901b - - [28/May/2026:12:53:54 +0000] "GET /wp-content/uploads/al_opt_content/SCRIPT/autozone.com.sa/wp-content/plugins/bdthemes-prime-slider-lite/assets/js/6a1780a75612b793c363005e/6a1780a75612b793c363005e-4066c01fc4f55bd4da8e3b7f03a272fa_prime-slider-site.min.js?ver=4.1.12 HTTP/1.1" 200 982 "-" "Mozilla/5.0 (Linux; Android 10; K) AppleWebKit/537.36 (KHTML, like Gecko) Chrome/148.0.0.0 Mobile Safari/537.36"
2a02:ce0:3002:fc24:91fd:1826:f99b:901b - - [28/May/2026:12:53:54 +0000] "GET /wp-content/uploads/al_opt_content/SCRIPT/autozone.com.sa/wp-content/plugins/jet-popup/assets/js/6a1780a75612b793c363005e/6a1780a75612b793c363005e-881014cdbe31c3b3442a6721466d01df_jet-popup-frontend.js?ver=2.0.21.1 HTTP/1.1" 200 5347 "-" "Mozilla/5.0 (Linux; Android 10; K) AppleWebKit/537.36 (KHTML, like Gecko) Chrome/148.0.0.0 Mobile Safari/537.36"
2a02:ce0:3002:fc24:91fd:1826:f99b:901b - - [28/May/2026:12:53:54 +0000] "GET /wp-content/uploads/al_opt_content/SCRIPT/autozone.com.sa/wp-content/plugins/jet-tabs/assets/js/6a1780a75612b793c363005e/6a1780a75612b793c363005e-a4616d334a92c4d7870b49d94c44934e_jet-tabs-frontend.min.js?ver=2.3.0 HTTP/1.1" 200 8247 "-" "Mozilla/5.0 (Linux; Android 10; K) AppleWebKit/537.36 (KHTML, like Gecko) Chrome/148.0.0.0 Mobile Safari/537.36"
2a02:ce0:3002:fc24:91fd:1826:f99b:901b - - [28/May/2026:12:53:54 +0000] "GET /wp-content/uploads/al_opt_content/SCRIPT/autozone.com.sa/wp-includes/js/dist/6a1780a75612b793c363005e/6a1780a75612b793c363005e-38342d2c2caf2a9f130f7452df61b8ba_api-fetch.min.js?ver=d7efe4dc1468d36c39b8 HTTP/1.1" 200 2815 "-" "Mozilla/5.0 (Linux; Android 10; K) AppleWebKit/537.36 (KHTML, like Gecko) Chrome/148.0.0.0 Mobile Safari/537.36"
2a02:ce0:3002:fc24:91fd:1826:f99b:901b - - [28/May/2026:12:53:54 +0000] "GET /wp-content/uploads/al_opt_content/SCRIPT/autozone.com.sa/wp-content/plugins/jet-engine/assets/js/frontend/modules/6a1780a75612b793c363005e/6a1780a75612b793c363005e-6ee0881fd00c8000ccd34bcf48a1c70d_jet-popup.js?ver=3.8.7 HTTP/1.1" 200 984 "-" "Mozilla/5.0 (Linux; Android 10; K) AppleWebKit/537.36 (KHTML, like Gecko) Chrome/148.0.0.0 Mobile Safari/537.36"
2a02:ce0:3002:fc24:91fd:1826:f99b:901b - - [28/May/2026:12:53:54 +0000] "GET /wp-content/uploads/al_opt_content/SCRIPT/autozone.com.sa/wp-includes/js/6a1780a75612b793c363005e/6a1780a75612b793c363005e-01e9588ab46b7a3947aab8945549c7ea_wp-util.min.js?ver=7.0 HTTP/1.1" 200 754 "-" "Mozilla/5.0 (Linux; Android 10; K) AppleWebKit/537.36 (KHTML, like Gecko) Chrome/148.0.0.0 Mobile Safari/537.36"
2a02:ce0:3002:fc24:91fd:1826:f99b:901b - - [28/May/2026:12:53:54 +0000] "GET /wp-content/uploads/al_opt_content/SCRIPT/autozone.com.sa/wp-content/plugins/jet-elements/assets/js/lib/anime-js/6a1780a75612b793c363005e/6a1780a75612b793c363005e-7b7d9c2344ec7bb776c95e6d9144470f_anime.min.js?ver=2.2.0 HTTP/1.1" 200 6057 "-" "Mozilla/5.0 (Linux; Android 10; K) AppleWebKit/537.36 (KHTML, like Gecko) Chrome/148.0.0.0 Mobile Safari/537.36"
2a02:ce0:3002:fc24:91fd:1826:f99b:901b - - [28/May/2026:12:53:54 +0000] "GET /wp-content/uploads/al_opt_content/SCRIPT/autozone.com.sa/wp-includes/js/dist/6a1780a75612b793c363005e/6a1780a75612b793c363005e-e73824b7ab9a4f88f98e0530b43ede25_i18n.min.js?ver=781d11515ad3d91786ec HTTP/1.1" 200 2438 "-" "Mozilla/5.0 (Linux; Android 10; K) AppleWebKit/537.36 (KHTML, like Gecko) Chrome/148.0.0.0 Mobile Safari/537.36"
2a02:ce0:3002:fc24:91fd:1826:f99b:901b - - [28/May/2026:12:53:54 +0000] "GET /wp-content/uploads/al_opt_content/SCRIPT/autozone.com.sa/wp-content/plugins/jet-blog/assets/js/6a1780a75612b793c363005e/6a1780a75612b793c363005e-5b2e636dbea54c087348cd6d7f5a1f79_jet-blog.min.js?ver=2.4.8 HTTP/1.1" 200 3569 "-" "Mozilla/5.0 (Linux; Android 10; K) AppleWebKit/537.36 (KHTML, like Gecko) Chrome/148.0.0.0 Mobile Safari/537.36"
2a02:ce0:3002:fc24:91fd:1826:f99b:901b - - [28/May/2026:12:53:54 +0000] "GET /wp-content/uploads/al_opt_content/SCRIPT/autozone.com.sa/wp-content/plugins/elementor/assets/js/6a1780a75612b793c363005e/6a1780a75612b793c363005e-a3543601e9c09c9b8554ec6f6c8a2174_frontend-modules.min.js?ver=4.0.4 HTTP/1.1" 200 15970 "-" "Mozilla/5.0 (Linux; Android 10; K) AppleWebKit/537.36 (KHTML, like Gecko) Chrome/148.0.0.0 Mobile Safari/537.36"
2a02:ce0:3002:fc24:91fd:1826:f99b:901b - - [28/May/2026:12:53:54 +0000] "GET /wp-content/uploads/al_opt_content/SCRIPT/autozone.com.sa/wp-content/plugins/jet-elements/assets/js/6a1780a75612b793c363005e/6a1780a75612b793c363005e-267ca7dfd2a981791527cfca22eece13_jet-elements.min.js?ver=2.8.1.1 HTTP/1.1" 200 7384 "-" "Mozilla/5.0 (Linux; Android 10; K) AppleWebKit/537.36 (KHTML, like Gecko) Chrome/148.0.0.0 Mobile Safari/537.36"
2a02:ce0:3002:fc24:91fd:1826:f99b:901b - - [28/May/2026:12:53:54 +0000] "GET /wp-content/uploads/al_opt_content/SCRIPT/autozone.com.sa/wp-content/plugins/woo-variation-gallery/assets/js/6a1780a75612b793c363005e/6a1780a75612b793c363005e-ece57052419265cf2b46fb4694c5659f_slick.min.js?ver=1.8.1 HTTP/1.1" 200 10678 "-" "Mozilla/5.0 (Linux; Android 10; K) AppleWebKit/537.36 (KHTML, like Gecko) Chrome/148.0.0.0 Mobile Safari/537.36"
2a02:ce0:3002:fc24:91fd:1826:f99b:901b - - [28/May/2026:12:53:54 +0000] "GET /wp-content/uploads/al_opt_content/SCRIPT/autozone.com.sa/wp-content/plugins/pixelyoursite/dist/scripts/6a1780a75612b793c363005e/6a1780a75612b793c363005e-fbaff6df5010e82fec77e88acd359eb5_js.cookie-2.1.3.min.js?ver=2.1.3 HTTP/1.1" 200 874 "-" "Mozilla/5.0 (Linux; Android 10; K) AppleWebKit/537.36 (KHTML, like Gecko) Chrome/148.0.0.0 Mobile Safari/537.36"
2a02:ce0:3002:fc24:91fd:1826:f99b:901b - - [28/May/2026:12:53:54 +0000] "GET /wp-content/uploads/al_opt_content/SCRIPT/autozone.com.sa/wp-content/plugins/jet-elements/assets/js/lib/tweenjs/6a1780a75612b793c363005e/6a1780a75612b793c363005e-31f70c27b0270bf2036ea46c1b69ea35_tweenjs.min.js?ver=2.0.2 HTTP/1.1" 200 38470 "-" "Mozilla/5.0 (Linux; Android 10; K) AppleWebKit/537.36 (KHTML, like Gecko) Chrome/148.0.0.0 Mobile Safari/537.36"
2a02:ce0:3002:fc24:91fd:1826:f99b:901b - - [28/May/2026:12:53:54 +0000] "GET /wp-content/uploads/al_opt_content/SCRIPT/autozone.com.sa/wp-content/plugins/woocommerce/assets/js/frontend/6a1780a75612b793c363005e/6a1780a75612b793c363005e-ae52867db002b2f95a21b85b3b518a04_cart-fragments.min.js?ver=10.8.0 HTTP/1.1" 200 1045 "-" "Mozilla/5.0 (Linux; Android 10; K) AppleWebKit/537.36 (KHTML, like Gecko) Chrome/148.0.0.0 Mobile Safari/537.36"
2a02:ce0:3002:fc24:91fd:1826:f99b:901b - - [28/May/2026:12:53:54 +0000] "GET /wp-content/uploads/al_opt_content/SCRIPT/autozone.com.sa/wp-content/plugins/jet-tricks/assets/js/lib/tippy/6a1780a75612b793c363005e/6a1780a75612b793c363005e-e06bdc38028726b6c7787379a78c1ac2_popperjs.js?ver=2.11.8 HTTP/1.1" 200 7335 "-" "Mozilla/5.0 (Linux; Android 10; K) AppleWebKit/537.36 (KHTML, like Gecko) Chrome/148.0.0.0 Mobile Safari/537.36"
2a02:ce0:3002:fc24:91fd:1826:f99b:901b - - [28/May/2026:12:53:54 +0000] "GET /wp-content/uploads/al_opt_content/SCRIPT/autozone.com.sa/wp-includes/js/jquery/6a1780a75612b793c363005e/6a1780a75612b793c363005e-16cb9084c573484b0cbcd8b282b41204_jquery.min.js?ver=3.7.1 HTTP/1.1" 200 30377 "-" "Mozilla/5.0 (Linux; Android 10; K) AppleWebKit/537.36 (KHTML, like Gecko) Chrome/148.0.0.0 Mobile Safari/537.36"
2a02:ce0:3002:fc24:91fd:1826:f99b:901b - - [28/May/2026:12:53:54 +0000] "GET /wp-content/uploads/al_opt_content/SCRIPT/autozone.com.sa/wp-content/plugins/jet-blocks/assets/js/lib/jsticky/6a1780a75612b793c363005e/6a1780a75612b793c363005e-31179c7ad561a12763dd193320593440_jquery.jsticky.min.js?ver=1.1.0 HTTP/1.1" 200 623 "-" "Mozilla/5.0 (Linux; Android 10; K) AppleWebKit/537.36 (KHTML, like Gecko) Chrome/148.0.0.0 Mobile Safari/537.36"
2a02:ce0:3002:fc24:91fd:1826:f99b:901b - - [28/May/2026:12:53:54 +0000] "GET /wp-content/uploads/al_opt_content/SCRIPT/autozone.com.sa/wp-content/plugins/jet-blocks/assets/js/6a1780a75612b793c363005e/6a1780a75612b793c363005e-804edf8aaee54552a29b50e63f950255_jet-blocks.min.js?ver=1.4.0 HTTP/1.1" 200 6964 "-" "Mozilla/5.0 (Linux; Android 10; K) AppleWebKit/537.36 (KHTML, like Gecko) Chrome/148.0.0.0 Mobile Safari/537.36"
2a02:ce0:3002:fc24:91fd:1826:f99b:901b - - [28/May/2026:12:53:54 +0000] "GET /wp-content/uploads/al_opt_content/SCRIPT/autozone.com.sa/wp-content/plugins/jet-tricks/assets/js/lib/ts-particles/1.18.11/6a1780a75612b793c363005e/6a1780a75612b793c363005e-fdd6f7d0e809e719153d1d5b93708211_tsparticles.min.js?ver=1.18.11 HTTP/1.1" 200 34623 "-" "Mozilla/5.0 (Linux; Android 10; K) AppleWebKit/537.36 (KHTML, like Gecko) Chrome/148.0.0.0 Mobile Safari/537.36"
2a02:ce0:3002:fc24:91fd:1826:f99b:901b - - [28/May/2026:12:53:54 +0000] "GET /wp-content/uploads/al_opt_content/SCRIPT/autozone.com.sa/wp-content/plugins/ultimate-post-kit/assets/js/6a1780a75612b793c363005e/6a1780a75612b793c363005e-ddeb638dbe370b1d0fb48e8d13b7af2b_upk-site.min.js?ver=4.1.5 HTTP/1.1" 200 255 "-" "Mozilla/5.0 (Linux; Android 10; K) AppleWebKit/537.36 (KHTML, like Gecko) Chrome/148.0.0.0 Mobile Safari/537.36"
2a02:ce0:3002:fc24:91fd:1826:f99b:901b - - [28/May/2026:12:53:54 +0000] "GET /wp-content/uploads/al_opt_content/SCRIPT/autozone.com.sa/wp-content/plugins/woocommerce/assets/js/sourcebuster/6a1780a75612b793c363005e/6a1780a75612b793c363005e-fc06080ebf979384eaf92a5f1cd7a50b_sourcebuster.min.js?ver=10.8.0 HTTP/1.1" 200 4807 "-" "Mozilla/5.0 (Linux; Android 10; K) AppleWebKit/537.36 (KHTML, like Gecko) Chrome/148.0.0.0 Mobile Safari/537.36"
2a02:ce0:3002:fc24:91fd:1826:f99b:901b - - [28/May/2026:12:53:54 +0000] "GET /wp-content/uploads/al_opt_content/SCRIPT/autozone.com.sa/wp-content/plugins/pixelyoursite/dist/scripts/6a1780a75612b793c363005e/6a1780a75612b793c363005e-ff9016c99f73c592c2648319ea6d2074_jquery.bind-first-0.2.3.min.js?ver=0.2.3 HTTP/1.1" 200 689 "-" "Mozilla/5.0 (Linux; Android 10; K) AppleWebKit/537.36 (KHTML, like Gecko) Chrome/148.0.0.0 Mobile Safari/537.36"
2a02:ce0:3002:fc24:91fd:1826:f99b:901b - - [28/May/2026:12:53:54 +0000] "GET /wp-content/uploads/al_opt_content/SCRIPT/autozone.com.sa/wp-content/plugins/woocommerce/assets/js/frontend/6a1780a75612b793c363005e/6a1780a75612b793c363005e-d6843fa9b6dfd1cae807f2c375830d09_add-to-cart.min.js?ver=10.8.0 HTTP/1.1" 200 1439 "-" "Mozilla/5.0 (Linux; Android 10; K) AppleWebKit/537.36 (KHTML, like Gecko) Chrome/148.0.0.0 Mobile Safari/537.36"
2a02:ce0:3002:fc24:91fd:1826:f99b:901b - - [28/May/2026:12:53:54 +0000] "GET /wp-content/uploads/al_opt_content/SCRIPT/autozone.com.sa/wp-includes/js/jquery/6a1780a75612b793c363005e/6a1780a75612b793c363005e-9ffeb32e2d9efbf8f70caabded242267_jquery-migrate.min.js?ver=3.4.1 HTTP/1.1" 200 4872 "-" "Mozilla/5.0 (Linux; Android 10; K) AppleWebKit/537.36 (KHTML, like Gecko) Chrome/148.0.0.0 Mobile Safari/537.36"
