74.125.210.201 - - [28/May/2026:14:45:55 +0000] "GET /wp-content/uploads/al_opt_content/SCRIPT/autozone.com.sa/wp-content/plugins/jet-tricks/assets/js/6a1780a75612b793c363005e/6a1780a75612b793c363005e-fe80a700e636965d3083ed128737a1ed_jet-tricks-frontend.js?ver=1.5.10 HTTP/1.1" 200 8281 "-" "Mozilla/5.0 (Linux; Android 10; K) AppleWebKit/537.36 (KHTML, like Gecko) Chrome/138.0.0.0 Mobile Safari/537.36 (compatible; Google-Read-Aloud; +https://support.google.com/webmasters/answer/1061943)"
74.125.210.192 - - [28/May/2026:14:45:55 +0000] "GET /wp-content/plugins/fluentform/assets/js/fluentform-advanced.js?ver=6.2.0 HTTP/1.1" 200 14511 "-" "Mozilla/5.0 (Linux; Android 10; K) AppleWebKit/537.36 (KHTML, like Gecko) Chrome/138.0.0.0 Mobile Safari/537.36 (compatible; Google-Read-Aloud; +https://support.google.com/webmasters/answer/1061943)"
74.125.210.196 - - [28/May/2026:14:45:55 +0000] "GET /wp-content/plugins/fluentform/assets/js/form-submission.js?ver=6.2.0 HTTP/1.1" 200 8505 "-" "Mozilla/5.0 (Linux; Android 10; K) AppleWebKit/537.36 (KHTML, like Gecko) Chrome/138.0.0.0 Mobile Safari/537.36 (compatible; Google-Read-Aloud; +https://support.google.com/webmasters/answer/1061943)"
74.125.210.200 - - [28/May/2026:14:45:55 +0000] "GET /wp-content/uploads/al_opt_content/SCRIPT/autozone.com.sa/wp-content/plugins/jet-tricks/assets/js/lib/tippy/6a1780a75612b793c363005e/6a1780a75612b793c363005e-b586d1460aad676dc4673760b21727f0_tippy-bundle.js?ver=6.3.7 HTTP/1.1" 200 14513 "-" "Mozilla/5.0 (Linux; Android 10; K) AppleWebKit/537.36 (KHTML, like Gecko) Chrome/138.0.0.0 Mobile Safari/537.36 (compatible; Google-Read-Aloud; +https://support.google.com/webmasters/answer/1061943)"
74.125.210.201 - - [28/May/2026:14:45:55 +0000] "GET /wp-content/uploads/al_opt_content/SCRIPT/autozone.com.sa/wp-content/plugins/jet-compare-wishlist/assets/js/dist/6a1780a75612b793c363005e/6a1780a75612b793c363005e-698fec8ff147d68358a50b1774f33565_frontend.js?ver=1.5.12.2 HTTP/1.1" 200 1933 "-" "Mozilla/5.0 (Linux; Android 10; K) AppleWebKit/537.36 (KHTML, like Gecko) Chrome/138.0.0.0 Mobile Safari/537.36 (compatible; Google-Read-Aloud; +https://support.google.com/webmasters/answer/1061943)"
74.125.210.201 - - [28/May/2026:14:45:55 +0000] "GET /wp-content/plugins/fluentformpro/public/libs/math-expression.min.js?ver=1.2.17 HTTP/1.1" 200 4172 "-" "Mozilla/5.0 (Linux; Android 10; K) AppleWebKit/537.36 (KHTML, like Gecko) Chrome/138.0.0.0 Mobile Safari/537.36 (compatible; Google-Read-Aloud; +https://support.google.com/webmasters/answer/1061943)"
74.125.210.194 - - [28/May/2026:14:45:55 +0000] "GET /wp-content/uploads/al_opt_content/SCRIPT/autozone.com.sa/wp-content/plugins/jet-tricks/assets/js/lib/ts-particles/1.18.11/6a1780a75612b793c363005e/6a1780a75612b793c363005e-fdd6f7d0e809e719153d1d5b93708211_tsparticles.min.js?ver=1.18.11 HTTP/1.1" 200 34623 "-" "Mozilla/5.0 (Linux; Android 10; K) AppleWebKit/537.36 (KHTML, like Gecko) Chrome/138.0.0.0 Mobile Safari/537.36 (compatible; Google-Read-Aloud; +https://support.google.com/webmasters/answer/1061943)"
74.125.210.194 - - [28/May/2026:14:45:55 +0000] "GET /wp-content/uploads/al_opt_content/SCRIPT/autozone.com.sa/wp-content/plugins/jet-popup/includes/elementor/assets/js/6a1780a75612b793c363005e/6a1780a75612b793c363005e-3f09ea3cee04647df66535f6cbd1b0c1_jet-popup-elementor-frontend.js?ver=2.0.21.1 HTTP/1.1" 200 2342 "-" "Mozilla/5.0 (Linux; Android 10; K) AppleWebKit/537.36 (KHTML, like Gecko) Chrome/138.0.0.0 Mobile Safari/537.36 (compatible; Google-Read-Aloud; +https://support.google.com/webmasters/answer/1061943)"
74.125.210.195 - - [28/May/2026:14:45:55 +0000] "GET /wp-content/uploads/al_opt_content/SCRIPT/autozone.com.sa/wp-content/plugins/jet-blog/assets/js/6a1780a75612b793c363005e/6a1780a75612b793c363005e-5b2e636dbea54c087348cd6d7f5a1f79_jet-blog.min.js?ver=2.4.8 HTTP/1.1" 200 3569 "-" "Mozilla/5.0 (Linux; Android 10; K) AppleWebKit/537.36 (KHTML, like Gecko) Chrome/138.0.0.0 Mobile Safari/537.36 (compatible; Google-Read-Aloud; +https://support.google.com/webmasters/answer/1061943)"
74.125.210.194 - - [28/May/2026:14:45:55 +0000] "GET /wp-content/uploads/al_opt_content/SCRIPT/autozone.com.sa/wp-content/plugins/jet-blocks/assets/js/6a1780a75612b793c363005e/6a1780a75612b793c363005e-804edf8aaee54552a29b50e63f950255_jet-blocks.min.js?ver=1.4.0 HTTP/1.1" 200 6964 "-" "Mozilla/5.0 (Linux; Android 10; K) AppleWebKit/537.36 (KHTML, like Gecko) Chrome/138.0.0.0 Mobile Safari/537.36 (compatible; Google-Read-Aloud; +https://support.google.com/webmasters/answer/1061943)"
74.125.210.194 - - [28/May/2026:14:45:55 +0000] "GET /wp-content/uploads/al_opt_content/SCRIPT/autozone.com.sa/wp-content/plugins/jet-elements/assets/js/lib/tweenjs/6a1780a75612b793c363005e/6a1780a75612b793c363005e-31f70c27b0270bf2036ea46c1b69ea35_tweenjs.min.js?ver=2.0.2 HTTP/1.1" 200 38470 "-" "Mozilla/5.0 (Linux; Android 10; K) AppleWebKit/537.36 (KHTML, like Gecko) Chrome/138.0.0.0 Mobile Safari/537.36 (compatible; Google-Read-Aloud; +https://support.google.com/webmasters/answer/1061943)"
74.125.210.195 - - [28/May/2026:14:45:55 +0000] "GET /wp-content/plugins/fluentformpro/public/libs/intl-tel-input/js/intlTelInputWithUtils.min.js?ver=25.5.2 HTTP/1.1" 200 72088 "-" "Mozilla/5.0 (Linux; Android 10; K) AppleWebKit/537.36 (KHTML, like Gecko) Chrome/138.0.0.0 Mobile Safari/537.36 (compatible; Google-Read-Aloud; +https://support.google.com/webmasters/answer/1061943)"
74.125.210.195 - - [28/May/2026:14:45:55 +0000] "GET /wp-content/uploads/al_opt_content/SCRIPT/autozone.com.sa/wp-content/plugins/jet-tricks/assets/js/lib/tippy/6a1780a75612b793c363005e/6a1780a75612b793c363005e-e06bdc38028726b6c7787379a78c1ac2_popperjs.js?ver=2.11.8 HTTP/1.1" 200 7335 "-" "Mozilla/5.0 (Linux; Android 10; K) AppleWebKit/537.36 (KHTML, like Gecko) Chrome/138.0.0.0 Mobile Safari/537.36 (compatible; Google-Read-Aloud; +https://support.google.com/webmasters/answer/1061943)"
74.125.210.194 - - [28/May/2026:14:45:55 +0000] "GET /wp-content/uploads/al_opt_content/SCRIPT/autozone.com.sa/wp-content/plugins/elementor/assets/js/6a1780a75612b793c363005e/6a1780a75612b793c363005e-070048edd0950b156f2884cc6be49958_frontend.min.js?ver=4.0.4 HTTP/1.1" 200 10339 "-" "Mozilla/5.0 (Linux; Android 10; K) AppleWebKit/537.36 (KHTML, like Gecko) Chrome/138.0.0.0 Mobile Safari/537.36 (compatible; Google-Read-Aloud; +https://support.google.com/webmasters/answer/1061943)"
74.125.210.196 - - [28/May/2026:14:45:55 +0000] "GET /wp-content/uploads/al_opt_content/SCRIPT/autozone.com.sa/wp-content/plugins/elementor/assets/js/6a1780a75612b793c363005e/6a1780a75612b793c363005e-9cd57e8cc70f6a9fc319c4c45fef6134_webpack.runtime.min.js?ver=4.0.4 HTTP/1.1" 200 2496 "-" "Mozilla/5.0 (Linux; Android 10; K) AppleWebKit/537.36 (KHTML, like Gecko) Chrome/138.0.0.0 Mobile Safari/537.36 (compatible; Google-Read-Aloud; +https://support.google.com/webmasters/answer/1061943)"
74.125.210.196 - - [28/May/2026:14:45:55 +0000] "GET /wp-content/uploads/al_opt_content/SCRIPT/autozone.com.sa/wp-content/plugins/elementor/assets/js/6a1780a75612b793c363005e/6a1780a75612b793c363005e-a3543601e9c09c9b8554ec6f6c8a2174_frontend-modules.min.js?ver=4.0.4 HTTP/1.1" 200 15970 "-" "Mozilla/5.0 (Linux; Android 10; K) AppleWebKit/537.36 (KHTML, like Gecko) Chrome/138.0.0.0 Mobile Safari/537.36 (compatible; Google-Read-Aloud; +https://support.google.com/webmasters/answer/1061943)"
2a01:4ff:f4:3059::1 - - [28/May/2026:14:45:54 +0000] "GET /product/%D8%AC%D9%8A%D8%AA%D9%88%D8%B1-%D8%AF%D8%A7%D8%B4%D9%8A%D9%86%D8%AC-%D9%83%D9%88%D9%85%D9%81%D9%88%D8%B1%D8%AA-2025-%D9%86%D8%B3%D8%AE%D8%A9/ HTTP/1.1" 200 38797 "-" "Mozilla/5.0 (Macintosh; Intel Mac OS X 10_15_7) AppleWebKit/537.36 (KHTML, like Gecko) Chrome/146.0.0.0 Safari/537.36"
2001:16a2:4658:7900:409a:f798:213:b1ca - - [28/May/2026:14:45:55 +0000] "GET /product/toyota-camry-2025/ HTTP/1.1" 200 38487 "https://autozone.com.sa//shop/" "Mozilla/5.0 (iPhone; CPU iPhone OS 18_7 like Mac OS X) AppleWebKit/605.1.15 (KHTML, like Gecko) Version/26.3 Mobile/15E148 Safari/604.1"
2a02:c207:2326:2252::1 - - [28/May/2026:14:45:55 +0000] "GET /wp-content/uploads/2018/11/2018-Chevrolet-Traverse-798x466.jpg HTTP/1.1" 404 16946 "-" "Mozilla/5.0 (Macintosh; Intel Mac OS X 10_15_7) AppleWebKit/537.36 (KHTML, like Gecko) Chrome/120.0.0.0 Safari/537.36"
2620:121:5042:51:6002:: - - [28/May/2026:14:46:06 +0000] "GET /ramadan-0-profit-campaign-lp/?utm_source=SNAPCHAT&utm_medium=CPC&utm_campaign=Ramadan_0_Profit_Feb_24&utm_id=Ramadan_0_Profit_Feb_24&ScCid=336bacd5-8461-4792-a816-d158264d2517&ScCid=336bacd5-8461-4792-a816-d158264d2517 HTTP/1.1" 404 17017 "https://europe-west1-gcp.api.snapchat.com/adtracker/tc?eid=431c1c7e-0754-43b2-87cb-c837fb0011c7&locale=ar-SA&t=BgAAAAcAAABrNDE0NzkwAAEAAHqgEkpUU8MuXnqWGOwZRLW6HWz31qmDg_DWMPxxzqpp1P43Ivv-rQXbwuDTEi69vM8vPT6TvUL9AUHaS5WvVPR-LQOGuzx9tw7IERBkRmauf599Lqw6BQJebdx_tfu451JOmSZ9ezJjakEmyPQzpi6Nn-QhNcFbU7VFZeMTqkhG6bVDqDcuLXrmuMOAhFGNEuzxLi6t2j7vZcrkt-_RzvGnkOF9dmHNgJI19RqVoK9fxuzsSBWCa84uPkvKVK-54g9K6Lk5lDsXxQ9Hhk0MzXEYX5j69KgnfeT-NBXt0d3vrpdVx-vA924L7Z_PTn_4q4wA7E7KtSyUvVyU8qKpExMUAAAAYWRyZXF1ZXN0LWVuY3J5cHRpb24QAAAA0gt1BNi0Se-_4JIVIzJDaw%3D%3D" "Snap URL Preview Service; bot; snapchat; https://developers.snap.com/robots"
54.189.149.152 - - [28/May/2026:14:46:09 +0000] "GET /wp-content/uploads/2021/02/ezgif-4-2870c5d3eb42-255x135.jpg HTTP/1.1" 404 16951 "-" "Mozilla/5.0 (Windows NT 10.0; Win64; x64) AppleWebKit/537.36 (KHTML, like Gecko) Chrome/144.0.0.0 Safari/537.36"
37.224.241.73 - - [28/May/2026:14:46:14 +0000] "GET / HTTP/1.1" 200 65358 "https://www.google.com/" "Mozilla/5.0 (Linux; Android 10; K) AppleWebKit/537.36 (KHTML, like Gecko) Chrome/148.0.0.0 Mobile Safari/537.36"
37.224.241.73 - - [28/May/2026:14:46:20 +0000] "GET /financial-calculator/ HTTP/1.1" 200 42293 "https://www.google.com/" "Mozilla/5.0 (Linux; Android 10; K) AppleWebKit/537.36 (KHTML, like Gecko) Chrome/148.0.0.0 Mobile Safari/537.36"
116.179.37.59 - - [28/May/2026:14:46:20 +0000] "GET /wp-content/uploads/2019/12/Sonata-03-min.jpg HTTP/1.1" 404 16939 "https://buhhraed.web.app/" "Mozilla/5.0 (compatible; Baiduspider-render/2.0; +http://www.baidu.com/search/spider.html)"
34.217.10.155 - - [28/May/2026:14:46:22 +0000] "GET /outlet/wp-content/uploads/2018/03/accent-interior-350x205.png HTTP/1.1" 301 20 "-" "Mozilla/5.0 (Windows NT 10.0; Win64; x64) AppleWebKit/537.36 (KHTML, like Gecko) Chrome/144.0.0.0 Safari/537.36"
35.86.175.144 - - [28/May/2026:14:46:22 +0000] "GET /outlet/wp-content/uploads/2018/03/Accent-1-350x205.jpg HTTP/1.1" 301 20 "-" "Mozilla/5.0 (Windows NT 10.0; Win64; x64) AppleWebKit/537.36 (KHTML, like Gecko) Chrome/144.0.0.0 Safari/537.36"
35.95.26.29 - - [28/May/2026:14:46:22 +0000] "GET /outlet/wp-content/uploads/2018/03/accent-interior-798x466.png HTTP/1.1" 301 20 "-" "Mozilla/5.0 (Windows NT 10.0; Win64; x64) AppleWebKit/537.36 (KHTML, like Gecko) Chrome/144.0.0.0 Safari/537.36"
54.201.57.178 - - [28/May/2026:14:46:22 +0000] "GET /outlet/wp-content/uploads/2018/03/Accent-2-798x466.jpg HTTP/1.1" 301 20 "-" "Mozilla/5.0 (Windows NT 10.0; Win64; x64) AppleWebKit/537.36 (KHTML, like Gecko) Chrome/144.0.0.0 Safari/537.36"
37.224.241.73 - - [28/May/2026:14:46:23 +0000] "POST /?wc-ajax=get_refreshed_fragments HTTP/1.1" 200 858 "https://autozone.com.sa/financial-calculator/" "Mozilla/5.0 (Linux; Android 10; K) AppleWebKit/537.36 (KHTML, like Gecko) Chrome/148.0.0.0 Mobile Safari/537.36"
35.167.88.11 - - [28/May/2026:14:46:23 +0000] "GET /outlet/wp-content/uploads/2018/03/Accent-2-350x205.jpg HTTP/1.1" 301 20 "-" "Mozilla/5.0 (Windows NT 10.0; Win64; x64) AppleWebKit/537.36 (KHTML, like Gecko) Chrome/144.0.0.0 Safari/537.36"
37.224.241.73 - - [28/May/2026:14:46:23 +0000] "POST /wp-json/iawp/search HTTP/1.1" 200 36 "https://autozone.com.sa/financial-calculator/" "Mozilla/5.0 (Linux; Android 10; K) AppleWebKit/537.36 (KHTML, like Gecko) Chrome/148.0.0.0 Mobile Safari/537.36"
34.217.30.16 - - [28/May/2026:14:46:23 +0000] "GET /outlet/wp-content/uploads/2018/03/Accent-1-798x466.jpg HTTP/1.1" 301 20 "-" "Mozilla/5.0 (Windows NT 10.0; Win64; x64) AppleWebKit/537.36 (KHTML, like Gecko) Chrome/144.0.0.0 Safari/537.36"
35.86.175.144 - - [28/May/2026:14:46:24 +0000] "GET /outlet/wp-content/uploads/2018/03/Accent-1-350x205.jpg HTTP/1.1" 404 16959 "https://www.autozone.com.sa/outlet/wp-content/uploads/2018/03/Accent-1-350x205.jpg" "Mozilla/5.0 (Windows NT 10.0; Win64; x64) AppleWebKit/537.36 (KHTML, like Gecko) Chrome/144.0.0.0 Safari/537.36"
34.217.10.155 - - [28/May/2026:14:46:24 +0000] "GET /outlet/wp-content/uploads/2018/03/accent-interior-350x205.png HTTP/1.1" 404 16958 "https://www.autozone.com.sa/outlet/wp-content/uploads/2018/03/accent-interior-350x205.png" "Mozilla/5.0 (Windows NT 10.0; Win64; x64) AppleWebKit/537.36 (KHTML, like Gecko) Chrome/144.0.0.0 Safari/537.36"
35.95.26.29 - - [28/May/2026:14:46:24 +0000] "GET /outlet/wp-content/uploads/2018/03/accent-interior-798x466.png HTTP/1.1" 404 16957 "https://www.autozone.com.sa/outlet/wp-content/uploads/2018/03/accent-interior-798x466.png" "Mozilla/5.0 (Windows NT 10.0; Win64; x64) AppleWebKit/537.36 (KHTML, like Gecko) Chrome/144.0.0.0 Safari/537.36"
54.201.57.178 - - [28/May/2026:14:46:24 +0000] "GET /outlet/wp-content/uploads/2018/03/Accent-2-798x466.jpg HTTP/1.1" 404 16959 "https://www.autozone.com.sa/outlet/wp-content/uploads/2018/03/Accent-2-798x466.jpg" "Mozilla/5.0 (Windows NT 10.0; Win64; x64) AppleWebKit/537.36 (KHTML, like Gecko) Chrome/144.0.0.0 Safari/537.36"
35.167.88.11 - - [28/May/2026:14:46:25 +0000] "GET /outlet/wp-content/uploads/2018/03/Accent-2-350x205.jpg HTTP/1.1" 404 16958 "https://www.autozone.com.sa/outlet/wp-content/uploads/2018/03/Accent-2-350x205.jpg" "Mozilla/5.0 (Windows NT 10.0; Win64; x64) AppleWebKit/537.36 (KHTML, like Gecko) Chrome/144.0.0.0 Safari/537.36"
34.217.30.16 - - [28/May/2026:14:46:26 +0000] "GET /outlet/wp-content/uploads/2018/03/Accent-1-798x466.jpg HTTP/1.1" 404 16958 "https://www.autozone.com.sa/outlet/wp-content/uploads/2018/03/Accent-1-798x466.jpg" "Mozilla/5.0 (Windows NT 10.0; Win64; x64) AppleWebKit/537.36 (KHTML, like Gecko) Chrome/144.0.0.0 Safari/537.36"
37.224.241.73 - - [28/May/2026:14:46:38 +0000] "GET / HTTP/1.1" 200 65334 "https://www.google.com/" "Mozilla/5.0 (Linux; Android 10; K) AppleWebKit/537.36 (KHTML, like Gecko) Chrome/148.0.0.0 Mobile Safari/537.36"
37.224.241.73 - - [28/May/2026:14:46:49 +0000] "GET /wp-content/uploads/al_opt_content/IMAGE/autozone.com.sa/wp-content/uploads/2025/01/2.webp.bv_resized_mobile.webp.bv.webp?bv_host=autozone.com.sa HTTP/1.1" 200 4365 "https://autozone.com.sa/" "Mozilla/5.0 (Linux; Android 10; K) AppleWebKit/537.36 (KHTML, like Gecko) Chrome/148.0.0.0 Mobile Safari/537.36"
37.224.241.73 - - [28/May/2026:14:46:49 +0000] "GET /wp-content/uploads/al_opt_content/IMAGE/autozone.com.sa/wp-content/uploads/2025/01/3.webp.bv_resized_mobile.webp.bv.webp?bv_host=autozone.com.sa HTTP/1.1" 200 3801 "https://autozone.com.sa/" "Mozilla/5.0 (Linux; Android 10; K) AppleWebKit/537.36 (KHTML, like Gecko) Chrome/148.0.0.0 Mobile Safari/537.36"
37.224.241.73 - - [28/May/2026:14:46:48 +0000] "POST /?wc-ajax=get_refreshed_fragments HTTP/1.1" 200 858 "https://autozone.com.sa/" "Mozilla/5.0 (Linux; Android 10; K) AppleWebKit/537.36 (KHTML, like Gecko) Chrome/148.0.0.0 Mobile Safari/537.36"
37.224.241.73 - - [28/May/2026:14:46:48 +0000] "POST /wp-json/iawp/search HTTP/1.1" 200 36 "https://autozone.com.sa/" "Mozilla/5.0 (Linux; Android 10; K) AppleWebKit/537.36 (KHTML, like Gecko) Chrome/148.0.0.0 Mobile Safari/537.36"
172.105.42.26 - - [28/May/2026:14:47:03 +0000] "POST /wp-cron.php?doing_wp_cron=1779979623.8941109180450439453125 HTTP/1.1" 200 20 "-" "WordPress/7.0; https://autozone.com.sa"
37.224.241.73 - - [28/May/2026:14:47:02 +0000] "POST /wp-admin/admin-ajax.php HTTP/1.1" 200 616 "https://autozone.com.sa/" "Mozilla/5.0 (Linux; Android 10; K) AppleWebKit/537.36 (KHTML, like Gecko) Chrome/148.0.0.0 Mobile Safari/537.36"
66.249.75.109 - - [28/May/2026:14:47:12 +0000] "GET /en/ HTTP/1.1" 200 62039 "-" "Mozilla/5.0 (compatible; Googlebot/2.1; +http://www.google.com/bot.html)"
66.249.75.110 - - [28/May/2026:14:47:18 +0000] "GET /wp-content/plugins/woocommerce/assets/css/woocommerce.css?ver=10.8.0 HTTP/1.1" 200 11128 "https://autozone.com.sa/en/" "Mozilla/5.0 AppleWebKit/537.36 (KHTML, like Gecko; compatible; Googlebot/2.1; +http://www.google.com/bot.html) Chrome/148.0.7778.96 Safari/537.36"
66.249.75.109 - - [28/May/2026:14:47:21 +0000] "GET /wp-content/plugins/woocommerce/assets/css/photoswipe/default-skin/default-skin.min.css?ver=10.8.0 HTTP/1.1" 200 1952 "https://autozone.com.sa/en/" "Mozilla/5.0 AppleWebKit/537.36 (KHTML, like Gecko; compatible; Googlebot/2.1; +http://www.google.com/bot.html) Chrome/148.0.7778.96 Safari/537.36"
66.249.75.109 - - [28/May/2026:14:47:24 +0000] "GET /wp-content/plugins/bdthemes-element-pack/assets/css/ep-animated-card.css?ver=9.3.0 HTTP/1.1" 200 903 "https://autozone.com.sa/en/" "Mozilla/5.0 AppleWebKit/537.36 (KHTML, like Gecko; compatible; Googlebot/2.1; +http://www.google.com/bot.html) Chrome/148.0.7778.96 Safari/537.36"
66.249.75.109 - - [28/May/2026:14:47:27 +0000] "GET /wp-content/plugins/elementor/assets/css/widget-spacer.min.css?ver=4.0.4 HTTP/1.1" 200 338 "https://autozone.com.sa/en/" "Mozilla/5.0 AppleWebKit/537.36 (KHTML, like Gecko; compatible; Googlebot/2.1; +http://www.google.com/bot.html) Chrome/148.0.7778.96 Safari/537.36"
66.249.75.109 - - [28/May/2026:14:47:29 +0000] "GET /wp-content/plugins/elementor/assets/lib/animations/styles/fadeInUp.min.css?ver=4.0.4 HTTP/1.1" 200 117 "https://autozone.com.sa/en/" "Mozilla/5.0 AppleWebKit/537.36 (KHTML, like Gecko; compatible; Googlebot/2.1; +http://www.google.com/bot.html) Chrome/148.0.7778.96 Safari/537.36"
66.249.75.109 - - [28/May/2026:14:47:33 +0000] "GET /wp-content/uploads/al_opt_content/SCRIPT/autozone.com.sa/wp-content/plugins/woo-variation-swatches/assets/js/6a1780a75612b793c363005e/6a1780a75612b793c363005e-7c9202d61cc00180acee3ce0c63a949b_frontend.min.js?ver=2.2.3 HTTP/1.1" 200 4963 "-" "Mozilla/5.0 AppleWebKit/537.36 (KHTML, like Gecko; compatible; Googlebot/2.1; +http://www.google.com/bot.html) Chrome/148.0.7778.96 Safari/537.36"
66.249.75.109 - - [28/May/2026:14:47:37 +0000] "GET /wp-content/uploads/al_opt_content/SCRIPT/autozone.com.sa/wp-content/plugins/woocommerce/assets/js/jquery-blockui/6a1780a75612b793c363005e/6a1780a75612b793c363005e-ef56117d1bb5cc41aa6bd127a49c7640_jquery.blockUI.min.js?ver=2.7.0-wc.10.8.0 HTTP/1.1" 200 3537 "-" "Mozilla/5.0 AppleWebKit/537.36 (KHTML, like Gecko; compatible; Googlebot/2.1; +http://www.google.com/bot.html) Chrome/148.0.7778.96 Safari/537.36"
66.249.75.109 - - [28/May/2026:14:47:40 +0000] "GET /wp-content/uploads/al_opt_content/SCRIPT/autozone.com.sa/wp-includes/js/6a1780a75612b793c363005e/6a1780a75612b793c363005e-6823120876c9afc8929418c9a6f8e343_imagesloaded.min.js?ver=5.0.0 HTTP/1.1" 200 1803 "-" "Mozilla/5.0 AppleWebKit/537.36 (KHTML, like Gecko; compatible; Googlebot/2.1; +http://www.google.com/bot.html) Chrome/148.0.7778.96 Safari/537.36"
66.249.75.109 - - [28/May/2026:14:47:44 +0000] "GET /wp-content/uploads/al_opt_content/SCRIPT/autozone.com.sa/wp-content/plugins/jet-tricks/assets/js/lib/tippy/6a1780a75612b793c363005e/6a1780a75612b793c363005e-b586d1460aad676dc4673760b21727f0_tippy-bundle.js?ver=6.3.7 HTTP/1.1" 200 14513 "-" "Mozilla/5.0 AppleWebKit/537.36 (KHTML, like Gecko; compatible; Googlebot/2.1; +http://www.google.com/bot.html) Chrome/148.0.7778.96 Safari/537.36"
172.105.42.26 - - [28/May/2026:14:47:46 +0000] "POST /wp-cron.php?doing_wp_cron=1779979666.8969349861145019531250 HTTP/1.1" 200 20 "-" "WordPress/7.0; https://autozone.com.sa"
37.224.241.73 - - [28/May/2026:14:47:44 +0000] "POST //shop/ HTTP/1.1" 200 19574 "https://autozone.com.sa/" "Mozilla/5.0 (Linux; Android 10; K) AppleWebKit/537.36 (KHTML, like Gecko) Chrome/148.0.0.0 Mobile Safari/537.36"
37.224.241.73 - - [28/May/2026:14:47:47 +0000] "GET /wp-content/uploads/2025/07/BGC_1405-300x300.webp HTTP/1.1" 200 15411 "https://autozone.com.sa//shop/" "Mozilla/5.0 (Linux; Android 10; K) AppleWebKit/537.36 (KHTML, like Gecko) Chrome/148.0.0.0 Mobile Safari/537.36"
37.224.241.73 - - [28/May/2026:14:47:47 +0000] "GET /wp-content/uploads/2025/07/BGC_6099-1-300x300.webp HTTP/1.1" 200 15242 "https://autozone.com.sa//shop/" "Mozilla/5.0 (Linux; Android 10; K) AppleWebKit/537.36 (KHTML, like Gecko) Chrome/148.0.0.0 Mobile Safari/537.36"
37.224.241.73 - - [28/May/2026:14:47:47 +0000] "GET /wp-content/uploads/2025/07/BGC_6492-300x300.webp HTTP/1.1" 200 15195 "https://autozone.com.sa//shop/" "Mozilla/5.0 (Linux; Android 10; K) AppleWebKit/537.36 (KHTML, like Gecko) Chrome/148.0.0.0 Mobile Safari/537.36"
37.224.241.73 - - [28/May/2026:14:47:47 +0000] "GET /wp-content/uploads/2025/07/BGC_6000-300x300.webp HTTP/1.1" 200 15557 "https://autozone.com.sa//shop/" "Mozilla/5.0 (Linux; Android 10; K) AppleWebKit/537.36 (KHTML, like Gecko) Chrome/148.0.0.0 Mobile Safari/537.36"
37.224.241.73 - - [28/May/2026:14:47:47 +0000] "GET /wp-content/uploads/2025/04/6BGC_0008-scaled-copy-300x300.webp HTTP/1.1" 200 17498 "https://autozone.com.sa//shop/" "Mozilla/5.0 (Linux; Android 10; K) AppleWebKit/537.36 (KHTML, like Gecko) Chrome/148.0.0.0 Mobile Safari/537.36"
37.224.241.73 - - [28/May/2026:14:47:47 +0000] "GET /wp-content/uploads/2026/01/BGC_5738-copy-21-300x300.webp HTTP/1.1" 200 9235 "https://autozone.com.sa//shop/" "Mozilla/5.0 (Linux; Android 10; K) AppleWebKit/537.36 (KHTML, like Gecko) Chrome/148.0.0.0 Mobile Safari/537.36"
37.224.241.73 - - [28/May/2026:14:47:47 +0000] "GET /wp-content/uploads/2026/01/BGC_5738-copy-8-300x300.webp HTTP/1.1" 200 9515 "https://autozone.com.sa//shop/" "Mozilla/5.0 (Linux; Android 10; K) AppleWebKit/537.36 (KHTML, like Gecko) Chrome/148.0.0.0 Mobile Safari/537.36"
37.224.241.73 - - [28/May/2026:14:47:47 +0000] "GET /wp-content/uploads/2025/07/BGC_6880-300x300.webp HTTP/1.1" 200 18105 "https://autozone.com.sa//shop/" "Mozilla/5.0 (Linux; Android 10; K) AppleWebKit/537.36 (KHTML, like Gecko) Chrome/148.0.0.0 Mobile Safari/537.36"
37.224.241.73 - - [28/May/2026:14:47:47 +0000] "GET /wp-content/plugins/ultimate-post-kit/assets/js/upk-site.min.js?ver=4.1.5 HTTP/1.1" 200 255 "https://autozone.com.sa//shop/" "Mozilla/5.0 (Linux; Android 10; K) AppleWebKit/537.36 (KHTML, like Gecko) Chrome/148.0.0.0 Mobile Safari/537.36"
37.224.241.73 - - [28/May/2026:14:47:47 +0000] "GET /wp-content/plugins/bdthemes-prime-slider-lite/assets/js/prime-slider-site.min.js?ver=4.1.12 HTTP/1.1" 200 982 "https://autozone.com.sa//shop/" "Mozilla/5.0 (Linux; Android 10; K) AppleWebKit/537.36 (KHTML, like Gecko) Chrome/148.0.0.0 Mobile Safari/537.36"
37.224.241.73 - - [28/May/2026:14:47:47 +0000] "GET /wp-content/plugins/bdthemes-element-pack/assets/js/bdt-uikit.min.js?ver=3.21.7 HTTP/1.1" 200 49707 "https://autozone.com.sa//shop/" "Mozilla/5.0 (Linux; Android 10; K) AppleWebKit/537.36 (KHTML, like Gecko) Chrome/148.0.0.0 Mobile Safari/537.36"
37.224.241.73 - - [28/May/2026:14:47:47 +0000] "GET /wp-content/plugins/jet-woo-product-gallery/assets/lib/swiper/swiper.min.js?ver=5.3.6 HTTP/1.1" 200 35491 "https://autozone.com.sa//shop/" "Mozilla/5.0 (Linux; Android 10; K) AppleWebKit/537.36 (KHTML, like Gecko) Chrome/148.0.0.0 Mobile Safari/537.36"
37.224.241.73 - - [28/May/2026:14:47:47 +0000] "GET /wp-content/plugins/bdthemes-element-pack/assets/js/common/helper.min.js?ver=9.3.0 HTTP/1.1" 200 1905 "https://autozone.com.sa//shop/" "Mozilla/5.0 (Linux; Android 10; K) AppleWebKit/537.36 (KHTML, like Gecko) Chrome/148.0.0.0 Mobile Safari/537.36"
37.224.241.73 - - [28/May/2026:14:47:47 +0000] "GET /wp-content/plugins/pixelyoursite/dist/scripts/js.cookie-2.1.3.min.js?ver=2.1.3 HTTP/1.1" 200 874 "https://autozone.com.sa//shop/" "Mozilla/5.0 (Linux; Android 10; K) AppleWebKit/537.36 (KHTML, like Gecko) Chrome/148.0.0.0 Mobile Safari/537.36"
37.224.241.73 - - [28/May/2026:14:47:47 +0000] "GET /wp-content/plugins/woocommerce/assets/js/frontend/order-attribution.min.js?ver=10.8.0 HTTP/1.1" 200 1150 "https://autozone.com.sa//shop/" "Mozilla/5.0 (Linux; Android 10; K) AppleWebKit/537.36 (KHTML, like Gecko) Chrome/148.0.0.0 Mobile Safari/537.36"
37.224.241.73 - - [28/May/2026:14:47:47 +0000] "GET /wp-content/plugins/pixelyoursite/dist/scripts/public.js?ver=11.2.0.6 HTTP/1.1" 200 25878 "https://autozone.com.sa//shop/" "Mozilla/5.0 (Linux; Android 10; K) AppleWebKit/537.36 (KHTML, like Gecko) Chrome/148.0.0.0 Mobile Safari/537.36"
37.224.241.73 - - [28/May/2026:14:47:47 +0000] "GET /wp-content/plugins/woocommerce-multilingual/res/js/cart_widget.min.js?ver=5.5.5 HTTP/1.1" 200 523 "https://autozone.com.sa//shop/" "Mozilla/5.0 (Linux; Android 10; K) AppleWebKit/537.36 (KHTML, like Gecko) Chrome/148.0.0.0 Mobile Safari/537.36"
37.224.241.73 - - [28/May/2026:14:47:47 +0000] "GET /wp-content/plugins/jet-popup/assets/js/jet-popup-frontend.js?ver=2.0.21.1 HTTP/1.1" 200 6883 "https://autozone.com.sa//shop/" "Mozilla/5.0 (Linux; Android 10; K) AppleWebKit/537.36 (KHTML, like Gecko) Chrome/148.0.0.0 Mobile Safari/537.36"
37.224.241.73 - - [28/May/2026:14:47:47 +0000] "GET /wp-content/plugins/pixelyoursite/dist/scripts/tld.min.js?ver=2.3.1 HTTP/1.1" 200 40644 "https://autozone.com.sa//shop/" "Mozilla/5.0 (Linux; Android 10; K) AppleWebKit/537.36 (KHTML, like Gecko) Chrome/148.0.0.0 Mobile Safari/537.36"
37.224.241.73 - - [28/May/2026:14:47:47 +0000] "GET /wp-content/plugins/pixelyoursite/dist/scripts/jquery.bind-first-0.2.3.min.js?ver=0.2.3 HTTP/1.1" 200 689 "https://autozone.com.sa//shop/" "Mozilla/5.0 (Linux; Android 10; K) AppleWebKit/537.36 (KHTML, like Gecko) Chrome/148.0.0.0 Mobile Safari/537.36"
37.224.241.73 - - [28/May/2026:14:47:47 +0000] "GET /wp-content/plugins/woo-variation-swatches/assets/js/frontend.min.js?ver=2.2.3 HTTP/1.1" 200 4963 "https://autozone.com.sa//shop/" "Mozilla/5.0 (Linux; Android 10; K) AppleWebKit/537.36 (KHTML, like Gecko) Chrome/148.0.0.0 Mobile Safari/537.36"
37.224.241.73 - - [28/May/2026:14:47:47 +0000] "GET /wp-content/plugins/woocommerce/assets/js/sourcebuster/sourcebuster.min.js?ver=10.8.0 HTTP/1.1" 200 4807 "https://autozone.com.sa//shop/" "Mozilla/5.0 (Linux; Android 10; K) AppleWebKit/537.36 (KHTML, like Gecko) Chrome/148.0.0.0 Mobile Safari/537.36"
37.224.241.73 - - [28/May/2026:14:47:47 +0000] "GET /wp-content/themes/hello-elementor/assets/js/hello-frontend.js?ver=3.4.6 HTTP/1.1" 200 549 "https://autozone.com.sa//shop/" "Mozilla/5.0 (Linux; Android 10; K) AppleWebKit/537.36 (KHTML, like Gecko) Chrome/148.0.0.0 Mobile Safari/537.36"
37.224.241.73 - - [28/May/2026:14:47:47 +0000] "GET /wp-content/plugins/jet-elements/assets/js/lib/anime-js/anime.min.js?ver=2.2.0 HTTP/1.1" 200 6057 "https://autozone.com.sa//shop/" "Mozilla/5.0 (Linux; Android 10; K) AppleWebKit/537.36 (KHTML, like Gecko) Chrome/148.0.0.0 Mobile Safari/537.36"
37.224.241.73 - - [28/May/2026:14:47:47 +0000] "GET /wp-content/plugins/jet-search/assets/lib/jet-plugins/jet-plugins.js?ver=1.0.0 HTTP/1.1" 200 2282 "https://autozone.com.sa//shop/" "Mozilla/5.0 (Linux; Android 10; K) AppleWebKit/537.36 (KHTML, like Gecko) Chrome/148.0.0.0 Mobile Safari/537.36"
37.224.241.73 - - [28/May/2026:14:47:47 +0000] "GET /wp-includes/js/dist/url.min.js?ver=bb0f766c3d2efe497871 HTTP/1.1" 200 3875 "https://autozone.com.sa//shop/" "Mozilla/5.0 (Linux; Android 10; K) AppleWebKit/537.36 (KHTML, like Gecko) Chrome/148.0.0.0 Mobile Safari/537.36"
37.224.241.73 - - [28/May/2026:14:47:47 +0000] "GET /wp-includes/js/wp-util.min.js?ver=7.0 HTTP/1.1" 200 754 "https://autozone.com.sa//shop/" "Mozilla/5.0 (Linux; Android 10; K) AppleWebKit/537.36 (KHTML, like Gecko) Chrome/148.0.0.0 Mobile Safari/537.36"
37.224.241.73 - - [28/May/2026:14:47:47 +0000] "GET /wp-content/plugins/woo-variation-gallery/assets/js/frontend.min.js?ver=1779254503 HTTP/1.1" 200 4751 "https://autozone.com.sa//shop/" "Mozilla/5.0 (Linux; Android 10; K) AppleWebKit/537.36 (KHTML, like Gecko) Chrome/148.0.0.0 Mobile Safari/537.36"
37.224.241.73 - - [28/May/2026:14:47:47 +0000] "GET /wp-content/plugins/woocommerce/assets/js/frontend/woocommerce.min.js?ver=10.8.0 HTTP/1.1" 200 1586 "https://autozone.com.sa//shop/" "Mozilla/5.0 (Linux; Android 10; K) AppleWebKit/537.36 (KHTML, like Gecko) Chrome/148.0.0.0 Mobile Safari/537.36"
37.224.241.73 - - [28/May/2026:14:47:47 +0000] "GET /wp-content/plugins/woocommerce/assets/js/frontend/add-to-cart-variation.min.js?ver=10.8.0 HTTP/1.1" 200 3940 "https://autozone.com.sa//shop/" "Mozilla/5.0 (Linux; Android 10; K) AppleWebKit/537.36 (KHTML, like Gecko) Chrome/148.0.0.0 Mobile Safari/537.36"
37.224.241.73 - - [28/May/2026:14:47:47 +0000] "GET /wp-content/plugins/fluentform/assets/js/fluent-forms-elementor-widget.js?ver=6.2.0 HTTP/1.1" 200 426 "https://autozone.com.sa//shop/" "Mozilla/5.0 (Linux; Android 10; K) AppleWebKit/537.36 (KHTML, like Gecko) Chrome/148.0.0.0 Mobile Safari/537.36"
37.224.241.73 - - [28/May/2026:14:47:47 +0000] "GET /wp-content/plugins/woocommerce/assets/js/jquery-blockui/jquery.blockUI.min.js?ver=2.7.0-wc.10.8.0 HTTP/1.1" 200 3537 "https://autozone.com.sa//shop/" "Mozilla/5.0 (Linux; Android 10; K) AppleWebKit/537.36 (KHTML, like Gecko) Chrome/148.0.0.0 Mobile Safari/537.36"
37.224.241.73 - - [28/May/2026:14:47:47 +0000] "GET /wp-includes/js/api-request.min.js?ver=7.0 HTTP/1.1" 200 590 "https://autozone.com.sa//shop/" "Mozilla/5.0 (Linux; Android 10; K) AppleWebKit/537.36 (KHTML, like Gecko) Chrome/148.0.0.0 Mobile Safari/537.36"
37.224.241.73 - - [28/May/2026:14:47:47 +0000] "GET /wp-includes/js/dist/i18n.min.js?ver=781d11515ad3d91786ec HTTP/1.1" 200 2438 "https://autozone.com.sa//shop/" "Mozilla/5.0 (Linux; Android 10; K) AppleWebKit/537.36 (KHTML, like Gecko) Chrome/148.0.0.0 Mobile Safari/537.36"
37.224.241.73 - - [28/May/2026:14:47:47 +0000] "GET /wp-content/plugins/woocommerce/assets/js/frontend/add-to-cart.min.js?ver=10.8.0 HTTP/1.1" 200 1439 "https://autozone.com.sa//shop/" "Mozilla/5.0 (Linux; Android 10; K) AppleWebKit/537.36 (KHTML, like Gecko) Chrome/148.0.0.0 Mobile Safari/537.36"
37.224.241.73 - - [28/May/2026:14:47:47 +0000] "GET /wp-content/plugins/woo-variation-gallery/assets/js/slick.min.js?ver=1.8.1 HTTP/1.1" 200 10678 "https://autozone.com.sa//shop/" "Mozilla/5.0 (Linux; Android 10; K) AppleWebKit/537.36 (KHTML, like Gecko) Chrome/148.0.0.0 Mobile Safari/537.36"
37.224.241.73 - - [28/May/2026:14:47:47 +0000] "GET /wp-includes/js/dist/hooks.min.js?ver=7496969728ca0f95732d HTTP/1.1" 200 1799 "https://autozone.com.sa//shop/" "Mozilla/5.0 (Linux; Android 10; K) AppleWebKit/537.36 (KHTML, like Gecko) Chrome/148.0.0.0 Mobile Safari/537.36"
37.224.241.73 - - [28/May/2026:14:47:47 +0000] "GET /wp-content/plugins/woocommerce/assets/js/frontend/cart-fragments.min.js?ver=10.8.0 HTTP/1.1" 200 1045 "https://autozone.com.sa//shop/" "Mozilla/5.0 (Linux; Android 10; K) AppleWebKit/537.36 (KHTML, like Gecko) Chrome/148.0.0.0 Mobile Safari/537.36"
37.224.241.73 - - [28/May/2026:14:47:47 +0000] "GET /wp-includes/js/imagesloaded.min.js?ver=5.0.0 HTTP/1.1" 200 1803 "https://autozone.com.sa//shop/" "Mozilla/5.0 (Linux; Android 10; K) AppleWebKit/537.36 (KHTML, like Gecko) Chrome/148.0.0.0 Mobile Safari/537.36"
37.224.241.73 - - [28/May/2026:14:47:47 +0000] "GET /wp-content/plugins/sitepress-multilingual-cms/res/js/cookies/language-cookie.js?ver=494000 HTTP/1.1" 200 187 "https://autozone.com.sa//shop/" "Mozilla/5.0 (Linux; Android 10; K) AppleWebKit/537.36 (KHTML, like Gecko) Chrome/148.0.0.0 Mobile Safari/537.36"
37.224.241.73 - - [28/May/2026:14:47:47 +0000] "GET /wp-includes/js/underscore.min.js?ver=1.13.8 HTTP/1.1" 200 7372 "https://autozone.com.sa//shop/" "Mozilla/5.0 (Linux; Android 10; K) AppleWebKit/537.36 (KHTML, like Gecko) Chrome/148.0.0.0 Mobile Safari/537.36"
37.224.241.73 - - [28/May/2026:14:47:47 +0000] "GET /wp-includes/js/dist/api-fetch.min.js?ver=d7efe4dc1468d36c39b8 HTTP/1.1" 200 2815 "https://autozone.com.sa//shop/" "Mozilla/5.0 (Linux; Android 10; K) AppleWebKit/537.36 (KHTML, like Gecko) Chrome/148.0.0.0 Mobile Safari/537.36"
37.224.241.73 - - [28/May/2026:14:47:47 +0000] "GET /wp-includes/js/jquery/jquery-migrate.min.js?ver=3.4.1 HTTP/1.1" 200 4872 "https://autozone.com.sa//shop/" "Mozilla/5.0 (Linux; Android 10; K) AppleWebKit/537.36 (KHTML, like Gecko) Chrome/148.0.0.0 Mobile Safari/537.36"
37.224.241.73 - - [28/May/2026:14:47:47 +0000] "GET /wp-includes/js/dist/vendor/wp-polyfill.min.js?ver=3.15.0 HTTP/1.1" 200 11897 "https://autozone.com.sa//shop/" "Mozilla/5.0 (Linux; Android 10; K) AppleWebKit/537.36 (KHTML, like Gecko) Chrome/148.0.0.0 Mobile Safari/537.36"
37.224.241.73 - - [28/May/2026:14:47:47 +0000] "GET /wp-content/plugins/woocommerce/assets/js/js-cookie/js.cookie.min.js?ver=2.1.4-wc.10.8.0 HTTP/1.1" 200 833 "https://autozone.com.sa//shop/" "Mozilla/5.0 (Linux; Android 10; K) AppleWebKit/537.36 (KHTML, like Gecko) Chrome/148.0.0.0 Mobile Safari/537.36"
37.224.241.73 - - [28/May/2026:14:47:47 +0000] "GET /wp-includes/js/jquery/jquery.min.js?ver=3.7.1 HTTP/1.1" 200 30368 "https://autozone.com.sa//shop/" "Mozilla/5.0 (Linux; Android 10; K) AppleWebKit/537.36 (KHTML, like Gecko) Chrome/148.0.0.0 Mobile Safari/537.36"
37.224.241.73 - - [28/May/2026:14:47:47 +0000] "GET /wp-content/uploads/2026/01/BGC_5738-copy-2-300x300.webp HTTP/1.1" 200 15003 "https://autozone.com.sa//shop/" "Mozilla/5.0 (Linux; Android 10; K) AppleWebKit/537.36 (KHTML, like Gecko) Chrome/148.0.0.0 Mobile Safari/537.36"
37.224.241.73 - - [28/May/2026:14:47:48 +0000] "POST /?wc-ajax=get_refreshed_fragments HTTP/1.1" 200 858 "https://autozone.com.sa//shop/" "Mozilla/5.0 (Linux; Android 10; K) AppleWebKit/537.36 (KHTML, like Gecko) Chrome/148.0.0.0 Mobile Safari/537.36"
37.224.241.73 - - [28/May/2026:14:47:48 +0000] "POST /wp-json/iawp/search HTTP/1.1" 200 36 "https://autozone.com.sa//shop/" "Mozilla/5.0 (Linux; Android 10; K) AppleWebKit/537.36 (KHTML, like Gecko) Chrome/148.0.0.0 Mobile Safari/537.36"
37.224.241.73 - - [28/May/2026:14:47:50 +0000] "GET /wp-content/uploads/2026/01/BGC_5738-copy-6-300x300.webp HTTP/1.1" 200 8907 "https://autozone.com.sa//shop/" "Mozilla/5.0 (Linux; Android 10; K) AppleWebKit/537.36 (KHTML, like Gecko) Chrome/148.0.0.0 Mobile Safari/537.36"
37.224.241.73 - - [28/May/2026:14:47:50 +0000] "GET /wp-content/uploads/2026/01/BGC_5738-copy-4-300x300.webp HTTP/1.1" 200 8569 "https://autozone.com.sa//shop/" "Mozilla/5.0 (Linux; Android 10; K) AppleWebKit/537.36 (KHTML, like Gecko) Chrome/148.0.0.0 Mobile Safari/537.36"
37.224.241.73 - - [28/May/2026:14:47:54 +0000] "GET /wp-content/uploads/2025/04/5BGC_0008-scaled-copy-300x300.webp HTTP/1.1" 200 15578 "https://autozone.com.sa//shop/" "Mozilla/5.0 (Linux; Android 10; K) AppleWebKit/537.36 (KHTML, like Gecko) Chrome/148.0.0.0 Mobile Safari/537.36"
37.224.241.73 - - [28/May/2026:14:47:54 +0000] "GET /wp-content/uploads/2026/01/BGC_5738-copy-24-300x300.webp HTTP/1.1" 200 11677 "https://autozone.com.sa//shop/" "Mozilla/5.0 (Linux; Android 10; K) AppleWebKit/537.36 (KHTML, like Gecko) Chrome/148.0.0.0 Mobile Safari/537.36"
37.224.241.73 - - [28/May/2026:14:47:57 +0000] "GET /wp-content/uploads/2026/01/BGC_5738-copy-23-300x300.webp HTTP/1.1" 200 11341 "https://autozone.com.sa//shop/" "Mozilla/5.0 (Linux; Android 10; K) AppleWebKit/537.36 (KHTML, like Gecko) Chrome/148.0.0.0 Mobile Safari/537.36"
37.224.241.73 - - [28/May/2026:14:47:57 +0000] "GET /wp-content/uploads/2026/01/BGC_5738-copy-22-300x300.webp HTTP/1.1" 200 10951 "https://autozone.com.sa//shop/" "Mozilla/5.0 (Linux; Android 10; K) AppleWebKit/537.36 (KHTML, like Gecko) Chrome/148.0.0.0 Mobile Safari/537.36"
172.105.42.26 - - [28/May/2026:14:48:08 +0000] "POST /wp-cron.php?doing_wp_cron=1779979688.8779230117797851562500 HTTP/1.1" 200 20 "-" "WordPress/7.0; https://autozone.com.sa"
37.224.241.73 - - [28/May/2026:14:48:06 +0000] "GET /shop/page/2/ HTTP/1.1" 200 34992 "https://autozone.com.sa//shop/" "Mozilla/5.0 (Linux; Android 10; K) AppleWebKit/537.36 (KHTML, like Gecko) Chrome/148.0.0.0 Mobile Safari/537.36"
37.224.241.73 - - [28/May/2026:14:48:09 +0000] "GET /wp-content/uploads/2025/07/BGC_5205-300x300.webp HTTP/1.1" 200 8553 "https://autozone.com.sa/shop/page/2/" "Mozilla/5.0 (Linux; Android 10; K) AppleWebKit/537.36 (KHTML, like Gecko) Chrome/148.0.0.0 Mobile Safari/537.36"
37.224.241.73 - - [28/May/2026:14:48:10 +0000] "GET /wp-content/uploads/2026/01/BGC_5738-copy-1-300x300.webp HTTP/1.1" 200 8941 "https://autozone.com.sa/shop/page/2/" "Mozilla/5.0 (Linux; Android 10; K) AppleWebKit/537.36 (KHTML, like Gecko) Chrome/148.0.0.0 Mobile Safari/537.36"
37.224.241.73 - - [28/May/2026:14:48:10 +0000] "GET /wp-content/uploads/2025/07/BGC_5281-300x300.webp HTTP/1.1" 200 16125 "https://autozone.com.sa/shop/page/2/" "Mozilla/5.0 (Linux; Android 10; K) AppleWebKit/537.36 (KHTML, like Gecko) Chrome/148.0.0.0 Mobile Safari/537.36"
37.224.241.73 - - [28/May/2026:14:48:10 +0000] "POST /?wc-ajax=get_refreshed_fragments HTTP/1.1" 200 858 "https://autozone.com.sa/shop/page/2/" "Mozilla/5.0 (Linux; Android 10; K) AppleWebKit/537.36 (KHTML, like Gecko) Chrome/148.0.0.0 Mobile Safari/537.36"
37.224.241.73 - - [28/May/2026:14:48:10 +0000] "POST /wp-json/iawp/search HTTP/1.1" 200 36 "https://autozone.com.sa/shop/page/2/" "Mozilla/5.0 (Linux; Android 10; K) AppleWebKit/537.36 (KHTML, like Gecko) Chrome/148.0.0.0 Mobile Safari/537.36"
37.224.241.73 - - [28/May/2026:14:48:12 +0000] "GET /wp-content/uploads/al_opt_content/IMAGE/autozone.com.sa/wp-content/uploads/2026/01/BGC_5738-copy-27-300x300.webp.bv.webp?bv_host=autozone.com.sa HTTP/1.1" 200 11469 "https://autozone.com.sa/shop/page/2/" "Mozilla/5.0 (Linux; Android 10; K) AppleWebKit/537.36 (KHTML, like Gecko) Chrome/148.0.0.0 Mobile Safari/537.36"
37.224.241.73 - - [28/May/2026:14:48:13 +0000] "GET /wp-content/uploads/al_opt_content/IMAGE/autozone.com.sa/wp-content/uploads/2026/01/BGC_5738-copy-26-300x300.webp.bv.webp?bv_host=autozone.com.sa HTTP/1.1" 200 11163 "https://autozone.com.sa/shop/page/2/" "Mozilla/5.0 (Linux; Android 10; K) AppleWebKit/537.36 (KHTML, like Gecko) Chrome/148.0.0.0 Mobile Safari/537.36"
37.224.241.73 - - [28/May/2026:14:48:13 +0000] "GET /wp-content/uploads/2026/01/BGC_5738-copy-10-300x300.webp HTTP/1.1" 200 7837 "https://autozone.com.sa/shop/page/2/" "Mozilla/5.0 (Linux; Android 10; K) AppleWebKit/537.36 (KHTML, like Gecko) Chrome/148.0.0.0 Mobile Safari/537.36"
37.224.241.73 - - [28/May/2026:14:48:16 +0000] "GET /wp-content/uploads/al_opt_content/IMAGE/autozone.com.sa/wp-content/uploads/2026/01/6658342119175c0718d2fbc5_min-8-p-2000-300x300.webp.bv.webp?bv_host=autozone.com.sa HTTP/1.1" 200 13005 "https://autozone.com.sa/shop/page/2/" "Mozilla/5.0 (Linux; Android 10; K) AppleWebKit/537.36 (KHTML, like Gecko) Chrome/148.0.0.0 Mobile Safari/537.36"
37.224.241.73 - - [28/May/2026:14:48:16 +0000] "GET /wp-content/uploads/al_opt_content/IMAGE/autozone.com.sa/wp-content/uploads/2026/02/BGC_7090-copy-300x300.webp.bv.webp?bv_host=autozone.com.sa HTTP/1.1" 200 24723 "https://autozone.com.sa/shop/page/2/" "Mozilla/5.0 (Linux; Android 10; K) AppleWebKit/537.36 (KHTML, like Gecko) Chrome/148.0.0.0 Mobile Safari/537.36"
40.77.167.7 - - [28/May/2026:14:48:14 +0000] "GET /pre-ramadan-offer-2022-p2/ HTTP/1.1" 404 16907 "-" "Mozilla/5.0 AppleWebKit/537.36 (KHTML, like Gecko; compatible; bingbot/2.0; +http://www.bing.com/bingbot.htm) Chrome/116.0.1938.76 Safari/537.36"
207.46.13.153 - - [28/May/2026:14:48:18 +0000] "GET /en/listings/hyundai-elantra-2019-gl-2-0-l/elantra-03-min/ HTTP/1.1" 404 15851 "-" "Mozilla/5.0 AppleWebKit/537.36 (KHTML, like Gecko; compatible; bingbot/2.0; +http://www.bing.com/bingbot.htm) Chrome/116.0.1938.76 Safari/537.36"
207.46.13.153 - - [28/May/2026:14:48:19 +0000] "GET /offers/%D9%82%D8%A7%D9%84%D9%88-%D9%84%D9%83-%D8%AE%D9%84%D8%B5%D8%AA%D8%9F-%D8%B9%D8%B1%D9%88%D8%B6-%D8%A7%D9%88%D8%AA%D9%88%D8%B2%D9%88%D9%86-%D9%85%D8%B3%D8%AA%D9%85%D8%B1%D8%A9/?nocache=1767505623 HTTP/1.1" 404 16662 "-" "Mozilla/5.0 AppleWebKit/537.36 (KHTML, like Gecko; compatible; bingbot/2.0; +http://www.bing.com/bingbot.htm) Chrome/116.0.1938.76 Safari/537.36"
207.46.13.153 - - [28/May/2026:14:48:21 +0000] "GET /wp-includes/Requests/src/Exception/Transport.php HTTP/1.1" 500 20 "-" "Mozilla/5.0 AppleWebKit/537.36 (KHTML, like Gecko; compatible; bingbot/2.0; +http://www.bing.com/bingbot.htm) Chrome/116.0.1938.76 Safari/537.36"
37.224.241.73 - - [28/May/2026:14:48:22 +0000] "GET /wp-content/uploads/al_opt_content/IMAGE/autozone.com.sa/wp-content/uploads/2025/07/BGC_6080-300x300.webp.bv.webp?bv_host=autozone.com.sa HTTP/1.1" 200 11475 "https://autozone.com.sa/shop/page/2/" "Mozilla/5.0 (Linux; Android 10; K) AppleWebKit/537.36 (KHTML, like Gecko) Chrome/148.0.0.0 Mobile Safari/537.36"
207.46.13.153 - - [28/May/2026:14:48:21 +0000] "GET /?s=%E8%8D%89%E8%8E%93%E5%B7%A7%E5%85%8B%E5%8A%9B%E5%91%B3%E5%8A%A8%E6%BC%AB HTTP/1.1" 200 17190 "-" "Mozilla/5.0 AppleWebKit/537.36 (KHTML, like Gecko; compatible; bingbot/2.0; +http://www.bing.com/bingbot.htm) Chrome/116.0.1938.76 Safari/537.36"
37.224.241.73 - - [28/May/2026:14:48:24 +0000] "GET /wp-content/uploads/al_opt_content/IMAGE/autozone.com.sa/wp-content/uploads/2025/04/3BGC_0008-scaled-copy-300x300.webp.bv.webp?bv_host=autozone.com.sa HTTP/1.1" 200 16190 "https://autozone.com.sa/shop/page/2/" "Mozilla/5.0 (Linux; Android 10; K) AppleWebKit/537.36 (KHTML, like Gecko) Chrome/148.0.0.0 Mobile Safari/537.36"
40.77.167.155 - - [28/May/2026:14:48:23 +0000] "GET /en/04-s-offer-min-10-2/ HTTP/1.1" 404 15753 "-" "Mozilla/5.0 AppleWebKit/537.36 (KHTML, like Gecko; compatible; bingbot/2.0; +http://www.bing.com/bingbot.htm) Chrome/116.0.1938.76 Safari/537.36"
2001:16a2:447c:be00:54b:a342:d6e:4743 - - [28/May/2026:14:48:24 +0000] "GET / HTTP/1.1" 200 65365 "https://www.bing.com/" "Mozilla/5.0 (Linux; Android 12; CTR-L81; HMSCore 6.15.6.332; GMSCore 0.3.15.250932) AppleWebKit/537.36 (KHTML, like Gecko) Chrome/114.0.5735.196 HuaweiBrowser/17.0.4.302 Mobile Safari/537.36"
2001:16a2:447c:be00:54b:a342:d6e:4743 - - [28/May/2026:14:48:28 +0000] "GET /wp-content/plugins/jet-engine/assets/css/frontend.css?ver=3.8.7 HTTP/1.1" 200 8567 "https://autozone.com.sa/" "Mozilla/5.0 (Linux; Android 12; CTR-L81; HMSCore 6.15.6.332; GMSCore 0.3.15.250932) AppleWebKit/537.36 (KHTML, like Gecko) Chrome/114.0.5735.196 HuaweiBrowser/17.0.4.302 Mobile Safari/537.36"
2001:16a2:447c:be00:54b:a342:d6e:4743 - - [28/May/2026:14:48:28 +0000] "GET /wp-content/plugins/woocommerce/assets/css/woocommerce-rtl.css?ver=10.8.0 HTTP/1.1" 200 11139 "https://autozone.com.sa/" "Mozilla/5.0 (Linux; Android 12; CTR-L81; HMSCore 6.15.6.332; GMSCore 0.3.15.250932) AppleWebKit/537.36 (KHTML, like Gecko) Chrome/114.0.5735.196 HuaweiBrowser/17.0.4.302 Mobile Safari/537.36"
2001:16a2:447c:be00:54b:a342:d6e:4743 - - [28/May/2026:14:48:28 +0000] "GET /wp-content/plugins/fluentform/assets/css/fluent-forms-elementor-widget.css?ver=6.2.0 HTTP/1.1" 200 914 "https://autozone.com.sa/" "Mozilla/5.0 (Linux; Android 12; CTR-L81; HMSCore 6.15.6.332; GMSCore 0.3.15.250932) AppleWebKit/537.36 (KHTML, like Gecko) Chrome/114.0.5735.196 HuaweiBrowser/17.0.4.302 Mobile Safari/537.36"
2001:16a2:447c:be00:54b:a342:d6e:4743 - - [28/May/2026:14:48:28 +0000] "GET /wp-content/plugins/woocommerce/assets/css/woocommerce-smallscreen-rtl.css?ver=10.8.0 HTTP/1.1" 200 1407 "https://autozone.com.sa/" "Mozilla/5.0 (Linux; Android 12; CTR-L81; HMSCore 6.15.6.332; GMSCore 0.3.15.250932) AppleWebKit/537.36 (KHTML, like Gecko) Chrome/114.0.5735.196 HuaweiBrowser/17.0.4.302 Mobile Safari/537.36"
2001:16a2:447c:be00:54b:a342:d6e:4743 - - [28/May/2026:14:48:28 +0000] "GET /wp-content/plugins/woocommerce/assets/css/woocommerce-layout-rtl.css?ver=10.8.0 HTTP/1.1" 200 3422 "https://autozone.com.sa/" "Mozilla/5.0 (Linux; Android 12; CTR-L81; HMSCore 6.15.6.332; GMSCore 0.3.15.250932) AppleWebKit/537.36 (KHTML, like Gecko) Chrome/114.0.5735.196 HuaweiBrowser/17.0.4.302 Mobile Safari/537.36"
2001:16a2:447c:be00:54b:a342:d6e:4743 - - [28/May/2026:14:48:28 +0000] "GET /wp-content/plugins/sitepress-multilingual-cms/templates/language-switchers/legacy-list-horizontal/style.min.css?ver=1 HTTP/1.1" 200 315 "https://autozone.com.sa/" "Mozilla/5.0 (Linux; Android 12; CTR-L81; HMSCore 6.15.6.332; GMSCore 0.3.15.250932) AppleWebKit/537.36 (KHTML, like Gecko) Chrome/114.0.5735.196 HuaweiBrowser/17.0.4.302 Mobile Safari/537.36"
2001:16a2:447c:be00:54b:a342:d6e:4743 - - [28/May/2026:14:48:28 +0000] "GET /wp-content/plugins/woo-variation-gallery/assets/css/slick.min.css?ver=1.8.1 HTTP/1.1" 200 1108 "https://autozone.com.sa/" "Mozilla/5.0 (Linux; Android 12; CTR-L81; HMSCore 6.15.6.332; GMSCore 0.3.15.250932) AppleWebKit/537.36 (KHTML, like Gecko) Chrome/114.0.5735.196 HuaweiBrowser/17.0.4.302 Mobile Safari/537.36"
2001:16a2:447c:be00:54b:a342:d6e:4743 - - [28/May/2026:14:48:29 +0000] "GET /wp-content/plugins/jet-popup/assets/css/jet-popup-frontend.css?ver=2.0.21.1 HTTP/1.1" 200 3228 "https://autozone.com.sa/" "Mozilla/5.0 (Linux; Android 12; CTR-L81; HMSCore 6.15.6.332; GMSCore 0.3.15.250932) AppleWebKit/537.36 (KHTML, like Gecko) Chrome/114.0.5735.196 HuaweiBrowser/17.0.4.302 Mobile Safari/537.36"
2001:16a2:447c:be00:54b:a342:d6e:4743 - - [28/May/2026:14:48:29 +0000] "GET /wp-content/themes/hello-elementor/assets/css/theme.css?ver=3.4.6 HTTP/1.1" 200 1271 "https://autozone.com.sa/" "Mozilla/5.0 (Linux; Android 12; CTR-L81; HMSCore 6.15.6.332; GMSCore 0.3.15.250932) AppleWebKit/537.36 (KHTML, like Gecko) Chrome/114.0.5735.196 HuaweiBrowser/17.0.4.302 Mobile Safari/537.36"
2001:16a2:447c:be00:54b:a342:d6e:4743 - - [28/May/2026:14:48:29 +0000] "GET /wp-content/plugins/woo-variation-gallery/assets/css/frontend.min.css?ver=1779254503 HTTP/1.1" 200 5657 "https://autozone.com.sa/" "Mozilla/5.0 (Linux; Android 12; CTR-L81; HMSCore 6.15.6.332; GMSCore 0.3.15.250932) AppleWebKit/537.36 (KHTML, like Gecko) Chrome/114.0.5735.196 HuaweiBrowser/17.0.4.302 Mobile Safari/537.36"
2001:16a2:447c:be00:54b:a342:d6e:4743 - - [28/May/2026:14:48:29 +0000] "GET /wp-content/plugins/sitepress-multilingual-cms/templates/language-switchers/menu-item/style.min.css?ver=1 HTTP/1.1" 200 141 "https://autozone.com.sa/" "Mozilla/5.0 (Linux; Android 12; CTR-L81; HMSCore 6.15.6.332; GMSCore 0.3.15.250932) AppleWebKit/537.36 (KHTML, like Gecko) Chrome/114.0.5735.196 HuaweiBrowser/17.0.4.302 Mobile Safari/537.36"
2001:16a2:447c:be00:54b:a342:d6e:4743 - - [28/May/2026:14:48:29 +0000] "GET /wp-content/plugins/elementor/assets/css/widget-heading-rtl.min.css?ver=4.0.4 HTTP/1.1" 200 160 "https://autozone.com.sa/" "Mozilla/5.0 (Linux; Android 12; CTR-L81; HMSCore 6.15.6.332; GMSCore 0.3.15.250932) AppleWebKit/537.36 (KHTML, like Gecko) Chrome/114.0.5735.196 HuaweiBrowser/17.0.4.302 Mobile Safari/537.36"
2001:16a2:447c:be00:54b:a342:d6e:4743 - - [28/May/2026:14:48:29 +0000] "GET /wp-content/plugins/jet-tabs/assets/css/jet-tabs-frontend.css?ver=2.3.0 HTTP/1.1" 200 4331 "https://autozone.com.sa/" "Mozilla/5.0 (Linux; Android 12; CTR-L81; HMSCore 6.15.6.332; GMSCore 0.3.15.250932) AppleWebKit/537.36 (KHTML, like Gecko) Chrome/114.0.5735.196 HuaweiBrowser/17.0.4.302 Mobile Safari/537.36"
2001:16a2:447c:be00:54b:a342:d6e:4743 - - [28/May/2026:14:48:29 +0000] "GET /wp-content/plugins/jet-blog/assets/css/jet-blog.css?ver=2.4.8 HTTP/1.1" 200 11021 "https://autozone.com.sa/" "Mozilla/5.0 (Linux; Android 12; CTR-L81; HMSCore 6.15.6.332; GMSCore 0.3.15.250932) AppleWebKit/537.36 (KHTML, like Gecko) Chrome/114.0.5735.196 HuaweiBrowser/17.0.4.302 Mobile Safari/537.36"
2001:16a2:447c:be00:54b:a342:d6e:4743 - - [28/May/2026:14:48:29 +0000] "GET /wp-content/uploads/elementor/css/custom-jet-blocks-rtl.css?ver=1779946094&ver=1.4.0 HTTP/1.1" 200 5952 "https://autozone.com.sa/" "Mozilla/5.0 (Linux; Android 12; CTR-L81; HMSCore 6.15.6.332; GMSCore 0.3.15.250932) AppleWebKit/537.36 (KHTML, like Gecko) Chrome/114.0.5735.196 HuaweiBrowser/17.0.4.302 Mobile Safari/537.36"
2001:16a2:447c:be00:54b:a342:d6e:4743 - - [28/May/2026:14:48:29 +0000] "GET /wp-content/plugins/bdthemes-element-pack/assets/css/ep-helper.css?ver=9.3.0 HTTP/1.1" 200 7092 "https://autozone.com.sa/" "Mozilla/5.0 (Linux; Android 12; CTR-L81; HMSCore 6.15.6.332; GMSCore 0.3.15.250932) AppleWebKit/537.36 (KHTML, like Gecko) Chrome/114.0.5735.196 HuaweiBrowser/17.0.4.302 Mobile Safari/537.36"
2001:16a2:447c:be00:54b:a342:d6e:4743 - - [28/May/2026:14:48:29 +0000] "GET /wp-content/uploads/elementor/css/custom-frontend.min.css?ver=1779946027 HTTP/1.1" 200 7325 "https://autozone.com.sa/" "Mozilla/5.0 (Linux; Android 12; CTR-L81; HMSCore 6.15.6.332; GMSCore 0.3.15.250932) AppleWebKit/537.36 (KHTML, like Gecko) Chrome/114.0.5735.196 HuaweiBrowser/17.0.4.302 Mobile Safari/537.36"
2001:16a2:447c:be00:54b:a342:d6e:4743 - - [28/May/2026:14:48:29 +0000] "GET /wp-content/plugins/elementor/assets/css/conditionals/e-swiper.min.css?ver=4.0.4 HTTP/1.1" 200 799 "https://autozone.com.sa/" "Mozilla/5.0 (Linux; Android 12; CTR-L81; HMSCore 6.15.6.332; GMSCore 0.3.15.250932) AppleWebKit/537.36 (KHTML, like Gecko) Chrome/114.0.5735.196 HuaweiBrowser/17.0.4.302 Mobile Safari/537.36"
2001:16a2:447c:be00:54b:a342:d6e:4743 - - [28/May/2026:14:48:29 +0000] "GET /wp-content/plugins/elementor/assets/lib/animations/styles/fadeIn.min.css?ver=4.0.4 HTTP/1.1" 200 79 "https://autozone.com.sa/" "Mozilla/5.0 (Linux; Android 12; CTR-L81; HMSCore 6.15.6.332; GMSCore 0.3.15.250932) AppleWebKit/537.36 (KHTML, like Gecko) Chrome/114.0.5735.196 HuaweiBrowser/17.0.4.302 Mobile Safari/537.36"
2001:16a2:447c:be00:54b:a342:d6e:4743 - - [28/May/2026:14:48:29 +0000] "GET /wp-content/plugins/jet-elements/assets/css/skin/jet-countdown-timer-rtl.css?ver=2.8.1.1 HTTP/1.1" 200 100 "https://autozone.com.sa/" "Mozilla/5.0 (Linux; Android 12; CTR-L81; HMSCore 6.15.6.332; GMSCore 0.3.15.250932) AppleWebKit/537.36 (KHTML, like Gecko) Chrome/114.0.5735.196 HuaweiBrowser/17.0.4.302 Mobile Safari/537.36"
