2001:16a2:c1c3:dde3:b995:6301:8011:36c7 - - [28/Mar/2026:18:08:06 +0000] "GET /wp-content/plugins/woocommerce/assets/js/jquery-blockui/jquery.blockUI.min.js?ver=2.7.0-wc.10.6.1 HTTP/1.1" 200 3537 "https://autozone.com.sa//shop/" "Mozilla/5.0 (iPhone; CPU iPhone OS 18_7 like Mac OS X) AppleWebKit/605.1.15 (KHTML, like Gecko) Version/26.4 Mobile/15E148 Safari/604.1"
2001:16a2:c1c3:dde3:b995:6301:8011:36c7 - - [28/Mar/2026:18:08:06 +0000] "GET /wp-content/plugins/ultimate-post-kit/assets/js/upk-site.min.js?ver=4.1.4 HTTP/1.1" 200 255 "https://autozone.com.sa//shop/" "Mozilla/5.0 (iPhone; CPU iPhone OS 18_7 like Mac OS X) AppleWebKit/605.1.15 (KHTML, like Gecko) Version/26.4 Mobile/15E148 Safari/604.1"
2001:16a2:c1c3:dde3:b995:6301:8011:36c7 - - [28/Mar/2026:18:08:06 +0000] "GET /wp-content/plugins/elementor/assets/js/frontend.min.js?ver=3.35.4 HTTP/1.1" 200 10325 "https://autozone.com.sa//shop/" "Mozilla/5.0 (iPhone; CPU iPhone OS 18_7 like Mac OS X) AppleWebKit/605.1.15 (KHTML, like Gecko) Version/26.4 Mobile/15E148 Safari/604.1"
2001:16a2:c1c3:dde3:b995:6301:8011:36c7 - - [28/Mar/2026:18:08:06 +0000] "GET /wp-content/plugins/woocommerce/assets/js/sourcebuster/sourcebuster.min.js?ver=10.6.1 HTTP/1.1" 200 4807 "https://autozone.com.sa//shop/" "Mozilla/5.0 (iPhone; CPU iPhone OS 18_7 like Mac OS X) AppleWebKit/605.1.15 (KHTML, like Gecko) Version/26.4 Mobile/15E148 Safari/604.1"
2001:16a2:c1c3:dde3:b995:6301:8011:36c7 - - [28/Mar/2026:18:08:06 +0000] "GET /wp-content/plugins/jet-popup/includes/elementor/assets/js/jet-popup-elementor-frontend.js?ver=2.0.21.1 HTTP/1.1" 200 2342 "https://autozone.com.sa//shop/" "Mozilla/5.0 (iPhone; CPU iPhone OS 18_7 like Mac OS X) AppleWebKit/605.1.15 (KHTML, like Gecko) Version/26.4 Mobile/15E148 Safari/604.1"
2001:16a2:c1c3:dde3:b995:6301:8011:36c7 - - [28/Mar/2026:18:08:06 +0000] "GET /wp-content/plugins/jetformbuilder/modules/option-field/assets/build/checkbox.js?ver=6e25adbbae5a5d1bb65e HTTP/1.1" 200 1661 "https://autozone.com.sa//shop/" "Mozilla/5.0 (iPhone; CPU iPhone OS 18_7 like Mac OS X) AppleWebKit/605.1.15 (KHTML, like Gecko) Version/26.4 Mobile/15E148 Safari/604.1"
2001:16a2:c1c3:dde3:b995:6301:8011:36c7 - - [28/Mar/2026:18:08:06 +0000] "GET /wp-content/themes/hello-elementor/assets/js/hello-frontend.js?ver=3.4.6 HTTP/1.1" 200 549 "https://autozone.com.sa//shop/" "Mozilla/5.0 (iPhone; CPU iPhone OS 18_7 like Mac OS X) AppleWebKit/605.1.15 (KHTML, like Gecko) Version/26.4 Mobile/15E148 Safari/604.1"
2001:16a2:c1c3:dde3:b995:6301:8011:36c7 - - [28/Mar/2026:18:08:06 +0000] "GET /wp-content/plugins/bdthemes-prime-slider-lite/assets/js/prime-slider-site.min.js?ver=4.1.10 HTTP/1.1" 200 982 "https://autozone.com.sa//shop/" "Mozilla/5.0 (iPhone; CPU iPhone OS 18_7 like Mac OS X) AppleWebKit/605.1.15 (KHTML, like Gecko) Version/26.4 Mobile/15E148 Safari/604.1"
2001:16a2:c1c3:dde3:b995:6301:8011:36c7 - - [28/Mar/2026:18:08:06 +0000] "GET /wp-content/plugins/bdthemes-element-pack/assets/js/bdt-uikit.min.js?ver=3.21.7 HTTP/1.1" 200 49707 "https://autozone.com.sa//shop/" "Mozilla/5.0 (iPhone; CPU iPhone OS 18_7 like Mac OS X) AppleWebKit/605.1.15 (KHTML, like Gecko) Version/26.4 Mobile/15E148 Safari/604.1"
2001:16a2:c1c3:dde3:b995:6301:8011:36c7 - - [28/Mar/2026:18:08:06 +0000] "GET /wp-content/plugins/jetformbuilder/modules/deprecated/assets/build/frontend.js?ver=120e75a68931b79be3f4 HTTP/1.1" 200 375 "https://autozone.com.sa//shop/" "Mozilla/5.0 (iPhone; CPU iPhone OS 18_7 like Mac OS X) AppleWebKit/605.1.15 (KHTML, like Gecko) Version/26.4 Mobile/15E148 Safari/604.1"
2001:16a2:c1c3:dde3:b995:6301:8011:36c7 - - [28/Mar/2026:18:08:06 +0000] "GET /wp-includes/js/dist/vendor/wp-polyfill.min.js?ver=3.15.0 HTTP/1.1" 200 11852 "https://autozone.com.sa//shop/" "Mozilla/5.0 (iPhone; CPU iPhone OS 18_7 like Mac OS X) AppleWebKit/605.1.15 (KHTML, like Gecko) Version/26.4 Mobile/15E148 Safari/604.1"
2001:16a2:c1c3:dde3:b995:6301:8011:36c7 - - [28/Mar/2026:18:08:06 +0000] "GET /wp-content/plugins/pixelyoursite/dist/scripts/jquery.bind-first-0.2.3.min.js?ver=0.2.3 HTTP/1.1" 200 689 "https://autozone.com.sa//shop/" "Mozilla/5.0 (iPhone; CPU iPhone OS 18_7 like Mac OS X) AppleWebKit/605.1.15 (KHTML, like Gecko) Version/26.4 Mobile/15E148 Safari/604.1"
2001:16a2:c1c3:dde3:b995:6301:8011:36c7 - - [28/Mar/2026:18:08:06 +0000] "GET /wp-content/plugins/jet-woo-product-gallery/assets/lib/swiper/swiper.min.js?ver=5.3.6 HTTP/1.1" 200 35491 "https://autozone.com.sa//shop/" "Mozilla/5.0 (iPhone; CPU iPhone OS 18_7 like Mac OS X) AppleWebKit/605.1.15 (KHTML, like Gecko) Version/26.4 Mobile/15E148 Safari/604.1"
2001:16a2:c1c3:dde3:b995:6301:8011:36c7 - - [28/Mar/2026:18:08:06 +0000] "GET /wp-includes/js/dist/url.min.js?ver=9e178c9516d1222dc834 HTTP/1.1" 200 3856 "https://autozone.com.sa//shop/" "Mozilla/5.0 (iPhone; CPU iPhone OS 18_7 like Mac OS X) AppleWebKit/605.1.15 (KHTML, like Gecko) Version/26.4 Mobile/15E148 Safari/604.1"
2001:16a2:c1c3:dde3:b995:6301:8011:36c7 - - [28/Mar/2026:18:08:06 +0000] "GET /wp-includes/js/dist/api-fetch.min.js?ver=3a4d9af2b423048b0dee HTTP/1.1" 200 2436 "https://autozone.com.sa//shop/" "Mozilla/5.0 (iPhone; CPU iPhone OS 18_7 like Mac OS X) AppleWebKit/605.1.15 (KHTML, like Gecko) Version/26.4 Mobile/15E148 Safari/604.1"
2001:16a2:c1c3:dde3:b995:6301:8011:36c7 - - [28/Mar/2026:18:08:06 +0000] "GET /wp-content/plugins/elementor-pro/assets/js/webpack-pro.runtime.min.js?ver=3.35.1 HTTP/1.1" 200 2856 "https://autozone.com.sa//shop/" "Mozilla/5.0 (iPhone; CPU iPhone OS 18_7 like Mac OS X) AppleWebKit/605.1.15 (KHTML, like Gecko) Version/26.4 Mobile/15E148 Safari/604.1"
2001:16a2:c1c3:dde3:b995:6301:8011:36c7 - - [28/Mar/2026:18:08:06 +0000] "GET /wp-content/plugins/jet-elements/assets/js/lib/anime-js/anime.min.js?ver=2.2.0 HTTP/1.1" 200 6057 "https://autozone.com.sa//shop/" "Mozilla/5.0 (iPhone; CPU iPhone OS 18_7 like Mac OS X) AppleWebKit/605.1.15 (KHTML, like Gecko) Version/26.4 Mobile/15E148 Safari/604.1"
2001:16a2:c1c3:dde3:b995:6301:8011:36c7 - - [28/Mar/2026:18:08:06 +0000] "GET /wp-content/plugins/elementor-pro/assets/js/elements-handlers.min.js?ver=3.35.1 HTTP/1.1" 200 10559 "https://autozone.com.sa//shop/" "Mozilla/5.0 (iPhone; CPU iPhone OS 18_7 like Mac OS X) AppleWebKit/605.1.15 (KHTML, like Gecko) Version/26.4 Mobile/15E148 Safari/604.1"
2001:16a2:c1c3:dde3:b995:6301:8011:36c7 - - [28/Mar/2026:18:08:06 +0000] "GET /wp-content/plugins/bdthemes-element-pack/assets/js/common/helper.min.js?ver=9.1.1 HTTP/1.1" 200 1905 "https://autozone.com.sa//shop/" "Mozilla/5.0 (iPhone; CPU iPhone OS 18_7 like Mac OS X) AppleWebKit/605.1.15 (KHTML, like Gecko) Version/26.4 Mobile/15E148 Safari/604.1"
2001:16a2:c1c3:dde3:b995:6301:8011:36c7 - - [28/Mar/2026:18:08:06 +0000] "GET /wp-content/plugins/jetformbuilder/assets/build/frontend/main.js?ver=a8ff8d24b43df9ed7e99 HTTP/1.1" 200 12924 "https://autozone.com.sa//shop/" "Mozilla/5.0 (iPhone; CPU iPhone OS 18_7 like Mac OS X) AppleWebKit/605.1.15 (KHTML, like Gecko) Version/26.4 Mobile/15E148 Safari/604.1"
2001:16a2:c1c3:dde3:b995:6301:8011:36c7 - - [28/Mar/2026:18:08:06 +0000] "GET /wp-content/plugins/fluentform/assets/js/fluent-forms-elementor-widget.js?ver=6.1.19 HTTP/1.1" 200 426 "https://autozone.com.sa//shop/" "Mozilla/5.0 (iPhone; CPU iPhone OS 18_7 like Mac OS X) AppleWebKit/605.1.15 (KHTML, like Gecko) Version/26.4 Mobile/15E148 Safari/604.1"
2001:16a2:c1c3:dde3:b995:6301:8011:36c7 - - [28/Mar/2026:18:08:06 +0000] "GET /wp-content/plugins/woocommerce/assets/js/frontend/order-attribution.min.js?ver=10.6.1 HTTP/1.1" 200 1150 "https://autozone.com.sa//shop/" "Mozilla/5.0 (iPhone; CPU iPhone OS 18_7 like Mac OS X) AppleWebKit/605.1.15 (KHTML, like Gecko) Version/26.4 Mobile/15E148 Safari/604.1"
2001:16a2:c1c3:dde3:b995:6301:8011:36c7 - - [28/Mar/2026:18:08:06 +0000] "GET /wp-content/plugins/elementor/assets/js/frontend-modules.min.js?ver=3.35.4 HTTP/1.1" 200 15944 "https://autozone.com.sa//shop/" "Mozilla/5.0 (iPhone; CPU iPhone OS 18_7 like Mac OS X) AppleWebKit/605.1.15 (KHTML, like Gecko) Version/26.4 Mobile/15E148 Safari/604.1"
2001:16a2:c1c3:dde3:b995:6301:8011:36c7 - - [28/Mar/2026:18:08:06 +0000] "GET /wp-includes/js/wp-util.min.js?ver=6.9.4 HTTP/1.1" 200 754 "https://autozone.com.sa//shop/" "Mozilla/5.0 (iPhone; CPU iPhone OS 18_7 like Mac OS X) AppleWebKit/605.1.15 (KHTML, like Gecko) Version/26.4 Mobile/15E148 Safari/604.1"
2001:16a2:c1c3:dde3:b995:6301:8011:36c7 - - [28/Mar/2026:18:08:06 +0000] "GET /wp-content/plugins/jet-blocks/assets/js/jet-blocks.min.js?ver=1.3.22 HTTP/1.1" 200 6050 "https://autozone.com.sa//shop/" "Mozilla/5.0 (iPhone; CPU iPhone OS 18_7 like Mac OS X) AppleWebKit/605.1.15 (KHTML, like Gecko) Version/26.4 Mobile/15E148 Safari/604.1"
2001:16a2:c1c3:dde3:b995:6301:8011:36c7 - - [28/Mar/2026:18:08:06 +0000] "GET /wp-content/plugins/jet-compare-wishlist/assets/js/dist/frontend.js?ver=1.5.12.2 HTTP/1.1" 200 1933 "https://autozone.com.sa//shop/" "Mozilla/5.0 (iPhone; CPU iPhone OS 18_7 like Mac OS X) AppleWebKit/605.1.15 (KHTML, like Gecko) Version/26.4 Mobile/15E148 Safari/604.1"
2001:16a2:c1c3:dde3:b995:6301:8011:36c7 - - [28/Mar/2026:18:08:06 +0000] "GET /wp-content/plugins/woocommerce/assets/js/frontend/woocommerce.min.js?ver=10.6.1 HTTP/1.1" 200 1532 "https://autozone.com.sa//shop/" "Mozilla/5.0 (iPhone; CPU iPhone OS 18_7 like Mac OS X) AppleWebKit/605.1.15 (KHTML, like Gecko) Version/26.4 Mobile/15E148 Safari/604.1"
2001:16a2:c1c3:dde3:b995:6301:8011:36c7 - - [28/Mar/2026:18:08:06 +0000] "GET /wp-includes/js/dist/hooks.min.js?ver=dd5603f07f9220ed27f1 HTTP/1.1" 200 1941 "https://autozone.com.sa//shop/" "Mozilla/5.0 (iPhone; CPU iPhone OS 18_7 like Mac OS X) AppleWebKit/605.1.15 (KHTML, like Gecko) Version/26.4 Mobile/15E148 Safari/604.1"
2001:16a2:c1c3:dde3:b995:6301:8011:36c7 - - [28/Mar/2026:18:08:06 +0000] "GET /wp-content/plugins/pixelyoursite/dist/scripts/public.js?ver=11.2.0.4 HTTP/1.1" 200 25524 "https://autozone.com.sa//shop/" "Mozilla/5.0 (iPhone; CPU iPhone OS 18_7 like Mac OS X) AppleWebKit/605.1.15 (KHTML, like Gecko) Version/26.4 Mobile/15E148 Safari/604.1"
2001:16a2:c1c3:dde3:b995:6301:8011:36c7 - - [28/Mar/2026:18:08:06 +0000] "GET /wp-content/plugins/jet-blocks/assets/js/lib/jsticky/jquery.jsticky.min.js?ver=1.1.0 HTTP/1.1" 200 623 "https://autozone.com.sa//shop/" "Mozilla/5.0 (iPhone; CPU iPhone OS 18_7 like Mac OS X) AppleWebKit/605.1.15 (KHTML, like Gecko) Version/26.4 Mobile/15E148 Safari/604.1"
2001:16a2:c1c3:dde3:b995:6301:8011:36c7 - - [28/Mar/2026:18:08:06 +0000] "GET /wp-content/plugins/woocommerce/assets/js/js-cookie/js.cookie.min.js?ver=2.1.4-wc.10.6.1 HTTP/1.1" 200 833 "https://autozone.com.sa//shop/" "Mozilla/5.0 (iPhone; CPU iPhone OS 18_7 like Mac OS X) AppleWebKit/605.1.15 (KHTML, like Gecko) Version/26.4 Mobile/15E148 Safari/604.1"
2001:16a2:c1c3:dde3:b995:6301:8011:36c7 - - [28/Mar/2026:18:08:06 +0000] "GET /wp-includes/js/imagesloaded.min.js?ver=5.0.0 HTTP/1.1" 200 1803 "https://autozone.com.sa//shop/" "Mozilla/5.0 (iPhone; CPU iPhone OS 18_7 like Mac OS X) AppleWebKit/605.1.15 (KHTML, like Gecko) Version/26.4 Mobile/15E148 Safari/604.1"
2001:16a2:c1c3:dde3:b995:6301:8011:36c7 - - [28/Mar/2026:18:08:06 +0000] "GET /wp-content/plugins/jetformbuilder/modules/blocks-v2/text-field/assets/build/frontend/field.js?ver=16395ed38b7c1e8808d6 HTTP/1.1" 200 597 "https://autozone.com.sa//shop/" "Mozilla/5.0 (iPhone; CPU iPhone OS 18_7 like Mac OS X) AppleWebKit/605.1.15 (KHTML, like Gecko) Version/26.4 Mobile/15E148 Safari/604.1"
2001:16a2:c1c3:dde3:b995:6301:8011:36c7 - - [28/Mar/2026:18:08:06 +0000] "GET /wp-content/plugins/jet-search/assets/lib/chosen/chosen.jquery.min.js?ver=1.8.7 HTTP/1.1" 200 6685 "https://autozone.com.sa//shop/" "Mozilla/5.0 (iPhone; CPU iPhone OS 18_7 like Mac OS X) AppleWebKit/605.1.15 (KHTML, like Gecko) Version/26.4 Mobile/15E148 Safari/604.1"
2001:16a2:c1c3:dde3:b995:6301:8011:36c7 - - [28/Mar/2026:18:08:06 +0000] "GET /wp-content/uploads/2025/01/AZ_White_AR.png HTTP/1.1" 304 - "https://autozone.com.sa//shop/" "Mozilla/5.0 (iPhone; CPU iPhone OS 18_7 like Mac OS X) AppleWebKit/605.1.15 (KHTML, like Gecko) Version/26.4 Mobile/15E148 Safari/604.1"
2001:16a2:c1c3:dde3:b995:6301:8011:36c7 - - [28/Mar/2026:18:08:06 +0000] "GET /wp-includes/js/jquery/jquery.min.js?ver=3.7.1 HTTP/1.1" 200 30368 "https://autozone.com.sa//shop/" "Mozilla/5.0 (iPhone; CPU iPhone OS 18_7 like Mac OS X) AppleWebKit/605.1.15 (KHTML, like Gecko) Version/26.4 Mobile/15E148 Safari/604.1"
2001:16a2:c1c3:dde3:b995:6301:8011:36c7 - - [28/Mar/2026:18:08:06 +0000] "GET /wp-content/plugins/woo-variation-swatches/assets/js/frontend.min.js?ver=2.2.3 HTTP/1.1" 200 4963 "https://autozone.com.sa//shop/" "Mozilla/5.0 (iPhone; CPU iPhone OS 18_7 like Mac OS X) AppleWebKit/605.1.15 (KHTML, like Gecko) Version/26.4 Mobile/15E148 Safari/604.1"
2001:16a2:c1c3:dde3:b995:6301:8011:36c7 - - [28/Mar/2026:18:08:06 +0000] "GET /wp-content/plugins/sitepress-multilingual-cms/res/js/cookies/language-cookie.js?ver=491900 HTTP/1.1" 200 187 "https://autozone.com.sa//shop/" "Mozilla/5.0 (iPhone; CPU iPhone OS 18_7 like Mac OS X) AppleWebKit/605.1.15 (KHTML, like Gecko) Version/26.4 Mobile/15E148 Safari/604.1"
2001:16a2:c1c3:dde3:b995:6301:8011:36c7 - - [28/Mar/2026:18:08:06 +0000] "GET /wp-content/plugins/pixelyoursite/dist/scripts/js.cookie-2.1.3.min.js?ver=2.1.3 HTTP/1.1" 200 874 "https://autozone.com.sa//shop/" "Mozilla/5.0 (iPhone; CPU iPhone OS 18_7 like Mac OS X) AppleWebKit/605.1.15 (KHTML, like Gecko) Version/26.4 Mobile/15E148 Safari/604.1"
2001:16a2:c1c3:dde3:b995:6301:8011:36c7 - - [28/Mar/2026:18:08:06 +0000] "GET /wp-content/plugins/woo-variation-gallery/assets/js/slick.min.js?ver=1.8.1 HTTP/1.1" 200 10678 "https://autozone.com.sa//shop/" "Mozilla/5.0 (iPhone; CPU iPhone OS 18_7 like Mac OS X) AppleWebKit/605.1.15 (KHTML, like Gecko) Version/26.4 Mobile/15E148 Safari/604.1"
2001:16a2:c1c3:dde3:b995:6301:8011:36c7 - - [28/Mar/2026:18:08:06 +0000] "GET /wp-includes/js/imagesloaded.min.js?ver=6.9.4 HTTP/1.1" 200 1803 "https://autozone.com.sa//shop/" "Mozilla/5.0 (iPhone; CPU iPhone OS 18_7 like Mac OS X) AppleWebKit/605.1.15 (KHTML, like Gecko) Version/26.4 Mobile/15E148 Safari/604.1"
2001:16a2:c1c3:dde3:b995:6301:8011:36c7 - - [28/Mar/2026:18:08:06 +0000] "GET /wp-content/plugins/woocommerce/assets/js/frontend/cart-fragments.min.js?ver=10.6.1 HTTP/1.1" 200 1045 "https://autozone.com.sa//shop/" "Mozilla/5.0 (iPhone; CPU iPhone OS 18_7 like Mac OS X) AppleWebKit/605.1.15 (KHTML, like Gecko) Version/26.4 Mobile/15E148 Safari/604.1"
2001:16a2:c1c3:dde3:b995:6301:8011:36c7 - - [28/Mar/2026:18:08:06 +0000] "GET /wp-content/plugins/jet-popup/assets/js/jet-popup-frontend.js?ver=2.0.21.1 HTTP/1.1" 200 6883 "https://autozone.com.sa//shop/" "Mozilla/5.0 (iPhone; CPU iPhone OS 18_7 like Mac OS X) AppleWebKit/605.1.15 (KHTML, like Gecko) Version/26.4 Mobile/15E148 Safari/604.1"
2001:16a2:c1c3:dde3:b995:6301:8011:36c7 - - [28/Mar/2026:18:08:06 +0000] "GET /wp-includes/js/dist/i18n.min.js?ver=c26c3dc7bed366793375 HTTP/1.1" 200 2229 "https://autozone.com.sa//shop/" "Mozilla/5.0 (iPhone; CPU iPhone OS 18_7 like Mac OS X) AppleWebKit/605.1.15 (KHTML, like Gecko) Version/26.4 Mobile/15E148 Safari/604.1"
2001:16a2:c1c3:dde3:b995:6301:8011:36c7 - - [28/Mar/2026:18:08:06 +0000] "GET /wp-content/plugins/woocommerce-multilingual/res/js/cart_widget.min.js?ver=5.5.5 HTTP/1.1" 200 523 "https://autozone.com.sa//shop/" "Mozilla/5.0 (iPhone; CPU iPhone OS 18_7 like Mac OS X) AppleWebKit/605.1.15 (KHTML, like Gecko) Version/26.4 Mobile/15E148 Safari/604.1"
2001:16a2:c1c3:dde3:b995:6301:8011:36c7 - - [28/Mar/2026:18:08:06 +0000] "GET /wp-content/plugins/woocommerce/assets/js/frontend/add-to-cart-variation.min.js?ver=10.6.1 HTTP/1.1" 200 3940 "https://autozone.com.sa//shop/" "Mozilla/5.0 (iPhone; CPU iPhone OS 18_7 like Mac OS X) AppleWebKit/605.1.15 (KHTML, like Gecko) Version/26.4 Mobile/15E148 Safari/604.1"
2001:16a2:c1c3:dde3:b995:6301:8011:36c7 - - [28/Mar/2026:18:08:06 +0000] "GET /wp-content/plugins/woocommerce/assets/js/frontend/add-to-cart.min.js?ver=10.6.1 HTTP/1.1" 200 1439 "https://autozone.com.sa//shop/" "Mozilla/5.0 (iPhone; CPU iPhone OS 18_7 like Mac OS X) AppleWebKit/605.1.15 (KHTML, like Gecko) Version/26.4 Mobile/15E148 Safari/604.1"
2001:16a2:c1c3:dde3:b995:6301:8011:36c7 - - [28/Mar/2026:18:08:06 +0000] "GET /wp-content/plugins/jet-search/assets/js/jet-search.js?ver=3.5.16.1 HTTP/1.1" 200 14975 "https://autozone.com.sa//shop/" "Mozilla/5.0 (iPhone; CPU iPhone OS 18_7 like Mac OS X) AppleWebKit/605.1.15 (KHTML, like Gecko) Version/26.4 Mobile/15E148 Safari/604.1"
2001:16a2:c1c3:dde3:b995:6301:8011:36c7 - - [28/Mar/2026:18:08:06 +0000] "GET /wp-includes/js/underscore.min.js?ver=1.13.7 HTTP/1.1" 200 7317 "https://autozone.com.sa//shop/" "Mozilla/5.0 (iPhone; CPU iPhone OS 18_7 like Mac OS X) AppleWebKit/605.1.15 (KHTML, like Gecko) Version/26.4 Mobile/15E148 Safari/604.1"
2001:16a2:c1c3:dde3:b995:6301:8011:36c7 - - [28/Mar/2026:18:08:06 +0000] "GET /wp-includes/js/jquery/jquery-migrate.min.js?ver=3.4.1 HTTP/1.1" 200 4872 "https://autozone.com.sa//shop/" "Mozilla/5.0 (iPhone; CPU iPhone OS 18_7 like Mac OS X) AppleWebKit/605.1.15 (KHTML, like Gecko) Version/26.4 Mobile/15E148 Safari/604.1"
2001:16a2:c1c3:dde3:b995:6301:8011:36c7 - - [28/Mar/2026:18:08:06 +0000] "GET /wp-content/plugins/jet-elements/assets/js/jet-elements.min.js?ver=2.8.1.1 HTTP/1.1" 200 7384 "https://autozone.com.sa//shop/" "Mozilla/5.0 (iPhone; CPU iPhone OS 18_7 like Mac OS X) AppleWebKit/605.1.15 (KHTML, like Gecko) Version/26.4 Mobile/15E148 Safari/604.1"
2001:16a2:c1c3:dde3:b995:6301:8011:36c7 - - [28/Mar/2026:18:08:06 +0000] "GET /wp-content/plugins/elementor-pro/assets/js/frontend.min.js?ver=3.35.1 HTTP/1.1" 200 6434 "https://autozone.com.sa//shop/" "Mozilla/5.0 (iPhone; CPU iPhone OS 18_7 like Mac OS X) AppleWebKit/605.1.15 (KHTML, like Gecko) Version/26.4 Mobile/15E148 Safari/604.1"
2001:16a2:c1c3:dde3:b995:6301:8011:36c7 - - [28/Mar/2026:18:08:06 +0000] "GET /wp-content/plugins/woo-variation-gallery/assets/js/frontend.min.js?ver=1748067894 HTTP/1.1" 200 4745 "https://autozone.com.sa//shop/" "Mozilla/5.0 (iPhone; CPU iPhone OS 18_7 like Mac OS X) AppleWebKit/605.1.15 (KHTML, like Gecko) Version/26.4 Mobile/15E148 Safari/604.1"
2001:16a2:c1c3:dde3:b995:6301:8011:36c7 - - [28/Mar/2026:18:08:06 +0000] "GET /wp-content/plugins/jet-tricks/assets/js/lib/ts-particles/1.18.11/tsparticles.min.js?ver=1.18.11 HTTP/1.1" 200 34623 "https://autozone.com.sa//shop/" "Mozilla/5.0 (iPhone; CPU iPhone OS 18_7 like Mac OS X) AppleWebKit/605.1.15 (KHTML, like Gecko) Version/26.4 Mobile/15E148 Safari/604.1"
2001:16a2:c1c3:dde3:b995:6301:8011:36c7 - - [28/Mar/2026:18:08:06 +0000] "GET /wp-content/plugins/jet-search/assets/lib/jet-plugins/jet-plugins.js?ver=1.0.0 HTTP/1.1" 200 2282 "https://autozone.com.sa//shop/" "Mozilla/5.0 (iPhone; CPU iPhone OS 18_7 like Mac OS X) AppleWebKit/605.1.15 (KHTML, like Gecko) Version/26.4 Mobile/15E148 Safari/604.1"
2001:16a2:c1c3:dde3:b995:6301:8011:36c7 - - [28/Mar/2026:18:08:06 +0000] "GET /wp-content/plugins/pixelyoursite/dist/scripts/tld.min.js?ver=2.3.1 HTTP/1.1" 200 40644 "https://autozone.com.sa//shop/" "Mozilla/5.0 (iPhone; CPU iPhone OS 18_7 like Mac OS X) AppleWebKit/605.1.15 (KHTML, like Gecko) Version/26.4 Mobile/15E148 Safari/604.1"
2001:16a2:c1c3:dde3:b995:6301:8011:36c7 - - [28/Mar/2026:18:08:06 +0000] "GET /wp-content/plugins/jet-elements/assets/js/lib/tweenjs/tweenjs.min.js?ver=2.0.2 HTTP/1.1" 200 38470 "https://autozone.com.sa//shop/" "Mozilla/5.0 (iPhone; CPU iPhone OS 18_7 like Mac OS X) AppleWebKit/605.1.15 (KHTML, like Gecko) Version/26.4 Mobile/15E148 Safari/604.1"
2001:16a2:c1c3:dde3:b995:6301:8011:36c7 - - [28/Mar/2026:18:08:07 +0000] "GET /wp-content/uploads/2025/04/BGC_5111-scaled.webp HTTP/1.1" 200 222069 "https://autozone.com.sa//shop/" "Mozilla/5.0 (iPhone; CPU iPhone OS 18_7 like Mac OS X) AppleWebKit/605.1.15 (KHTML, like Gecko) Version/26.4 Mobile/15E148 Safari/604.1"
2001:16a2:c1c3:dde3:b995:6301:8011:36c7 - - [28/Mar/2026:18:08:08 +0000] "POST /?wc-ajax=get_refreshed_fragments HTTP/1.1" 200 999 "https://autozone.com.sa//shop/" "Mozilla/5.0 (iPhone; CPU iPhone OS 18_7 like Mac OS X) AppleWebKit/605.1.15 (KHTML, like Gecko) Version/26.4 Mobile/15E148 Safari/604.1"
2001:16a2:c1c3:dde3:b995:6301:8011:36c7 - - [28/Mar/2026:18:08:08 +0000] "POST /wp-json/iawp/search HTTP/1.1" 200 36 "https://autozone.com.sa//shop/" "Mozilla/5.0 (iPhone; CPU iPhone OS 18_7 like Mac OS X) AppleWebKit/605.1.15 (KHTML, like Gecko) Version/26.4 Mobile/15E148 Safari/604.1"
2001:16a2:c1c3:dde3:b995:6301:8011:36c7 - - [28/Mar/2026:18:08:13 +0000] "POST /wp-admin/admin-ajax.php HTTP/1.1" 200 46 "https://autozone.com.sa//shop/" "Mozilla/5.0 (iPhone; CPU iPhone OS 18_7 like Mac OS X) AppleWebKit/605.1.15 (KHTML, like Gecko) Version/26.4 Mobile/15E148 Safari/604.1"
2001:16a2:c1c3:dde3:b995:6301:8011:36c7 - - [28/Mar/2026:18:08:13 +0000] "POST /wp-admin/admin-ajax.php HTTP/1.1" 200 8038 "https://autozone.com.sa//shop/" "Mozilla/5.0 (iPhone; CPU iPhone OS 18_7 like Mac OS X) AppleWebKit/605.1.15 (KHTML, like Gecko) Version/26.4 Mobile/15E148 Safari/604.1"
172.105.42.26 - - [28/Mar/2026:18:08:29 +0000] "POST /wp-cron.php?doing_wp_cron=1774721309.9436879158020019531250 HTTP/1.1" 200 20 "-" "WordPress/6.9.4; https://autozone.com.sa"
2001:16a2:c1c3:dde3:b995:6301:8011:36c7 - - [28/Mar/2026:18:08:25 +0000] "GET / HTTP/1.1" 200 163867 "https://www.google.com/" "Mozilla/5.0 (iPhone; CPU iPhone OS 18_7 like Mac OS X) AppleWebKit/605.1.15 (KHTML, like Gecko) Version/26.4 Mobile/15E148 Safari/604.1"
2a03:2880:f802:37:: - - [28/Mar/2026:18:09:00 +0000] "GET /product/toyota-corolla-xli-executive-2025/ HTTP/1.1" 200 128992 "-" "meta-externalagent/1.1 (+https://developers.facebook.com/docs/sharing/webmasters/crawler)"
172.105.42.26 - - [28/Mar/2026:18:09:26 +0000] "POST /wp-cron.php?doing_wp_cron=1774721365.6055860519409179687500 HTTP/1.1" 200 20 "-" "WordPress/6.9.4; https://autozone.com.sa"
2001:16a2:c1c3:dde3:b995:6301:8011:36c7 - - [28/Mar/2026:18:09:21 +0000] "GET / HTTP/1.1" 200 163847 "https://www.google.com/" "Mozilla/5.0 (iPhone; CPU iPhone OS 18_7 like Mac OS X) AppleWebKit/605.1.15 (KHTML, like Gecko) Version/26.4 Mobile/15E148 Safari/604.1"
2001:16a2:c1c3:dde3:b995:6301:8011:36c7 - - [28/Mar/2026:18:09:27 +0000] "POST /?wc-ajax=get_refreshed_fragments HTTP/1.1" 200 999 "https://autozone.com.sa/" "Mozilla/5.0 (iPhone; CPU iPhone OS 18_7 like Mac OS X) AppleWebKit/605.1.15 (KHTML, like Gecko) Version/26.4 Mobile/15E148 Safari/604.1"
2001:16a2:c1c3:dde3:b995:6301:8011:36c7 - - [28/Mar/2026:18:09:27 +0000] "POST /wp-json/iawp/search HTTP/1.1" 200 36 "https://autozone.com.sa/" "Mozilla/5.0 (iPhone; CPU iPhone OS 18_7 like Mac OS X) AppleWebKit/605.1.15 (KHTML, like Gecko) Version/26.4 Mobile/15E148 Safari/604.1"
2001:16a2:c1c3:dde3:b995:6301:8011:36c7 - - [28/Mar/2026:18:09:30 +0000] "GET /shop/ HTTP/1.1" 200 148553 "https://autozone.com.sa/" "Mozilla/5.0 (iPhone; CPU iPhone OS 18_7 like Mac OS X) AppleWebKit/605.1.15 (KHTML, like Gecko) Version/26.4 Mobile/15E148 Safari/604.1"
2001:16a2:c1c3:dde3:b995:6301:8011:36c7 - - [28/Mar/2026:18:09:34 +0000] "GET /wp-content/uploads/al_opt_content/IMAGE/autozone.com.sa/wp-content/uploads/2024/12/Untitled-design-53.webp?bv_host=autozone.com.sa&bv-resized-infos=bv_resized_mobile%3A480%2A139%3Bbv_resized_ipad%3A820%2A237%3Bbv_resized_desktop%3A872%2A252 HTTP/1.1" 200 38463 "https://autozone.com.sa/shop/" "Mozilla/5.0 (iPhone; CPU iPhone OS 18_7 like Mac OS X) AppleWebKit/605.1.15 (KHTML, like Gecko) Version/26.4 Mobile/15E148 Safari/604.1"
2001:16a2:c1c3:dde3:b995:6301:8011:36c7 - - [28/Mar/2026:18:09:35 +0000] "POST /?wc-ajax=get_refreshed_fragments HTTP/1.1" 200 999 "https://autozone.com.sa/shop/" "Mozilla/5.0 (iPhone; CPU iPhone OS 18_7 like Mac OS X) AppleWebKit/605.1.15 (KHTML, like Gecko) Version/26.4 Mobile/15E148 Safari/604.1"
2001:16a2:c1c3:dde3:b995:6301:8011:36c7 - - [28/Mar/2026:18:09:35 +0000] "POST /wp-json/iawp/search HTTP/1.1" 200 36 "https://autozone.com.sa/shop/" "Mozilla/5.0 (iPhone; CPU iPhone OS 18_7 like Mac OS X) AppleWebKit/605.1.15 (KHTML, like Gecko) Version/26.4 Mobile/15E148 Safari/604.1"
2001:16a2:c1c3:dde3:b995:6301:8011:36c7 - - [28/Mar/2026:18:09:38 +0000] "POST /wp-admin/admin-ajax.php HTTP/1.1" 200 511 "https://autozone.com.sa/shop/" "Mozilla/5.0 (iPhone; CPU iPhone OS 18_7 like Mac OS X) AppleWebKit/605.1.15 (KHTML, like Gecko) Version/26.4 Mobile/15E148 Safari/604.1"
2001:16a2:c1c3:dde3:b995:6301:8011:36c7 - - [28/Mar/2026:18:09:38 +0000] "POST /wp-admin/admin-ajax.php HTTP/1.1" 200 8119 "https://autozone.com.sa/shop/" "Mozilla/5.0 (iPhone; CPU iPhone OS 18_7 like Mac OS X) AppleWebKit/605.1.15 (KHTML, like Gecko) Version/26.4 Mobile/15E148 Safari/604.1"
172.105.42.26 - - [28/Mar/2026:18:09:43 +0000] "POST /wp-cron.php?doing_wp_cron=1774721383.7695178985595703125000 HTTP/1.1" 200 20 "-" "WordPress/6.9.4; https://autozone.com.sa"
2001:16a2:c1c3:dde3:b995:6301:8011:36c7 - - [28/Mar/2026:18:09:42 +0000] "POST /wp-admin/admin-ajax.php HTTP/1.1" 200 1104 "https://autozone.com.sa/shop/" "Mozilla/5.0 (iPhone; CPU iPhone OS 18_7 like Mac OS X) AppleWebKit/605.1.15 (KHTML, like Gecko) Version/26.4 Mobile/15E148 Safari/604.1"
2001:16a2:c1c3:dde3:b995:6301:8011:36c7 - - [28/Mar/2026:18:09:44 +0000] "POST /wp-admin/admin-ajax.php HTTP/1.1" 200 1111 "https://autozone.com.sa/shop/" "Mozilla/5.0 (iPhone; CPU iPhone OS 18_7 like Mac OS X) AppleWebKit/605.1.15 (KHTML, like Gecko) Version/26.4 Mobile/15E148 Safari/604.1"
2001:16a2:c1c3:dde3:b995:6301:8011:36c7 - - [28/Mar/2026:18:09:45 +0000] "POST /wp-admin/admin-ajax.php HTTP/1.1" 200 1112 "https://autozone.com.sa/shop/" "Mozilla/5.0 (iPhone; CPU iPhone OS 18_7 like Mac OS X) AppleWebKit/605.1.15 (KHTML, like Gecko) Version/26.4 Mobile/15E148 Safari/604.1"
2001:16a2:c1c3:dde3:b995:6301:8011:36c7 - - [28/Mar/2026:18:09:46 +0000] "POST /wp-admin/admin-ajax.php HTTP/1.1" 200 1118 "https://autozone.com.sa/shop/" "Mozilla/5.0 (iPhone; CPU iPhone OS 18_7 like Mac OS X) AppleWebKit/605.1.15 (KHTML, like Gecko) Version/26.4 Mobile/15E148 Safari/604.1"
2001:16a2:c1c3:dde3:b995:6301:8011:36c7 - - [28/Mar/2026:18:09:47 +0000] "POST /wp-admin/admin-ajax.php HTTP/1.1" 200 1120 "https://autozone.com.sa/shop/" "Mozilla/5.0 (iPhone; CPU iPhone OS 18_7 like Mac OS X) AppleWebKit/605.1.15 (KHTML, like Gecko) Version/26.4 Mobile/15E148 Safari/604.1"
66.249.75.99 - - [28/Mar/2026:18:09:46 +0000] "GET /product/toyota-camry-2025/?nocache=1774504439 HTTP/1.1" 200 131213 "-" "Mozilla/5.0 (Linux; Android 6.0.1; Nexus 5X Build/MMB29P) AppleWebKit/537.36 (KHTML, like Gecko) Chrome/146.0.7680.153 Mobile Safari/537.36 (compatible; Googlebot/2.1; +http://www.google.com/bot.html)"
2001:16a2:c1c3:dde3:b995:6301:8011:36c7 - - [28/Mar/2026:18:09:47 +0000] "POST /wp-admin/admin-ajax.php HTTP/1.1" 200 8160 "https://autozone.com.sa/shop/" "Mozilla/5.0 (iPhone; CPU iPhone OS 18_7 like Mac OS X) AppleWebKit/605.1.15 (KHTML, like Gecko) Version/26.4 Mobile/15E148 Safari/604.1"
2001:16a2:c1c3:dde3:b995:6301:8011:36c7 - - [28/Mar/2026:18:09:48 +0000] "POST /wp-admin/admin-ajax.php HTTP/1.1" 200 8167 "https://autozone.com.sa/shop/" "Mozilla/5.0 (iPhone; CPU iPhone OS 18_7 like Mac OS X) AppleWebKit/605.1.15 (KHTML, like Gecko) Version/26.4 Mobile/15E148 Safari/604.1"
2001:16a2:c1c3:dde3:b995:6301:8011:36c7 - - [28/Mar/2026:18:09:49 +0000] "POST /wp-admin/admin-ajax.php HTTP/1.1" 200 8170 "https://autozone.com.sa/shop/" "Mozilla/5.0 (iPhone; CPU iPhone OS 18_7 like Mac OS X) AppleWebKit/605.1.15 (KHTML, like Gecko) Version/26.4 Mobile/15E148 Safari/604.1"
20.215.220.221 - - [28/Mar/2026:18:09:51 +0000] "GET /en/product/jetour-dashing-2025/ HTTP/1.1" 200 85681 "-" "Mozilla/5.0 AppleWebKit/537.36 (KHTML, like Gecko); compatible; ChatGPT-User/1.0; +https://openai.com/bot"
66.249.75.98 - - [28/Mar/2026:18:09:55 +0000] "GET /wp-content/uploads/elementor/css/post-850.css?ver=1772928000 HTTP/1.1" 200 6894 "https://autozone.com.sa/product/toyota-camry-2025/?nocache=1774504439" "Mozilla/5.0 (Linux; Android 6.0.1; Nexus 5X Build/MMB29P) AppleWebKit/537.36 (KHTML, like Gecko) Chrome/146.0.7680.153 Mobile Safari/537.36 (compatible; Googlebot/2.1; +http://www.google.com/bot.html)"
2001:16a2:c1c3:dde3:b995:6301:8011:36c7 - - [28/Mar/2026:18:09:55 +0000] "GET / HTTP/1.1" 200 163868 "https://www.google.com/" "Mozilla/5.0 (iPhone; CPU iPhone OS 18_7 like Mac OS X) AppleWebKit/605.1.15 (KHTML, like Gecko) Version/26.4 Mobile/15E148 Safari/604.1"
172.105.42.26 - - [28/Mar/2026:18:10:21 +0000] "POST /wp-cron.php?doing_wp_cron=1774721421.9417960643768310546875 HTTP/1.1" 200 20 "-" "WordPress/6.9.4; https://autozone.com.sa"
18.192.166.72 - - [28/Mar/2026:18:10:20 +0000] "HEAD / HTTP/1.1" 200 - "https://autozone.com.sa/" "Mozilla/5.0+(compatible; UptimeRobot/2.0; http://www.uptimerobot.com/)"
34.209.124.163 - - [28/Mar/2026:18:10:32 +0000] "GET /feed/ HTTP/1.1" 200 588 "-" "UniversalFeedParser/5.2.1 +https://code.google.com/p/feedparser/"
172.105.42.26 - - [28/Mar/2026:18:10:44 +0000] "POST /wp-cron.php?doing_wp_cron=1774721444.8177208900451660156250 HTTP/1.1" 200 20 "-" "WordPress/6.9.4; https://autozone.com.sa"
2001:16a2:c1c3:dde3:b995:6301:8011:36c7 - - [28/Mar/2026:18:10:40 +0000] "GET / HTTP/1.1" 200 163851 "https://www.google.com/" "Mozilla/5.0 (iPhone; CPU iPhone OS 18_7 like Mac OS X) AppleWebKit/605.1.15 (KHTML, like Gecko) Version/26.4 Mobile/15E148 Safari/604.1"
2001:16a2:c1c3:dde3:b995:6301:8011:36c7 - - [28/Mar/2026:18:10:47 +0000] "POST /?wc-ajax=get_refreshed_fragments HTTP/1.1" 200 999 "https://autozone.com.sa/" "Mozilla/5.0 (iPhone; CPU iPhone OS 18_7 like Mac OS X) AppleWebKit/605.1.15 (KHTML, like Gecko) Version/26.4 Mobile/15E148 Safari/604.1"
2001:16a2:c1c3:dde3:b995:6301:8011:36c7 - - [28/Mar/2026:18:10:47 +0000] "POST /wp-json/iawp/search HTTP/1.1" 200 36 "https://autozone.com.sa/" "Mozilla/5.0 (iPhone; CPU iPhone OS 18_7 like Mac OS X) AppleWebKit/605.1.15 (KHTML, like Gecko) Version/26.4 Mobile/15E148 Safari/604.1"
2001:16a4:50:40c4:88e6:1014:756f:c3c2 - - [28/Mar/2026:18:11:04 +0000] "GET / HTTP/1.1" 200 163877 "https://www.google.com/" "Mozilla/5.0 (iPhone; CPU iPhone OS 18_5 like Mac OS X) AppleWebKit/605.1.15 (KHTML, like Gecko) Version/18.5 Mobile/15E148 Safari/604.1"
2001:16a4:50:40c4:88e6:1014:756f:c3c2 - - [28/Mar/2026:18:11:09 +0000] "GET / HTTP/1.1" 200 163886 "https://www.google.com/" "Mozilla/5.0 (iPhone; CPU iPhone OS 18_5 like Mac OS X) AppleWebKit/605.1.15 (KHTML, like Gecko) Version/18.5 Mobile/15E148 Safari/604.1"
172.105.42.26 - - [28/Mar/2026:18:11:21 +0000] "POST /wp-cron.php?doing_wp_cron=1774721481.6512839794158935546875 HTTP/1.1" 200 20 "-" "WordPress/6.9.4; https://autozone.com.sa"
2001:16a4:50:40c4:88e6:1014:756f:c3c2 - - [28/Mar/2026:18:11:20 +0000] "POST /wp-json/iawp/search HTTP/1.1" 200 36 "https://autozone.com.sa/" "Mozilla/5.0 (iPhone; CPU iPhone OS 18_5 like Mac OS X) AppleWebKit/605.1.15 (KHTML, like Gecko) Version/18.5 Mobile/15E148 Safari/604.1"
2001:16a4:50:40c4:88e6:1014:756f:c3c2 - - [28/Mar/2026:18:11:20 +0000] "POST /?wc-ajax=get_refreshed_fragments HTTP/1.1" 200 999 "https://autozone.com.sa/" "Mozilla/5.0 (iPhone; CPU iPhone OS 18_5 like Mac OS X) AppleWebKit/605.1.15 (KHTML, like Gecko) Version/18.5 Mobile/15E148 Safari/604.1"
2001:16a4:50:40c4:88e6:1014:756f:c3c2 - - [28/Mar/2026:18:11:20 +0000] "POST /?wc-ajax=get_refreshed_fragments HTTP/1.1" 200 999 "https://autozone.com.sa/" "Mozilla/5.0 (iPhone; CPU iPhone OS 18_5 like Mac OS X) AppleWebKit/605.1.15 (KHTML, like Gecko) Version/18.5 Mobile/15E148 Safari/604.1"
2001:16a4:50:40c4:88e6:1014:756f:c3c2 - - [28/Mar/2026:18:11:27 +0000] "POST /wp-admin/admin-ajax.php HTTP/1.1" 200 621 "https://autozone.com.sa/" "Mozilla/5.0 (iPhone; CPU iPhone OS 18_5 like Mac OS X) AppleWebKit/605.1.15 (KHTML, like Gecko) Version/18.5 Mobile/15E148 Safari/604.1"
2001:16a4:50:40c4:88e6:1014:756f:c3c2 - - [28/Mar/2026:18:11:41 +0000] "POST /wp-admin/admin-ajax.php HTTP/1.1" 200 46 "https://autozone.com.sa/" "Mozilla/5.0 (iPhone; CPU iPhone OS 18_5 like Mac OS X) AppleWebKit/605.1.15 (KHTML, like Gecko) Version/18.5 Mobile/15E148 Safari/604.1"
2001:16a4:50:40c4:88e6:1014:756f:c3c2 - - [28/Mar/2026:18:11:46 +0000] "POST /wp-admin/admin-ajax.php HTTP/1.1" 200 46 "https://autozone.com.sa/" "Mozilla/5.0 (iPhone; CPU iPhone OS 18_5 like Mac OS X) AppleWebKit/605.1.15 (KHTML, like Gecko) Version/18.5 Mobile/15E148 Safari/604.1"
2001:16a4:50:40c4:88e6:1014:756f:c3c2 - - [28/Mar/2026:18:11:48 +0000] "POST //shop/ HTTP/1.1" 200 43683 "https://autozone.com.sa/" "Mozilla/5.0 (iPhone; CPU iPhone OS 18_5 like Mac OS X) AppleWebKit/605.1.15 (KHTML, like Gecko) Version/18.5 Mobile/15E148 Safari/604.1"
2001:16a4:50:40c4:88e6:1014:756f:c3c2 - - [28/Mar/2026:18:11:53 +0000] "GET /wp-content/uploads/2025/07/BGC_2335-scaled.webp HTTP/1.1" 200 108731 "https://autozone.com.sa//shop/" "Mozilla/5.0 (iPhone; CPU iPhone OS 18_5 like Mac OS X) AppleWebKit/605.1.15 (KHTML, like Gecko) Version/18.5 Mobile/15E148 Safari/604.1"
2001:16a4:50:40c4:88e6:1014:756f:c3c2 - - [28/Mar/2026:18:11:54 +0000] "POST /?wc-ajax=get_refreshed_fragments HTTP/1.1" 200 999 "https://autozone.com.sa//shop/" "Mozilla/5.0 (iPhone; CPU iPhone OS 18_5 like Mac OS X) AppleWebKit/605.1.15 (KHTML, like Gecko) Version/18.5 Mobile/15E148 Safari/604.1"
2001:16a4:50:40c4:88e6:1014:756f:c3c2 - - [28/Mar/2026:18:11:54 +0000] "POST /wp-json/iawp/search HTTP/1.1" 200 36 "https://autozone.com.sa//shop/" "Mozilla/5.0 (iPhone; CPU iPhone OS 18_5 like Mac OS X) AppleWebKit/605.1.15 (KHTML, like Gecko) Version/18.5 Mobile/15E148 Safari/604.1"
2001:16a4:50:40c4:88e6:1014:756f:c3c2 - - [28/Mar/2026:18:12:05 +0000] "POST /wp-admin/admin-ajax.php HTTP/1.1" 200 1037 "https://autozone.com.sa//shop/" "Mozilla/5.0 (iPhone; CPU iPhone OS 18_5 like Mac OS X) AppleWebKit/605.1.15 (KHTML, like Gecko) Version/18.5 Mobile/15E148 Safari/604.1"
2a03:2880:f802:3:: - - [28/Mar/2026:18:12:05 +0000] "GET /offers/unbeatable-car-installments-from-autozone-in-ramadan/ HTTP/1.1" 404 30512 "-" "meta-externalagent/1.1 (+https://developers.facebook.com/docs/sharing/webmasters/crawler)"
92.222.104.223 - - [28/Mar/2026:18:12:06 +0000] "GET /sitemap-2.xml HTTP/1.1" 404 30896 "-" "Mozilla/5.0 (compatible; AhrefsBot/7.0; +http://ahrefs.com/robot/)"
2001:16a4:50:40c4:88e6:1014:756f:c3c2 - - [28/Mar/2026:18:12:06 +0000] "GET /shop/ HTTP/1.1" 200 148539 "https://autozone.com.sa//shop/" "Mozilla/5.0 (iPhone; CPU iPhone OS 18_5 like Mac OS X) AppleWebKit/605.1.15 (KHTML, like Gecko) Version/18.5 Mobile/15E148 Safari/604.1"
2001:16a4:50:40c4:88e6:1014:756f:c3c2 - - [28/Mar/2026:18:12:12 +0000] "POST /?wc-ajax=get_refreshed_fragments HTTP/1.1" 200 999 "https://autozone.com.sa/shop/" "Mozilla/5.0 (iPhone; CPU iPhone OS 18_5 like Mac OS X) AppleWebKit/605.1.15 (KHTML, like Gecko) Version/18.5 Mobile/15E148 Safari/604.1"
2001:16a4:50:40c4:88e6:1014:756f:c3c2 - - [28/Mar/2026:18:12:12 +0000] "POST /wp-json/iawp/search HTTP/1.1" 200 36 "https://autozone.com.sa/shop/" "Mozilla/5.0 (iPhone; CPU iPhone OS 18_5 like Mac OS X) AppleWebKit/605.1.15 (KHTML, like Gecko) Version/18.5 Mobile/15E148 Safari/604.1"
2001:16a4:50:40c4:88e6:1014:756f:c3c2 - - [28/Mar/2026:18:12:20 +0000] "POST /wp-admin/admin-ajax.php HTTP/1.1" 200 620 "https://autozone.com.sa/shop/" "Mozilla/5.0 (iPhone; CPU iPhone OS 18_5 like Mac OS X) AppleWebKit/605.1.15 (KHTML, like Gecko) Version/18.5 Mobile/15E148 Safari/604.1"
172.105.42.26 - - [28/Mar/2026:18:12:23 +0000] "POST /wp-cron.php?doing_wp_cron=1774721543.7180099487304687500000 HTTP/1.1" 200 20 "-" "WordPress/6.9.4; https://autozone.com.sa"
2001:16a4:50:40c4:88e6:1014:756f:c3c2 - - [28/Mar/2026:18:12:20 +0000] "POST /wp-admin/admin-ajax.php HTTP/1.1" 200 9871 "https://autozone.com.sa/shop/" "Mozilla/5.0 (iPhone; CPU iPhone OS 18_5 like Mac OS X) AppleWebKit/605.1.15 (KHTML, like Gecko) Version/18.5 Mobile/15E148 Safari/604.1"
2001:16a4:50:40c4:88e6:1014:756f:c3c2 - - [28/Mar/2026:18:12:24 +0000] "GET /wp-content/uploads/2026/01/6704d68784dcbf95a5745dbf_min-001%E5%B9%B3%E8%A7%86%E5%B7%A6%E4%BE%A760%E5%BA%A6-%E6%8B%B7%E8%B4%9D-3-p-1600.webp HTTP/1.1" 200 39380 "https://autozone.com.sa/shop/" "Mozilla/5.0 (iPhone; CPU iPhone OS 18_5 like Mac OS X) AppleWebKit/605.1.15 (KHTML, like Gecko) Version/18.5 Mobile/15E148 Safari/604.1"
2001:16a4:50:40c4:88e6:1014:756f:c3c2 - - [28/Mar/2026:18:12:24 +0000] "GET /wp-content/uploads/2026/01/6796129b2bc3b20cf285f980_%E8%AF%95%E9%A9%BE%E7%BE%8E%E5%9B%BE-19-min-p-1600.webp HTTP/1.1" 200 69283 "https://autozone.com.sa/shop/" "Mozilla/5.0 (iPhone; CPU iPhone OS 18_5 like Mac OS X) AppleWebKit/605.1.15 (KHTML, like Gecko) Version/18.5 Mobile/15E148 Safari/604.1"
114.119.155.55 - - [28/Mar/2026:18:12:25 +0000] "GET /financing-partners/bank-logo-11-min/ HTTP/1.1" 404 30927 "https://autozone.com.sa/en/financing-partners/bank-logo-11-min-2/" "Mozilla/5.0 (Linux; Android 7.0;) AppleWebKit/537.36 (KHTML, like Gecko) Mobile Safari/537.36 (compatible; PetalBot;+https://webmaster.petalsearch.com/site/petalbot)"
2001:16a4:50:40c4:88e6:1014:756f:c3c2 - - [28/Mar/2026:18:12:29 +0000] "POST /wp-admin/admin-ajax.php HTTP/1.1" 200 46 "https://autozone.com.sa/shop/" "Mozilla/5.0 (iPhone; CPU iPhone OS 18_5 like Mac OS X) AppleWebKit/605.1.15 (KHTML, like Gecko) Version/18.5 Mobile/15E148 Safari/604.1"
2001:16a4:50:40c4:88e6:1014:756f:c3c2 - - [28/Mar/2026:18:12:29 +0000] "POST /wp-admin/admin-ajax.php HTTP/1.1" 200 8187 "https://autozone.com.sa/shop/" "Mozilla/5.0 (iPhone; CPU iPhone OS 18_5 like Mac OS X) AppleWebKit/605.1.15 (KHTML, like Gecko) Version/18.5 Mobile/15E148 Safari/604.1"
40.77.167.16 - - [28/Mar/2026:18:12:35 +0000] "GET /shopdetail/29851227 HTTP/1.1" 301 20 "-" "Mozilla/5.0 AppleWebKit/537.36 (KHTML, like Gecko; compatible; bingbot/2.0; +http://www.bing.com/bingbot.htm) Chrome/116.0.1938.76 Safari/537.36"
2001:16a4:50:40c4:88e6:1014:756f:c3c2 - - [28/Mar/2026:18:12:44 +0000] "GET /product/haval-h9-special-color-2026/ HTTP/1.1" 200 133567 "https://autozone.com.sa/shop/" "Mozilla/5.0 (iPhone; CPU iPhone OS 18_5 like Mac OS X) AppleWebKit/605.1.15 (KHTML, like Gecko) Version/18.5 Mobile/15E148 Safari/604.1"
2001:16a4:50:40c4:88e6:1014:756f:c3c2 - - [28/Mar/2026:18:12:49 +0000] "GET /wp-content/uploads/2026/01/6704d68784dcbf95a5745dbf_min-001%E5%B9%B3%E8%A7%86%E5%B7%A6%E4%BE%A760%E5%BA%A6-%E6%8B%B7%E8%B4%9D-3-p-1600-1536x1024.webp HTTP/1.1" 200 42578 "https://autozone.com.sa/product/haval-h9-special-color-2026/" "Mozilla/5.0 (iPhone; CPU iPhone OS 18_5 like Mac OS X) AppleWebKit/605.1.15 (KHTML, like Gecko) Version/18.5 Mobile/15E148 Safari/604.1"
2001:16a4:50:40c4:88e6:1014:756f:c3c2 - - [28/Mar/2026:18:12:50 +0000] "GET /wp-content/uploads/al_opt_content/IMAGE/autozone.com.sa/wp-content/uploads/2026/01/6704d68784dcbf95a5745dbf_min-001%E5%B9%B3%E8%A7%86%E5%B7%A6%E4%BE%A760%E5%BA%A6-%E6%8B%B7%E8%B4%9D-3-p-1600.webp?bv_host=autozone.com.sa&bv-resized-infos=bv_resized_mobile%3A480%2A320%3Bbv_resized_ipad%3A820%2A547%3Bbv_resized_desktop%3A1536%2A1024 HTTP/1.1" 200 39380 "https://autozone.com.sa/product/haval-h9-special-color-2026/" "Mozilla/5.0 (iPhone; CPU iPhone OS 18_5 like Mac OS X) AppleWebKit/605.1.15 (KHTML, like Gecko) Version/18.5 Mobile/15E148 Safari/604.1"
2001:16a4:50:40c4:88e6:1014:756f:c3c2 - - [28/Mar/2026:18:12:50 +0000] "POST /?wc-ajax=get_variation_gallery HTTP/1.1" 200 687 "https://autozone.com.sa/product/haval-h9-special-color-2026/" "Mozilla/5.0 (iPhone; CPU iPhone OS 18_5 like Mac OS X) AppleWebKit/605.1.15 (KHTML, like Gecko) Version/18.5 Mobile/15E148 Safari/604.1"
2001:16a4:50:40c4:88e6:1014:756f:c3c2 - - [28/Mar/2026:18:12:50 +0000] "POST /?wc-ajax=get_default_gallery HTTP/1.1" 200 477 "https://autozone.com.sa/product/haval-h9-special-color-2026/" "Mozilla/5.0 (iPhone; CPU iPhone OS 18_5 like Mac OS X) AppleWebKit/605.1.15 (KHTML, like Gecko) Version/18.5 Mobile/15E148 Safari/604.1"
2001:16a4:50:40c4:88e6:1014:756f:c3c2 - - [28/Mar/2026:18:12:50 +0000] "POST /?wc-ajax=get_refreshed_fragments HTTP/1.1" 200 999 "https://autozone.com.sa/product/haval-h9-special-color-2026/" "Mozilla/5.0 (iPhone; CPU iPhone OS 18_5 like Mac OS X) AppleWebKit/605.1.15 (KHTML, like Gecko) Version/18.5 Mobile/15E148 Safari/604.1"
2001:16a4:50:40c4:88e6:1014:756f:c3c2 - - [28/Mar/2026:18:12:50 +0000] "POST /wp-json/iawp/search HTTP/1.1" 200 36 "https://autozone.com.sa/product/haval-h9-special-color-2026/" "Mozilla/5.0 (iPhone; CPU iPhone OS 18_5 like Mac OS X) AppleWebKit/605.1.15 (KHTML, like Gecko) Version/18.5 Mobile/15E148 Safari/604.1"
2001:16a4:50:40c4:88e6:1014:756f:c3c2 - - [28/Mar/2026:18:12:52 +0000] "GET /wp-content/uploads/2026/01/6704d6889beb02a189b00458_min-1-4-p-1600-300x300.webp HTTP/1.1" 200 19711 "https://autozone.com.sa/product/haval-h9-special-color-2026/" "Mozilla/5.0 (iPhone; CPU iPhone OS 18_5 like Mac OS X) AppleWebKit/605.1.15 (KHTML, like Gecko) Version/18.5 Mobile/15E148 Safari/604.1"
2001:16a4:50:40c4:88e6:1014:756f:c3c2 - - [28/Mar/2026:18:12:52 +0000] "GET /wp-content/uploads/2026/01/6704d68a7fae78d61efb265a_min-029-p-1600.webp HTTP/1.1" 200 456544 "https://autozone.com.sa/product/haval-h9-special-color-2026/" "Mozilla/5.0 (iPhone; CPU iPhone OS 18_5 like Mac OS X) AppleWebKit/605.1.15 (KHTML, like Gecko) Version/18.5 Mobile/15E148 Safari/604.1"
2001:16a4:50:40c4:88e6:1014:756f:c3c2 - - [28/Mar/2026:18:12:52 +0000] "GET /wp-content/uploads/2026/01/68f8d2d1ba1e6f1fc3930522_min-01a-beauty-_00009-p-1600-1536x645.webp HTTP/1.1" 200 48783 "https://autozone.com.sa/product/haval-h9-special-color-2026/" "Mozilla/5.0 (iPhone; CPU iPhone OS 18_5 like Mac OS X) AppleWebKit/605.1.15 (KHTML, like Gecko) Version/18.5 Mobile/15E148 Safari/604.1"
2001:16a4:50:40c4:88e6:1014:756f:c3c2 - - [28/Mar/2026:18:12:52 +0000] "GET /wp-content/uploads/2026/01/6704d6889beb02a189b00458_min-1-4-p-1600-600x452.webp HTTP/1.1" 200 53982 "https://autozone.com.sa/product/haval-h9-special-color-2026/" "Mozilla/5.0 (iPhone; CPU iPhone OS 18_5 like Mac OS X) AppleWebKit/605.1.15 (KHTML, like Gecko) Version/18.5 Mobile/15E148 Safari/604.1"
2001:16a4:50:40c4:88e6:1014:756f:c3c2 - - [28/Mar/2026:18:12:52 +0000] "GET /wp-content/uploads/2026/01/6704d6889beb02a189b00458_min-1-4-p-1600-100x100.webp HTTP/1.1" 200 2973 "https://autozone.com.sa/product/haval-h9-special-color-2026/" "Mozilla/5.0 (iPhone; CPU iPhone OS 18_5 like Mac OS X) AppleWebKit/605.1.15 (KHTML, like Gecko) Version/18.5 Mobile/15E148 Safari/604.1"
2001:16a4:50:40c4:88e6:1014:756f:c3c2 - - [28/Mar/2026:18:12:52 +0000] "GET /wp-content/uploads/2026/01/6704d68a7fae78d61efb265a_min-029-p-1600-100x100.webp HTTP/1.1" 200 3643 "https://autozone.com.sa/product/haval-h9-special-color-2026/" "Mozilla/5.0 (iPhone; CPU iPhone OS 18_5 like Mac OS X) AppleWebKit/605.1.15 (KHTML, like Gecko) Version/18.5 Mobile/15E148 Safari/604.1"
2001:16a4:50:40c4:88e6:1014:756f:c3c2 - - [28/Mar/2026:18:12:52 +0000] "GET /wp-content/uploads/2026/01/68f8d2d1ba1e6f1fc3930522_min-01a-beauty-_00009-p-1600-600x252.webp HTTP/1.1" 200 14157 "https://autozone.com.sa/product/haval-h9-special-color-2026/" "Mozilla/5.0 (iPhone; CPU iPhone OS 18_5 like Mac OS X) AppleWebKit/605.1.15 (KHTML, like Gecko) Version/18.5 Mobile/15E148 Safari/604.1"
2001:16a4:50:40c4:88e6:1014:756f:c3c2 - - [28/Mar/2026:18:12:52 +0000] "GET /wp-content/uploads/2026/01/68f8d2d1ba1e6f1fc3930522_min-01a-beauty-_00009-p-1600-300x300.webp HTTP/1.1" 200 8101 "https://autozone.com.sa/product/haval-h9-special-color-2026/" "Mozilla/5.0 (iPhone; CPU iPhone OS 18_5 like Mac OS X) AppleWebKit/605.1.15 (KHTML, like Gecko) Version/18.5 Mobile/15E148 Safari/604.1"
2001:16a4:50:40c4:88e6:1014:756f:c3c2 - - [28/Mar/2026:18:12:52 +0000] "GET /wp-content/uploads/2026/01/6704d68a7fae78d61efb265a_min-029-p-1600-300x300.webp HTTP/1.1" 200 28501 "https://autozone.com.sa/product/haval-h9-special-color-2026/" "Mozilla/5.0 (iPhone; CPU iPhone OS 18_5 like Mac OS X) AppleWebKit/605.1.15 (KHTML, like Gecko) Version/18.5 Mobile/15E148 Safari/604.1"
2001:16a4:50:40c4:88e6:1014:756f:c3c2 - - [28/Mar/2026:18:12:52 +0000] "GET /wp-content/uploads/2026/01/6704d68a7fae78d61efb265a_min-029-p-1600-600x449.webp HTTP/1.1" 200 79967 "https://autozone.com.sa/product/haval-h9-special-color-2026/" "Mozilla/5.0 (iPhone; CPU iPhone OS 18_5 like Mac OS X) AppleWebKit/605.1.15 (KHTML, like Gecko) Version/18.5 Mobile/15E148 Safari/604.1"
2001:16a4:50:40c4:88e6:1014:756f:c3c2 - - [28/Mar/2026:18:12:52 +0000] "GET /wp-content/uploads/2026/01/68f8d2d1ba1e6f1fc3930522_min-01a-beauty-_00009-p-1600-100x100.webp HTTP/1.1" 200 2035 "https://autozone.com.sa/product/haval-h9-special-color-2026/" "Mozilla/5.0 (iPhone; CPU iPhone OS 18_5 like Mac OS X) AppleWebKit/605.1.15 (KHTML, like Gecko) Version/18.5 Mobile/15E148 Safari/604.1"
2001:16a4:50:40c4:88e6:1014:756f:c3c2 - - [28/Mar/2026:18:12:52 +0000] "GET /wp-content/uploads/2026/01/6704d6889beb02a189b00458_min-1-4-p-1600-1536x1157.webp HTTP/1.1" 200 257268 "https://autozone.com.sa/product/haval-h9-special-color-2026/" "Mozilla/5.0 (iPhone; CPU iPhone OS 18_5 like Mac OS X) AppleWebKit/605.1.15 (KHTML, like Gecko) Version/18.5 Mobile/15E148 Safari/604.1"
2001:16a4:50:40c4:88e6:1014:756f:c3c2 - - [28/Mar/2026:18:12:52 +0000] "GET /wp-content/uploads/2026/01/68f8d2d1ba1e6f1fc3930522_min-01a-beauty-_00009-p-1600.webp HTTP/1.1" 200 54397 "https://autozone.com.sa/product/haval-h9-special-color-2026/" "Mozilla/5.0 (iPhone; CPU iPhone OS 18_5 like Mac OS X) AppleWebKit/605.1.15 (KHTML, like Gecko) Version/18.5 Mobile/15E148 Safari/604.1"
2001:16a4:50:40c4:88e6:1014:756f:c3c2 - - [28/Mar/2026:18:12:52 +0000] "GET /wp-content/uploads/2026/01/6704d68a7fae78d61efb265a_min-029-p-1600-1536x1150.webp HTTP/1.1" 200 426081 "https://autozone.com.sa/product/haval-h9-special-color-2026/" "Mozilla/5.0 (iPhone; CPU iPhone OS 18_5 like Mac OS X) AppleWebKit/605.1.15 (KHTML, like Gecko) Version/18.5 Mobile/15E148 Safari/604.1"
2001:16a4:50:40c4:88e6:1014:756f:c3c2 - - [28/Mar/2026:18:12:52 +0000] "GET /wp-content/uploads/2026/01/6704d6889beb02a189b00458_min-1-4-p-1600.webp HTTP/1.1" 200 270843 "https://autozone.com.sa/product/haval-h9-special-color-2026/" "Mozilla/5.0 (iPhone; CPU iPhone OS 18_5 like Mac OS X) AppleWebKit/605.1.15 (KHTML, like Gecko) Version/18.5 Mobile/15E148 Safari/604.1"
2001:16a4:50:40c4:88e6:1014:756f:c3c2 - - [28/Mar/2026:18:12:56 +0000] "GET /wp-content/uploads/2026/01/6704d673ce2a207e6241df01_min-D002%E5%8F%B3%E6%96%9C%E5%A4%A7%E5%86%85%E9%A5%B0-p-1600-300x200.webp HTTP/1.1" 200 11313 "https://autozone.com.sa/product/haval-h9-special-color-2026/" "Mozilla/5.0 (iPhone; CPU iPhone OS 18_5 like Mac OS X) AppleWebKit/605.1.15 (KHTML, like Gecko) Version/18.5 Mobile/15E148 Safari/604.1"
2001:16a4:50:40c4:88e6:1014:756f:c3c2 - - [28/Mar/2026:18:12:57 +0000] "GET /wp-content/uploads/2026/01/6704d673f46c7fd88556ed24_min-S012%E6%97%A0%E7%BA%BF%E5%85%85%E7%94%B5-p-1600-300x200.webp HTTP/1.1" 200 13003 "https://autozone.com.sa/product/haval-h9-special-color-2026/" "Mozilla/5.0 (iPhone; CPU iPhone OS 18_5 like Mac OS X) AppleWebKit/605.1.15 (KHTML, like Gecko) Version/18.5 Mobile/15E148 Safari/604.1"
2001:16a4:50:40c4:88e6:1014:756f:c3c2 - - [28/Mar/2026:18:12:57 +0000] "GET /wp-content/uploads/2026/01/6704d673d11d0f6a17e3ecb7_min-D003%E5%A4%A9%E7%AA%97%E5%89%AF%E9%A9%BE-p-1600-300x188.webp HTTP/1.1" 200 11079 "https://autozone.com.sa/product/haval-h9-special-color-2026/" "Mozilla/5.0 (iPhone; CPU iPhone OS 18_5 like Mac OS X) AppleWebKit/605.1.15 (KHTML, like Gecko) Version/18.5 Mobile/15E148 Safari/604.1"
2001:16a4:50:40c4:88e6:1014:756f:c3c2 - - [28/Mar/2026:18:12:57 +0000] "GET /wp-content/uploads/2026/01/6704d674db651d6d9c2c0a47_min-%E5%90%8E%E6%8E%92-p-1600-300x169.webp HTTP/1.1" 200 9953 "https://autozone.com.sa/product/haval-h9-special-color-2026/" "Mozilla/5.0 (iPhone; CPU iPhone OS 18_5 like Mac OS X) AppleWebKit/605.1.15 (KHTML, like Gecko) Version/18.5 Mobile/15E148 Safari/604.1"
2001:16a4:50:40c4:88e6:1014:756f:c3c2 - - [28/Mar/2026:18:12:58 +0000] "GET /wp-content/uploads/2026/01/6704d674fc851068d5585c31_min-%E5%BA%A7%E6%A4%85%E6%94%BE%E5%80%92-p-1600-300x169.webp HTTP/1.1" 200 10581 "https://autozone.com.sa/product/haval-h9-special-color-2026/" "Mozilla/5.0 (iPhone; CPU iPhone OS 18_5 like Mac OS X) AppleWebKit/605.1.15 (KHTML, like Gecko) Version/18.5 Mobile/15E148 Safari/604.1"
2001:16a4:50:40c4:88e6:1014:756f:c3c2 - - [28/Mar/2026:18:12:58 +0000] "GET /wp-content/uploads/2026/01/6704d674e97c4ea9238e0906_min-%E5%BC%80%E9%97%A8-p-1600-300x173.webp HTTP/1.1" 200 10349 "https://autozone.com.sa/product/haval-h9-special-color-2026/" "Mozilla/5.0 (iPhone; CPU iPhone OS 18_5 like Mac OS X) AppleWebKit/605.1.15 (KHTML, like Gecko) Version/18.5 Mobile/15E148 Safari/604.1"
2001:16a4:50:40c4:88e6:1014:756f:c3c2 - - [28/Mar/2026:18:12:58 +0000] "GET /wp-content/uploads/2026/01/6704d688eefe60aaad9bc1e0_min-2-19-p-1600-300x213.webp HTTP/1.1" 200 9779 "https://autozone.com.sa/product/haval-h9-special-color-2026/" "Mozilla/5.0 (iPhone; CPU iPhone OS 18_5 like Mac OS X) AppleWebKit/605.1.15 (KHTML, like Gecko) Version/18.5 Mobile/15E148 Safari/604.1"
2001:16a4:50:40c4:88e6:1014:756f:c3c2 - - [28/Mar/2026:18:12:58 +0000] "GET /wp-content/uploads/2026/01/6704d6334e4c7523ed2457b0_min-Front-Interior-p-1080-300x200.webp HTTP/1.1" 200 11901 "https://autozone.com.sa/product/haval-h9-special-color-2026/" "Mozilla/5.0 (iPhone; CPU iPhone OS 18_5 like Mac OS X) AppleWebKit/605.1.15 (KHTML, like Gecko) Version/18.5 Mobile/15E148 Safari/604.1"
2001:16a4:50:40c4:88e6:1014:756f:c3c2 - - [28/Mar/2026:18:12:59 +0000] "GET /wp-content/uploads/2026/01/6704d6735c261dc604fdda84_min-%E5%A4%A9%E7%AA%97-%E6%A9%99%E8%89%B2-p-1600-300x169.webp HTTP/1.1" 200 10433 "https://autozone.com.sa/product/haval-h9-special-color-2026/" "Mozilla/5.0 (iPhone; CPU iPhone OS 18_5 like Mac OS X) AppleWebKit/605.1.15 (KHTML, like Gecko) Version/18.5 Mobile/15E148 Safari/604.1"
