172.105.42.26 - - [28/Mar/2026:15:00:01 +0000] "POST /wp-cron.php?doing_wp_cron=1774710001.8785469532012939453125 HTTP/1.1" 200 20 "-" "WordPress/6.9.4; https://autozone.com.sa"
2a02:9b0:e8:cd04:e95c:ff49:2c27:2191 - - [28/Mar/2026:14:59:58 +0000] "GET /shop/ HTTP/1.1" 200 148561 "https://autozone.com.sa/" "Mozilla/5.0 (iPhone; CPU iPhone OS 16_7_14 like Mac OS X) AppleWebKit/605.1.15 (KHTML, like Gecko) GSA/413.1.887139264 Mobile/15E148 Safari/604.1"
172.105.42.26 - - [28/Mar/2026:15:00:05 +0000] "POST /wp-cron.php?doing_wp_cron=1774710005.0828750133514404296875 HTTP/1.1" 200 20 "-" "WordPress/6.9.4; https://autozone.com.sa"
2a02:9b0:e8:cd04:e95c:ff49:2c27:2191 - - [28/Mar/2026:14:59:59 +0000] "GET / HTTP/1.1" 200 163865 "https://www.google.com/url?q=https://autozone.com.sa/&sa=U&sqi=2&ved=2ahUKEwjX09j17MKTAxUzZ0EAHSeMFn0QFnoECBwQAQ&usg=AOvVaw1SjMWZts_6ovhlDMgjnPRK" "Mozilla/5.0 (iPhone; CPU iPhone OS 16_7_14 like Mac OS X) AppleWebKit/605.1.15 (KHTML, like Gecko) GSA/413.1.887139264 Mobile/15E148 Safari/604.1"
2001:16a2:c290:dbff:6835:ddfd:6344:4232 - - [28/Mar/2026:15:00:02 +0000] "GET /en/car-type/mid-suv/ HTTP/1.1" 200 69949 "https://autozone.com.sa/en/" "Mozilla/5.0 (iPhone; CPU iPhone OS 26_3_1 like Mac OS X) AppleWebKit/605.1.15 (KHTML, like Gecko) GSA/413.1.887139264 Mobile/15E148 Safari/604.1"
2a02:9b0:e8:cd04:e95c:ff49:2c27:2191 - - [28/Mar/2026:15:00:05 +0000] "GET /our-offers/ HTTP/1.1" 200 113304 "https://www.google.com/url?q=https://autozone.com.sa/our-offers/&sa=U&sqi=2&ved=2ahUKEwjX09j17MKTAxUzZ0EAHSeMFn0QjBB6BAgaEAM&usg=AOvVaw1TJo4hqY4enheGwogjYh7J" "Mozilla/5.0 (iPhone; CPU iPhone OS 16_7_14 like Mac OS X) AppleWebKit/605.1.15 (KHTML, like Gecko) GSA/413.1.887139264 Mobile/15E148 Safari/604.1"
2001:16a2:c290:dbff:6835:ddfd:6344:4232 - - [28/Mar/2026:15:00:06 +0000] "GET /en/car-type/mid-suv/ HTTP/1.1" 200 69971 "https://autozone.com.sa/en/" "Mozilla/5.0 (iPhone; CPU iPhone OS 26_3_1 like Mac OS X) AppleWebKit/605.1.15 (KHTML, like Gecko) GSA/413.1.887139264 Mobile/15E148 Safari/604.1"
2a02:9b0:e8:cd04:e95c:ff49:2c27:2191 - - [28/Mar/2026:15:00:10 +0000] "POST /?wc-ajax=get_refreshed_fragments HTTP/1.1" 200 999 "https://autozone.com.sa/our-offers/" "Mozilla/5.0 (iPhone; CPU iPhone OS 16_7_14 like Mac OS X) AppleWebKit/605.1.15 (KHTML, like Gecko) GSA/413.1.887139264 Mobile/15E148 Safari/604.1"
2a02:9b0:e8:cd04:e95c:ff49:2c27:2191 - - [28/Mar/2026:15:00:10 +0000] "POST /?wc-ajax=get_refreshed_fragments HTTP/1.1" 200 999 "https://autozone.com.sa/our-offers/" "Mozilla/5.0 (iPhone; CPU iPhone OS 16_7_14 like Mac OS X) AppleWebKit/605.1.15 (KHTML, like Gecko) GSA/413.1.887139264 Mobile/15E148 Safari/604.1"
2a02:9b0:e8:cd04:e95c:ff49:2c27:2191 - - [28/Mar/2026:15:00:10 +0000] "POST /wp-json/iawp/search HTTP/1.1" 200 36 "https://autozone.com.sa/our-offers/" "Mozilla/5.0 (iPhone; CPU iPhone OS 16_7_14 like Mac OS X) AppleWebKit/605.1.15 (KHTML, like Gecko) GSA/413.1.887139264 Mobile/15E148 Safari/604.1"
66.249.83.128 - - [28/Mar/2026:15:00:12 +0000] "GET /en/car-type/mid-suv/ HTTP/1.1" 200 69985 "-" "Mozilla/5.0 (Linux; Android 10; K) AppleWebKit/537.36 (KHTML, like Gecko) Chrome/138.0.0.0 Mobile Safari/537.36 (compatible; Google-Read-Aloud; +https://support.google.com/webmasters/answer/1061943)"
66.249.83.137 - - [28/Mar/2026:15:00:12 +0000] "GET /en/car-type/mid-suv/ HTTP/1.1" 200 69956 "-" "Mozilla/5.0 (Linux; Android 10; K) AppleWebKit/537.36 (KHTML, like Gecko) Chrome/138.0.0.0 Mobile Safari/537.36 (compatible; Google-Read-Aloud; +https://support.google.com/webmasters/answer/1061943)"
66.249.83.132 - - [28/Mar/2026:15:00:18 +0000] "GET /wp-content/uploads/2024/12/AutoZone-R.woff2 HTTP/1.1" 200 28039 "https://autozone.com.sa/wp-content/uploads/elementor/css/post-6.css?ver=1774675857" "Mozilla/5.0 (Linux; Android 10; K) AppleWebKit/537.36 (KHTML, like Gecko) Chrome/138.0.0.0 Mobile Safari/537.36 (compatible; Google-Read-Aloud; +https://support.google.com/webmasters/answer/1061943)"
66.249.83.130 - - [28/Mar/2026:15:00:18 +0000] "GET /wp-content/uploads/2024/12/AutoZone-AR-Bold.woff2 HTTP/1.1" 200 25679 "https://autozone.com.sa/wp-content/uploads/elementor/css/post-6.css?ver=1774675857" "Mozilla/5.0 (Linux; Android 10; K) AppleWebKit/537.36 (KHTML, like Gecko) Chrome/138.0.0.0 Mobile Safari/537.36 (compatible; Google-Read-Aloud; +https://support.google.com/webmasters/answer/1061943)"
66.249.83.130 - - [28/Mar/2026:15:00:18 +0000] "GET /wp-content/uploads/2024/12/AutoZone-AR-Plain.woff2 HTTP/1.1" 200 22707 "https://autozone.com.sa/wp-content/uploads/elementor/css/post-6.css?ver=1774675857" "Mozilla/5.0 (Linux; Android 10; K) AppleWebKit/537.36 (KHTML, like Gecko) Chrome/138.0.0.0 Mobile Safari/537.36 (compatible; Google-Read-Aloud; +https://support.google.com/webmasters/answer/1061943)"
2001:16a2:c290:dbff:6835:ddfd:6344:4232 - - [28/Mar/2026:15:00:18 +0000] "POST /en/wp-json/iawp/search HTTP/1.1" 200 36 "https://autozone.com.sa/en/car-type/mid-suv/" "Mozilla/5.0 (iPhone; CPU iPhone OS 26_3_1 like Mac OS X) AppleWebKit/605.1.15 (KHTML, like Gecko) GSA/413.1.887139264 Mobile/15E148 Safari/604.1"
2001:16a2:c290:dbff:6835:ddfd:6344:4232 - - [28/Mar/2026:15:00:20 +0000] "POST /wp-admin/admin-ajax.php HTTP/1.1" 200 932 "https://autozone.com.sa/en/car-type/mid-suv/" "Mozilla/5.0 (iPhone; CPU iPhone OS 26_3_1 like Mac OS X) AppleWebKit/605.1.15 (KHTML, like Gecko) GSA/413.1.887139264 Mobile/15E148 Safari/604.1"
2001:16a2:c290:dbff:6835:ddfd:6344:4232 - - [28/Mar/2026:15:00:20 +0000] "POST /wp-admin/admin-ajax.php HTTP/1.1" 200 8395 "https://autozone.com.sa/en/car-type/mid-suv/" "Mozilla/5.0 (iPhone; CPU iPhone OS 26_3_1 like Mac OS X) AppleWebKit/605.1.15 (KHTML, like Gecko) GSA/413.1.887139264 Mobile/15E148 Safari/604.1"
172.105.42.26 - - [28/Mar/2026:15:00:20 +0000] "POST /wp-admin/admin-ajax.php?action=wp_iawp_sync_module_background_job&nonce=0bd705b63a HTTP/1.1" 200 20 "-" "WordPress/6.9.4; https://autozone.com.sa/en/"
2a02:9b0:e8:cd04:e95c:ff49:2c27:2191 - - [28/Mar/2026:15:00:22 +0000] "POST /wp-json/iawp/search HTTP/1.1" 200 36 "https://autozone.com.sa/" "Mozilla/5.0 (iPhone; CPU iPhone OS 16_7_14 like Mac OS X) AppleWebKit/605.1.15 (KHTML, like Gecko) GSA/413.1.887139264 Mobile/15E148 Safari/604.1"
2001:16a2:c290:dbff:6835:ddfd:6344:4232 - - [28/Mar/2026:15:00:18 +0000] "POST /wp-admin/admin-ajax.php HTTP/1.1" 200 12644 "https://autozone.com.sa/en/car-type/mid-suv/" "Mozilla/5.0 (iPhone; CPU iPhone OS 26_3_1 like Mac OS X) AppleWebKit/605.1.15 (KHTML, like Gecko) GSA/413.1.887139264 Mobile/15E148 Safari/604.1"
2a02:9b0:e8:cd04:e95c:ff49:2c27:2191 - - [28/Mar/2026:15:00:25 +0000] "GET /offers/from-eid-to-eid-non-stop-deals-changan-uni-t-elite-2026-with-no-tax/ HTTP/1.1" 200 138732 "https://autozone.com.sa/our-offers/" "Mozilla/5.0 (iPhone; CPU iPhone OS 16_7_14 like Mac OS X) AppleWebKit/605.1.15 (KHTML, like Gecko) GSA/413.1.887139264 Mobile/15E148 Safari/604.1"
2a02:9b0:e8:cd04:e95c:ff49:2c27:2191 - - [28/Mar/2026:15:00:25 +0000] "POST /?wc-ajax=get_refreshed_fragments HTTP/1.1" 200 999 "https://autozone.com.sa/" "Mozilla/5.0 (iPhone; CPU iPhone OS 16_7_14 like Mac OS X) AppleWebKit/605.1.15 (KHTML, like Gecko) GSA/413.1.887139264 Mobile/15E148 Safari/604.1"
2a02:9b0:e8:cd04:e95c:ff49:2c27:2191 - - [28/Mar/2026:15:00:30 +0000] "POST /?wc-ajax=get_refreshed_fragments HTTP/1.1" 200 999 "https://autozone.com.sa/offers/from-eid-to-eid-non-stop-deals-changan-uni-t-elite-2026-with-no-tax/" "Mozilla/5.0 (iPhone; CPU iPhone OS 16_7_14 like Mac OS X) AppleWebKit/605.1.15 (KHTML, like Gecko) GSA/413.1.887139264 Mobile/15E148 Safari/604.1"
2a02:9b0:e8:cd04:e95c:ff49:2c27:2191 - - [28/Mar/2026:15:00:29 +0000] "POST /wp-json/iawp/search HTTP/1.1" 200 36 "https://autozone.com.sa/offers/from-eid-to-eid-non-stop-deals-changan-uni-t-elite-2026-with-no-tax/" "Mozilla/5.0 (iPhone; CPU iPhone OS 16_7_14 like Mac OS X) AppleWebKit/605.1.15 (KHTML, like Gecko) GSA/413.1.887139264 Mobile/15E148 Safari/604.1"
2001:16a2:7627:7b00:2cbc:985d:a18e:9cd7 - - [28/Mar/2026:15:00:37 +0000] "POST /wp-admin/admin-ajax.php HTTP/1.1" 200 46 "https://autozone.com.sa/en/car-type/mid-suv/" "Mozilla/5.0 (iPhone; CPU iPhone OS 26_3_1 like Mac OS X) AppleWebKit/605.1.15 (KHTML, like Gecko) GSA/413.1.887139264 Mobile/15E148 Safari/604.1"
2001:16a2:7627:7b00:2cbc:985d:a18e:9cd7 - - [28/Mar/2026:15:00:37 +0000] "POST /wp-admin/admin-ajax.php HTTP/1.1" 200 8070 "https://autozone.com.sa/en/car-type/mid-suv/" "Mozilla/5.0 (iPhone; CPU iPhone OS 26_3_1 like Mac OS X) AppleWebKit/605.1.15 (KHTML, like Gecko) GSA/413.1.887139264 Mobile/15E148 Safari/604.1"
2001:16a2:7627:7b00:2cbc:985d:a18e:9cd7 - - [28/Mar/2026:15:00:52 +0000] "GET /en/product/toyota-rav4/ HTTP/1.1" 200 85739 "https://autozone.com.sa/en/car-type/mid-suv/" "Mozilla/5.0 (iPhone; CPU iPhone OS 26_3_1 like Mac OS X) AppleWebKit/605.1.15 (KHTML, like Gecko) GSA/413.1.887139264 Mobile/15E148 Safari/604.1"
2001:16a2:7627:7b00:2cbc:985d:a18e:9cd7 - - [28/Mar/2026:15:00:57 +0000] "GET /wp-content/uploads/2025/07/BGC_6000-1536x1024.webp HTTP/1.1" 200 111959 "https://autozone.com.sa/en/product/toyota-rav4/" "Mozilla/5.0 (iPhone; CPU iPhone OS 26_3_1 like Mac OS X) AppleWebKit/605.1.15 (KHTML, like Gecko) GSA/413.1.887139264 Mobile/15E148 Safari/604.1"
66.249.93.13 - - [28/Mar/2026:15:00:57 +0000] "GET /en/product/toyota-rav4/ HTTP/1.1" 200 85768 "-" "Mozilla/5.0 (Linux; Android 10; K) AppleWebKit/537.36 (KHTML, like Gecko) Chrome/138.0.0.0 Mobile Safari/537.36 (compatible; Google-Read-Aloud; +https://support.google.com/webmasters/answer/1061943)"
66.249.93.11 - - [28/Mar/2026:15:00:57 +0000] "GET /en/product/toyota-rav4/ HTTP/1.1" 200 85742 "-" "Mozilla/5.0 (Linux; Android 10; K) AppleWebKit/537.36 (KHTML, like Gecko) Chrome/138.0.0.0 Mobile Safari/537.36 (compatible; Google-Read-Aloud; +https://support.google.com/webmasters/answer/1061943)"
172.105.42.26 - - [28/Mar/2026:15:01:06 +0000] "POST /wp-cron.php?doing_wp_cron=1774710066.1653680801391601562500 HTTP/1.1" 200 20 "-" "WordPress/6.9.4; https://autozone.com.sa/en/"
2001:16a2:7627:7b00:2cbc:985d:a18e:9cd7 - - [28/Mar/2026:15:01:04 +0000] "POST /en/wp-json/iawp/search HTTP/1.1" 200 36 "https://autozone.com.sa/en/product/toyota-rav4/" "Mozilla/5.0 (iPhone; CPU iPhone OS 26_3_1 like Mac OS X) AppleWebKit/605.1.15 (KHTML, like Gecko) GSA/413.1.887139264 Mobile/15E148 Safari/604.1"
172.105.42.26 - - [28/Mar/2026:15:01:06 +0000] "POST /wp-cron.php?doing_wp_cron=1774710065.7454040050506591796875 HTTP/1.1" 200 20 "-" "WordPress/6.9.4; https://autozone.com.sa/en/"
2001:16a2:7627:7b00:2cbc:985d:a18e:9cd7 - - [28/Mar/2026:15:01:04 +0000] "POST /en/?wc-ajax=get_default_gallery HTTP/1.1" 200 427 "https://autozone.com.sa/en/product/toyota-rav4/" "Mozilla/5.0 (iPhone; CPU iPhone OS 26_3_1 like Mac OS X) AppleWebKit/605.1.15 (KHTML, like Gecko) GSA/413.1.887139264 Mobile/15E148 Safari/604.1"
172.105.42.26 - - [28/Mar/2026:15:01:06 +0000] "POST /wp-cron.php?doing_wp_cron=1774710066.3574550151824951171875 HTTP/1.1" 200 20 "-" "WordPress/6.9.4; https://autozone.com.sa/en/"
2001:16a2:7627:7b00:2cbc:985d:a18e:9cd7 - - [28/Mar/2026:15:01:04 +0000] "POST /en/?wc-ajax=get_refreshed_fragments HTTP/1.1" 200 1002 "https://autozone.com.sa/en/product/toyota-rav4/" "Mozilla/5.0 (iPhone; CPU iPhone OS 26_3_1 like Mac OS X) AppleWebKit/605.1.15 (KHTML, like Gecko) GSA/413.1.887139264 Mobile/15E148 Safari/604.1"
172.105.42.26 - - [28/Mar/2026:15:01:06 +0000] "POST /wp-cron.php?doing_wp_cron=1774710066.5413761138916015625000 HTTP/1.1" 200 20 "-" "WordPress/6.9.4; https://autozone.com.sa/en/"
2001:16a2:7627:7b00:2cbc:985d:a18e:9cd7 - - [28/Mar/2026:15:01:04 +0000] "POST /en/?wc-ajax=get_variation_gallery HTTP/1.1" 200 761 "https://autozone.com.sa/en/product/toyota-rav4/" "Mozilla/5.0 (iPhone; CPU iPhone OS 26_3_1 like Mac OS X) AppleWebKit/605.1.15 (KHTML, like Gecko) GSA/413.1.887139264 Mobile/15E148 Safari/604.1"
2001:16a2:7627:7b00:2cbc:985d:a18e:9cd7 - - [28/Mar/2026:15:01:07 +0000] "GET /wp-content/uploads/2026/01/Rav4-A-1166x874-1-600x450.webp HTTP/1.1" 200 48406 "https://autozone.com.sa/en/product/toyota-rav4/" "Mozilla/5.0 (iPhone; CPU iPhone OS 26_3_1 like Mac OS X) AppleWebKit/605.1.15 (KHTML, like Gecko) GSA/413.1.887139264 Mobile/15E148 Safari/604.1"
2001:16a2:7627:7b00:2cbc:985d:a18e:9cd7 - - [28/Mar/2026:15:01:07 +0000] "GET /wp-content/uploads/2026/01/Rav4-A-1166x874-1-300x300.webp HTTP/1.1" 200 20625 "https://autozone.com.sa/en/product/toyota-rav4/" "Mozilla/5.0 (iPhone; CPU iPhone OS 26_3_1 like Mac OS X) AppleWebKit/605.1.15 (KHTML, like Gecko) GSA/413.1.887139264 Mobile/15E148 Safari/604.1"
2001:16a2:7627:7b00:2cbc:985d:a18e:9cd7 - - [28/Mar/2026:15:01:07 +0000] "GET /wp-content/uploads/2026/01/Rav4-A-1166x874-1.webp HTTP/1.1" 200 595790 "https://autozone.com.sa/en/product/toyota-rav4/" "Mozilla/5.0 (iPhone; CPU iPhone OS 26_3_1 like Mac OS X) AppleWebKit/605.1.15 (KHTML, like Gecko) GSA/413.1.887139264 Mobile/15E148 Safari/604.1"
2001:16a2:7627:7b00:2cbc:985d:a18e:9cd7 - - [28/Mar/2026:15:01:07 +0000] "GET /wp-content/uploads/2026/01/Rav4-C-1166x874-1-300x300.webp HTTP/1.1" 200 17789 "https://autozone.com.sa/en/product/toyota-rav4/" "Mozilla/5.0 (iPhone; CPU iPhone OS 26_3_1 like Mac OS X) AppleWebKit/605.1.15 (KHTML, like Gecko) GSA/413.1.887139264 Mobile/15E148 Safari/604.1"
2001:16a2:7627:7b00:2cbc:985d:a18e:9cd7 - - [28/Mar/2026:15:01:07 +0000] "GET /wp-content/uploads/2026/01/Rav4-B-1166x874-1-600x450.webp HTTP/1.1" 200 27715 "https://autozone.com.sa/en/product/toyota-rav4/" "Mozilla/5.0 (iPhone; CPU iPhone OS 26_3_1 like Mac OS X) AppleWebKit/605.1.15 (KHTML, like Gecko) GSA/413.1.887139264 Mobile/15E148 Safari/604.1"
2001:16a2:7627:7b00:2cbc:985d:a18e:9cd7 - - [28/Mar/2026:15:01:07 +0000] "GET /wp-content/uploads/2026/01/Rav4-A-1166x874-1-100x100.webp HTTP/1.1" 200 3293 "https://autozone.com.sa/en/product/toyota-rav4/" "Mozilla/5.0 (iPhone; CPU iPhone OS 26_3_1 like Mac OS X) AppleWebKit/605.1.15 (KHTML, like Gecko) GSA/413.1.887139264 Mobile/15E148 Safari/604.1"
2001:16a2:7627:7b00:2cbc:985d:a18e:9cd7 - - [28/Mar/2026:15:01:07 +0000] "GET /wp-content/uploads/2026/01/Rav4-B-1166x874-1-100x100.webp HTTP/1.1" 200 2431 "https://autozone.com.sa/en/product/toyota-rav4/" "Mozilla/5.0 (iPhone; CPU iPhone OS 26_3_1 like Mac OS X) AppleWebKit/605.1.15 (KHTML, like Gecko) GSA/413.1.887139264 Mobile/15E148 Safari/604.1"
2001:16a2:7627:7b00:2cbc:985d:a18e:9cd7 - - [28/Mar/2026:15:01:07 +0000] "GET /wp-content/uploads/2025/07/BGC_6000-100x100.webp HTTP/1.1" 200 3293 "https://autozone.com.sa/en/product/toyota-rav4/" "Mozilla/5.0 (iPhone; CPU iPhone OS 26_3_1 like Mac OS X) AppleWebKit/605.1.15 (KHTML, like Gecko) GSA/413.1.887139264 Mobile/15E148 Safari/604.1"
2001:16a2:7627:7b00:2cbc:985d:a18e:9cd7 - - [28/Mar/2026:15:01:07 +0000] "GET /wp-content/uploads/2025/07/BGC_6000-600x400.webp HTTP/1.1" 200 33814 "https://autozone.com.sa/en/product/toyota-rav4/" "Mozilla/5.0 (iPhone; CPU iPhone OS 26_3_1 like Mac OS X) AppleWebKit/605.1.15 (KHTML, like Gecko) GSA/413.1.887139264 Mobile/15E148 Safari/604.1"
2001:16a2:7627:7b00:2cbc:985d:a18e:9cd7 - - [28/Mar/2026:15:01:07 +0000] "GET /wp-content/uploads/2025/07/BGC_6021-scaled.webp HTTP/1.1" 200 137522 "https://autozone.com.sa/en/product/toyota-rav4/" "Mozilla/5.0 (iPhone; CPU iPhone OS 26_3_1 like Mac OS X) AppleWebKit/605.1.15 (KHTML, like Gecko) GSA/413.1.887139264 Mobile/15E148 Safari/604.1"
2001:16a2:7627:7b00:2cbc:985d:a18e:9cd7 - - [28/Mar/2026:15:01:07 +0000] "GET /wp-content/uploads/2025/07/BGC_6021-300x300.webp HTTP/1.1" 200 11339 "https://autozone.com.sa/en/product/toyota-rav4/" "Mozilla/5.0 (iPhone; CPU iPhone OS 26_3_1 like Mac OS X) AppleWebKit/605.1.15 (KHTML, like Gecko) GSA/413.1.887139264 Mobile/15E148 Safari/604.1"
2001:16a2:7627:7b00:2cbc:985d:a18e:9cd7 - - [28/Mar/2026:15:01:07 +0000] "GET /wp-content/uploads/2026/01/Rav4-C-1166x874-1-100x100.webp HTTP/1.1" 200 2889 "https://autozone.com.sa/en/product/toyota-rav4/" "Mozilla/5.0 (iPhone; CPU iPhone OS 26_3_1 like Mac OS X) AppleWebKit/605.1.15 (KHTML, like Gecko) GSA/413.1.887139264 Mobile/15E148 Safari/604.1"
2001:16a2:7627:7b00:2cbc:985d:a18e:9cd7 - - [28/Mar/2026:15:01:07 +0000] "GET /wp-content/uploads/2025/07/BGC_6000-300x300.webp HTTP/1.1" 200 15557 "https://autozone.com.sa/en/product/toyota-rav4/" "Mozilla/5.0 (iPhone; CPU iPhone OS 26_3_1 like Mac OS X) AppleWebKit/605.1.15 (KHTML, like Gecko) GSA/413.1.887139264 Mobile/15E148 Safari/604.1"
2001:16a2:7627:7b00:2cbc:985d:a18e:9cd7 - - [28/Mar/2026:15:01:07 +0000] "GET /wp-content/uploads/2025/07/BGC_6003-1536x1024.webp HTTP/1.1" 200 97848 "https://autozone.com.sa/en/product/toyota-rav4/" "Mozilla/5.0 (iPhone; CPU iPhone OS 26_3_1 like Mac OS X) AppleWebKit/605.1.15 (KHTML, like Gecko) GSA/413.1.887139264 Mobile/15E148 Safari/604.1"
2001:16a2:7627:7b00:2cbc:985d:a18e:9cd7 - - [28/Mar/2026:15:01:07 +0000] "GET /wp-content/uploads/2025/07/BGC_6021-600x400.webp HTTP/1.1" 200 22722 "https://autozone.com.sa/en/product/toyota-rav4/" "Mozilla/5.0 (iPhone; CPU iPhone OS 26_3_1 like Mac OS X) AppleWebKit/605.1.15 (KHTML, like Gecko) GSA/413.1.887139264 Mobile/15E148 Safari/604.1"
2001:16a2:7627:7b00:2cbc:985d:a18e:9cd7 - - [28/Mar/2026:15:01:07 +0000] "GET /wp-content/uploads/2025/07/BGC_6003-100x100.webp HTTP/1.1" 200 3227 "https://autozone.com.sa/en/product/toyota-rav4/" "Mozilla/5.0 (iPhone; CPU iPhone OS 26_3_1 like Mac OS X) AppleWebKit/605.1.15 (KHTML, like Gecko) GSA/413.1.887139264 Mobile/15E148 Safari/604.1"
2001:16a2:7627:7b00:2cbc:985d:a18e:9cd7 - - [28/Mar/2026:15:01:07 +0000] "GET /wp-content/uploads/2026/01/Rav4-B-1166x874-1.webp HTTP/1.1" 200 496698 "https://autozone.com.sa/en/product/toyota-rav4/" "Mozilla/5.0 (iPhone; CPU iPhone OS 26_3_1 like Mac OS X) AppleWebKit/605.1.15 (KHTML, like Gecko) GSA/413.1.887139264 Mobile/15E148 Safari/604.1"
2001:16a2:7627:7b00:2cbc:985d:a18e:9cd7 - - [28/Mar/2026:15:01:07 +0000] "GET /wp-content/uploads/2026/01/Rav4-C-1166x874-1-600x450.webp HTTP/1.1" 200 44226 "https://autozone.com.sa/en/product/toyota-rav4/" "Mozilla/5.0 (iPhone; CPU iPhone OS 26_3_1 like Mac OS X) AppleWebKit/605.1.15 (KHTML, like Gecko) GSA/413.1.887139264 Mobile/15E148 Safari/604.1"
2001:16a2:7627:7b00:2cbc:985d:a18e:9cd7 - - [28/Mar/2026:15:01:07 +0000] "GET /wp-content/uploads/2025/07/BGC_6003-600x400.webp HTTP/1.1" 200 31115 "https://autozone.com.sa/en/product/toyota-rav4/" "Mozilla/5.0 (iPhone; CPU iPhone OS 26_3_1 like Mac OS X) AppleWebKit/605.1.15 (KHTML, like Gecko) GSA/413.1.887139264 Mobile/15E148 Safari/604.1"
2001:16a2:7627:7b00:2cbc:985d:a18e:9cd7 - - [28/Mar/2026:15:01:07 +0000] "GET /wp-content/uploads/2025/07/BGC_6021-1536x1024.webp HTTP/1.1" 200 73768 "https://autozone.com.sa/en/product/toyota-rav4/" "Mozilla/5.0 (iPhone; CPU iPhone OS 26_3_1 like Mac OS X) AppleWebKit/605.1.15 (KHTML, like Gecko) GSA/413.1.887139264 Mobile/15E148 Safari/604.1"
2001:16a2:7627:7b00:2cbc:985d:a18e:9cd7 - - [28/Mar/2026:15:01:07 +0000] "GET /wp-content/uploads/2025/07/BGC_6003-scaled.webp HTTP/1.1" 200 180317 "https://autozone.com.sa/en/product/toyota-rav4/" "Mozilla/5.0 (iPhone; CPU iPhone OS 26_3_1 like Mac OS X) AppleWebKit/605.1.15 (KHTML, like Gecko) GSA/413.1.887139264 Mobile/15E148 Safari/604.1"
2001:16a2:7627:7b00:2cbc:985d:a18e:9cd7 - - [28/Mar/2026:15:01:07 +0000] "GET /wp-content/uploads/2025/07/BGC_6003-300x300.webp HTTP/1.1" 200 14123 "https://autozone.com.sa/en/product/toyota-rav4/" "Mozilla/5.0 (iPhone; CPU iPhone OS 26_3_1 like Mac OS X) AppleWebKit/605.1.15 (KHTML, like Gecko) GSA/413.1.887139264 Mobile/15E148 Safari/604.1"
2001:16a2:7627:7b00:2cbc:985d:a18e:9cd7 - - [28/Mar/2026:15:01:07 +0000] "GET /wp-content/uploads/2026/01/Rav4-C-1166x874-1.webp HTTP/1.1" 200 663750 "https://autozone.com.sa/en/product/toyota-rav4/" "Mozilla/5.0 (iPhone; CPU iPhone OS 26_3_1 like Mac OS X) AppleWebKit/605.1.15 (KHTML, like Gecko) GSA/413.1.887139264 Mobile/15E148 Safari/604.1"
2001:16a2:7627:7b00:2cbc:985d:a18e:9cd7 - - [28/Mar/2026:15:01:07 +0000] "GET /wp-content/uploads/2026/01/Rav4-B-1166x874-1-300x300.webp HTTP/1.1" 200 13031 "https://autozone.com.sa/en/product/toyota-rav4/" "Mozilla/5.0 (iPhone; CPU iPhone OS 26_3_1 like Mac OS X) AppleWebKit/605.1.15 (KHTML, like Gecko) GSA/413.1.887139264 Mobile/15E148 Safari/604.1"
2001:16a2:7627:7b00:2cbc:985d:a18e:9cd7 - - [28/Mar/2026:15:01:07 +0000] "GET /wp-content/uploads/2025/07/BGC_6021-100x100.webp HTTP/1.1" 200 2701 "https://autozone.com.sa/en/product/toyota-rav4/" "Mozilla/5.0 (iPhone; CPU iPhone OS 26_3_1 like Mac OS X) AppleWebKit/605.1.15 (KHTML, like Gecko) GSA/413.1.887139264 Mobile/15E148 Safari/604.1"
2001:16a2:7627:7b00:2cbc:985d:a18e:9cd7 - - [28/Mar/2026:15:01:09 +0000] "GET /wp-content/uploads/2025/07/BGC_6004-300x200.webp HTTP/1.1" 200 8079 "https://autozone.com.sa/en/product/toyota-rav4/" "Mozilla/5.0 (iPhone; CPU iPhone OS 26_3_1 like Mac OS X) AppleWebKit/605.1.15 (KHTML, like Gecko) GSA/413.1.887139264 Mobile/15E148 Safari/604.1"
2001:16a2:7627:7b00:2cbc:985d:a18e:9cd7 - - [28/Mar/2026:15:01:09 +0000] "GET /wp-content/uploads/2025/07/BGC_6013-300x200.webp HTTP/1.1" 200 8669 "https://autozone.com.sa/en/product/toyota-rav4/" "Mozilla/5.0 (iPhone; CPU iPhone OS 26_3_1 like Mac OS X) AppleWebKit/605.1.15 (KHTML, like Gecko) GSA/413.1.887139264 Mobile/15E148 Safari/604.1"
2001:16a2:7627:7b00:2cbc:985d:a18e:9cd7 - - [28/Mar/2026:15:01:11 +0000] "GET /wp-content/uploads/2025/07/BGC_6023-300x200.webp HTTP/1.1" 200 9824 "https://autozone.com.sa/en/product/toyota-rav4/" "Mozilla/5.0 (iPhone; CPU iPhone OS 26_3_1 like Mac OS X) AppleWebKit/605.1.15 (KHTML, like Gecko) GSA/413.1.887139264 Mobile/15E148 Safari/604.1"
2001:16a2:7627:7b00:2cbc:985d:a18e:9cd7 - - [28/Mar/2026:15:01:11 +0000] "GET /wp-content/uploads/2025/07/BGC_6015-300x200.webp HTTP/1.1" 200 6145 "https://autozone.com.sa/en/product/toyota-rav4/" "Mozilla/5.0 (iPhone; CPU iPhone OS 26_3_1 like Mac OS X) AppleWebKit/605.1.15 (KHTML, like Gecko) GSA/413.1.887139264 Mobile/15E148 Safari/604.1"
2001:16a2:7627:7b00:2cbc:985d:a18e:9cd7 - - [28/Mar/2026:15:01:13 +0000] "GET /wp-content/uploads/2025/07/BGC_6028-300x200.webp HTTP/1.1" 200 9482 "https://autozone.com.sa/en/product/toyota-rav4/" "Mozilla/5.0 (iPhone; CPU iPhone OS 26_3_1 like Mac OS X) AppleWebKit/605.1.15 (KHTML, like Gecko) GSA/413.1.887139264 Mobile/15E148 Safari/604.1"
2001:16a2:7627:7b00:2cbc:985d:a18e:9cd7 - - [28/Mar/2026:15:01:13 +0000] "GET /wp-content/uploads/2025/07/BGC_6035-300x200.webp HTTP/1.1" 200 10202 "https://autozone.com.sa/en/product/toyota-rav4/" "Mozilla/5.0 (iPhone; CPU iPhone OS 26_3_1 like Mac OS X) AppleWebKit/605.1.15 (KHTML, like Gecko) GSA/413.1.887139264 Mobile/15E148 Safari/604.1"
2001:16a2:7627:7b00:2cbc:985d:a18e:9cd7 - - [28/Mar/2026:15:01:13 +0000] "GET /wp-content/uploads/2025/07/BGC_6044-300x200.webp HTTP/1.1" 200 8436 "https://autozone.com.sa/en/product/toyota-rav4/" "Mozilla/5.0 (iPhone; CPU iPhone OS 26_3_1 like Mac OS X) AppleWebKit/605.1.15 (KHTML, like Gecko) GSA/413.1.887139264 Mobile/15E148 Safari/604.1"
2001:16a2:7627:7b00:2cbc:985d:a18e:9cd7 - - [28/Mar/2026:15:01:13 +0000] "GET /wp-content/uploads/2025/07/BGC_6053-300x200.webp HTTP/1.1" 200 12343 "https://autozone.com.sa/en/product/toyota-rav4/" "Mozilla/5.0 (iPhone; CPU iPhone OS 26_3_1 like Mac OS X) AppleWebKit/605.1.15 (KHTML, like Gecko) GSA/413.1.887139264 Mobile/15E148 Safari/604.1"
2001:16a2:7627:7b00:2cbc:985d:a18e:9cd7 - - [28/Mar/2026:15:01:14 +0000] "GET /wp-content/uploads/2025/07/BGC_6057-200x300.webp HTTP/1.1" 200 10389 "https://autozone.com.sa/en/product/toyota-rav4/" "Mozilla/5.0 (iPhone; CPU iPhone OS 26_3_1 like Mac OS X) AppleWebKit/605.1.15 (KHTML, like Gecko) GSA/413.1.887139264 Mobile/15E148 Safari/604.1"
2001:16a2:7627:7b00:2cbc:985d:a18e:9cd7 - - [28/Mar/2026:15:01:14 +0000] "GET /wp-content/uploads/2025/07/BGC_6055-300x200.webp HTTP/1.1" 200 12645 "https://autozone.com.sa/en/product/toyota-rav4/" "Mozilla/5.0 (iPhone; CPU iPhone OS 26_3_1 like Mac OS X) AppleWebKit/605.1.15 (KHTML, like Gecko) GSA/413.1.887139264 Mobile/15E148 Safari/604.1"
2001:16a2:7627:7b00:2cbc:985d:a18e:9cd7 - - [28/Mar/2026:15:01:14 +0000] "GET /wp-content/uploads/2025/07/BGC_6068-300x200.webp HTTP/1.1" 200 8790 "https://autozone.com.sa/en/product/toyota-rav4/" "Mozilla/5.0 (iPhone; CPU iPhone OS 26_3_1 like Mac OS X) AppleWebKit/605.1.15 (KHTML, like Gecko) GSA/413.1.887139264 Mobile/15E148 Safari/604.1"
2001:16a2:7627:7b00:2cbc:985d:a18e:9cd7 - - [28/Mar/2026:15:01:14 +0000] "GET /wp-content/uploads/2025/07/BGC_6071-300x200.webp HTTP/1.1" 200 6976 "https://autozone.com.sa/en/product/toyota-rav4/" "Mozilla/5.0 (iPhone; CPU iPhone OS 26_3_1 like Mac OS X) AppleWebKit/605.1.15 (KHTML, like Gecko) GSA/413.1.887139264 Mobile/15E148 Safari/604.1"
2001:16a2:7627:7b00:2cbc:985d:a18e:9cd7 - - [28/Mar/2026:15:01:14 +0000] "GET /wp-content/uploads/2025/07/BGC_6082-300x200.webp HTTP/1.1" 200 7565 "https://autozone.com.sa/en/product/toyota-rav4/" "Mozilla/5.0 (iPhone; CPU iPhone OS 26_3_1 like Mac OS X) AppleWebKit/605.1.15 (KHTML, like Gecko) GSA/413.1.887139264 Mobile/15E148 Safari/604.1"
2001:16a2:7627:7b00:2cbc:985d:a18e:9cd7 - - [28/Mar/2026:15:01:14 +0000] "GET /wp-content/uploads/2025/07/BGC_6090-300x200.webp HTTP/1.1" 200 9293 "https://autozone.com.sa/en/product/toyota-rav4/" "Mozilla/5.0 (iPhone; CPU iPhone OS 26_3_1 like Mac OS X) AppleWebKit/605.1.15 (KHTML, like Gecko) GSA/413.1.887139264 Mobile/15E148 Safari/604.1"
172.105.42.26 - - [28/Mar/2026:15:01:50 +0000] "POST /wp-cron.php?doing_wp_cron=1774710110.0644888877868652343750 HTTP/1.1" 200 20 "-" "WordPress/6.9.4; https://autozone.com.sa"
18.192.166.72 - - [28/Mar/2026:15:01:48 +0000] "HEAD / HTTP/1.1" 200 - "https://autozone.com.sa/" "Mozilla/5.0+(compatible; UptimeRobot/2.0; http://www.uptimerobot.com/)"
43.134.84.68 - - [28/Mar/2026:15:02:29 +0000] "GET / HTTP/1.1" 200 163876 "-" "Sogou web spider/4.0(+http://www.sogou.com/docs/help/webmasters.htm#07)"
43.153.194.220 - - [28/Mar/2026:15:02:38 +0000] "GET /%D8%A7%D9%84%D9%85%D8%A7%D8%B1%D9%83%D8%A9/%D9%83%D9%8A%D8%A7/ HTTP/1.1" 200 63822 "-" "Sogou web spider/4.0(+http://www.sogou.com/docs/help/webmasters.htm#07)"
43.134.235.152 - - [28/Mar/2026:15:02:38 +0000] "GET /news/ HTTP/1.1" 200 111430 "-" "Sogou web spider/4.0(+http://www.sogou.com/docs/help/webmasters.htm#07)"
43.134.84.68 - - [28/Mar/2026:15:02:38 +0000] "GET /car-type/%D8%A7%D8%B3-%D9%8A%D9%88-%D9%81%D9%8A-%D8%B5%D8%BA%D9%8A%D8%B1/ HTTP/1.1" 200 63657 "-" "Sogou web spider/4.0(+http://www.sogou.com/docs/help/webmasters.htm#07)"
43.134.33.232 - - [28/Mar/2026:15:02:37 +0000] "GET /condition/new-2/ HTTP/1.1" 200 67238 "-" "Sogou web spider/4.0(+http://www.sogou.com/docs/help/webmasters.htm#07)"
43.134.33.232 - - [28/Mar/2026:15:02:39 +0000] "GET /%D8%A7%D9%84%D9%85%D8%A7%D8%B1%D9%83%D8%A9/%D8%AC%D9%8A%D9%84%D9%8A/ HTTP/1.1" 200 63505 "-" "Sogou web spider/4.0(+http://www.sogou.com/docs/help/webmasters.htm#07)"
43.156.102.152 - - [28/Mar/2026:15:02:39 +0000] "GET /car-type/%D8%B4%D8%A7%D8%AD%D9%86%D8%A9-%D9%85%D8%AA%D9%88%D8%B3%D8%B7%D8%A9/ HTTP/1.1" 200 63688 "-" "Sogou web spider/4.0(+http://www.sogou.com/docs/help/webmasters.htm#07)"
59.36.125.50 - - [28/Mar/2026:15:02:40 +0000] "GET /car-type/%d9%85%d9%8a%d9%86%d9%8a-%d9%81%d8%a7%d9%86/ HTTP/1.1" 200 62668 "-" "Mozilla/5.0 (Macintosh; Intel Mac OS X 10_15_7) AppleWebKit/537.36 (KHTML, like Gecko) Chrome/140.0.0.0 newsai/1.0 Safari/537.36"
172.105.42.26 - - [28/Mar/2026:15:02:44 +0000] "POST /wp-cron.php?doing_wp_cron=1774710164.4831690788269042968750 HTTP/1.1" 200 20 "-" "WordPress/6.9.4; https://autozone.com.sa"
42.187.138.93 - - [28/Mar/2026:15:02:41 +0000] "GET /%D8%A7%D9%84%D9%85%D8%A7%D8%B1%D9%83%D8%A9/%D9%86%D9%8A%D8%B3%D8%A7%D9%86/ HTTP/1.1" 200 61735 "-" "Mozilla/5.0 (Macintosh; Intel Mac OS X 10_15_7) AppleWebKit/537.36 (KHTML, like Gecko) Chrome/140.0.0.0 newsai/1.0 Safari/537.36"
66.249.75.110 - - [28/Mar/2026:15:02:41 +0000] "GET /en/product/toyota-veloz-2025/ HTTP/1.1" 200 85057 "-" "Mozilla/5.0 (Linux; Android 6.0.1; Nexus 5X Build/MMB29P) AppleWebKit/537.36 (KHTML, like Gecko) Chrome/146.0.7680.153 Mobile Safari/537.36 (compatible; Googlebot/2.1; +http://www.google.com/bot.html)"
42.194.240.167 - - [28/Mar/2026:15:02:41 +0000] "GET /shop/ HTTP/1.1" 200 148543 "-" "Mozilla/5.0 (Macintosh; Intel Mac OS X 10_15_7) AppleWebKit/537.36 (KHTML, like Gecko) Chrome/140.0.0.0 newsai/1.0 Safari/537.36"
172.105.42.26 - - [28/Mar/2026:15:02:46 +0000] "POST /wp-cron.php?doing_wp_cron=1774710166.0766079425811767578125 HTTP/1.1" 200 20 "-" "WordPress/6.9.4; https://autozone.com.sa"
183.60.225.221 - - [28/Mar/2026:15:02:43 +0000] "GET /%D8%A7%D9%84%D9%85%D8%A7%D8%B1%D9%83%D8%A9/%D8%AC%D9%8A%D8%A8/ HTTP/1.1" 200 61754 "-" "Mozilla/5.0 (Macintosh; Intel Mac OS X 10_15_7) AppleWebKit/537.36 (KHTML, like Gecko) Chrome/140.0.0.0 newsai/1.0 Safari/537.36"
59.36.125.72 - - [28/Mar/2026:15:02:43 +0000] "GET /%D8%A7%D9%84%D9%85%D8%A7%D8%B1%D9%83%D8%A9/%D9%87%D9%88%D9%86%D8%AF%D8%A7/ HTTP/1.1" 200 64190 "-" "Mozilla/5.0 (Macintosh; Intel Mac OS X 10_15_7) AppleWebKit/537.36 (KHTML, like Gecko) Chrome/140.0.0.0 newsai/1.0 Safari/537.36"
66.249.75.108 - - [28/Mar/2026:15:02:48 +0000] "GET /wp-content/uploads/elementor/css/custom-widget-icon-box.min.css?ver=1772928000 HTTP/1.1" 200 442 "https://autozone.com.sa/en/product/toyota-veloz-2025/" "Mozilla/5.0 (Linux; Android 6.0.1; Nexus 5X Build/MMB29P) AppleWebKit/537.36 (KHTML, like Gecko) Chrome/146.0.7680.153 Mobile Safari/537.36 (compatible; Googlebot/2.1; +http://www.google.com/bot.html)"
42.187.138.93 - - [28/Mar/2026:15:02:50 +0000] "GET /wp-content/uploads/elementor/css/post-877.css?ver=1774677668 HTTP/1.1" 200 2802 "https://autozone.com.sa/%D8%A7%D9%84%D9%85%D8%A7%D8%B1%D9%83%D8%A9/%D9%86%D9%8A%D8%B3%D8%A7%D9%86/" "Mozilla/5.0 (Macintosh; Intel Mac OS X 10_15_7) AppleWebKit/537.36 (KHTML, like Gecko) Chrome/140.0.0.0 newsai/1.0 Safari/537.36"
2a02:9b0:e8:cd04:e95c:ff49:2c27:2191 - - [28/Mar/2026:15:03:02 +0000] "POST /offers/from-eid-to-eid-non-stop-deals-changan-uni-t-elite-2026-with-no-tax/?9yudg2=gLVWnygKUF&method=reload HTTP/1.1" 302 20 "https://autozone.com.sa/offers/from-eid-to-eid-non-stop-deals-changan-uni-t-elite-2026-with-no-tax/" "Mozilla/5.0 (iPhone; CPU iPhone OS 16_7_14 like Mac OS X) AppleWebKit/605.1.15 (KHTML, like Gecko) GSA/413.1.887139264 Mobile/15E148 Safari/604.1"
54.39.17.116 - - [28/Mar/2026:15:03:05 +0000] "GET /wp-login.php HTTP/1.1" 403 1660 "-" "Mozilla/5.0 (Windows NT 6.1; WOW64; Trident/7.0; EIE10;ENUSMSN; rv:11.0) like Gecko"
2a02:9b0:e8:cd04:e95c:ff49:2c27:2191 - - [28/Mar/2026:15:03:05 +0000] "GET /offers/from-eid-to-eid-non-stop-deals-changan-uni-t-elite-2026-with-no-tax/?status=success HTTP/1.1" 200 138807 "https://autozone.com.sa/offers/from-eid-to-eid-non-stop-deals-changan-uni-t-elite-2026-with-no-tax/" "Mozilla/5.0 (iPhone; CPU iPhone OS 16_7_14 like Mac OS X) AppleWebKit/605.1.15 (KHTML, like Gecko) GSA/413.1.887139264 Mobile/15E148 Safari/604.1"
54.39.17.116 - - [28/Mar/2026:15:03:10 +0000] "POST /wp-login.php HTTP/1.1" 403 1660 "https://autozone.com.sa/wp-login.php" "Mozilla/5.0 (Windows NT 6.1; WOW64; Trident/7.0; EIE10;ENUSMSN; rv:11.0) like Gecko"
66.249.93.12 - - [28/Mar/2026:15:03:09 +0000] "GET /offers/from-eid-to-eid-non-stop-deals-changan-uni-t-elite-2026-with-no-tax/?status=success HTTP/1.1" 200 138823 "-" "Mozilla/5.0 (Linux; Android 10; K) AppleWebKit/537.36 (KHTML, like Gecko) Chrome/138.0.0.0 Mobile Safari/537.36 (compatible; Google-Read-Aloud; +https://support.google.com/webmasters/answer/1061943)"
2a02:9b0:e8:cd04:e95c:ff49:2c27:2191 - - [28/Mar/2026:15:03:11 +0000] "POST /?wc-ajax=get_refreshed_fragments HTTP/1.1" 200 999 "https://autozone.com.sa/offers/from-eid-to-eid-non-stop-deals-changan-uni-t-elite-2026-with-no-tax/?status=success" "Mozilla/5.0 (iPhone; CPU iPhone OS 16_7_14 like Mac OS X) AppleWebKit/605.1.15 (KHTML, like Gecko) GSA/413.1.887139264 Mobile/15E148 Safari/604.1"
2a02:9b0:e8:cd04:e95c:ff49:2c27:2191 - - [28/Mar/2026:15:03:11 +0000] "POST /wp-json/iawp/search HTTP/1.1" 200 36 "https://autozone.com.sa/offers/from-eid-to-eid-non-stop-deals-changan-uni-t-elite-2026-with-no-tax/?status=success" "Mozilla/5.0 (iPhone; CPU iPhone OS 16_7_14 like Mac OS X) AppleWebKit/605.1.15 (KHTML, like Gecko) GSA/413.1.887139264 Mobile/15E148 Safari/604.1"
74.125.210.201 - - [28/Mar/2026:15:03:13 +0000] "GET /offers/from-eid-to-eid-non-stop-deals-changan-uni-t-elite-2026-with-no-tax/ HTTP/1.1" 200 138742 "-" "Mozilla/5.0 (Linux; Android 10; K) AppleWebKit/537.36 (KHTML, like Gecko) Chrome/138.0.0.0 Mobile Safari/537.36 (compatible; Google-Read-Aloud; +https://support.google.com/webmasters/answer/1061943)"
66.249.83.137 - - [28/Mar/2026:15:03:13 +0000] "GET /offers/from-eid-to-eid-non-stop-deals-changan-uni-t-elite-2026-with-no-tax/ HTTP/1.1" 200 138738 "-" "Mozilla/5.0 (Linux; Android 10; K) AppleWebKit/537.36 (KHTML, like Gecko) Chrome/138.0.0.0 Mobile Safari/537.36 (compatible; Google-Read-Aloud; +https://support.google.com/webmasters/answer/1061943)"
2a03:2880:11ff:: - - [28/Mar/2026:15:03:16 +0000] "GET /ramadan-0-profit-campaign-lp-b44/?utm_source=INSTAGRAM&utm_medium=CPC&utm_campaign=Ramadan_0_Profit_Feb_24&utm_id=Ramadan_0_Profit_Feb_24 HTTP/1.1" 404 31048 "-" "facebookexternalhit/1.1 (+http://www.facebook.com/externalhit_uatext.php)"
74.7.241.33 - - [28/Mar/2026:15:03:18 +0000] "GET /wp-content/uploads/cache/wpml/ HTTP/1.1" 200 359 "https://autozone.com.sa/wp-content/uploads/cache/wpml/twig/" "Mozilla/5.0 AppleWebKit/537.36 (KHTML, like Gecko; compatible; GPTBot/1.3; +https://openai.com/gptbot)"
2a02:9b0:e8:cd04:e95c:ff49:2c27:2191 - - [28/Mar/2026:15:03:24 +0000] "GET /offers/from-eid-to-eid-non-stop-deals-changan-uni-t-elite-2026-with-no-tax/ HTTP/1.1" 200 138727 "https://autozone.com.sa/offers/from-eid-to-eid-non-stop-deals-changan-uni-t-elite-2026-with-no-tax/?status=success" "Mozilla/5.0 (iPhone; CPU iPhone OS 16_7_14 like Mac OS X) AppleWebKit/605.1.15 (KHTML, like Gecko) GSA/413.1.887139264 Mobile/15E148 Safari/604.1"
2a02:9b0:e8:cd04:e95c:ff49:2c27:2191 - - [28/Mar/2026:15:03:27 +0000] "GET /offers/from-eid-to-eid-non-stop-deals-changan-uni-t-elite-2026-with-no-tax/ HTTP/1.1" 200 138743 "https://autozone.com.sa/offers/from-eid-to-eid-non-stop-deals-changan-uni-t-elite-2026-with-no-tax/?status=success" "Mozilla/5.0 (iPhone; CPU iPhone OS 16_7_14 like Mac OS X) AppleWebKit/605.1.15 (KHTML, like Gecko) GSA/413.1.887139264 Mobile/15E148 Safari/604.1"
47.82.10.88 - - [28/Mar/2026:15:03:30 +0000] "GET /?shopdetail/89605564 HTTP/1.1" 301 20 "https://www.autozone.com.sa/" "Mozilla/5.0 (Windows NT 10.0; Win64; x64) AppleWebKit/537.36 (KHTML, like Gecko) Chrome/135.0.0.0 Safari/537.36"
47.82.10.88 - - [28/Mar/2026:15:03:31 +0000] "GET /?shopdetail/89605564 HTTP/1.1" 301 20 "https://www.autozone.com.sa/" "Mozilla/5.0 (Windows NT 10.0; Win64; x64) AppleWebKit/537.36 (KHTML, like Gecko) Chrome/135.0.0.0 Safari/537.36"
2a02:9b0:e8:cd04:e95c:ff49:2c27:2191 - - [28/Mar/2026:15:03:32 +0000] "POST /?wc-ajax=get_refreshed_fragments HTTP/1.1" 200 999 "https://autozone.com.sa/offers/from-eid-to-eid-non-stop-deals-changan-uni-t-elite-2026-with-no-tax/" "Mozilla/5.0 (iPhone; CPU iPhone OS 16_7_14 like Mac OS X) AppleWebKit/605.1.15 (KHTML, like Gecko) GSA/413.1.887139264 Mobile/15E148 Safari/604.1"
2a02:9b0:e8:cd04:e95c:ff49:2c27:2191 - - [28/Mar/2026:15:03:31 +0000] "POST /wp-json/iawp/search HTTP/1.1" 200 36 "https://autozone.com.sa/offers/from-eid-to-eid-non-stop-deals-changan-uni-t-elite-2026-with-no-tax/" "Mozilla/5.0 (iPhone; CPU iPhone OS 16_7_14 like Mac OS X) AppleWebKit/605.1.15 (KHTML, like Gecko) GSA/413.1.887139264 Mobile/15E148 Safari/604.1"
106.219.171.204 - - [28/Mar/2026:15:04:37 +0000] "GET /listings/toyota-yaris-y-2019/ HTTP/1.1" 404 30921 "-" "Mozilla/5.0 (Windows NT 10.0; Win64; x64) AppleWebKit/537.36 (KHTML, like Gecko) Chrome/129.0.6668.100 Safari/537.36"
172.105.42.26 - - [28/Mar/2026:15:04:53 +0000] "POST /wp-cron.php?doing_wp_cron=1774710293.1577079296112060546875 HTTP/1.1" 200 20 "-" "WordPress/6.9.4; https://autozone.com.sa"
2.189.5.142 - - [28/Mar/2026:15:04:48 +0000] "GET / HTTP/1.1" 200 163867 "-" "Mozilla/5.0 (X11; Fedora; Linux x86_64; rv:115.0) Gecko/20100101 Firefox/115.0"
2a02:9b0:e8:cd04:e95c:ff49:2c27:2191 - - [28/Mar/2026:15:04:59 +0000] "POST /offers/from-eid-to-eid-non-stop-deals-changan-uni-t-elite-2026-with-no-tax/?9yudg2=gLVWnygKUF&method=reload HTTP/1.1" 302 20 "https://autozone.com.sa/offers/from-eid-to-eid-non-stop-deals-changan-uni-t-elite-2026-with-no-tax/" "Mozilla/5.0 (iPhone; CPU iPhone OS 16_7_14 like Mac OS X) AppleWebKit/605.1.15 (KHTML, like Gecko) GSA/413.1.887139264 Mobile/15E148 Safari/604.1"
2a02:9b0:e8:cd04:e95c:ff49:2c27:2191 - - [28/Mar/2026:15:05:01 +0000] "GET /offers/from-eid-to-eid-non-stop-deals-changan-uni-t-elite-2026-with-no-tax/?status=success HTTP/1.1" 200 138810 "https://autozone.com.sa/offers/from-eid-to-eid-non-stop-deals-changan-uni-t-elite-2026-with-no-tax/" "Mozilla/5.0 (iPhone; CPU iPhone OS 16_7_14 like Mac OS X) AppleWebKit/605.1.15 (KHTML, like Gecko) GSA/413.1.887139264 Mobile/15E148 Safari/604.1"
2a02:9b0:e8:cd04:e95c:ff49:2c27:2191 - - [28/Mar/2026:15:05:06 +0000] "POST /?wc-ajax=get_refreshed_fragments HTTP/1.1" 200 999 "https://autozone.com.sa/offers/from-eid-to-eid-non-stop-deals-changan-uni-t-elite-2026-with-no-tax/?status=success" "Mozilla/5.0 (iPhone; CPU iPhone OS 16_7_14 like Mac OS X) AppleWebKit/605.1.15 (KHTML, like Gecko) GSA/413.1.887139264 Mobile/15E148 Safari/604.1"
2a02:9b0:e8:cd04:e95c:ff49:2c27:2191 - - [28/Mar/2026:15:05:06 +0000] "POST /wp-json/iawp/search HTTP/1.1" 200 36 "https://autozone.com.sa/offers/from-eid-to-eid-non-stop-deals-changan-uni-t-elite-2026-with-no-tax/?status=success" "Mozilla/5.0 (iPhone; CPU iPhone OS 16_7_14 like Mac OS X) AppleWebKit/605.1.15 (KHTML, like Gecko) GSA/413.1.887139264 Mobile/15E148 Safari/604.1"
2a02:9b0:e8:cd04:e95c:ff49:2c27:2191 - - [28/Mar/2026:15:05:10 +0000] "GET /shop/ HTTP/1.1" 200 148555 "https://autozone.com.sa/offers/from-eid-to-eid-non-stop-deals-changan-uni-t-elite-2026-with-no-tax/?status=success" "Mozilla/5.0 (iPhone; CPU iPhone OS 16_7_14 like Mac OS X) AppleWebKit/605.1.15 (KHTML, like Gecko) GSA/413.1.887139264 Mobile/15E148 Safari/604.1"
74.7.241.33 - - [28/Mar/2026:15:05:16 +0000] "GET /wp-content/uploads/ HTTP/1.1" 200 754 "https://autozone.com.sa/wp-content/uploads/al_opt_content/" "Mozilla/5.0 AppleWebKit/537.36 (KHTML, like Gecko; compatible; GPTBot/1.3; +https://openai.com/gptbot)"
2a02:9b0:e8:cd04:e95c:ff49:2c27:2191 - - [28/Mar/2026:15:05:15 +0000] "POST /wp-json/iawp/search HTTP/1.1" 200 36 "https://autozone.com.sa/shop/" "Mozilla/5.0 (iPhone; CPU iPhone OS 16_7_14 like Mac OS X) AppleWebKit/605.1.15 (KHTML, like Gecko) GSA/413.1.887139264 Mobile/15E148 Safari/604.1"
2a02:9b0:e8:cd04:e95c:ff49:2c27:2191 - - [28/Mar/2026:15:05:16 +0000] "POST /?wc-ajax=get_refreshed_fragments HTTP/1.1" 200 999 "https://autozone.com.sa/shop/" "Mozilla/5.0 (iPhone; CPU iPhone OS 16_7_14 like Mac OS X) AppleWebKit/605.1.15 (KHTML, like Gecko) GSA/413.1.887139264 Mobile/15E148 Safari/604.1"
2a02:9b0:e8:cd04:e95c:ff49:2c27:2191 - - [28/Mar/2026:15:05:26 +0000] "GET /financial-calculator/ HTTP/1.1" 200 117119 "https://www.google.com/url?q=https://autozone.com.sa/financial-calculator/&sa=U&sqi=2&ved=2ahUKEwjX09j17MKTAxUzZ0EAHSeMFn0QjBB6BAgaEA8&usg=AOvVaw0265JkAdDqrsZ4C-hkZB70" "Mozilla/5.0 (iPhone; CPU iPhone OS 16_7_14 like Mac OS X) AppleWebKit/605.1.15 (KHTML, like Gecko) GSA/413.1.887139264 Mobile/15E148 Safari/604.1"
2a02:9b0:e8:cd04:e95c:ff49:2c27:2191 - - [28/Mar/2026:15:05:29 +0000] "GET /wp-content/plugins/fluentform/assets/css/fluent-forms-public-rtl.css?ver=6.1.19 HTTP/1.1" 200 5870 "https://autozone.com.sa/financial-calculator/" "Mozilla/5.0 (iPhone; CPU iPhone OS 16_7_14 like Mac OS X) AppleWebKit/605.1.15 (KHTML, like Gecko) GSA/413.1.887139264 Mobile/15E148 Safari/604.1"
2a02:9b0:e8:cd04:e95c:ff49:2c27:2191 - - [28/Mar/2026:15:05:29 +0000] "GET /wp-content/uploads/elementor/css/post-1123.css?ver=1774682622 HTTP/1.1" 200 1682 "https://autozone.com.sa/financial-calculator/" "Mozilla/5.0 (iPhone; CPU iPhone OS 16_7_14 like Mac OS X) AppleWebKit/605.1.15 (KHTML, like Gecko) GSA/413.1.887139264 Mobile/15E148 Safari/604.1"
2a02:9b0:e8:cd04:e95c:ff49:2c27:2191 - - [28/Mar/2026:15:05:29 +0000] "GET /wp-content/plugins/fluentform/assets/css/fluentform-public-default-rtl.css?ver=6.1.19 HTTP/1.1" 200 1206 "https://autozone.com.sa/financial-calculator/" "Mozilla/5.0 (iPhone; CPU iPhone OS 16_7_14 like Mac OS X) AppleWebKit/605.1.15 (KHTML, like Gecko) GSA/413.1.887139264 Mobile/15E148 Safari/604.1"
2a02:9b0:e8:cd04:e95c:ff49:2c27:2191 - - [28/Mar/2026:15:05:29 +0000] "GET /wp-content/plugins/fluentformpro/public/libs/intl-tel-input/css/intlTelInput-rtl.min.css?ver=24.2.0 HTTP/1.1" 200 2970 "https://autozone.com.sa/financial-calculator/" "Mozilla/5.0 (iPhone; CPU iPhone OS 16_7_14 like Mac OS X) AppleWebKit/605.1.15 (KHTML, like Gecko) GSA/413.1.887139264 Mobile/15E148 Safari/604.1"
2a02:9b0:e8:cd04:e95c:ff49:2c27:2191 - - [28/Mar/2026:15:05:30 +0000] "GET /wp-content/uploads/2024/12/az-new-logo-bg-2.jpg HTTP/1.1" 304 - "https://autozone.com.sa/financial-calculator/" "Mozilla/5.0 (iPhone; CPU iPhone OS 16_7_14 like Mac OS X) AppleWebKit/605.1.15 (KHTML, like Gecko) GSA/413.1.887139264 Mobile/15E148 Safari/604.1"
2a02:9b0:e8:cd04:e95c:ff49:2c27:2191 - - [28/Mar/2026:15:05:30 +0000] "GET /wp-content/plugins/fluentform/assets/js/form-submission.js?ver=6.1.19 HTTP/1.1" 200 8505 "-" "Mozilla/5.0 (iPhone; CPU iPhone OS 16_7_14 like Mac OS X) AppleWebKit/605.1.15 (KHTML, like Gecko) GSA/413.1.887139264 Mobile/15E148 Safari/604.1"
2a02:9b0:e8:cd04:e95c:ff49:2c27:2191 - - [28/Mar/2026:15:05:30 +0000] "GET /wp-content/plugins/fluentformpro/public/libs/math-expression.min.js?ver=1.2.17 HTTP/1.1" 200 4172 "-" "Mozilla/5.0 (iPhone; CPU iPhone OS 16_7_14 like Mac OS X) AppleWebKit/605.1.15 (KHTML, like Gecko) GSA/413.1.887139264 Mobile/15E148 Safari/604.1"
2a02:9b0:e8:cd04:e95c:ff49:2c27:2191 - - [28/Mar/2026:15:05:30 +0000] "GET /wp-content/plugins/fluentformpro/public/libs/intl-tel-input/js/intlTelInputWithUtils.min.js?ver=25.5.2 HTTP/1.1" 200 72088 "-" "Mozilla/5.0 (iPhone; CPU iPhone OS 16_7_14 like Mac OS X) AppleWebKit/605.1.15 (KHTML, like Gecko) GSA/413.1.887139264 Mobile/15E148 Safari/604.1"
2a02:9b0:e8:cd04:e95c:ff49:2c27:2191 - - [28/Mar/2026:15:05:30 +0000] "GET /wp-content/plugins/fluentform/assets/js/fluentform-advanced.js?ver=6.1.19 HTTP/1.1" 200 14489 "-" "Mozilla/5.0 (iPhone; CPU iPhone OS 16_7_14 like Mac OS X) AppleWebKit/605.1.15 (KHTML, like Gecko) GSA/413.1.887139264 Mobile/15E148 Safari/604.1"
2a02:9b0:e8:cd04:e95c:ff49:2c27:2191 - - [28/Mar/2026:15:05:33 +0000] "POST /?wc-ajax=get_refreshed_fragments HTTP/1.1" 200 999 "https://autozone.com.sa/financial-calculator/" "Mozilla/5.0 (iPhone; CPU iPhone OS 16_7_14 like Mac OS X) AppleWebKit/605.1.15 (KHTML, like Gecko) GSA/413.1.887139264 Mobile/15E148 Safari/604.1"
2a02:9b0:e8:cd04:e95c:ff49:2c27:2191 - - [28/Mar/2026:15:05:33 +0000] "POST /?wc-ajax=get_refreshed_fragments HTTP/1.1" 200 999 "https://autozone.com.sa/financial-calculator/" "Mozilla/5.0 (iPhone; CPU iPhone OS 16_7_14 like Mac OS X) AppleWebKit/605.1.15 (KHTML, like Gecko) GSA/413.1.887139264 Mobile/15E148 Safari/604.1"
2a02:9b0:e8:cd04:e95c:ff49:2c27:2191 - - [28/Mar/2026:15:05:33 +0000] "POST /wp-json/iawp/search HTTP/1.1" 200 36 "https://autozone.com.sa/financial-calculator/" "Mozilla/5.0 (iPhone; CPU iPhone OS 16_7_14 like Mac OS X) AppleWebKit/605.1.15 (KHTML, like Gecko) GSA/413.1.887139264 Mobile/15E148 Safari/604.1"
40.77.167.143 - - [28/Mar/2026:15:05:37 +0000] "GET /shopdetail/56691592 HTTP/1.1" 301 20 "-" "Mozilla/5.0 AppleWebKit/537.36 (KHTML, like Gecko; compatible; bingbot/2.0; +http://www.bing.com/bingbot.htm) Chrome/116.0.1938.76 Safari/537.36"
2001:16a4:7f:5aa7:9de8:3af0:96b8:54f9 - - [28/Mar/2026:15:06:21 +0000] "GET / HTTP/1.1" 200 163869 "https://www.google.com/" "Mozilla/5.0 (iPhone; CPU iPhone OS 18_7 like Mac OS X) AppleWebKit/605.1.15 (KHTML, like Gecko) Version/26.3 Mobile/15E148 Safari/604.1"
37.59.204.137 - - [28/Mar/2026:15:06:25 +0000] "GET /en/product/honda-accord-lx-hybrid-2023/feed/ HTTP/1.1" 200 479 "-" "Mozilla/5.0 (compatible; AhrefsBot/7.0; +http://ahrefs.com/robot/)"
2001:16a4:7f:5aa7:9de8:3af0:96b8:54f9 - - [28/Mar/2026:15:06:26 +0000] "GET /wp-content/uploads/2025/01/cropped-Logo-Without-Text-small-2-32x32.png HTTP/1.1" 304 - "https://autozone.com.sa/" "Mozilla/5.0 (iPhone; CPU iPhone OS 18_7 like Mac OS X) AppleWebKit/605.1.15 (KHTML, like Gecko) Version/26.3 Mobile/15E148 Safari/604.1"
78.46.215.1 - - [28/Mar/2026:15:06:54 +0000] "HEAD / HTTP/1.1" 200 - "https://autozone.com.sa/" "Mozilla/5.0+(compatible; UptimeRobot/2.0; http://www.uptimerobot.com/)"
2001:16a4:7f:5aa7:9de8:3af0:96b8:54f9 - - [28/Mar/2026:15:07:01 +0000] "POST /wp-json/iawp/search HTTP/1.1" 200 36 "https://autozone.com.sa/" "Mozilla/5.0 (iPhone; CPU iPhone OS 18_7 like Mac OS X) AppleWebKit/605.1.15 (KHTML, like Gecko) Version/26.3 Mobile/15E148 Safari/604.1"
2001:16a4:7f:5aa7:9de8:3af0:96b8:54f9 - - [28/Mar/2026:15:07:01 +0000] "POST /?wc-ajax=get_refreshed_fragments HTTP/1.1" 200 999 "https://autozone.com.sa/" "Mozilla/5.0 (iPhone; CPU iPhone OS 18_7 like Mac OS X) AppleWebKit/605.1.15 (KHTML, like Gecko) Version/26.3 Mobile/15E148 Safari/604.1"
2001:16a4:7f:5aa7:9de8:3af0:96b8:54f9 - - [28/Mar/2026:15:07:01 +0000] "POST /?wc-ajax=get_refreshed_fragments HTTP/1.1" 200 999 "https://autozone.com.sa/" "Mozilla/5.0 (iPhone; CPU iPhone OS 18_7 like Mac OS X) AppleWebKit/605.1.15 (KHTML, like Gecko) Version/26.3 Mobile/15E148 Safari/604.1"
74.7.241.33 - - [28/Mar/2026:15:07:07 +0000] "GET /?nocache=1774685608&shopdetail/15771726 HTTP/1.1" 301 20 "https://autozone.com.sa/?shopdetail%2F15771726" "Mozilla/5.0 AppleWebKit/537.36 (KHTML, like Gecko; compatible; GPTBot/1.3; +https://openai.com/gptbot)"
172.105.42.26 - - [28/Mar/2026:15:07:12 +0000] "POST /wp-cron.php?doing_wp_cron=1774710432.4239408969879150390625 HTTP/1.1" 200 20 "-" "WordPress/6.9.4; https://autozone.com.sa"
2001:16a4:7f:5aa7:9de8:3af0:96b8:54f9 - - [28/Mar/2026:15:07:09 +0000] "GET /%D8%A7%D9%84%D9%85%D8%A7%D8%B1%D9%83%D8%A9/%d9%87%d8%a7%d9%81%d8%a7%d9%84/ HTTP/1.1" 200 64429 "https://autozone.com.sa/" "Mozilla/5.0 (iPhone; CPU iPhone OS 18_7 like Mac OS X) AppleWebKit/605.1.15 (KHTML, like Gecko) Version/26.3 Mobile/15E148 Safari/604.1"
74.7.241.33 - - [28/Mar/2026:15:07:09 +0000] "GET /?nocache=1774685608&shopdetail%2F15771726 HTTP/1.1" 200 163946 "https://autozone.com.sa/?nocache=1774685608&shopdetail/15771726" "Mozilla/5.0 AppleWebKit/537.36 (KHTML, like Gecko; compatible; GPTBot/1.3; +https://openai.com/gptbot)"
216.73.216.14 - - [28/Mar/2026:15:07:13 +0000] "GET /sitemap-3.xml HTTP/1.1" 404 30900 "-" "Mozilla/5.0 AppleWebKit/537.36 (KHTML, like Gecko; compatible; ClaudeBot/1.0; +claudebot@anthropic.com)"
2001:16a4:7f:5aa7:9de8:3af0:96b8:54f9 - - [28/Mar/2026:15:07:15 +0000] "POST /?wc-ajax=get_refreshed_fragments HTTP/1.1" 200 999 "https://autozone.com.sa/%D8%A7%D9%84%D9%85%D8%A7%D8%B1%D9%83%D8%A9/%d9%87%d8%a7%d9%81%d8%a7%d9%84/" "Mozilla/5.0 (iPhone; CPU iPhone OS 18_7 like Mac OS X) AppleWebKit/605.1.15 (KHTML, like Gecko) Version/26.3 Mobile/15E148 Safari/604.1"
2001:16a4:7f:5aa7:9de8:3af0:96b8:54f9 - - [28/Mar/2026:15:07:14 +0000] "POST /wp-json/iawp/search HTTP/1.1" 200 36 "https://autozone.com.sa/%D8%A7%D9%84%D9%85%D8%A7%D8%B1%D9%83%D8%A9/%d9%87%d8%a7%d9%81%d8%a7%d9%84/" "Mozilla/5.0 (iPhone; CPU iPhone OS 18_7 like Mac OS X) AppleWebKit/605.1.15 (KHTML, like Gecko) Version/26.3 Mobile/15E148 Safari/604.1"
172.105.42.26 - - [28/Mar/2026:15:07:21 +0000] "POST /wp-cron.php?doing_wp_cron=1774710441.3698680400848388671875 HTTP/1.1" 200 20 "-" "WordPress/6.9.4; https://autozone.com.sa"
2001:16a4:7f:5aa7:9de8:3af0:96b8:54f9 - - [28/Mar/2026:15:07:17 +0000] "GET /shop/ HTTP/1.1" 200 148548 "https://autozone.com.sa/%D8%A7%D9%84%D9%85%D8%A7%D8%B1%D9%83%D8%A9/%d9%87%d8%a7%d9%81%d8%a7%d9%84/" "Mozilla/5.0 (iPhone; CPU iPhone OS 18_7 like Mac OS X) AppleWebKit/605.1.15 (KHTML, like Gecko) Version/26.3 Mobile/15E148 Safari/604.1"
2001:16a4:7f:5aa7:9de8:3af0:96b8:54f9 - - [28/Mar/2026:15:07:23 +0000] "POST /?wc-ajax=get_refreshed_fragments HTTP/1.1" 200 999 "https://autozone.com.sa/shop/" "Mozilla/5.0 (iPhone; CPU iPhone OS 18_7 like Mac OS X) AppleWebKit/605.1.15 (KHTML, like Gecko) Version/26.3 Mobile/15E148 Safari/604.1"
2001:16a4:7f:5aa7:9de8:3af0:96b8:54f9 - - [28/Mar/2026:15:07:23 +0000] "POST /wp-json/iawp/search HTTP/1.1" 200 36 "https://autozone.com.sa/shop/" "Mozilla/5.0 (iPhone; CPU iPhone OS 18_7 like Mac OS X) AppleWebKit/605.1.15 (KHTML, like Gecko) Version/26.3 Mobile/15E148 Safari/604.1"
2001:16a4:7f:5aa7:9de8:3af0:96b8:54f9 - - [28/Mar/2026:15:07:37 +0000] "POST /wp-admin/admin-ajax.php HTTP/1.1" 200 620 "https://autozone.com.sa/shop/" "Mozilla/5.0 (iPhone; CPU iPhone OS 18_7 like Mac OS X) AppleWebKit/605.1.15 (KHTML, like Gecko) Version/26.3 Mobile/15E148 Safari/604.1"
2001:16a4:7f:5aa7:9de8:3af0:96b8:54f9 - - [28/Mar/2026:15:07:37 +0000] "POST /wp-admin/admin-ajax.php HTTP/1.1" 200 9871 "https://autozone.com.sa/shop/" "Mozilla/5.0 (iPhone; CPU iPhone OS 18_7 like Mac OS X) AppleWebKit/605.1.15 (KHTML, like Gecko) Version/26.3 Mobile/15E148 Safari/604.1"
2001:16a4:7f:5aa7:9de8:3af0:96b8:54f9 - - [28/Mar/2026:15:07:41 +0000] "GET /wp-content/uploads/2026/01/6704d68784dcbf95a5745dbf_min-001%E5%B9%B3%E8%A7%86%E5%B7%A6%E4%BE%A760%E5%BA%A6-%E6%8B%B7%E8%B4%9D-3-p-1600.webp HTTP/1.1" 200 39380 "https://autozone.com.sa/shop/" "Mozilla/5.0 (iPhone; CPU iPhone OS 18_7 like Mac OS X) AppleWebKit/605.1.15 (KHTML, like Gecko) Version/26.3 Mobile/15E148 Safari/604.1"
