2001:16a4:374:6e32:dda9:967d:9a82:a7a4 - - [28/May/2026:14:35:16 +0000] "GET /wp-content/uploads/al_opt_content/SCRIPT/autozone.com.sa/wp-content/plugins/woocommerce/assets/js/js-cookie/6a1780a75612b793c363005e/6a1780a75612b793c363005e-691a1e43450e7cda541a3bd6f10fd5db_js.cookie.min.js?ver=2.1.4-wc.10.8.0 HTTP/1.1" 200 833 "-" "Mozilla/5.0 (Macintosh; Intel Mac OS X 10_15_7) AppleWebKit/605.1.15 (KHTML, like Gecko) Version/16.6.2 Safari/605.1.15"
2001:16a4:374:6e32:dda9:967d:9a82:a7a4 - - [28/May/2026:14:35:16 +0000] "GET /wp-content/uploads/al_opt_content/SCRIPT/autozone.com.sa/wp-content/plugins/pixelyoursite/dist/scripts/6a1780a75612b793c363005e/6a1780a75612b793c363005e-fbaff6df5010e82fec77e88acd359eb5_js.cookie-2.1.3.min.js?ver=2.1.3 HTTP/1.1" 200 874 "-" "Mozilla/5.0 (Macintosh; Intel Mac OS X 10_15_7) AppleWebKit/605.1.15 (KHTML, like Gecko) Version/16.6.2 Safari/605.1.15"
2001:16a4:374:6e32:dda9:967d:9a82:a7a4 - - [28/May/2026:14:35:16 +0000] "GET /wp-content/uploads/al_opt_content/SCRIPT/autozone.com.sa/wp-content/plugins/jet-tricks/assets/js/6a1780a75612b793c363005e/6a1780a75612b793c363005e-fe80a700e636965d3083ed128737a1ed_jet-tricks-frontend.js?ver=1.5.10 HTTP/1.1" 200 8281 "-" "Mozilla/5.0 (Macintosh; Intel Mac OS X 10_15_7) AppleWebKit/605.1.15 (KHTML, like Gecko) Version/16.6.2 Safari/605.1.15"
2001:16a4:374:6e32:dda9:967d:9a82:a7a4 - - [28/May/2026:14:35:16 +0000] "GET /wp-content/uploads/al_opt_content/SCRIPT/autozone.com.sa/wp-content/plugins/jet-elements/assets/js/6a1780a75612b793c363005e/6a1780a75612b793c363005e-267ca7dfd2a981791527cfca22eece13_jet-elements.min.js?ver=2.8.1.1 HTTP/1.1" 200 7384 "-" "Mozilla/5.0 (Macintosh; Intel Mac OS X 10_15_7) AppleWebKit/605.1.15 (KHTML, like Gecko) Version/16.6.2 Safari/605.1.15"
2001:16a4:374:6e32:dda9:967d:9a82:a7a4 - - [28/May/2026:14:35:16 +0000] "GET /wp-content/uploads/al_opt_content/SCRIPT/autozone.com.sa/wp-content/plugins/woocommerce-multilingual/res/js/6a1780a75612b793c363005e/6a1780a75612b793c363005e-a196fc442165c7871d8623233601b2d5_cart_widget.min.js?ver=5.5.5 HTTP/1.1" 200 523 "-" "Mozilla/5.0 (Macintosh; Intel Mac OS X 10_15_7) AppleWebKit/605.1.15 (KHTML, like Gecko) Version/16.6.2 Safari/605.1.15"
2001:16a4:374:6e32:dda9:967d:9a82:a7a4 - - [28/May/2026:14:35:16 +0000] "GET /wp-content/uploads/al_opt_content/SCRIPT/autozone.com.sa/wp-content/plugins/jet-smart-filters/assets/js/6a1780a75612b793c363005e/6a1780a75612b793c363005e-88182ba92b854513e85400a04af0ae46_public.js?ver=3.7.5 HTTP/1.1" 200 35338 "-" "Mozilla/5.0 (Macintosh; Intel Mac OS X 10_15_7) AppleWebKit/605.1.15 (KHTML, like Gecko) Version/16.6.2 Safari/605.1.15"
2001:16a4:374:6e32:dda9:967d:9a82:a7a4 - - [28/May/2026:14:35:16 +0000] "GET /wp-content/uploads/al_opt_content/SCRIPT/autozone.com.sa/wp-content/plugins/elementor/assets/js/6a1780a75612b793c363005e/6a1780a75612b793c363005e-a3543601e9c09c9b8554ec6f6c8a2174_frontend-modules.min.js?ver=4.0.4 HTTP/1.1" 200 15970 "-" "Mozilla/5.0 (Macintosh; Intel Mac OS X 10_15_7) AppleWebKit/605.1.15 (KHTML, like Gecko) Version/16.6.2 Safari/605.1.15"
2001:16a4:374:6e32:dda9:967d:9a82:a7a4 - - [28/May/2026:14:35:16 +0000] "GET /wp-content/uploads/al_opt_content/SCRIPT/autozone.com.sa/wp-content/plugins/jet-engine/assets/js/frontend/modules/6a1780a75612b793c363005e/6a1780a75612b793c363005e-6ee0881fd00c8000ccd34bcf48a1c70d_jet-popup.js?ver=3.8.7 HTTP/1.1" 200 984 "-" "Mozilla/5.0 (Macintosh; Intel Mac OS X 10_15_7) AppleWebKit/605.1.15 (KHTML, like Gecko) Version/16.6.2 Safari/605.1.15"
2001:16a4:374:6e32:dda9:967d:9a82:a7a4 - - [28/May/2026:14:35:16 +0000] "GET /wp-content/uploads/al_opt_content/SCRIPT/autozone.com.sa/wp-content/plugins/pixelyoursite/dist/scripts/6a1780a75612b793c363005e/6a1780a75612b793c363005e-ff9016c99f73c592c2648319ea6d2074_jquery.bind-first-0.2.3.min.js?ver=0.2.3 HTTP/1.1" 200 689 "-" "Mozilla/5.0 (Macintosh; Intel Mac OS X 10_15_7) AppleWebKit/605.1.15 (KHTML, like Gecko) Version/16.6.2 Safari/605.1.15"
2001:16a4:374:6e32:dda9:967d:9a82:a7a4 - - [28/May/2026:14:35:16 +0000] "GET /wp-content/uploads/al_opt_content/SCRIPT/autozone.com.sa/wp-content/plugins/jet-blog/assets/js/6a1780a75612b793c363005e/6a1780a75612b793c363005e-5b2e636dbea54c087348cd6d7f5a1f79_jet-blog.min.js?ver=2.4.8 HTTP/1.1" 200 3569 "-" "Mozilla/5.0 (Macintosh; Intel Mac OS X 10_15_7) AppleWebKit/605.1.15 (KHTML, like Gecko) Version/16.6.2 Safari/605.1.15"
2001:16a4:374:6e32:dda9:967d:9a82:a7a4 - - [28/May/2026:14:35:16 +0000] "GET /wp-content/uploads/al_opt_content/SCRIPT/autozone.com.sa/wp-content/plugins/ultimate-post-kit/assets/js/6a1780a75612b793c363005e/6a1780a75612b793c363005e-ddeb638dbe370b1d0fb48e8d13b7af2b_upk-site.min.js?ver=4.1.5 HTTP/1.1" 200 255 "-" "Mozilla/5.0 (Macintosh; Intel Mac OS X 10_15_7) AppleWebKit/605.1.15 (KHTML, like Gecko) Version/16.6.2 Safari/605.1.15"
2001:16a4:374:6e32:dda9:967d:9a82:a7a4 - - [28/May/2026:14:35:16 +0000] "GET /wp-content/uploads/al_opt_content/SCRIPT/autozone.com.sa/wp-content/plugins/jet-blocks/assets/js/lib/jsticky/6a1780a75612b793c363005e/6a1780a75612b793c363005e-31179c7ad561a12763dd193320593440_jquery.jsticky.min.js?ver=1.1.0 HTTP/1.1" 200 623 "-" "Mozilla/5.0 (Macintosh; Intel Mac OS X 10_15_7) AppleWebKit/605.1.15 (KHTML, like Gecko) Version/16.6.2 Safari/605.1.15"
2001:16a4:374:6e32:dda9:967d:9a82:a7a4 - - [28/May/2026:14:35:16 +0000] "GET /wp-content/uploads/al_opt_content/SCRIPT/autozone.com.sa/wp-content/plugins/jet-tricks/assets/js/lib/ts-particles/1.18.11/6a1780a75612b793c363005e/6a1780a75612b793c363005e-fdd6f7d0e809e719153d1d5b93708211_tsparticles.min.js?ver=1.18.11 HTTP/1.1" 200 34623 "-" "Mozilla/5.0 (Macintosh; Intel Mac OS X 10_15_7) AppleWebKit/605.1.15 (KHTML, like Gecko) Version/16.6.2 Safari/605.1.15"
77.232.124.154 - - [28/May/2026:14:35:16 +0000] "POST /wp-json/iawp/search HTTP/1.1" 200 36 "https://autozone.com.sa//shop/" "Mozilla/5.0 (iPhone; CPU iPhone OS 18_5 like Mac OS X) AppleWebKit/605.1.15 (KHTML, like Gecko) Version/18.5 Mobile/15E148 Safari/604.1"
77.232.124.154 - - [28/May/2026:14:35:16 +0000] "GET / HTTP/1.1" 200 65352 "https://www.google.com/" "Mozilla/5.0 (iPhone; CPU iPhone OS 18_5 like Mac OS X) AppleWebKit/605.1.15 (KHTML, like Gecko) Version/18.5 Mobile/15E148 Safari/604.1"
77.232.124.154 - - [28/May/2026:14:35:18 +0000] "GET / HTTP/1.1" 200 65355 "https://www.google.com/" "Mozilla/5.0 (iPhone; CPU iPhone OS 18_5 like Mac OS X) AppleWebKit/605.1.15 (KHTML, like Gecko) Version/18.5 Mobile/15E148 Safari/604.1"
77.232.124.154 - - [28/May/2026:14:35:23 +0000] "GET /wp-content/plugins/woocommerce/assets/css/photoswipe/default-skin/default-skin.png HTTP/1.1" 200 547 "https://autozone.com.sa/" "Mozilla/5.0 (iPhone; CPU iPhone OS 18_5 like Mac OS X) AppleWebKit/605.1.15 (KHTML, like Gecko) Version/18.5 Mobile/15E148 Safari/604.1"
2001:16a4:374:6e32:dda9:967d:9a82:a7a4 - - [28/May/2026:14:35:23 +0000] "GET /wp-content/plugins/elementor/assets/js/shared-frontend-handlers.03caa53373b56d3bab67.bundle.min.js HTTP/1.1" 200 2644 "https://autozone.com.sa/en/" "Mozilla/5.0 (Macintosh; Intel Mac OS X 10_15_7) AppleWebKit/605.1.15 (KHTML, like Gecko) Version/16.6.2 Safari/605.1.15"
2001:16a4:374:6e32:dda9:967d:9a82:a7a4 - - [28/May/2026:14:35:23 +0000] "GET /wp-content/plugins/elementor/assets/js/text-editor.45609661e409413f1cef.bundle.min.js HTTP/1.1" 200 648 "https://autozone.com.sa/en/" "Mozilla/5.0 (Macintosh; Intel Mac OS X 10_15_7) AppleWebKit/605.1.15 (KHTML, like Gecko) Version/16.6.2 Safari/605.1.15"
2001:16a4:374:6e32:dda9:967d:9a82:a7a4 - - [28/May/2026:14:35:23 +0000] "GET /wp-content/plugins/elementor/assets/js/nested-tabs.a2401356d329f179475e.bundle.min.js HTTP/1.1" 200 3285 "https://autozone.com.sa/en/" "Mozilla/5.0 (Macintosh; Intel Mac OS X 10_15_7) AppleWebKit/605.1.15 (KHTML, like Gecko) Version/16.6.2 Safari/605.1.15"
2001:16a4:374:6e32:dda9:967d:9a82:a7a4 - - [28/May/2026:14:35:23 +0000] "POST /en/?wc-ajax=get_refreshed_fragments HTTP/1.1" 200 862 "https://autozone.com.sa/en/" "Mozilla/5.0 (Macintosh; Intel Mac OS X 10_15_7) AppleWebKit/605.1.15 (KHTML, like Gecko) Version/16.6.2 Safari/605.1.15"
2001:16a4:374:6e32:dda9:967d:9a82:a7a4 - - [28/May/2026:14:35:23 +0000] "POST /en/wp-json/iawp/search HTTP/1.1" 200 36 "https://autozone.com.sa/en/" "Mozilla/5.0 (Macintosh; Intel Mac OS X 10_15_7) AppleWebKit/605.1.15 (KHTML, like Gecko) Version/16.6.2 Safari/605.1.15"
2001:16a4:374:6e32:dda9:967d:9a82:a7a4 - - [28/May/2026:14:35:23 +0000] "POST /en/?wc-ajax=get_refreshed_fragments HTTP/1.1" 200 862 "https://autozone.com.sa/en/" "Mozilla/5.0 (Macintosh; Intel Mac OS X 10_15_7) AppleWebKit/605.1.15 (KHTML, like Gecko) Version/16.6.2 Safari/605.1.15"
2001:16a4:374:6e32:dda9:967d:9a82:a7a4 - - [28/May/2026:14:35:25 +0000] "GET /wp-includes/js/wp-emoji-release.min.js?ver=7.0 HTTP/1.1" 200 5375 "https://autozone.com.sa/en/" "Mozilla/5.0 (Macintosh; Intel Mac OS X 10_15_7) AppleWebKit/605.1.15 (KHTML, like Gecko) Version/16.6.2 Safari/605.1.15"
2001:16a4:374:6e32:dda9:967d:9a82:a7a4 - - [28/May/2026:14:35:25 +0000] "GET /wp-content/plugins/elementor/assets/js/nested-title-keyboard-handler.2a67d3cc630e11815acc.bundle.min.js HTTP/1.1" 200 1506 "https://autozone.com.sa/en/" "Mozilla/5.0 (Macintosh; Intel Mac OS X 10_15_7) AppleWebKit/605.1.15 (KHTML, like Gecko) Version/16.6.2 Safari/605.1.15"
77.232.124.154 - - [28/May/2026:14:35:33 +0000] "POST /?wc-ajax=get_refreshed_fragments HTTP/1.1" 200 858 "https://autozone.com.sa/" "Mozilla/5.0 (iPhone; CPU iPhone OS 18_5 like Mac OS X) AppleWebKit/605.1.15 (KHTML, like Gecko) Version/18.5 Mobile/15E148 Safari/604.1"
77.232.124.154 - - [28/May/2026:14:35:33 +0000] "POST /wp-json/iawp/search HTTP/1.1" 200 36 "https://autozone.com.sa/" "Mozilla/5.0 (iPhone; CPU iPhone OS 18_5 like Mac OS X) AppleWebKit/605.1.15 (KHTML, like Gecko) Version/18.5 Mobile/15E148 Safari/604.1"
2001:16a4:374:6e32:dda9:967d:9a82:a7a4 - - [28/May/2026:14:35:37 +0000] "GET /en/ HTTP/1.1" 200 62028 "https://autozone.com.sa/en/" "Mozilla/5.0 (Macintosh; Intel Mac OS X 10_15_7) AppleWebKit/605.1.15 (KHTML, like Gecko) Version/16.6.2 Safari/605.1.15"
2001:16a4:374:6e32:dda9:967d:9a82:a7a4 - - [28/May/2026:14:35:39 +0000] "GET / HTTP/1.1" 200 65322 "https://autozone.com.sa/en/" "Mozilla/5.0 (Macintosh; Intel Mac OS X 10_15_7) AppleWebKit/605.1.15 (KHTML, like Gecko) Version/16.6.2 Safari/605.1.15"
2001:16a4:374:6e32:dda9:967d:9a82:a7a4 - - [28/May/2026:14:35:44 +0000] "GET /wp-content/plugins/woocommerce/assets/css/woocommerce-layout-rtl.css?ver=10.8.0 HTTP/1.1" 200 3422 "https://autozone.com.sa/" "Mozilla/5.0 (Macintosh; Intel Mac OS X 10_15_7) AppleWebKit/605.1.15 (KHTML, like Gecko) Version/16.6.2 Safari/605.1.15"
2001:16a4:374:6e32:dda9:967d:9a82:a7a4 - - [28/May/2026:14:35:44 +0000] "GET /wp-content/uploads/elementor/css/custom-jet-blocks-rtl.css?ver=1779946094&ver=1.4.0 HTTP/1.1" 200 5952 "https://autozone.com.sa/" "Mozilla/5.0 (Macintosh; Intel Mac OS X 10_15_7) AppleWebKit/605.1.15 (KHTML, like Gecko) Version/16.6.2 Safari/605.1.15"
2001:16a4:374:6e32:dda9:967d:9a82:a7a4 - - [28/May/2026:14:35:44 +0000] "GET /wp-content/plugins/woocommerce/assets/css/woocommerce-smallscreen-rtl.css?ver=10.8.0 HTTP/1.1" 200 1407 "https://autozone.com.sa/" "Mozilla/5.0 (Macintosh; Intel Mac OS X 10_15_7) AppleWebKit/605.1.15 (KHTML, like Gecko) Version/16.6.2 Safari/605.1.15"
2001:16a4:374:6e32:dda9:967d:9a82:a7a4 - - [28/May/2026:14:35:44 +0000] "GET /wp-content/plugins/elementor/assets/css/widget-heading-rtl.min.css?ver=4.0.4 HTTP/1.1" 200 160 "https://autozone.com.sa/" "Mozilla/5.0 (Macintosh; Intel Mac OS X 10_15_7) AppleWebKit/605.1.15 (KHTML, like Gecko) Version/16.6.2 Safari/605.1.15"
2001:16a4:374:6e32:dda9:967d:9a82:a7a4 - - [28/May/2026:14:35:44 +0000] "GET /wp-content/plugins/jet-blog/assets/css/jet-blog-rtl.css?ver=2.4.8 HTTP/1.1" 200 648 "https://autozone.com.sa/" "Mozilla/5.0 (Macintosh; Intel Mac OS X 10_15_7) AppleWebKit/605.1.15 (KHTML, like Gecko) Version/16.6.2 Safari/605.1.15"
2001:16a4:374:6e32:dda9:967d:9a82:a7a4 - - [28/May/2026:14:35:44 +0000] "GET /wp-content/plugins/woocommerce/assets/css/woocommerce-rtl.css?ver=10.8.0 HTTP/1.1" 200 11139 "https://autozone.com.sa/" "Mozilla/5.0 (Macintosh; Intel Mac OS X 10_15_7) AppleWebKit/605.1.15 (KHTML, like Gecko) Version/16.6.2 Safari/605.1.15"
2001:16a4:374:6e32:dda9:967d:9a82:a7a4 - - [28/May/2026:14:35:44 +0000] "GET /wp-content/uploads/elementor/css/post-617.css?ver=1779946095 HTTP/1.1" 200 738 "https://autozone.com.sa/" "Mozilla/5.0 (Macintosh; Intel Mac OS X 10_15_7) AppleWebKit/605.1.15 (KHTML, like Gecko) Version/16.6.2 Safari/605.1.15"
2001:16a4:374:6e32:dda9:967d:9a82:a7a4 - - [28/May/2026:14:35:44 +0000] "GET /wp-content/uploads/elementor/css/custom-widget-nested-tabs-rtl.min.css?ver=1779946027 HTTP/1.1" 200 1867 "https://autozone.com.sa/" "Mozilla/5.0 (Macintosh; Intel Mac OS X 10_15_7) AppleWebKit/605.1.15 (KHTML, like Gecko) Version/16.6.2 Safari/605.1.15"
2001:16a4:374:6e32:dda9:967d:9a82:a7a4 - - [28/May/2026:14:35:44 +0000] "GET /wp-content/uploads/elementor/css/post-756.css?ver=1779946288 HTTP/1.1" 200 1393 "https://autozone.com.sa/" "Mozilla/5.0 (Macintosh; Intel Mac OS X 10_15_7) AppleWebKit/605.1.15 (KHTML, like Gecko) Version/16.6.2 Safari/605.1.15"
2001:16a4:374:6e32:dda9:967d:9a82:a7a4 - - [28/May/2026:14:35:44 +0000] "GET /wp-content/plugins/jet-elements/assets/css/addons/jet-countdown-timer-rtl.css?ver=2.8.1.1 HTTP/1.1" 200 281 "https://autozone.com.sa/" "Mozilla/5.0 (Macintosh; Intel Mac OS X 10_15_7) AppleWebKit/605.1.15 (KHTML, like Gecko) Version/16.6.2 Safari/605.1.15"
2001:16a4:374:6e32:dda9:967d:9a82:a7a4 - - [28/May/2026:14:35:44 +0000] "GET /wp-content/plugins/elementor/assets/css/widget-spacer-rtl.min.css?ver=4.0.4 HTTP/1.1" 200 338 "https://autozone.com.sa/" "Mozilla/5.0 (Macintosh; Intel Mac OS X 10_15_7) AppleWebKit/605.1.15 (KHTML, like Gecko) Version/16.6.2 Safari/605.1.15"
2001:16a4:374:6e32:dda9:967d:9a82:a7a4 - - [28/May/2026:14:35:44 +0000] "GET /wp-content/plugins/elementor/assets/css/widget-image-rtl.min.css?ver=4.0.4 HTTP/1.1" 200 135 "https://autozone.com.sa/" "Mozilla/5.0 (Macintosh; Intel Mac OS X 10_15_7) AppleWebKit/605.1.15 (KHTML, like Gecko) Version/16.6.2 Safari/605.1.15"
2001:16a4:374:6e32:dda9:967d:9a82:a7a4 - - [28/May/2026:14:35:44 +0000] "GET /wp-content/plugins/bdthemes-element-pack/assets/css/bdt-uikit.rtl.css?ver=3.21.7 HTTP/1.1" 200 16525 "https://autozone.com.sa/" "Mozilla/5.0 (Macintosh; Intel Mac OS X 10_15_7) AppleWebKit/605.1.15 (KHTML, like Gecko) Version/16.6.2 Safari/605.1.15"
2001:16a4:374:6e32:dda9:967d:9a82:a7a4 - - [28/May/2026:14:35:44 +0000] "GET /wp-content/uploads/elementor/css/post-596.css?ver=1779946287 HTTP/1.1" 200 4501 "https://autozone.com.sa/" "Mozilla/5.0 (Macintosh; Intel Mac OS X 10_15_7) AppleWebKit/605.1.15 (KHTML, like Gecko) Version/16.6.2 Safari/605.1.15"
2001:16a4:374:6e32:dda9:967d:9a82:a7a4 - - [28/May/2026:14:35:44 +0000] "GET /wp-content/plugins/elementor/assets/lib/animations/styles/fadeIn.min.css?ver=4.0.4 HTTP/1.1" 200 79 "https://autozone.com.sa/" "Mozilla/5.0 (Macintosh; Intel Mac OS X 10_15_7) AppleWebKit/605.1.15 (KHTML, like Gecko) Version/16.6.2 Safari/605.1.15"
2001:16a4:374:6e32:dda9:967d:9a82:a7a4 - - [28/May/2026:14:35:44 +0000] "GET /wp-content/plugins/elementor/assets/css/widget-divider-rtl.min.css?ver=4.0.4 HTTP/1.1" 200 741 "https://autozone.com.sa/" "Mozilla/5.0 (Macintosh; Intel Mac OS X 10_15_7) AppleWebKit/605.1.15 (KHTML, like Gecko) Version/16.6.2 Safari/605.1.15"
2001:16a4:374:6e32:dda9:967d:9a82:a7a4 - - [28/May/2026:14:35:44 +0000] "GET /wp-content/plugins/ultimate-post-kit/assets/css/upk-site.rtl.css?ver=4.1.5 HTTP/1.1" 200 5633 "https://autozone.com.sa/" "Mozilla/5.0 (Macintosh; Intel Mac OS X 10_15_7) AppleWebKit/605.1.15 (KHTML, like Gecko) Version/16.6.2 Safari/605.1.15"
2001:16a4:374:6e32:dda9:967d:9a82:a7a4 - - [28/May/2026:14:35:44 +0000] "GET /wp-content/plugins/bdthemes-prime-slider-lite/assets/css/prime-slider-site.rtl.css?ver=4.1.12 HTTP/1.1" 200 2961 "https://autozone.com.sa/" "Mozilla/5.0 (Macintosh; Intel Mac OS X 10_15_7) AppleWebKit/605.1.15 (KHTML, like Gecko) Version/16.6.2 Safari/605.1.15"
2001:16a4:374:6e32:dda9:967d:9a82:a7a4 - - [28/May/2026:14:35:44 +0000] "GET /wp-content/plugins/woocommerce/assets/client/blocks/wc-blocks-rtl.css?ver=wc-10.8.0 HTTP/1.1" 200 2620 "https://autozone.com.sa/" "Mozilla/5.0 (Macintosh; Intel Mac OS X 10_15_7) AppleWebKit/605.1.15 (KHTML, like Gecko) Version/16.6.2 Safari/605.1.15"
2001:16a4:374:6e32:dda9:967d:9a82:a7a4 - - [28/May/2026:14:35:44 +0000] "GET /wp-content/uploads/elementor/css/post-613.css?ver=1779946288 HTTP/1.1" 200 1825 "https://autozone.com.sa/" "Mozilla/5.0 (Macintosh; Intel Mac OS X 10_15_7) AppleWebKit/605.1.15 (KHTML, like Gecko) Version/16.6.2 Safari/605.1.15"
2001:16a4:374:6e32:dda9:967d:9a82:a7a4 - - [28/May/2026:14:35:44 +0000] "GET /wp-content/plugins/jet-elements/assets/css/jet-elements-rtl.css?ver=2.8.1.1 HTTP/1.1" 200 3125 "https://autozone.com.sa/" "Mozilla/5.0 (Macintosh; Intel Mac OS X 10_15_7) AppleWebKit/605.1.15 (KHTML, like Gecko) Version/16.6.2 Safari/605.1.15"
2001:16a4:374:6e32:dda9:967d:9a82:a7a4 - - [28/May/2026:14:35:44 +0000] "GET /wp-content/plugins/jet-elements/assets/css/skin/jet-countdown-timer-rtl.css?ver=2.8.1.1 HTTP/1.1" 200 100 "https://autozone.com.sa/" "Mozilla/5.0 (Macintosh; Intel Mac OS X 10_15_7) AppleWebKit/605.1.15 (KHTML, like Gecko) Version/16.6.2 Safari/605.1.15"
172.105.42.26 - - [28/May/2026:14:35:46 +0000] "POST /wp-cron.php?doing_wp_cron=1779978945.7588989734649658203125 HTTP/1.1" 200 20 "-" "WordPress/7.0; https://autozone.com.sa"
77.232.124.154 - - [28/May/2026:14:35:42 +0000] "GET / HTTP/1.1" 200 65332 "https://www.google.com/" "Mozilla/5.0 (iPhone; CPU iPhone OS 18_5 like Mac OS X) AppleWebKit/605.1.15 (KHTML, like Gecko) Version/18.5 Mobile/15E148 Safari/604.1"
77.232.124.154 - - [28/May/2026:14:35:48 +0000] "POST /?wc-ajax=get_refreshed_fragments HTTP/1.1" 200 858 "https://autozone.com.sa/" "Mozilla/5.0 (iPhone; CPU iPhone OS 18_5 like Mac OS X) AppleWebKit/605.1.15 (KHTML, like Gecko) Version/18.5 Mobile/15E148 Safari/604.1"
77.232.124.154 - - [28/May/2026:14:35:47 +0000] "POST /wp-json/iawp/search HTTP/1.1" 200 36 "https://autozone.com.sa/" "Mozilla/5.0 (iPhone; CPU iPhone OS 18_5 like Mac OS X) AppleWebKit/605.1.15 (KHTML, like Gecko) Version/18.5 Mobile/15E148 Safari/604.1"
172.105.42.26 - - [28/May/2026:14:35:53 +0000] "POST /wp-cron.php?doing_wp_cron=1779978953.8927309513092041015625 HTTP/1.1" 200 20 "-" "WordPress/7.0; https://autozone.com.sa"
2001:16a4:374:6e32:dda9:967d:9a82:a7a4 - - [28/May/2026:14:35:52 +0000] "POST /?wc-ajax=get_refreshed_fragments HTTP/1.1" 200 858 "https://autozone.com.sa/" "Mozilla/5.0 (Macintosh; Intel Mac OS X 10_15_7) AppleWebKit/605.1.15 (KHTML, like Gecko) Version/16.6.2 Safari/605.1.15"
2001:16a4:374:6e32:dda9:967d:9a82:a7a4 - - [28/May/2026:14:35:52 +0000] "POST /wp-json/iawp/search HTTP/1.1" 200 36 "https://autozone.com.sa/" "Mozilla/5.0 (Macintosh; Intel Mac OS X 10_15_7) AppleWebKit/605.1.15 (KHTML, like Gecko) Version/16.6.2 Safari/605.1.15"
77.232.124.154 - - [28/May/2026:14:35:55 +0000] "POST /wp-admin/admin-ajax.php HTTP/1.1" 200 644 "https://autozone.com.sa/" "Mozilla/5.0 (iPhone; CPU iPhone OS 18_5 like Mac OS X) AppleWebKit/605.1.15 (KHTML, like Gecko) Version/18.5 Mobile/15E148 Safari/604.1"
77.232.124.154 - - [28/May/2026:14:35:59 +0000] "POST //shop/ HTTP/1.1" 200 19575 "https://autozone.com.sa/" "Mozilla/5.0 (iPhone; CPU iPhone OS 18_5 like Mac OS X) AppleWebKit/605.1.15 (KHTML, like Gecko) Version/18.5 Mobile/15E148 Safari/604.1"
77.232.124.154 - - [28/May/2026:14:36:02 +0000] "POST /?wc-ajax=get_refreshed_fragments HTTP/1.1" 200 858 "https://autozone.com.sa//shop/" "Mozilla/5.0 (iPhone; CPU iPhone OS 18_5 like Mac OS X) AppleWebKit/605.1.15 (KHTML, like Gecko) Version/18.5 Mobile/15E148 Safari/604.1"
77.232.124.154 - - [28/May/2026:14:36:02 +0000] "POST /wp-json/iawp/search HTTP/1.1" 200 36 "https://autozone.com.sa//shop/" "Mozilla/5.0 (iPhone; CPU iPhone OS 18_5 like Mac OS X) AppleWebKit/605.1.15 (KHTML, like Gecko) Version/18.5 Mobile/15E148 Safari/604.1"
2001:16a4:374:6e32:dda9:967d:9a82:a7a4 - - [28/May/2026:14:36:07 +0000] "POST /wp-admin/admin-ajax.php HTTP/1.1" 200 920 "https://autozone.com.sa/" "Mozilla/5.0 (Macintosh; Intel Mac OS X 10_15_7) AppleWebKit/605.1.15 (KHTML, like Gecko) Version/16.6.2 Safari/605.1.15"
77.232.124.154 - - [28/May/2026:14:36:11 +0000] "GET /shop/page/2/ HTTP/1.1" 200 34996 "https://autozone.com.sa//shop/" "Mozilla/5.0 (iPhone; CPU iPhone OS 18_5 like Mac OS X) AppleWebKit/605.1.15 (KHTML, like Gecko) Version/18.5 Mobile/15E148 Safari/604.1"
77.232.124.154 - - [28/May/2026:14:36:13 +0000] "GET /wp-content/uploads/2025/07/BGC_5205-300x300.webp HTTP/1.1" 200 8553 "https://autozone.com.sa/shop/page/2/" "Mozilla/5.0 (iPhone; CPU iPhone OS 18_5 like Mac OS X) AppleWebKit/605.1.15 (KHTML, like Gecko) Version/18.5 Mobile/15E148 Safari/604.1"
77.232.124.154 - - [28/May/2026:14:36:26 +0000] "POST /?wc-ajax=get_refreshed_fragments HTTP/1.1" 200 858 "https://autozone.com.sa/shop/page/2/" "Mozilla/5.0 (iPhone; CPU iPhone OS 18_5 like Mac OS X) AppleWebKit/605.1.15 (KHTML, like Gecko) Version/18.5 Mobile/15E148 Safari/604.1"
77.232.124.154 - - [28/May/2026:14:36:26 +0000] "POST /wp-json/iawp/search HTTP/1.1" 200 36 "https://autozone.com.sa/shop/page/2/" "Mozilla/5.0 (iPhone; CPU iPhone OS 18_5 like Mac OS X) AppleWebKit/605.1.15 (KHTML, like Gecko) Version/18.5 Mobile/15E148 Safari/604.1"
172.105.42.26 - - [28/May/2026:14:36:51 +0000] "POST /wp-cron.php?doing_wp_cron=1779979011.0210850238800048828125 HTTP/1.1" 200 20 "-" "WordPress/7.0; https://autozone.com.sa"
2.189.5.218 - - [28/May/2026:14:36:47 +0000] "GET / HTTP/1.1" 200 65341 "-" "Mozilla/5.0 (Linux; Android 5.0.2; SAMSUNG SM-T550 Build/LRX22G) AppleWebKit/537.36 (KHTML, like Gecko) SamsungBrowser/3.3 Chrome/38.0.2125.102 Safari/537.36"
2001:16a4:374:6e32:dda9:967d:9a82:a7a4 - - [28/May/2026:14:36:53 +0000] "POST //shop/ HTTP/1.1" 200 19572 "https://autozone.com.sa/" "Mozilla/5.0 (Macintosh; Intel Mac OS X 10_15_7) AppleWebKit/605.1.15 (KHTML, like Gecko) Version/16.6.2 Safari/605.1.15"
2001:16a4:374:6e32:dda9:967d:9a82:a7a4 - - [28/May/2026:14:36:55 +0000] "GET /wp-content/plugins/ultimate-post-kit/assets/js/upk-site.min.js?ver=4.1.5 HTTP/1.1" 200 255 "https://autozone.com.sa//shop/" "Mozilla/5.0 (Macintosh; Intel Mac OS X 10_15_7) AppleWebKit/605.1.15 (KHTML, like Gecko) Version/16.6.2 Safari/605.1.15"
2001:16a4:374:6e32:dda9:967d:9a82:a7a4 - - [28/May/2026:14:36:55 +0000] "GET /wp-content/plugins/bdthemes-element-pack/assets/js/bdt-uikit.min.js?ver=3.21.7 HTTP/1.1" 200 49707 "https://autozone.com.sa//shop/" "Mozilla/5.0 (Macintosh; Intel Mac OS X 10_15_7) AppleWebKit/605.1.15 (KHTML, like Gecko) Version/16.6.2 Safari/605.1.15"
2001:16a4:374:6e32:dda9:967d:9a82:a7a4 - - [28/May/2026:14:36:56 +0000] "GET /wp-content/plugins/jet-woo-product-gallery/assets/lib/swiper/swiper.min.js?ver=5.3.6 HTTP/1.1" 200 35491 "https://autozone.com.sa//shop/" "Mozilla/5.0 (Macintosh; Intel Mac OS X 10_15_7) AppleWebKit/605.1.15 (KHTML, like Gecko) Version/16.6.2 Safari/605.1.15"
2001:16a4:374:6e32:dda9:967d:9a82:a7a4 - - [28/May/2026:14:36:56 +0000] "GET /wp-content/plugins/woo-variation-swatches/assets/js/frontend.min.js?ver=2.2.3 HTTP/1.1" 200 4963 "https://autozone.com.sa//shop/" "Mozilla/5.0 (Macintosh; Intel Mac OS X 10_15_7) AppleWebKit/605.1.15 (KHTML, like Gecko) Version/16.6.2 Safari/605.1.15"
2001:16a4:374:6e32:dda9:967d:9a82:a7a4 - - [28/May/2026:14:36:56 +0000] "GET /wp-includes/js/api-request.min.js?ver=7.0 HTTP/1.1" 200 590 "https://autozone.com.sa//shop/" "Mozilla/5.0 (Macintosh; Intel Mac OS X 10_15_7) AppleWebKit/605.1.15 (KHTML, like Gecko) Version/16.6.2 Safari/605.1.15"
2001:16a4:374:6e32:dda9:967d:9a82:a7a4 - - [28/May/2026:14:36:56 +0000] "GET /wp-content/plugins/woocommerce/assets/js/frontend/add-to-cart-variation.min.js?ver=10.8.0 HTTP/1.1" 200 3940 "https://autozone.com.sa//shop/" "Mozilla/5.0 (Macintosh; Intel Mac OS X 10_15_7) AppleWebKit/605.1.15 (KHTML, like Gecko) Version/16.6.2 Safari/605.1.15"
2001:16a4:374:6e32:dda9:967d:9a82:a7a4 - - [28/May/2026:14:36:56 +0000] "GET /wp-includes/js/dist/api-fetch.min.js?ver=d7efe4dc1468d36c39b8 HTTP/1.1" 200 2815 "https://autozone.com.sa//shop/" "Mozilla/5.0 (Macintosh; Intel Mac OS X 10_15_7) AppleWebKit/605.1.15 (KHTML, like Gecko) Version/16.6.2 Safari/605.1.15"
2001:16a4:374:6e32:dda9:967d:9a82:a7a4 - - [28/May/2026:14:36:56 +0000] "GET /wp-content/plugins/pixelyoursite/dist/scripts/public.js?ver=11.2.0.6 HTTP/1.1" 200 25878 "https://autozone.com.sa//shop/" "Mozilla/5.0 (Macintosh; Intel Mac OS X 10_15_7) AppleWebKit/605.1.15 (KHTML, like Gecko) Version/16.6.2 Safari/605.1.15"
2001:16a4:374:6e32:dda9:967d:9a82:a7a4 - - [28/May/2026:14:36:56 +0000] "GET /wp-content/plugins/pixelyoursite/dist/scripts/js.cookie-2.1.3.min.js?ver=2.1.3 HTTP/1.1" 200 874 "https://autozone.com.sa//shop/" "Mozilla/5.0 (Macintosh; Intel Mac OS X 10_15_7) AppleWebKit/605.1.15 (KHTML, like Gecko) Version/16.6.2 Safari/605.1.15"
2001:16a4:374:6e32:dda9:967d:9a82:a7a4 - - [28/May/2026:14:36:56 +0000] "GET /wp-includes/js/imagesloaded.min.js?ver=5.0.0 HTTP/1.1" 200 1803 "https://autozone.com.sa//shop/" "Mozilla/5.0 (Macintosh; Intel Mac OS X 10_15_7) AppleWebKit/605.1.15 (KHTML, like Gecko) Version/16.6.2 Safari/605.1.15"
2001:16a4:374:6e32:dda9:967d:9a82:a7a4 - - [28/May/2026:14:36:56 +0000] "GET /wp-content/plugins/woocommerce/assets/js/jquery-blockui/jquery.blockUI.min.js?ver=2.7.0-wc.10.8.0 HTTP/1.1" 200 3537 "https://autozone.com.sa//shop/" "Mozilla/5.0 (Macintosh; Intel Mac OS X 10_15_7) AppleWebKit/605.1.15 (KHTML, like Gecko) Version/16.6.2 Safari/605.1.15"
2001:16a4:374:6e32:dda9:967d:9a82:a7a4 - - [28/May/2026:14:36:56 +0000] "GET /wp-includes/js/dist/url.min.js?ver=bb0f766c3d2efe497871 HTTP/1.1" 200 3875 "https://autozone.com.sa//shop/" "Mozilla/5.0 (Macintosh; Intel Mac OS X 10_15_7) AppleWebKit/605.1.15 (KHTML, like Gecko) Version/16.6.2 Safari/605.1.15"
2001:16a4:374:6e32:dda9:967d:9a82:a7a4 - - [28/May/2026:14:36:56 +0000] "GET /wp-content/plugins/pixelyoursite/dist/scripts/tld.min.js?ver=2.3.1 HTTP/1.1" 200 40644 "https://autozone.com.sa//shop/" "Mozilla/5.0 (Macintosh; Intel Mac OS X 10_15_7) AppleWebKit/605.1.15 (KHTML, like Gecko) Version/16.6.2 Safari/605.1.15"
2001:16a4:374:6e32:dda9:967d:9a82:a7a4 - - [28/May/2026:14:36:56 +0000] "GET /wp-content/plugins/jet-elements/assets/js/lib/anime-js/anime.min.js?ver=2.2.0 HTTP/1.1" 200 6057 "https://autozone.com.sa//shop/" "Mozilla/5.0 (Macintosh; Intel Mac OS X 10_15_7) AppleWebKit/605.1.15 (KHTML, like Gecko) Version/16.6.2 Safari/605.1.15"
2001:16a4:374:6e32:dda9:967d:9a82:a7a4 - - [28/May/2026:14:36:56 +0000] "GET /wp-content/plugins/jet-popup/assets/js/jet-popup-frontend.js?ver=2.0.21.1 HTTP/1.1" 200 6883 "https://autozone.com.sa//shop/" "Mozilla/5.0 (Macintosh; Intel Mac OS X 10_15_7) AppleWebKit/605.1.15 (KHTML, like Gecko) Version/16.6.2 Safari/605.1.15"
2001:16a4:374:6e32:dda9:967d:9a82:a7a4 - - [28/May/2026:14:36:56 +0000] "GET /wp-includes/js/dist/vendor/wp-polyfill.min.js?ver=3.15.0 HTTP/1.1" 200 11897 "https://autozone.com.sa//shop/" "Mozilla/5.0 (Macintosh; Intel Mac OS X 10_15_7) AppleWebKit/605.1.15 (KHTML, like Gecko) Version/16.6.2 Safari/605.1.15"
2001:16a4:374:6e32:dda9:967d:9a82:a7a4 - - [28/May/2026:14:36:56 +0000] "GET /wp-includes/js/dist/i18n.min.js?ver=781d11515ad3d91786ec HTTP/1.1" 200 2438 "https://autozone.com.sa//shop/" "Mozilla/5.0 (Macintosh; Intel Mac OS X 10_15_7) AppleWebKit/605.1.15 (KHTML, like Gecko) Version/16.6.2 Safari/605.1.15"
2001:16a4:374:6e32:dda9:967d:9a82:a7a4 - - [28/May/2026:14:36:56 +0000] "GET /wp-content/plugins/woocommerce/assets/js/js-cookie/js.cookie.min.js?ver=2.1.4-wc.10.8.0 HTTP/1.1" 200 833 "https://autozone.com.sa//shop/" "Mozilla/5.0 (Macintosh; Intel Mac OS X 10_15_7) AppleWebKit/605.1.15 (KHTML, like Gecko) Version/16.6.2 Safari/605.1.15"
2001:16a4:374:6e32:dda9:967d:9a82:a7a4 - - [28/May/2026:14:36:56 +0000] "GET /wp-content/plugins/woo-variation-gallery/assets/js/frontend.min.js?ver=1779254503 HTTP/1.1" 200 4751 "https://autozone.com.sa//shop/" "Mozilla/5.0 (Macintosh; Intel Mac OS X 10_15_7) AppleWebKit/605.1.15 (KHTML, like Gecko) Version/16.6.2 Safari/605.1.15"
2001:16a4:374:6e32:dda9:967d:9a82:a7a4 - - [28/May/2026:14:36:56 +0000] "GET /wp-content/plugins/woocommerce/assets/js/frontend/cart-fragments.min.js?ver=10.8.0 HTTP/1.1" 200 1045 "https://autozone.com.sa//shop/" "Mozilla/5.0 (Macintosh; Intel Mac OS X 10_15_7) AppleWebKit/605.1.15 (KHTML, like Gecko) Version/16.6.2 Safari/605.1.15"
2001:16a4:374:6e32:dda9:967d:9a82:a7a4 - - [28/May/2026:14:36:56 +0000] "GET /wp-includes/js/jquery/jquery.min.js?ver=3.7.1 HTTP/1.1" 200 30368 "https://autozone.com.sa//shop/" "Mozilla/5.0 (Macintosh; Intel Mac OS X 10_15_7) AppleWebKit/605.1.15 (KHTML, like Gecko) Version/16.6.2 Safari/605.1.15"
2001:16a4:374:6e32:dda9:967d:9a82:a7a4 - - [28/May/2026:14:36:56 +0000] "GET /wp-content/plugins/fluentform/assets/js/fluent-forms-elementor-widget.js?ver=6.2.0 HTTP/1.1" 200 426 "https://autozone.com.sa//shop/" "Mozilla/5.0 (Macintosh; Intel Mac OS X 10_15_7) AppleWebKit/605.1.15 (KHTML, like Gecko) Version/16.6.2 Safari/605.1.15"
2001:16a4:374:6e32:dda9:967d:9a82:a7a4 - - [28/May/2026:14:36:56 +0000] "GET /wp-content/uploads/2026/01/BGC_5738-copy-2-300x300.webp HTTP/1.1" 200 15003 "https://autozone.com.sa//shop/" "Mozilla/5.0 (Macintosh; Intel Mac OS X 10_15_7) AppleWebKit/605.1.15 (KHTML, like Gecko) Version/16.6.2 Safari/605.1.15"
2001:16a4:374:6e32:dda9:967d:9a82:a7a4 - - [28/May/2026:14:36:56 +0000] "GET /wp-content/plugins/woocommerce/assets/js/sourcebuster/sourcebuster.min.js?ver=10.8.0 HTTP/1.1" 200 4807 "https://autozone.com.sa//shop/" "Mozilla/5.0 (Macintosh; Intel Mac OS X 10_15_7) AppleWebKit/605.1.15 (KHTML, like Gecko) Version/16.6.2 Safari/605.1.15"
2001:16a4:374:6e32:dda9:967d:9a82:a7a4 - - [28/May/2026:14:36:56 +0000] "GET /wp-includes/js/wp-util.min.js?ver=7.0 HTTP/1.1" 200 754 "https://autozone.com.sa//shop/" "Mozilla/5.0 (Macintosh; Intel Mac OS X 10_15_7) AppleWebKit/605.1.15 (KHTML, like Gecko) Version/16.6.2 Safari/605.1.15"
2001:16a4:374:6e32:dda9:967d:9a82:a7a4 - - [28/May/2026:14:36:56 +0000] "GET /wp-includes/js/dist/hooks.min.js?ver=7496969728ca0f95732d HTTP/1.1" 200 1799 "https://autozone.com.sa//shop/" "Mozilla/5.0 (Macintosh; Intel Mac OS X 10_15_7) AppleWebKit/605.1.15 (KHTML, like Gecko) Version/16.6.2 Safari/605.1.15"
2001:16a4:374:6e32:dda9:967d:9a82:a7a4 - - [28/May/2026:14:36:56 +0000] "GET /wp-content/plugins/woocommerce/assets/js/frontend/order-attribution.min.js?ver=10.8.0 HTTP/1.1" 200 1150 "https://autozone.com.sa//shop/" "Mozilla/5.0 (Macintosh; Intel Mac OS X 10_15_7) AppleWebKit/605.1.15 (KHTML, like Gecko) Version/16.6.2 Safari/605.1.15"
2001:16a4:374:6e32:dda9:967d:9a82:a7a4 - - [28/May/2026:14:36:56 +0000] "GET /wp-content/themes/hello-elementor/assets/js/hello-frontend.js?ver=3.4.6 HTTP/1.1" 200 549 "https://autozone.com.sa//shop/" "Mozilla/5.0 (Macintosh; Intel Mac OS X 10_15_7) AppleWebKit/605.1.15 (KHTML, like Gecko) Version/16.6.2 Safari/605.1.15"
2001:16a4:374:6e32:dda9:967d:9a82:a7a4 - - [28/May/2026:14:36:56 +0000] "GET /wp-content/plugins/sitepress-multilingual-cms/res/js/cookies/language-cookie.js?ver=494000 HTTP/1.1" 200 187 "https://autozone.com.sa//shop/" "Mozilla/5.0 (Macintosh; Intel Mac OS X 10_15_7) AppleWebKit/605.1.15 (KHTML, like Gecko) Version/16.6.2 Safari/605.1.15"
2001:16a4:374:6e32:dda9:967d:9a82:a7a4 - - [28/May/2026:14:36:56 +0000] "GET /wp-content/uploads/2025/07/BGC_1405-300x300.webp HTTP/1.1" 200 15411 "https://autozone.com.sa//shop/" "Mozilla/5.0 (Macintosh; Intel Mac OS X 10_15_7) AppleWebKit/605.1.15 (KHTML, like Gecko) Version/16.6.2 Safari/605.1.15"
2001:16a4:374:6e32:dda9:967d:9a82:a7a4 - - [28/May/2026:14:36:56 +0000] "GET /wp-content/plugins/jet-search/assets/lib/jet-plugins/jet-plugins.js?ver=1.0.0 HTTP/1.1" 200 2282 "https://autozone.com.sa//shop/" "Mozilla/5.0 (Macintosh; Intel Mac OS X 10_15_7) AppleWebKit/605.1.15 (KHTML, like Gecko) Version/16.6.2 Safari/605.1.15"
2001:16a4:374:6e32:dda9:967d:9a82:a7a4 - - [28/May/2026:14:36:56 +0000] "GET /wp-includes/js/jquery/jquery-migrate.min.js?ver=3.4.1 HTTP/1.1" 200 4872 "https://autozone.com.sa//shop/" "Mozilla/5.0 (Macintosh; Intel Mac OS X 10_15_7) AppleWebKit/605.1.15 (KHTML, like Gecko) Version/16.6.2 Safari/605.1.15"
2001:16a4:374:6e32:dda9:967d:9a82:a7a4 - - [28/May/2026:14:36:56 +0000] "GET /wp-content/plugins/woocommerce/assets/js/frontend/add-to-cart.min.js?ver=10.8.0 HTTP/1.1" 200 1439 "https://autozone.com.sa//shop/" "Mozilla/5.0 (Macintosh; Intel Mac OS X 10_15_7) AppleWebKit/605.1.15 (KHTML, like Gecko) Version/16.6.2 Safari/605.1.15"
2001:16a4:374:6e32:dda9:967d:9a82:a7a4 - - [28/May/2026:14:36:56 +0000] "GET /wp-includes/js/underscore.min.js?ver=1.13.8 HTTP/1.1" 200 7372 "https://autozone.com.sa//shop/" "Mozilla/5.0 (Macintosh; Intel Mac OS X 10_15_7) AppleWebKit/605.1.15 (KHTML, like Gecko) Version/16.6.2 Safari/605.1.15"
2001:16a4:374:6e32:dda9:967d:9a82:a7a4 - - [28/May/2026:14:36:56 +0000] "GET /wp-content/plugins/bdthemes-element-pack/assets/js/common/helper.min.js?ver=9.3.0 HTTP/1.1" 200 1905 "https://autozone.com.sa//shop/" "Mozilla/5.0 (Macintosh; Intel Mac OS X 10_15_7) AppleWebKit/605.1.15 (KHTML, like Gecko) Version/16.6.2 Safari/605.1.15"
2001:16a4:374:6e32:dda9:967d:9a82:a7a4 - - [28/May/2026:14:36:56 +0000] "GET /wp-content/plugins/woocommerce/assets/js/frontend/woocommerce.min.js?ver=10.8.0 HTTP/1.1" 200 1586 "https://autozone.com.sa//shop/" "Mozilla/5.0 (Macintosh; Intel Mac OS X 10_15_7) AppleWebKit/605.1.15 (KHTML, like Gecko) Version/16.6.2 Safari/605.1.15"
2001:16a4:374:6e32:dda9:967d:9a82:a7a4 - - [28/May/2026:14:36:56 +0000] "GET /wp-content/uploads/2025/07/BGC_6880-300x300.webp HTTP/1.1" 200 18105 "https://autozone.com.sa//shop/" "Mozilla/5.0 (Macintosh; Intel Mac OS X 10_15_7) AppleWebKit/605.1.15 (KHTML, like Gecko) Version/16.6.2 Safari/605.1.15"
2001:16a4:374:6e32:dda9:967d:9a82:a7a4 - - [28/May/2026:14:36:56 +0000] "GET /wp-content/uploads/2025/07/BGC_6099-1-300x300.webp HTTP/1.1" 200 15242 "https://autozone.com.sa//shop/" "Mozilla/5.0 (Macintosh; Intel Mac OS X 10_15_7) AppleWebKit/605.1.15 (KHTML, like Gecko) Version/16.6.2 Safari/605.1.15"
2001:16a4:374:6e32:dda9:967d:9a82:a7a4 - - [28/May/2026:14:36:56 +0000] "GET /wp-content/uploads/2025/04/6BGC_0008-scaled-copy-300x300.webp HTTP/1.1" 200 17498 "https://autozone.com.sa//shop/" "Mozilla/5.0 (Macintosh; Intel Mac OS X 10_15_7) AppleWebKit/605.1.15 (KHTML, like Gecko) Version/16.6.2 Safari/605.1.15"
2001:16a4:374:6e32:dda9:967d:9a82:a7a4 - - [28/May/2026:14:36:57 +0000] "POST /?wc-ajax=get_refreshed_fragments HTTP/1.1" 200 858 "https://autozone.com.sa//shop/" "Mozilla/5.0 (Macintosh; Intel Mac OS X 10_15_7) AppleWebKit/605.1.15 (KHTML, like Gecko) Version/16.6.2 Safari/605.1.15"
2001:16a4:374:6e32:dda9:967d:9a82:a7a4 - - [28/May/2026:14:36:57 +0000] "POST /wp-json/iawp/search HTTP/1.1" 200 36 "https://autozone.com.sa//shop/" "Mozilla/5.0 (Macintosh; Intel Mac OS X 10_15_7) AppleWebKit/605.1.15 (KHTML, like Gecko) Version/16.6.2 Safari/605.1.15"
49.51.253.83 - - [28/May/2026:14:36:55 +0000] "GET / HTTP/1.1" 200 65360 "http://www.autozone.com.sa" "Mozilla/5.0 (iPhone; CPU iPhone OS 13_2_3 like Mac OS X) AppleWebKit/605.1.15 (KHTML, like Gecko) Version/13.0.3 Mobile/15E148 Safari/604.1"
2001:16a4:374:6e32:dda9:967d:9a82:a7a4 - - [28/May/2026:14:37:02 +0000] "GET /wp-content/uploads/2026/01/BGC_5738-copy-21-300x300.webp HTTP/1.1" 200 9235 "https://autozone.com.sa//shop/" "Mozilla/5.0 (Macintosh; Intel Mac OS X 10_15_7) AppleWebKit/605.1.15 (KHTML, like Gecko) Version/16.6.2 Safari/605.1.15"
2001:16a4:374:6e32:dda9:967d:9a82:a7a4 - - [28/May/2026:14:37:02 +0000] "GET /wp-content/uploads/2026/01/BGC_5738-copy-8-300x300.webp HTTP/1.1" 200 9515 "https://autozone.com.sa//shop/" "Mozilla/5.0 (Macintosh; Intel Mac OS X 10_15_7) AppleWebKit/605.1.15 (KHTML, like Gecko) Version/16.6.2 Safari/605.1.15"
2001:16a4:374:6e32:dda9:967d:9a82:a7a4 - - [28/May/2026:14:37:03 +0000] "GET /wp-content/uploads/2026/01/BGC_5738-copy-6-300x300.webp HTTP/1.1" 200 8907 "https://autozone.com.sa//shop/" "Mozilla/5.0 (Macintosh; Intel Mac OS X 10_15_7) AppleWebKit/605.1.15 (KHTML, like Gecko) Version/16.6.2 Safari/605.1.15"
2001:16a4:374:6e32:dda9:967d:9a82:a7a4 - - [28/May/2026:14:37:03 +0000] "GET /wp-content/uploads/2026/01/BGC_5738-copy-4-300x300.webp HTTP/1.1" 200 8569 "https://autozone.com.sa//shop/" "Mozilla/5.0 (Macintosh; Intel Mac OS X 10_15_7) AppleWebKit/605.1.15 (KHTML, like Gecko) Version/16.6.2 Safari/605.1.15"
2001:16a4:374:6e32:dda9:967d:9a82:a7a4 - - [28/May/2026:14:37:04 +0000] "GET /wp-content/uploads/2026/01/BGC_5738-copy-24-300x300.webp HTTP/1.1" 200 11677 "https://autozone.com.sa//shop/" "Mozilla/5.0 (Macintosh; Intel Mac OS X 10_15_7) AppleWebKit/605.1.15 (KHTML, like Gecko) Version/16.6.2 Safari/605.1.15"
2001:16a4:374:6e32:dda9:967d:9a82:a7a4 - - [28/May/2026:14:37:04 +0000] "GET /wp-content/uploads/2025/04/5BGC_0008-scaled-copy-300x300.webp HTTP/1.1" 200 15578 "https://autozone.com.sa//shop/" "Mozilla/5.0 (Macintosh; Intel Mac OS X 10_15_7) AppleWebKit/605.1.15 (KHTML, like Gecko) Version/16.6.2 Safari/605.1.15"
2001:16a4:374:6e32:dda9:967d:9a82:a7a4 - - [28/May/2026:14:37:07 +0000] "GET /wp-content/uploads/2026/01/BGC_5738-copy-22-300x300.webp HTTP/1.1" 200 10951 "https://autozone.com.sa//shop/" "Mozilla/5.0 (Macintosh; Intel Mac OS X 10_15_7) AppleWebKit/605.1.15 (KHTML, like Gecko) Version/16.6.2 Safari/605.1.15"
2001:16a4:374:6e32:dda9:967d:9a82:a7a4 - - [28/May/2026:14:37:07 +0000] "GET /wp-content/uploads/2026/01/BGC_5738-copy-23-300x300.webp HTTP/1.1" 200 11341 "https://autozone.com.sa//shop/" "Mozilla/5.0 (Macintosh; Intel Mac OS X 10_15_7) AppleWebKit/605.1.15 (KHTML, like Gecko) Version/16.6.2 Safari/605.1.15"
77.232.124.154 - - [28/May/2026:14:37:15 +0000] "GET /wp-content/uploads/2025/07/BGC_5281-300x300.webp HTTP/1.1" 200 16125 "https://autozone.com.sa/shop/page/2/" "Mozilla/5.0 (iPhone; CPU iPhone OS 18_5 like Mac OS X) AppleWebKit/605.1.15 (KHTML, like Gecko) Version/18.5 Mobile/15E148 Safari/604.1"
77.232.124.154 - - [28/May/2026:14:37:15 +0000] "GET /wp-content/uploads/2026/01/BGC_5738-copy-1-300x300.webp HTTP/1.1" 200 8941 "https://autozone.com.sa/shop/page/2/" "Mozilla/5.0 (iPhone; CPU iPhone OS 18_5 like Mac OS X) AppleWebKit/605.1.15 (KHTML, like Gecko) Version/18.5 Mobile/15E148 Safari/604.1"
77.232.124.154 - - [28/May/2026:14:37:15 +0000] "GET /wp-content/uploads/al_opt_content/IMAGE/autozone.com.sa/wp-content/uploads/2026/01/BGC_5738-copy-27-300x300.webp?bv_host=autozone.com.sa&bv-resized-infos=bv_resized_mobile%3A300%2A300%3Bbv_resized_ipad%3A300%2A300%3Bbv_resized_desktop%3A300%2A300 HTTP/1.1" 200 11469 "https://autozone.com.sa/shop/page/2/" "Mozilla/5.0 (iPhone; CPU iPhone OS 18_5 like Mac OS X) AppleWebKit/605.1.15 (KHTML, like Gecko) Version/18.5 Mobile/15E148 Safari/604.1"
77.232.124.154 - - [28/May/2026:14:37:15 +0000] "GET /wp-content/uploads/al_opt_content/IMAGE/autozone.com.sa/wp-content/uploads/2026/01/BGC_5738-copy-26-300x300.webp?bv_host=autozone.com.sa&bv-resized-infos=bv_resized_mobile%3A300%2A300%3Bbv_resized_ipad%3A300%2A300%3Bbv_resized_desktop%3A300%2A300 HTTP/1.1" 200 11163 "https://autozone.com.sa/shop/page/2/" "Mozilla/5.0 (iPhone; CPU iPhone OS 18_5 like Mac OS X) AppleWebKit/605.1.15 (KHTML, like Gecko) Version/18.5 Mobile/15E148 Safari/604.1"
2001:16a4:374:6e32:dda9:967d:9a82:a7a4 - - [28/May/2026:14:37:14 +0000] "GET /shop/page/2/ HTTP/1.1" 200 35008 "https://autozone.com.sa//shop/" "Mozilla/5.0 (Macintosh; Intel Mac OS X 10_15_7) AppleWebKit/605.1.15 (KHTML, like Gecko) Version/16.6.2 Safari/605.1.15"
66.249.75.108 - - [28/May/2026:14:37:16 +0000] "GET /wp-content/uploads/2026/01/BGC_5738-copy-22-600x400.webp HTTP/1.1" 200 23197 "-" "GoogleOther-Image/1.0"
2001:16a4:374:6e32:dda9:967d:9a82:a7a4 - - [28/May/2026:14:37:16 +0000] "GET /wp-content/uploads/2025/07/BGC_5205-300x300.webp HTTP/1.1" 200 8553 "https://autozone.com.sa/shop/page/2/" "Mozilla/5.0 (Macintosh; Intel Mac OS X 10_15_7) AppleWebKit/605.1.15 (KHTML, like Gecko) Version/16.6.2 Safari/605.1.15"
2001:16a4:374:6e32:dda9:967d:9a82:a7a4 - - [28/May/2026:14:37:16 +0000] "GET /wp-content/uploads/2025/07/BGC_5281-300x300.webp HTTP/1.1" 200 16125 "https://autozone.com.sa/shop/page/2/" "Mozilla/5.0 (Macintosh; Intel Mac OS X 10_15_7) AppleWebKit/605.1.15 (KHTML, like Gecko) Version/16.6.2 Safari/605.1.15"
2001:16a4:374:6e32:dda9:967d:9a82:a7a4 - - [28/May/2026:14:37:16 +0000] "GET /wp-content/uploads/2026/01/BGC_5738-copy-1-300x300.webp HTTP/1.1" 200 8941 "https://autozone.com.sa/shop/page/2/" "Mozilla/5.0 (Macintosh; Intel Mac OS X 10_15_7) AppleWebKit/605.1.15 (KHTML, like Gecko) Version/16.6.2 Safari/605.1.15"
77.232.124.154 - - [28/May/2026:14:37:16 +0000] "GET /wp-content/uploads/2026/01/BGC_5738-copy-10-300x300.webp HTTP/1.1" 200 7837 "https://autozone.com.sa/shop/page/2/" "Mozilla/5.0 (iPhone; CPU iPhone OS 18_5 like Mac OS X) AppleWebKit/605.1.15 (KHTML, like Gecko) Version/18.5 Mobile/15E148 Safari/604.1"
77.232.124.154 - - [28/May/2026:14:37:17 +0000] "GET /wp-content/uploads/al_opt_content/IMAGE/autozone.com.sa/wp-content/uploads/2026/01/6658342119175c0718d2fbc5_min-8-p-2000-300x300.webp?bv_host=autozone.com.sa&bv-resized-infos=bv_resized_mobile%3A300%2A300%3Bbv_resized_ipad%3A300%2A300%3Bbv_resized_desktop%3A300%2A300 HTTP/1.1" 200 13005 "https://autozone.com.sa/shop/page/2/" "Mozilla/5.0 (iPhone; CPU iPhone OS 18_5 like Mac OS X) AppleWebKit/605.1.15 (KHTML, like Gecko) Version/18.5 Mobile/15E148 Safari/604.1"
77.232.124.154 - - [28/May/2026:14:37:17 +0000] "GET /wp-content/uploads/al_opt_content/IMAGE/autozone.com.sa/wp-content/uploads/2025/07/BGC_6080-300x300.webp?bv_host=autozone.com.sa&bv-resized-infos=bv_resized_mobile%3A300%2A300%3Bbv_resized_ipad%3A300%2A300%3Bbv_resized_desktop%3A300%2A300 HTTP/1.1" 200 11475 "https://autozone.com.sa/shop/page/2/" "Mozilla/5.0 (iPhone; CPU iPhone OS 18_5 like Mac OS X) AppleWebKit/605.1.15 (KHTML, like Gecko) Version/18.5 Mobile/15E148 Safari/604.1"
77.232.124.154 - - [28/May/2026:14:37:17 +0000] "GET /wp-content/uploads/al_opt_content/IMAGE/autozone.com.sa/wp-content/uploads/2026/02/BGC_7090-copy-300x300.webp?bv_host=autozone.com.sa&bv-resized-infos=bv_resized_mobile%3A300%2A300%3Bbv_resized_ipad%3A300%2A300%3Bbv_resized_desktop%3A300%2A300 HTTP/1.1" 200 24723 "https://autozone.com.sa/shop/page/2/" "Mozilla/5.0 (iPhone; CPU iPhone OS 18_5 like Mac OS X) AppleWebKit/605.1.15 (KHTML, like Gecko) Version/18.5 Mobile/15E148 Safari/604.1"
77.232.124.154 - - [28/May/2026:14:37:18 +0000] "GET /wp-content/uploads/al_opt_content/IMAGE/autozone.com.sa/wp-content/uploads/2025/04/3BGC_0008-scaled-copy-300x300.webp?bv_host=autozone.com.sa&bv-resized-infos=bv_resized_mobile%3A300%2A300%3Bbv_resized_ipad%3A300%2A300%3Bbv_resized_desktop%3A300%2A300 HTTP/1.1" 200 16190 "https://autozone.com.sa/shop/page/2/" "Mozilla/5.0 (iPhone; CPU iPhone OS 18_5 like Mac OS X) AppleWebKit/605.1.15 (KHTML, like Gecko) Version/18.5 Mobile/15E148 Safari/604.1"
2001:16a4:374:6e32:dda9:967d:9a82:a7a4 - - [28/May/2026:14:37:22 +0000] "GET /wp-content/uploads/al_opt_content/IMAGE/autozone.com.sa/wp-content/uploads/2026/01/BGC_5738-copy-27-300x300.webp?bv_host=autozone.com.sa&bv-resized-infos=bv_resized_mobile%3A300%2A300%3Bbv_resized_ipad%3A300%2A300%3Bbv_resized_desktop%3A300%2A300 HTTP/1.1" 200 11469 "https://autozone.com.sa/shop/page/2/" "Mozilla/5.0 (Macintosh; Intel Mac OS X 10_15_7) AppleWebKit/605.1.15 (KHTML, like Gecko) Version/16.6.2 Safari/605.1.15"
77.232.124.154 - - [28/May/2026:14:37:20 +0000] "GET /shop/page/3/ HTTP/1.1" 200 34959 "https://autozone.com.sa/shop/page/2/" "Mozilla/5.0 (iPhone; CPU iPhone OS 18_5 like Mac OS X) AppleWebKit/605.1.15 (KHTML, like Gecko) Version/18.5 Mobile/15E148 Safari/604.1"
77.232.124.154 - - [28/May/2026:14:37:23 +0000] "GET /wp-content/uploads/2025/07/BGC_7118-300x300.webp HTTP/1.1" 200 8015 "https://autozone.com.sa/shop/page/3/" "Mozilla/5.0 (iPhone; CPU iPhone OS 18_5 like Mac OS X) AppleWebKit/605.1.15 (KHTML, like Gecko) Version/18.5 Mobile/15E148 Safari/604.1"
77.232.124.154 - - [28/May/2026:14:37:23 +0000] "GET /wp-content/uploads/al_opt_content/IMAGE/autozone.com.sa/wp-content/uploads/2026/04/BGC_8117-300x300.webp?bv_host=autozone.com.sa&bv-resized-infos=bv_resized_mobile%3A300%2A300%3Bbv_resized_ipad%3A300%2A300%3Bbv_resized_desktop%3A300%2A300 HTTP/1.1" 200 20305 "https://autozone.com.sa/shop/page/3/" "Mozilla/5.0 (iPhone; CPU iPhone OS 18_5 like Mac OS X) AppleWebKit/605.1.15 (KHTML, like Gecko) Version/18.5 Mobile/15E148 Safari/604.1"
2001:16a4:374:6e32:dda9:967d:9a82:a7a4 - - [28/May/2026:14:37:22 +0000] "POST /?wc-ajax=get_refreshed_fragments HTTP/1.1" 200 858 "https://autozone.com.sa/shop/page/2/" "Mozilla/5.0 (Macintosh; Intel Mac OS X 10_15_7) AppleWebKit/605.1.15 (KHTML, like Gecko) Version/16.6.2 Safari/605.1.15"
2001:16a4:374:6e32:dda9:967d:9a82:a7a4 - - [28/May/2026:14:37:23 +0000] "GET /wp-content/uploads/al_opt_content/IMAGE/autozone.com.sa/wp-content/uploads/2026/01/BGC_5738-copy-26-300x300.webp?bv_host=autozone.com.sa&bv-resized-infos=bv_resized_mobile%3A300%2A300%3Bbv_resized_ipad%3A300%2A300%3Bbv_resized_desktop%3A300%2A300 HTTP/1.1" 200 11163 "https://autozone.com.sa/shop/page/2/" "Mozilla/5.0 (Macintosh; Intel Mac OS X 10_15_7) AppleWebKit/605.1.15 (KHTML, like Gecko) Version/16.6.2 Safari/605.1.15"
2001:16a4:374:6e32:dda9:967d:9a82:a7a4 - - [28/May/2026:14:37:22 +0000] "POST /wp-json/iawp/search HTTP/1.1" 200 36 "https://autozone.com.sa/shop/page/2/" "Mozilla/5.0 (Macintosh; Intel Mac OS X 10_15_7) AppleWebKit/605.1.15 (KHTML, like Gecko) Version/16.6.2 Safari/605.1.15"
77.232.124.154 - - [28/May/2026:14:37:24 +0000] "GET /wp-content/uploads/2025/04/BGC_0008-300x300.jpg HTTP/1.1" 304 - "https://autozone.com.sa/shop/page/3/" "Mozilla/5.0 (iPhone; CPU iPhone OS 18_5 like Mac OS X) AppleWebKit/605.1.15 (KHTML, like Gecko) Version/18.5 Mobile/15E148 Safari/604.1"
77.232.124.154 - - [28/May/2026:14:37:24 +0000] "GET /wp-content/uploads/al_opt_content/IMAGE/autozone.com.sa/wp-content/uploads/2025/04/BGC_5923-300x300.jpg?bv_host=autozone.com.sa&bv-resized-infos=bv_resized_mobile%3A300%2A300%3Bbv_resized_ipad%3A300%2A300%3Bbv_resized_desktop%3A300%2A300 HTTP/1.1" 200 15998 "https://autozone.com.sa/shop/page/3/" "Mozilla/5.0 (iPhone; CPU iPhone OS 18_5 like Mac OS X) AppleWebKit/605.1.15 (KHTML, like Gecko) Version/18.5 Mobile/15E148 Safari/604.1"
77.232.124.154 - - [28/May/2026:14:37:26 +0000] "GET /wp-content/uploads/2025/07/BGC_2335-300x300.webp HTTP/1.1" 200 9993 "https://autozone.com.sa/shop/page/3/" "Mozilla/5.0 (iPhone; CPU iPhone OS 18_5 like Mac OS X) AppleWebKit/605.1.15 (KHTML, like Gecko) Version/18.5 Mobile/15E148 Safari/604.1"
77.232.124.154 - - [28/May/2026:14:37:24 +0000] "POST /?wc-ajax=get_refreshed_fragments HTTP/1.1" 200 858 "https://autozone.com.sa/shop/page/3/" "Mozilla/5.0 (iPhone; CPU iPhone OS 18_5 like Mac OS X) AppleWebKit/605.1.15 (KHTML, like Gecko) Version/18.5 Mobile/15E148 Safari/604.1"
2001:16a4:374:6e32:dda9:967d:9a82:a7a4 - - [28/May/2026:14:37:26 +0000] "GET /wp-content/uploads/2026/01/BGC_5738-copy-10-300x300.webp HTTP/1.1" 200 7837 "https://autozone.com.sa/shop/page/2/" "Mozilla/5.0 (Macintosh; Intel Mac OS X 10_15_7) AppleWebKit/605.1.15 (KHTML, like Gecko) Version/16.6.2 Safari/605.1.15"
77.232.124.154 - - [28/May/2026:14:37:24 +0000] "POST /wp-json/iawp/search HTTP/1.1" 200 36 "https://autozone.com.sa/shop/page/3/" "Mozilla/5.0 (iPhone; CPU iPhone OS 18_5 like Mac OS X) AppleWebKit/605.1.15 (KHTML, like Gecko) Version/18.5 Mobile/15E148 Safari/604.1"
77.232.124.154 - - [28/May/2026:14:37:26 +0000] "GET /wp-content/uploads/al_opt_content/IMAGE/autozone.com.sa/wp-content/uploads/2026/01/013-300x300.webp?bv_host=autozone.com.sa&bv-resized-infos=bv_resized_mobile%3A300%2A300%3Bbv_resized_ipad%3A300%2A300%3Bbv_resized_desktop%3A300%2A300 HTTP/1.1" 200 9233 "https://autozone.com.sa/shop/page/3/" "Mozilla/5.0 (iPhone; CPU iPhone OS 18_5 like Mac OS X) AppleWebKit/605.1.15 (KHTML, like Gecko) Version/18.5 Mobile/15E148 Safari/604.1"
77.232.124.154 - - [28/May/2026:14:37:26 +0000] "GET /wp-content/uploads/2026/01/BGC_5738-copy-19-300x300.webp HTTP/1.1" 200 10857 "https://autozone.com.sa/shop/page/3/" "Mozilla/5.0 (iPhone; CPU iPhone OS 18_5 like Mac OS X) AppleWebKit/605.1.15 (KHTML, like Gecko) Version/18.5 Mobile/15E148 Safari/604.1"
77.232.124.154 - - [28/May/2026:14:37:29 +0000] "GET /wp-content/uploads/2026/01/BGC_5738-copy-16-300x300.webp HTTP/1.1" 200 10797 "https://autozone.com.sa/shop/page/3/" "Mozilla/5.0 (iPhone; CPU iPhone OS 18_5 like Mac OS X) AppleWebKit/605.1.15 (KHTML, like Gecko) Version/18.5 Mobile/15E148 Safari/604.1"
77.232.124.154 - - [28/May/2026:14:37:29 +0000] "GET /wp-content/uploads/2026/01/BGC_5738-copy-17-300x300.webp HTTP/1.1" 200 8485 "https://autozone.com.sa/shop/page/3/" "Mozilla/5.0 (iPhone; CPU iPhone OS 18_5 like Mac OS X) AppleWebKit/605.1.15 (KHTML, like Gecko) Version/18.5 Mobile/15E148 Safari/604.1"
77.232.124.154 - - [28/May/2026:14:37:29 +0000] "GET /wp-content/uploads/2026/01/BGC_5738-copy-20-300x300.webp HTTP/1.1" 200 9486 "https://autozone.com.sa/shop/page/3/" "Mozilla/5.0 (iPhone; CPU iPhone OS 18_5 like Mac OS X) AppleWebKit/605.1.15 (KHTML, like Gecko) Version/18.5 Mobile/15E148 Safari/604.1"
77.232.124.154 - - [28/May/2026:14:37:29 +0000] "GET /wp-content/uploads/2026/01/BGC_5738-copy-18-300x300.webp HTTP/1.1" 200 7435 "https://autozone.com.sa/shop/page/3/" "Mozilla/5.0 (iPhone; CPU iPhone OS 18_5 like Mac OS X) AppleWebKit/605.1.15 (KHTML, like Gecko) Version/18.5 Mobile/15E148 Safari/604.1"
