2001:16a2:c741:4d00:f418:f98:425f:83e1 - - [28/Mar/2026:12:35:03 +0000] "POST /?wc-ajax=get_refreshed_fragments HTTP/1.1" 200 999 "https://autozone.com.sa/shop/" "Mozilla/5.0 (iPhone; CPU iPhone OS 26_3_1 like Mac OS X) AppleWebKit/605.1.15 (KHTML, like Gecko) GSA/409.0.872648028 Mobile/15E148 Safari/604.1"
2001:16a2:c741:4d00:f418:f98:425f:83e1 - - [28/Mar/2026:12:35:03 +0000] "POST /wp-json/iawp/search HTTP/1.1" 200 36 "https://autozone.com.sa/shop/" "Mozilla/5.0 (iPhone; CPU iPhone OS 26_3_1 like Mac OS X) AppleWebKit/605.1.15 (KHTML, like Gecko) GSA/409.0.872648028 Mobile/15E148 Safari/604.1"
2001:16a2:c741:4d00:f418:f98:425f:83e1 - - [28/Mar/2026:12:35:08 +0000] "POST /wp-admin/admin-ajax.php HTTP/1.1" 200 12643 "https://autozone.com.sa/shop/" "Mozilla/5.0 (iPhone; CPU iPhone OS 26_3_1 like Mac OS X) AppleWebKit/605.1.15 (KHTML, like Gecko) GSA/409.0.872648028 Mobile/15E148 Safari/604.1"
2001:16a2:c741:4d00:f418:f98:425f:83e1 - - [28/Mar/2026:12:35:10 +0000] "GET /shop/ HTTP/1.1" 200 148561 "https://autozone.com.sa/shop/" "Mozilla/5.0 (iPhone; CPU iPhone OS 26_3_1 like Mac OS X) AppleWebKit/605.1.15 (KHTML, like Gecko) GSA/409.0.872648028 Mobile/15E148 Safari/604.1"
2001:16a2:c741:4d00:f418:f98:425f:83e1 - - [28/Mar/2026:12:35:15 +0000] "POST /?wc-ajax=get_refreshed_fragments HTTP/1.1" 200 999 "https://autozone.com.sa/shop/" "Mozilla/5.0 (iPhone; CPU iPhone OS 26_3_1 like Mac OS X) AppleWebKit/605.1.15 (KHTML, like Gecko) GSA/409.0.872648028 Mobile/15E148 Safari/604.1"
2001:16a2:c741:4d00:f418:f98:425f:83e1 - - [28/Mar/2026:12:35:15 +0000] "POST /wp-json/iawp/search HTTP/1.1" 200 36 "https://autozone.com.sa/shop/" "Mozilla/5.0 (iPhone; CPU iPhone OS 26_3_1 like Mac OS X) AppleWebKit/605.1.15 (KHTML, like Gecko) GSA/409.0.872648028 Mobile/15E148 Safari/604.1"
74.7.241.33 - - [28/Mar/2026:12:35:20 +0000] "GET /wp-content/uploads/cache/wpml/twig/ec/ecbf4713c28292ce30d74b2007c5faee700be98475806feaa2edc01c57d9a181.php HTTP/1.1" 500 20 "https://autozone.com.sa/wp-content/uploads/cache/wpml/twig/ec/" "Mozilla/5.0 AppleWebKit/537.36 (KHTML, like Gecko; compatible; GPTBot/1.3; +https://openai.com/gptbot)"
172.105.42.26 - - [28/Mar/2026:12:35:24 +0000] "POST /wp-cron.php?doing_wp_cron=1774701324.6303849220275878906250 HTTP/1.1" 200 20 "-" "WordPress/6.9.4; https://autozone.com.sa"
2001:16a2:c741:4d00:f418:f98:425f:83e1 - - [28/Mar/2026:12:35:23 +0000] "POST /wp-admin/admin-ajax.php HTTP/1.1" 200 608 "https://autozone.com.sa/shop/" "Mozilla/5.0 (iPhone; CPU iPhone OS 26_3_1 like Mac OS X) AppleWebKit/605.1.15 (KHTML, like Gecko) GSA/409.0.872648028 Mobile/15E148 Safari/604.1"
172.105.42.26 - - [28/Mar/2026:12:35:25 +0000] "POST /wp-cron.php?doing_wp_cron=1774701325.8996429443359375000000 HTTP/1.1" 200 20 "-" "WordPress/6.9.4; https://autozone.com.sa"
2001:16a2:c741:4d00:f418:f98:425f:83e1 - - [28/Mar/2026:12:35:23 +0000] "POST /wp-admin/admin-ajax.php HTTP/1.1" 200 9481 "https://autozone.com.sa/shop/" "Mozilla/5.0 (iPhone; CPU iPhone OS 26_3_1 like Mac OS X) AppleWebKit/605.1.15 (KHTML, like Gecko) GSA/409.0.872648028 Mobile/15E148 Safari/604.1"
2001:16a2:c741:4d00:f418:f98:425f:83e1 - - [28/Mar/2026:12:35:26 +0000] "GET /wp-content/uploads/2026/01/BGC_5738-copy-13-scaled.webp HTTP/1.1" 200 182382 "https://autozone.com.sa/shop/" "Mozilla/5.0 (iPhone; CPU iPhone OS 26_3_1 like Mac OS X) AppleWebKit/605.1.15 (KHTML, like Gecko) GSA/409.0.872648028 Mobile/15E148 Safari/604.1"
2001:16a2:c741:4d00:f418:f98:425f:83e1 - - [28/Mar/2026:12:35:26 +0000] "GET /wp-content/uploads/2025/04/2BGC_0008-scaled-copy.webp HTTP/1.1" 200 1114483 "https://autozone.com.sa/shop/" "Mozilla/5.0 (iPhone; CPU iPhone OS 26_3_1 like Mac OS X) AppleWebKit/605.1.15 (KHTML, like Gecko) GSA/409.0.872648028 Mobile/15E148 Safari/604.1"
2001:16a2:c741:4d00:f418:f98:425f:83e1 - - [28/Mar/2026:12:35:26 +0000] "GET /wp-content/uploads/2025/04/1BGC_0008-scaled-copy.webp HTTP/1.1" 200 1218920 "https://autozone.com.sa/shop/" "Mozilla/5.0 (iPhone; CPU iPhone OS 26_3_1 like Mac OS X) AppleWebKit/605.1.15 (KHTML, like Gecko) GSA/409.0.872648028 Mobile/15E148 Safari/604.1"
123.21.215.164 - - [28/Mar/2026:12:35:32 +0000] "GET /listings/mg-hs-2-0l-2020-4wd/resaize_mg-hs-18-min-2/ HTTP/1.1" 404 30950 "-" "Mozilla/5.0 (Macintosh; Intel Mac OS X 15.2; rv:132.0) Gecko/20100101 Firefox/132.0"
40.77.167.35 - - [28/Mar/2026:12:35:35 +0000] "GET /???????/%D8%AA%D8%A7%D9%86%D9%83/ HTTP/1.1" 301 20 "-" "Mozilla/5.0 AppleWebKit/537.36 (KHTML, like Gecko; compatible; bingbot/2.0; +http://www.bing.com/bingbot.htm) Chrome/116.0.1938.76 Safari/537.36"
2001:16a2:c741:4d00:f418:f98:425f:83e1 - - [28/Mar/2026:12:35:40 +0000] "POST /wp-admin/admin-ajax.php HTTP/1.1" 200 637 "https://autozone.com.sa/shop/" "Mozilla/5.0 (iPhone; CPU iPhone OS 26_3_1 like Mac OS X) AppleWebKit/605.1.15 (KHTML, like Gecko) GSA/409.0.872648028 Mobile/15E148 Safari/604.1"
2001:16a2:c741:4d00:f418:f98:425f:83e1 - - [28/Mar/2026:12:35:40 +0000] "POST /wp-admin/admin-ajax.php HTTP/1.1" 200 9461 "https://autozone.com.sa/shop/" "Mozilla/5.0 (iPhone; CPU iPhone OS 26_3_1 like Mac OS X) AppleWebKit/605.1.15 (KHTML, like Gecko) GSA/409.0.872648028 Mobile/15E148 Safari/604.1"
2001:16a2:c741:4d00:f418:f98:425f:83e1 - - [28/Mar/2026:12:35:48 +0000] "GET /product/kia-sportage-lx-2025/ HTTP/1.1" 200 128230 "https://autozone.com.sa/shop/" "Mozilla/5.0 (iPhone; CPU iPhone OS 26_3_1 like Mac OS X) AppleWebKit/605.1.15 (KHTML, like Gecko) GSA/409.0.872648028 Mobile/15E148 Safari/604.1"
2001:16a2:c741:4d00:f418:f98:425f:83e1 - - [28/Mar/2026:12:35:52 +0000] "GET /wp-content/uploads/elementor/css/custom-pro-widget-woocommerce-product-add-to-cart-rtl.min.css?ver=1774675920 HTTP/1.1" 200 2158 "https://autozone.com.sa/product/kia-sportage-lx-2025/" "Mozilla/5.0 (iPhone; CPU iPhone OS 26_3_1 like Mac OS X) AppleWebKit/605.1.15 (KHTML, like Gecko) GSA/409.0.872648028 Mobile/15E148 Safari/604.1"
2001:16a2:c741:4d00:f418:f98:425f:83e1 - - [28/Mar/2026:12:35:52 +0000] "GET /wp-content/uploads/elementor/css/custom-widget-icon-box-rtl.min.css?ver=1774675920 HTTP/1.1" 200 442 "https://autozone.com.sa/product/kia-sportage-lx-2025/" "Mozilla/5.0 (iPhone; CPU iPhone OS 26_3_1 like Mac OS X) AppleWebKit/605.1.15 (KHTML, like Gecko) GSA/409.0.872648028 Mobile/15E148 Safari/604.1"
2001:16a2:c741:4d00:f418:f98:425f:83e1 - - [28/Mar/2026:12:35:52 +0000] "GET /wp-content/uploads/elementor/css/post-850.css?ver=1774675954 HTTP/1.1" 200 6894 "https://autozone.com.sa/product/kia-sportage-lx-2025/" "Mozilla/5.0 (iPhone; CPU iPhone OS 26_3_1 like Mac OS X) AppleWebKit/605.1.15 (KHTML, like Gecko) GSA/409.0.872648028 Mobile/15E148 Safari/604.1"
2001:16a2:c741:4d00:f418:f98:425f:83e1 - - [28/Mar/2026:12:35:52 +0000] "GET /wp-content/uploads/elementor/css/post-5010.css?ver=1774675954 HTTP/1.1" 200 1176 "https://autozone.com.sa/product/kia-sportage-lx-2025/" "Mozilla/5.0 (iPhone; CPU iPhone OS 26_3_1 like Mac OS X) AppleWebKit/605.1.15 (KHTML, like Gecko) GSA/409.0.872648028 Mobile/15E148 Safari/604.1"
2001:16a2:c741:4d00:f418:f98:425f:83e1 - - [28/Mar/2026:12:35:52 +0000] "GET /wp-content/uploads/2026/01/BGC_5738-copy-15-1536x1024.webp HTTP/1.1" 200 130908 "https://autozone.com.sa/product/kia-sportage-lx-2025/" "Mozilla/5.0 (iPhone; CPU iPhone OS 26_3_1 like Mac OS X) AppleWebKit/605.1.15 (KHTML, like Gecko) GSA/409.0.872648028 Mobile/15E148 Safari/604.1"
2001:16a2:c741:4d00:f418:f98:425f:83e1 - - [28/Mar/2026:12:35:53 +0000] "POST /?wc-ajax=get_default_gallery HTTP/1.1" 200 436 "https://autozone.com.sa/product/kia-sportage-lx-2025/" "Mozilla/5.0 (iPhone; CPU iPhone OS 26_3_1 like Mac OS X) AppleWebKit/605.1.15 (KHTML, like Gecko) GSA/409.0.872648028 Mobile/15E148 Safari/604.1"
2001:16a2:c741:4d00:f418:f98:425f:83e1 - - [28/Mar/2026:12:35:53 +0000] "POST /?wc-ajax=get_variation_gallery HTTP/1.1" 200 411 "https://autozone.com.sa/product/kia-sportage-lx-2025/" "Mozilla/5.0 (iPhone; CPU iPhone OS 26_3_1 like Mac OS X) AppleWebKit/605.1.15 (KHTML, like Gecko) GSA/409.0.872648028 Mobile/15E148 Safari/604.1"
2001:16a2:c741:4d00:f418:f98:425f:83e1 - - [28/Mar/2026:12:35:53 +0000] "POST /wp-json/iawp/search HTTP/1.1" 200 36 "https://autozone.com.sa/product/kia-sportage-lx-2025/" "Mozilla/5.0 (iPhone; CPU iPhone OS 26_3_1 like Mac OS X) AppleWebKit/605.1.15 (KHTML, like Gecko) GSA/409.0.872648028 Mobile/15E148 Safari/604.1"
2001:16a2:c741:4d00:f418:f98:425f:83e1 - - [28/Mar/2026:12:35:53 +0000] "POST /?wc-ajax=get_refreshed_fragments HTTP/1.1" 200 999 "https://autozone.com.sa/product/kia-sportage-lx-2025/" "Mozilla/5.0 (iPhone; CPU iPhone OS 26_3_1 like Mac OS X) AppleWebKit/605.1.15 (KHTML, like Gecko) GSA/409.0.872648028 Mobile/15E148 Safari/604.1"
2001:16a2:c741:4d00:f418:f98:425f:83e1 - - [28/Mar/2026:12:35:54 +0000] "GET /wp-content/uploads/2026/01/exterior_Thumbnai_03.webp HTTP/1.1" 200 14784 "https://autozone.com.sa/product/kia-sportage-lx-2025/" "Mozilla/5.0 (iPhone; CPU iPhone OS 26_3_1 like Mac OS X) AppleWebKit/605.1.15 (KHTML, like Gecko) GSA/409.0.872648028 Mobile/15E148 Safari/604.1"
2001:16a2:c741:4d00:f418:f98:425f:83e1 - - [28/Mar/2026:12:35:54 +0000] "GET /wp-content/uploads/2026/01/exterior_Thumbnai_01.webp HTTP/1.1" 200 13318 "https://autozone.com.sa/product/kia-sportage-lx-2025/" "Mozilla/5.0 (iPhone; CPU iPhone OS 26_3_1 like Mac OS X) AppleWebKit/605.1.15 (KHTML, like Gecko) GSA/409.0.872648028 Mobile/15E148 Safari/604.1"
2001:16a2:c741:4d00:f418:f98:425f:83e1 - - [28/Mar/2026:12:35:54 +0000] "GET /wp-content/uploads/2026/01/exterior_Thumbnai_02-100x100.webp HTTP/1.1" 200 2935 "https://autozone.com.sa/product/kia-sportage-lx-2025/" "Mozilla/5.0 (iPhone; CPU iPhone OS 26_3_1 like Mac OS X) AppleWebKit/605.1.15 (KHTML, like Gecko) GSA/409.0.872648028 Mobile/15E148 Safari/604.1"
2001:16a2:c741:4d00:f418:f98:425f:83e1 - - [28/Mar/2026:12:35:54 +0000] "GET /wp-content/uploads/2026/01/exterior_Thumbnai_01-100x100.webp HTTP/1.1" 200 3213 "https://autozone.com.sa/product/kia-sportage-lx-2025/" "Mozilla/5.0 (iPhone; CPU iPhone OS 26_3_1 like Mac OS X) AppleWebKit/605.1.15 (KHTML, like Gecko) GSA/409.0.872648028 Mobile/15E148 Safari/604.1"
2001:16a2:c741:4d00:f418:f98:425f:83e1 - - [28/Mar/2026:12:35:54 +0000] "GET /wp-content/uploads/2026/01/exterior_Thumbnai_03-100x100.webp HTTP/1.1" 200 3553 "https://autozone.com.sa/product/kia-sportage-lx-2025/" "Mozilla/5.0 (iPhone; CPU iPhone OS 26_3_1 like Mac OS X) AppleWebKit/605.1.15 (KHTML, like Gecko) GSA/409.0.872648028 Mobile/15E148 Safari/604.1"
2001:16a2:c741:4d00:f418:f98:425f:83e1 - - [28/Mar/2026:12:35:54 +0000] "GET /wp-content/uploads/2026/01/exterior_Thumbnai_02.webp HTTP/1.1" 200 11769 "https://autozone.com.sa/product/kia-sportage-lx-2025/" "Mozilla/5.0 (iPhone; CPU iPhone OS 26_3_1 like Mac OS X) AppleWebKit/605.1.15 (KHTML, like Gecko) GSA/409.0.872648028 Mobile/15E148 Safari/604.1"
2001:16a2:c741:4d00:f418:f98:425f:83e1 - - [28/Mar/2026:12:35:58 +0000] "GET /wp-content/uploads/al_opt_content/IMAGE/autozone.com.sa/wp-content/uploads/2026/01/exterior_Thumbnai_01.webp?bv_host=autozone.com.sa&bv-resized-infos=bv_resized_mobile%3A275%2A225%3Bbv_resized_ipad%3A275%2A225%3Bbv_resized_desktop%3A275%2A225 HTTP/1.1" 200 13318 "https://autozone.com.sa/product/kia-sportage-lx-2025/" "Mozilla/5.0 (iPhone; CPU iPhone OS 26_3_1 like Mac OS X) AppleWebKit/605.1.15 (KHTML, like Gecko) GSA/409.0.872648028 Mobile/15E148 Safari/604.1"
2001:16a2:c741:4d00:f418:f98:425f:83e1 - - [28/Mar/2026:12:36:01 +0000] "GET /wp-content/uploads/2026/01/exterior_Thumbnai_04.webp HTTP/1.1" 200 6421 "https://autozone.com.sa/product/kia-sportage-lx-2025/" "Mozilla/5.0 (iPhone; CPU iPhone OS 26_3_1 like Mac OS X) AppleWebKit/605.1.15 (KHTML, like Gecko) GSA/409.0.872648028 Mobile/15E148 Safari/604.1"
2001:16a2:c741:4d00:f418:f98:425f:83e1 - - [28/Mar/2026:12:36:02 +0000] "GET /wp-content/uploads/2026/01/interior_Thumbnail_01.webp HTTP/1.1" 200 9121 "https://autozone.com.sa/product/kia-sportage-lx-2025/" "Mozilla/5.0 (iPhone; CPU iPhone OS 26_3_1 like Mac OS X) AppleWebKit/605.1.15 (KHTML, like Gecko) GSA/409.0.872648028 Mobile/15E148 Safari/604.1"
2001:16a2:c741:4d00:f418:f98:425f:83e1 - - [28/Mar/2026:12:36:02 +0000] "GET /wp-content/uploads/2026/01/interior_Thumbnail_02.webp HTTP/1.1" 200 9435 "https://autozone.com.sa/product/kia-sportage-lx-2025/" "Mozilla/5.0 (iPhone; CPU iPhone OS 26_3_1 like Mac OS X) AppleWebKit/605.1.15 (KHTML, like Gecko) GSA/409.0.872648028 Mobile/15E148 Safari/604.1"
2001:16a2:c741:4d00:f418:f98:425f:83e1 - - [28/Mar/2026:12:36:02 +0000] "GET /wp-content/uploads/2026/01/interior_Thumbnail_03.webp HTTP/1.1" 200 7462 "https://autozone.com.sa/product/kia-sportage-lx-2025/" "Mozilla/5.0 (iPhone; CPU iPhone OS 26_3_1 like Mac OS X) AppleWebKit/605.1.15 (KHTML, like Gecko) GSA/409.0.872648028 Mobile/15E148 Safari/604.1"
2001:16a2:c741:4d00:f418:f98:425f:83e1 - - [28/Mar/2026:12:36:03 +0000] "GET /wp-content/uploads/2026/01/interior_Thumbnail_04.webp HTTP/1.1" 200 6578 "https://autozone.com.sa/product/kia-sportage-lx-2025/" "Mozilla/5.0 (iPhone; CPU iPhone OS 26_3_1 like Mac OS X) AppleWebKit/605.1.15 (KHTML, like Gecko) GSA/409.0.872648028 Mobile/15E148 Safari/604.1"
74.7.241.33 - - [28/Mar/2026:12:36:23 +0000] "GET /wp-content/uploads/cache/wpml/twig/89/8938600d4fc6ac416f012d5b9a0c654ddad6580b8ca6fc2a62d335ea2bf24dd4.php HTTP/1.1" 500 20 "https://autozone.com.sa/wp-content/uploads/cache/wpml/twig/89/" "Mozilla/5.0 AppleWebKit/537.36 (KHTML, like Gecko; compatible; GPTBot/1.3; +https://openai.com/gptbot)"
172.105.42.26 - - [28/Mar/2026:12:36:36 +0000] "POST /wp-cron.php?doing_wp_cron=1774701396.6278901100158691406250 HTTP/1.1" 200 20 "-" "WordPress/6.9.4; https://autozone.com.sa"
40.77.167.35 - - [28/Mar/2026:12:36:34 +0000] "GET /model/2025-geely-preface-std-gl-2-0l-2wd-petrol-a-t/?nocache=1766008277 HTTP/1.1" 200 61550 "-" "Mozilla/5.0 AppleWebKit/537.36 (KHTML, like Gecko; compatible; bingbot/2.0; +http://www.bing.com/bingbot.htm) Chrome/116.0.1938.76 Safari/537.36"
167.235.8.44 - - [28/Mar/2026:12:36:40 +0000] "GET /wp-login.php HTTP/1.1" 403 1092 "-" "Mozilla/5.0 (Windows NT 6.1; Win64; x64) AppleWebKit/537.36 (KHTML, like Gecko) Chrome/65.0.3325.162 Safari/537.36"
167.235.8.44 - - [28/Mar/2026:12:36:41 +0000] "POST /wp-login.php HTTP/1.1" 403 1092 "https://autozone.com.sa/wp-login.php" "Mozilla/5.0 (Windows NT 6.1; Win64; x64) AppleWebKit/537.36 (KHTML, like Gecko) Chrome/65.0.3325.162 Safari/537.36"
74.7.241.33 - - [28/Mar/2026:12:37:26 +0000] "GET /wp-content/uploads/cache/wpml/twig/d1/d18640c4dd3299a88011f9f7e2b7aba15a91e5a4522d6fcc915f1429ba6a0f1c.php HTTP/1.1" 500 20 "https://autozone.com.sa/wp-content/uploads/cache/wpml/twig/d1/" "Mozilla/5.0 AppleWebKit/537.36 (KHTML, like Gecko; compatible; GPTBot/1.3; +https://openai.com/gptbot)"
2001:16a2:c174:6fc4:886f:f838:33ce:1938 - - [28/Mar/2026:12:37:28 +0000] "GET /wp-content/uploads/al_opt_content/IMAGE/autozone.com.sa/wp-content/uploads/2025/04/Go1-02-1.webp.bv.webp?bv_host=autozone.com.sa HTTP/1.1" 200 126740 "https://autozone.com.sa/fleet/" "Mozilla/5.0 (Windows NT 10.0; Win64; x64) AppleWebKit/537.36 (KHTML, like Gecko) Chrome/146.0.0.0 Safari/537.36 Edg/146.0.0.0"
2001:16a2:c174:6fc4:886f:f838:33ce:1938 - - [28/Mar/2026:12:37:28 +0000] "GET /wp-content/uploads/al_opt_content/IMAGE/autozone.com.sa/wp-content/uploads/2025/04/Go1-10.webp.bv.webp?bv_host=autozone.com.sa HTTP/1.1" 200 123364 "https://autozone.com.sa/fleet/" "Mozilla/5.0 (Windows NT 10.0; Win64; x64) AppleWebKit/537.36 (KHTML, like Gecko) Chrome/146.0.0.0 Safari/537.36 Edg/146.0.0.0"
2001:16a2:c174:6fc4:886f:f838:33ce:1938 - - [28/Mar/2026:12:37:28 +0000] "GET /wp-content/uploads/al_opt_content/IMAGE/autozone.com.sa/wp-content/uploads/2025/04/Go1-06.webp.bv.webp?bv_host=autozone.com.sa HTTP/1.1" 200 103002 "https://autozone.com.sa/fleet/" "Mozilla/5.0 (Windows NT 10.0; Win64; x64) AppleWebKit/537.36 (KHTML, like Gecko) Chrome/146.0.0.0 Safari/537.36 Edg/146.0.0.0"
2001:16a2:c174:6fc4:886f:f838:33ce:1938 - - [28/Mar/2026:12:37:28 +0000] "GET /wp-content/uploads/al_opt_content/IMAGE/autozone.com.sa/wp-content/uploads/2025/04/Go1-04.webp.bv.webp?bv_host=autozone.com.sa HTTP/1.1" 200 110047 "https://autozone.com.sa/fleet/" "Mozilla/5.0 (Windows NT 10.0; Win64; x64) AppleWebKit/537.36 (KHTML, like Gecko) Chrome/146.0.0.0 Safari/537.36 Edg/146.0.0.0"
2001:16a2:c174:6fc4:886f:f838:33ce:1938 - - [28/Mar/2026:12:37:28 +0000] "GET /wp-content/uploads/al_opt_content/IMAGE/autozone.com.sa/wp-content/uploads/2025/04/Go1-08.webp.bv.webp?bv_host=autozone.com.sa HTTP/1.1" 200 95671 "https://autozone.com.sa/fleet/" "Mozilla/5.0 (Windows NT 10.0; Win64; x64) AppleWebKit/537.36 (KHTML, like Gecko) Chrome/146.0.0.0 Safari/537.36 Edg/146.0.0.0"
2001:16a2:c174:6fc4:886f:f838:33ce:1938 - - [28/Mar/2026:12:37:28 +0000] "GET /wp-content/uploads/al_opt_content/IMAGE/autozone.com.sa/wp-content/uploads/2025/04/Go1-01-1.webp.bv.webp?bv_host=autozone.com.sa HTTP/1.1" 200 126723 "https://autozone.com.sa/fleet/" "Mozilla/5.0 (Windows NT 10.0; Win64; x64) AppleWebKit/537.36 (KHTML, like Gecko) Chrome/146.0.0.0 Safari/537.36 Edg/146.0.0.0"
2001:16a2:c174:6fc4:886f:f838:33ce:1938 - - [28/Mar/2026:12:37:28 +0000] "GET /wp-content/uploads/al_opt_content/IMAGE/autozone.com.sa/wp-content/uploads/2025/04/Go1-03-1.webp.bv.webp?bv_host=autozone.com.sa HTTP/1.1" 200 130344 "https://autozone.com.sa/fleet/" "Mozilla/5.0 (Windows NT 10.0; Win64; x64) AppleWebKit/537.36 (KHTML, like Gecko) Chrome/146.0.0.0 Safari/537.36 Edg/146.0.0.0"
2001:16a2:c174:6fc4:886f:f838:33ce:1938 - - [28/Mar/2026:12:37:28 +0000] "GET /wp-content/uploads/al_opt_content/IMAGE/autozone.com.sa/wp-content/uploads/2025/04/Go1-11.webp.bv.webp?bv_host=autozone.com.sa HTTP/1.1" 200 76706 "https://autozone.com.sa/fleet/" "Mozilla/5.0 (Windows NT 10.0; Win64; x64) AppleWebKit/537.36 (KHTML, like Gecko) Chrome/146.0.0.0 Safari/537.36 Edg/146.0.0.0"
2001:16a2:c174:6fc4:886f:f838:33ce:1938 - - [28/Mar/2026:12:37:28 +0000] "GET /wp-content/uploads/al_opt_content/IMAGE/autozone.com.sa/wp-content/uploads/2025/04/Go1-07.webp.bv.webp?bv_host=autozone.com.sa HTTP/1.1" 200 157540 "https://autozone.com.sa/fleet/" "Mozilla/5.0 (Windows NT 10.0; Win64; x64) AppleWebKit/537.36 (KHTML, like Gecko) Chrome/146.0.0.0 Safari/537.36 Edg/146.0.0.0"
2001:16a2:c741:4d00:f418:f98:425f:83e1 - - [28/Mar/2026:12:37:27 +0000] "GET /shop/ HTTP/1.1" 200 148577 "https://autozone.com.sa/product/kia-sportage-lx-2025/" "Mozilla/5.0 (iPhone; CPU iPhone OS 26_3_1 like Mac OS X) AppleWebKit/605.1.15 (KHTML, like Gecko) GSA/409.0.872648028 Mobile/15E148 Safari/604.1"
2001:16a2:c741:4d00:f418:f98:425f:83e1 - - [28/Mar/2026:12:37:34 +0000] "POST /?wc-ajax=get_refreshed_fragments HTTP/1.1" 200 999 "https://autozone.com.sa/shop/" "Mozilla/5.0 (iPhone; CPU iPhone OS 26_3_1 like Mac OS X) AppleWebKit/605.1.15 (KHTML, like Gecko) GSA/409.0.872648028 Mobile/15E148 Safari/604.1"
2001:16a2:c741:4d00:f418:f98:425f:83e1 - - [28/Mar/2026:12:37:34 +0000] "POST /wp-json/iawp/search HTTP/1.1" 200 36 "https://autozone.com.sa/shop/" "Mozilla/5.0 (iPhone; CPU iPhone OS 26_3_1 like Mac OS X) AppleWebKit/605.1.15 (KHTML, like Gecko) GSA/409.0.872648028 Mobile/15E148 Safari/604.1"
2001:16a2:c741:4d00:f418:f98:425f:83e1 - - [28/Mar/2026:12:37:36 +0000] "POST /wp-admin/admin-ajax.php HTTP/1.1" 200 13020 "https://autozone.com.sa/shop/" "Mozilla/5.0 (iPhone; CPU iPhone OS 26_3_1 like Mac OS X) AppleWebKit/605.1.15 (KHTML, like Gecko) GSA/409.0.872648028 Mobile/15E148 Safari/604.1"
2001:16a2:c741:4d00:f418:f98:425f:83e1 - - [28/Mar/2026:12:37:41 +0000] "GET /wp-content/uploads/2025/04/BGC_5111-scaled.webp HTTP/1.1" 200 222069 "https://autozone.com.sa/shop/" "Mozilla/5.0 (iPhone; CPU iPhone OS 26_3_1 like Mac OS X) AppleWebKit/605.1.15 (KHTML, like Gecko) GSA/409.0.872648028 Mobile/15E148 Safari/604.1"
2001:16a2:c741:4d00:f418:f98:425f:83e1 - - [28/Mar/2026:12:37:41 +0000] "GET /wp-content/uploads/2025/02/tiggo-7-feature.webp HTTP/1.1" 200 49024 "https://autozone.com.sa/shop/" "Mozilla/5.0 (iPhone; CPU iPhone OS 26_3_1 like Mac OS X) AppleWebKit/605.1.15 (KHTML, like Gecko) GSA/409.0.872648028 Mobile/15E148 Safari/604.1"
2001:16a2:c741:4d00:f418:f98:425f:83e1 - - [28/Mar/2026:12:37:41 +0000] "GET /wp-content/uploads/2025/02/arrizo-5-feature.webp HTTP/1.1" 200 45638 "https://autozone.com.sa/shop/" "Mozilla/5.0 (iPhone; CPU iPhone OS 26_3_1 like Mac OS X) AppleWebKit/605.1.15 (KHTML, like Gecko) GSA/409.0.872648028 Mobile/15E148 Safari/604.1"
2001:16a2:c741:4d00:f418:f98:425f:83e1 - - [28/Mar/2026:12:37:41 +0000] "GET /wp-content/uploads/2025/02/haval-jolion-feature.webp HTTP/1.1" 200 58585 "https://autozone.com.sa/shop/" "Mozilla/5.0 (iPhone; CPU iPhone OS 26_3_1 like Mac OS X) AppleWebKit/605.1.15 (KHTML, like Gecko) GSA/409.0.872648028 Mobile/15E148 Safari/604.1"
2001:16a2:c741:4d00:f418:f98:425f:83e1 - - [28/Mar/2026:12:37:41 +0000] "GET /wp-content/uploads/2025/02/arrizo-8-feature.webp HTTP/1.1" 200 55482 "https://autozone.com.sa/shop/" "Mozilla/5.0 (iPhone; CPU iPhone OS 26_3_1 like Mac OS X) AppleWebKit/605.1.15 (KHTML, like Gecko) GSA/409.0.872648028 Mobile/15E148 Safari/604.1"
172.105.42.26 - - [28/Mar/2026:12:37:55 +0000] "POST /wp-cron.php?doing_wp_cron=1774701475.2325899600982666015625 HTTP/1.1" 200 20 "-" "WordPress/6.9.4; https://autozone.com.sa"
2001:16a2:c741:4d00:f418:f98:425f:83e1 - - [28/Mar/2026:12:37:53 +0000] "POST /wp-admin/admin-ajax.php HTTP/1.1" 200 608 "https://autozone.com.sa/shop/" "Mozilla/5.0 (iPhone; CPU iPhone OS 26_3_1 like Mac OS X) AppleWebKit/605.1.15 (KHTML, like Gecko) GSA/409.0.872648028 Mobile/15E148 Safari/604.1"
40.77.167.35 - - [28/Mar/2026:12:37:54 +0000] "GET /?vehicles/page/2/?body=%D8%A7%D9%84%D8%AF%D9%81%D8%B9-%D8%A7%D9%84%D8%B1%D8%A8%D8%A7%D8%B9%D9%8A HTTP/1.1" 301 20 "-" "Mozilla/5.0 AppleWebKit/537.36 (KHTML, like Gecko; compatible; bingbot/2.0; +http://www.bing.com/bingbot.htm) Chrome/116.0.1938.76 Safari/537.36"
172.105.42.26 - - [28/Mar/2026:12:37:56 +0000] "POST /wp-cron.php?doing_wp_cron=1774701476.5787129402160644531250 HTTP/1.1" 200 20 "-" "WordPress/6.9.4; https://autozone.com.sa"
2001:16a2:c741:4d00:f418:f98:425f:83e1 - - [28/Mar/2026:12:37:53 +0000] "POST /wp-admin/admin-ajax.php HTTP/1.1" 200 9495 "https://autozone.com.sa/shop/" "Mozilla/5.0 (iPhone; CPU iPhone OS 26_3_1 like Mac OS X) AppleWebKit/605.1.15 (KHTML, like Gecko) GSA/409.0.872648028 Mobile/15E148 Safari/604.1"
2a03:2880:10ff:53:: - - [28/Mar/2026:12:38:10 +0000] "GET /ramadan-0-profit-campaign-lp-b42/?utm_source=INSTAGRAM&utm_medium=CPC&utm_campaign=Ramadan_0_Profit_Feb_24&utm_id=Ramadan_0_Profit_Feb_24 HTTP/1.1" 404 31051 "-" "facebookexternalhit/1.1 (+http://www.facebook.com/externalhit_uatext.php)"
2001:16a2:c741:4d00:f418:f98:425f:83e1 - - [28/Mar/2026:12:38:23 +0000] "POST /wp-admin/admin-ajax.php HTTP/1.1" 200 597 "https://autozone.com.sa/shop/" "Mozilla/5.0 (iPhone; CPU iPhone OS 26_3_1 like Mac OS X) AppleWebKit/605.1.15 (KHTML, like Gecko) GSA/409.0.872648028 Mobile/15E148 Safari/604.1"
2001:16a2:c741:4d00:f418:f98:425f:83e1 - - [28/Mar/2026:12:38:23 +0000] "POST /wp-admin/admin-ajax.php HTTP/1.1" 200 9843 "https://autozone.com.sa/shop/" "Mozilla/5.0 (iPhone; CPU iPhone OS 26_3_1 like Mac OS X) AppleWebKit/605.1.15 (KHTML, like Gecko) GSA/409.0.872648028 Mobile/15E148 Safari/604.1"
2001:16a2:c741:4d00:f418:f98:425f:83e1 - - [28/Mar/2026:12:38:26 +0000] "GET /wp-content/uploads/2025/04/BGC_1517-scaled.jpg HTTP/1.1" 304 - "https://autozone.com.sa/shop/" "Mozilla/5.0 (iPhone; CPU iPhone OS 26_3_1 like Mac OS X) AppleWebKit/605.1.15 (KHTML, like Gecko) GSA/409.0.872648028 Mobile/15E148 Safari/604.1"
2001:16a2:c741:4d00:f418:f98:425f:83e1 - - [28/Mar/2026:12:38:26 +0000] "GET /wp-content/uploads/2026/01/BGC_5738-copy-12-scaled.webp HTTP/1.1" 200 245452 "https://autozone.com.sa/shop/" "Mozilla/5.0 (iPhone; CPU iPhone OS 26_3_1 like Mac OS X) AppleWebKit/605.1.15 (KHTML, like Gecko) GSA/409.0.872648028 Mobile/15E148 Safari/604.1"
2001:16a2:c741:4d00:f418:f98:425f:83e1 - - [28/Mar/2026:12:38:26 +0000] "GET /wp-content/uploads/2025/04/be40c6bc-6068-486c-856b-1cb7cfd66e78-scaled.png HTTP/1.1" 304 - "https://autozone.com.sa/shop/" "Mozilla/5.0 (iPhone; CPU iPhone OS 26_3_1 like Mac OS X) AppleWebKit/605.1.15 (KHTML, like Gecko) GSA/409.0.872648028 Mobile/15E148 Safari/604.1"
2001:16a2:c741:4d00:f418:f98:425f:83e1 - - [28/Mar/2026:12:38:26 +0000] "GET /wp-content/uploads/2026/01/BGC_5738-copy-11-scaled.webp HTTP/1.1" 200 73972 "https://autozone.com.sa/shop/" "Mozilla/5.0 (iPhone; CPU iPhone OS 26_3_1 like Mac OS X) AppleWebKit/605.1.15 (KHTML, like Gecko) GSA/409.0.872648028 Mobile/15E148 Safari/604.1"
74.7.241.33 - - [28/Mar/2026:12:38:27 +0000] "GET /?p=3163 HTTP/1.1" 301 20 "https://web1.autozone.com.sa" "Mozilla/5.0 AppleWebKit/537.36 (KHTML, like Gecko; compatible; GPTBot/1.3; +https://openai.com/gptbot)"
74.7.241.33 - - [28/Mar/2026:12:38:29 +0000] "GET /product/geely-preface-2025/ HTTP/1.1" 200 130811 "https://autozone.com.sa/?p=3163" "Mozilla/5.0 AppleWebKit/537.36 (KHTML, like Gecko; compatible; GPTBot/1.3; +https://openai.com/gptbot)"
2001:16a2:c741:4d00:f418:f98:425f:83e1 - - [28/Mar/2026:12:38:31 +0000] "GET /product/honda-hr-v-lx-2024/ HTTP/1.1" 200 70875 "https://autozone.com.sa/shop/" "Mozilla/5.0 (iPhone; CPU iPhone OS 26_3_1 like Mac OS X) AppleWebKit/605.1.15 (KHTML, like Gecko) GSA/409.0.872648028 Mobile/15E148 Safari/604.1"
2001:16a2:c741:4d00:f418:f98:425f:83e1 - - [28/Mar/2026:12:38:33 +0000] "GET /product/honda-hr-v-lx-2024/ HTTP/1.1" 200 70855 "https://autozone.com.sa/shop/" "Mozilla/5.0 (iPhone; CPU iPhone OS 26_3_1 like Mac OS X) AppleWebKit/605.1.15 (KHTML, like Gecko) GSA/409.0.872648028 Mobile/15E148 Safari/604.1"
2001:16a2:c741:4d00:f418:f98:425f:83e1 - - [28/Mar/2026:12:38:34 +0000] "GET /product/honda-hr-v-lx-2024/ HTTP/1.1" 200 70859 "https://autozone.com.sa/shop/" "Mozilla/5.0 (iPhone; CPU iPhone OS 26_3_1 like Mac OS X) AppleWebKit/605.1.15 (KHTML, like Gecko) GSA/409.0.872648028 Mobile/15E148 Safari/604.1"
2001:16a2:c741:4d00:f418:f98:425f:83e1 - - [28/Mar/2026:12:38:40 +0000] "GET /wp-content/uploads/al_opt_content/IMAGE/autozone.com.sa/wp-content/uploads/2025/01/AZ_Original_AR.png?bv_host=autozone.com.sa&bv-resized-infos=bv_resized_mobile%3A480%2A139%3Bbv_resized_ipad%3A820%2A237%3Bbv_resized_desktop%3A872%2A252 HTTP/1.1" 304 - "https://autozone.com.sa/product/honda-hr-v-lx-2024/" "Mozilla/5.0 (iPhone; CPU iPhone OS 26_3_1 like Mac OS X) AppleWebKit/605.1.15 (KHTML, like Gecko) GSA/409.0.872648028 Mobile/15E148 Safari/604.1"
2001:16a2:c741:4d00:f418:f98:425f:83e1 - - [28/Mar/2026:12:38:40 +0000] "POST /?wc-ajax=get_default_gallery HTTP/1.1" 200 393 "https://autozone.com.sa/product/honda-hr-v-lx-2024/" "Mozilla/5.0 (iPhone; CPU iPhone OS 26_3_1 like Mac OS X) AppleWebKit/605.1.15 (KHTML, like Gecko) GSA/409.0.872648028 Mobile/15E148 Safari/604.1"
2001:16a2:c741:4d00:f418:f98:425f:83e1 - - [28/Mar/2026:12:38:40 +0000] "POST /wp-json/iawp/search HTTP/1.1" 200 36 "https://autozone.com.sa/product/honda-hr-v-lx-2024/" "Mozilla/5.0 (iPhone; CPU iPhone OS 26_3_1 like Mac OS X) AppleWebKit/605.1.15 (KHTML, like Gecko) GSA/409.0.872648028 Mobile/15E148 Safari/604.1"
2001:16a2:c741:4d00:f418:f98:425f:83e1 - - [28/Mar/2026:12:38:40 +0000] "POST /?wc-ajax=get_variation_gallery HTTP/1.1" 200 1390 "https://autozone.com.sa/product/honda-hr-v-lx-2024/" "Mozilla/5.0 (iPhone; CPU iPhone OS 26_3_1 like Mac OS X) AppleWebKit/605.1.15 (KHTML, like Gecko) GSA/409.0.872648028 Mobile/15E148 Safari/604.1"
2001:16a2:c741:4d00:f418:f98:425f:83e1 - - [28/Mar/2026:12:38:40 +0000] "POST /?wc-ajax=get_refreshed_fragments HTTP/1.1" 200 999 "https://autozone.com.sa/product/honda-hr-v-lx-2024/" "Mozilla/5.0 (iPhone; CPU iPhone OS 26_3_1 like Mac OS X) AppleWebKit/605.1.15 (KHTML, like Gecko) GSA/409.0.872648028 Mobile/15E148 Safari/604.1"
2001:16a2:c741:4d00:f418:f98:425f:83e1 - - [28/Mar/2026:12:38:42 +0000] "GET /wp-content/uploads/2025/02/FRONT-3_4-LEFT-BLACK-WITH-_-WITHOUT-LIGHTS-600x400.webp HTTP/1.1" 200 17375 "https://autozone.com.sa/product/honda-hr-v-lx-2024/" "Mozilla/5.0 (iPhone; CPU iPhone OS 26_3_1 like Mac OS X) AppleWebKit/605.1.15 (KHTML, like Gecko) GSA/409.0.872648028 Mobile/15E148 Safari/604.1"
2001:16a2:c741:4d00:f418:f98:425f:83e1 - - [28/Mar/2026:12:38:42 +0000] "GET /wp-content/uploads/2025/02/FRONT-3_4-LEFT-BLACK-WITH-_-WITHOUT-LIGHTS-300x300.webp HTTP/1.1" 200 9845 "https://autozone.com.sa/product/honda-hr-v-lx-2024/" "Mozilla/5.0 (iPhone; CPU iPhone OS 26_3_1 like Mac OS X) AppleWebKit/605.1.15 (KHTML, like Gecko) GSA/409.0.872648028 Mobile/15E148 Safari/604.1"
2001:16a2:c741:4d00:f418:f98:425f:83e1 - - [28/Mar/2026:12:38:42 +0000] "GET /wp-content/uploads/2025/02/FRONT-BLACK-1-594-600x405.webp HTTP/1.1" 200 14208 "https://autozone.com.sa/product/honda-hr-v-lx-2024/" "Mozilla/5.0 (iPhone; CPU iPhone OS 26_3_1 like Mac OS X) AppleWebKit/605.1.15 (KHTML, like Gecko) GSA/409.0.872648028 Mobile/15E148 Safari/604.1"
2001:16a2:c741:4d00:f418:f98:425f:83e1 - - [28/Mar/2026:12:38:42 +0000] "GET /wp-content/uploads/2025/02/FRONT-3_4-LEFT-BLACK-WITH-_-WITHOUT-LIGHTS-100x100.webp HTTP/1.1" 200 2251 "https://autozone.com.sa/product/honda-hr-v-lx-2024/" "Mozilla/5.0 (iPhone; CPU iPhone OS 26_3_1 like Mac OS X) AppleWebKit/605.1.15 (KHTML, like Gecko) GSA/409.0.872648028 Mobile/15E148 Safari/604.1"
2001:16a2:c741:4d00:f418:f98:425f:83e1 - - [28/Mar/2026:12:38:42 +0000] "GET /wp-content/uploads/2025/02/REAR-3_4-RIGHT-BLACK-WITH-_-WITHOUT-LIGHTS-600x400.webp HTTP/1.1" 200 10540 "https://autozone.com.sa/product/honda-hr-v-lx-2024/" "Mozilla/5.0 (iPhone; CPU iPhone OS 26_3_1 like Mac OS X) AppleWebKit/605.1.15 (KHTML, like Gecko) GSA/409.0.872648028 Mobile/15E148 Safari/604.1"
2001:16a2:c741:4d00:f418:f98:425f:83e1 - - [28/Mar/2026:12:38:42 +0000] "GET /wp-content/uploads/2025/02/FRONT-3_4-LEFT-BLACK-WITH-_-WITHOUT-LIGHTS.webp HTTP/1.1" 200 612131 "https://autozone.com.sa/product/honda-hr-v-lx-2024/" "Mozilla/5.0 (iPhone; CPU iPhone OS 26_3_1 like Mac OS X) AppleWebKit/605.1.15 (KHTML, like Gecko) GSA/409.0.872648028 Mobile/15E148 Safari/604.1"
2001:16a2:c741:4d00:f418:f98:425f:83e1 - - [28/Mar/2026:12:38:42 +0000] "GET /wp-content/uploads/2025/02/REAR-3_4-RIGHT-BLACK-WITH-_-WITHOUT-LIGHTS.webp HTTP/1.1" 200 326544 "https://autozone.com.sa/product/honda-hr-v-lx-2024/" "Mozilla/5.0 (iPhone; CPU iPhone OS 26_3_1 like Mac OS X) AppleWebKit/605.1.15 (KHTML, like Gecko) GSA/409.0.872648028 Mobile/15E148 Safari/604.1"
2001:16a2:c741:4d00:f418:f98:425f:83e1 - - [28/Mar/2026:12:38:42 +0000] "GET /wp-content/uploads/2025/02/FRONT-BLACK-1-594.webp HTTP/1.1" 200 665820 "https://autozone.com.sa/product/honda-hr-v-lx-2024/" "Mozilla/5.0 (iPhone; CPU iPhone OS 26_3_1 like Mac OS X) AppleWebKit/605.1.15 (KHTML, like Gecko) GSA/409.0.872648028 Mobile/15E148 Safari/604.1"
2001:16a2:c741:4d00:f418:f98:425f:83e1 - - [28/Mar/2026:12:38:42 +0000] "GET /wp-content/uploads/2025/02/FRONT-BLACK-1-594-100x100.webp HTTP/1.1" 200 2275 "https://autozone.com.sa/product/honda-hr-v-lx-2024/" "Mozilla/5.0 (iPhone; CPU iPhone OS 26_3_1 like Mac OS X) AppleWebKit/605.1.15 (KHTML, like Gecko) GSA/409.0.872648028 Mobile/15E148 Safari/604.1"
2001:16a2:c741:4d00:f418:f98:425f:83e1 - - [28/Mar/2026:12:38:42 +0000] "GET /wp-content/uploads/2025/02/REAR-3_4-RIGHT-BLACK-WITH-_-WITHOUT-LIGHTS-300x300.webp HTTP/1.1" 200 7314 "https://autozone.com.sa/product/honda-hr-v-lx-2024/" "Mozilla/5.0 (iPhone; CPU iPhone OS 26_3_1 like Mac OS X) AppleWebKit/605.1.15 (KHTML, like Gecko) GSA/409.0.872648028 Mobile/15E148 Safari/604.1"
2001:16a2:c741:4d00:f418:f98:425f:83e1 - - [28/Mar/2026:12:38:42 +0000] "GET /wp-content/uploads/2025/02/FRONT-GRAY-1-594-100x100.webp HTTP/1.1" 200 2374 "https://autozone.com.sa/product/honda-hr-v-lx-2024/" "Mozilla/5.0 (iPhone; CPU iPhone OS 26_3_1 like Mac OS X) AppleWebKit/605.1.15 (KHTML, like Gecko) GSA/409.0.872648028 Mobile/15E148 Safari/604.1"
2001:16a2:c741:4d00:f418:f98:425f:83e1 - - [28/Mar/2026:12:38:42 +0000] "GET /wp-content/uploads/2025/02/FRONT-GRAY-1-594-300x300.webp HTTP/1.1" 200 10046 "https://autozone.com.sa/product/honda-hr-v-lx-2024/" "Mozilla/5.0 (iPhone; CPU iPhone OS 26_3_1 like Mac OS X) AppleWebKit/605.1.15 (KHTML, like Gecko) GSA/409.0.872648028 Mobile/15E148 Safari/604.1"
2001:16a2:c741:4d00:f418:f98:425f:83e1 - - [28/Mar/2026:12:38:42 +0000] "GET /wp-content/uploads/2025/02/REAR-3_4-RIGHT-BLUE-WITH-_-WITHOUT-LIGHTS-300x300.webp HTTP/1.1" 200 8362 "https://autozone.com.sa/product/honda-hr-v-lx-2024/" "Mozilla/5.0 (iPhone; CPU iPhone OS 26_3_1 like Mac OS X) AppleWebKit/605.1.15 (KHTML, like Gecko) GSA/409.0.872648028 Mobile/15E148 Safari/604.1"
2001:16a2:c741:4d00:f418:f98:425f:83e1 - - [28/Mar/2026:12:38:42 +0000] "GET /wp-content/uploads/2025/02/REAR-3_4-RIGHT-BLUE-WITH-_-WITHOUT-LIGHTS-600x400.webp HTTP/1.1" 200 12201 "https://autozone.com.sa/product/honda-hr-v-lx-2024/" "Mozilla/5.0 (iPhone; CPU iPhone OS 26_3_1 like Mac OS X) AppleWebKit/605.1.15 (KHTML, like Gecko) GSA/409.0.872648028 Mobile/15E148 Safari/604.1"
2001:16a2:c741:4d00:f418:f98:425f:83e1 - - [28/Mar/2026:12:38:42 +0000] "GET /wp-content/uploads/2025/02/FRONT-3_4-LEFT-BLUE-WITH-_-WITHOUT-LIGHTS-100x100.webp HTTP/1.1" 200 2617 "https://autozone.com.sa/product/honda-hr-v-lx-2024/" "Mozilla/5.0 (iPhone; CPU iPhone OS 26_3_1 like Mac OS X) AppleWebKit/605.1.15 (KHTML, like Gecko) GSA/409.0.872648028 Mobile/15E148 Safari/604.1"
2001:16a2:c741:4d00:f418:f98:425f:83e1 - - [28/Mar/2026:12:38:42 +0000] "GET /wp-content/uploads/2025/02/FRONT-RED-1-594-600x405.webp HTTP/1.1" 200 16854 "https://autozone.com.sa/product/honda-hr-v-lx-2024/" "Mozilla/5.0 (iPhone; CPU iPhone OS 26_3_1 like Mac OS X) AppleWebKit/605.1.15 (KHTML, like Gecko) GSA/409.0.872648028 Mobile/15E148 Safari/604.1"
2001:16a2:c741:4d00:f418:f98:425f:83e1 - - [28/Mar/2026:12:38:42 +0000] "GET /wp-content/uploads/2025/02/FRONT-3_4-LEFT-RED-WITH-_-WITHOUT-LIGHTS-300x300.webp HTTP/1.1" 200 11149 "https://autozone.com.sa/product/honda-hr-v-lx-2024/" "Mozilla/5.0 (iPhone; CPU iPhone OS 26_3_1 like Mac OS X) AppleWebKit/605.1.15 (KHTML, like Gecko) GSA/409.0.872648028 Mobile/15E148 Safari/604.1"
2001:16a2:c741:4d00:f418:f98:425f:83e1 - - [28/Mar/2026:12:38:42 +0000] "GET /wp-content/uploads/2025/02/REAR-3_4-RIGHT-WHITE-WITH-_-WITHOUT-LIGHTS-100x100.webp HTTP/1.1" 200 1850 "https://autozone.com.sa/product/honda-hr-v-lx-2024/" "Mozilla/5.0 (iPhone; CPU iPhone OS 26_3_1 like Mac OS X) AppleWebKit/605.1.15 (KHTML, like Gecko) GSA/409.0.872648028 Mobile/15E148 Safari/604.1"
2001:16a2:c741:4d00:f418:f98:425f:83e1 - - [28/Mar/2026:12:38:42 +0000] "GET /wp-content/uploads/2025/02/FRONT-3_4-RIGHT-GRAY-WITH-_-WITHOUT-LIGHTS-600x400.webp HTTP/1.1" 200 15119 "https://autozone.com.sa/product/honda-hr-v-lx-2024/" "Mozilla/5.0 (iPhone; CPU iPhone OS 26_3_1 like Mac OS X) AppleWebKit/605.1.15 (KHTML, like Gecko) GSA/409.0.872648028 Mobile/15E148 Safari/604.1"
2001:16a2:c741:4d00:f418:f98:425f:83e1 - - [28/Mar/2026:12:38:42 +0000] "GET /wp-content/uploads/2025/02/SIDE-RED-1-586-300x300.webp HTTP/1.1" 200 7166 "https://autozone.com.sa/product/honda-hr-v-lx-2024/" "Mozilla/5.0 (iPhone; CPU iPhone OS 26_3_1 like Mac OS X) AppleWebKit/605.1.15 (KHTML, like Gecko) GSA/409.0.872648028 Mobile/15E148 Safari/604.1"
2001:16a2:c741:4d00:f418:f98:425f:83e1 - - [28/Mar/2026:12:38:42 +0000] "GET /wp-content/uploads/2025/02/REAR-3_4-RIGHT-BLUE-WITH-_-WITHOUT-LIGHTS-100x100.webp HTTP/1.1" 200 2072 "https://autozone.com.sa/product/honda-hr-v-lx-2024/" "Mozilla/5.0 (iPhone; CPU iPhone OS 26_3_1 like Mac OS X) AppleWebKit/605.1.15 (KHTML, like Gecko) GSA/409.0.872648028 Mobile/15E148 Safari/604.1"
2001:16a2:c741:4d00:f418:f98:425f:83e1 - - [28/Mar/2026:12:38:42 +0000] "GET /wp-content/uploads/2025/02/REAR-3_4-RIGHT-WHITE-WITH-_-WITHOUT-LIGHTS-300x300.webp HTTP/1.1" 200 7512 "https://autozone.com.sa/product/honda-hr-v-lx-2024/" "Mozilla/5.0 (iPhone; CPU iPhone OS 26_3_1 like Mac OS X) AppleWebKit/605.1.15 (KHTML, like Gecko) GSA/409.0.872648028 Mobile/15E148 Safari/604.1"
2001:16a2:c741:4d00:f418:f98:425f:83e1 - - [28/Mar/2026:12:38:42 +0000] "GET /wp-content/uploads/2025/02/FRONT-3_4-RIGHT-GRAY-WITH-_-WITHOUT-LIGHTS-100x100.webp HTTP/1.1" 200 2064 "https://autozone.com.sa/product/honda-hr-v-lx-2024/" "Mozilla/5.0 (iPhone; CPU iPhone OS 26_3_1 like Mac OS X) AppleWebKit/605.1.15 (KHTML, like Gecko) GSA/409.0.872648028 Mobile/15E148 Safari/604.1"
2001:16a2:c741:4d00:f418:f98:425f:83e1 - - [28/Mar/2026:12:38:42 +0000] "GET /wp-content/uploads/2025/02/FRONT-RED-1-594-300x300.webp HTTP/1.1" 200 11450 "https://autozone.com.sa/product/honda-hr-v-lx-2024/" "Mozilla/5.0 (iPhone; CPU iPhone OS 26_3_1 like Mac OS X) AppleWebKit/605.1.15 (KHTML, like Gecko) GSA/409.0.872648028 Mobile/15E148 Safari/604.1"
2001:16a2:c741:4d00:f418:f98:425f:83e1 - - [28/Mar/2026:12:38:42 +0000] "GET /wp-content/uploads/2025/02/FRONT-BLUE-1-594-100x100.webp HTTP/1.1" 200 2698 "https://autozone.com.sa/product/honda-hr-v-lx-2024/" "Mozilla/5.0 (iPhone; CPU iPhone OS 26_3_1 like Mac OS X) AppleWebKit/605.1.15 (KHTML, like Gecko) GSA/409.0.872648028 Mobile/15E148 Safari/604.1"
2001:16a2:c741:4d00:f418:f98:425f:83e1 - - [28/Mar/2026:12:38:42 +0000] "GET /wp-content/uploads/2025/02/FRONT-3_4-LEFT-WHITE-WITH-_-WITHOUT-LIGHTS.webp HTTP/1.1" 200 652464 "https://autozone.com.sa/product/honda-hr-v-lx-2024/" "Mozilla/5.0 (iPhone; CPU iPhone OS 26_3_1 like Mac OS X) AppleWebKit/605.1.15 (KHTML, like Gecko) GSA/409.0.872648028 Mobile/15E148 Safari/604.1"
2001:16a2:c741:4d00:f418:f98:425f:83e1 - - [28/Mar/2026:12:38:42 +0000] "GET /wp-content/uploads/2025/02/REAR-3_4-RIGHT-BLACK-WITH-_-WITHOUT-LIGHTS-100x100.webp HTTP/1.1" 200 1826 "https://autozone.com.sa/product/honda-hr-v-lx-2024/" "Mozilla/5.0 (iPhone; CPU iPhone OS 26_3_1 like Mac OS X) AppleWebKit/605.1.15 (KHTML, like Gecko) GSA/409.0.872648028 Mobile/15E148 Safari/604.1"
2001:16a2:c741:4d00:f418:f98:425f:83e1 - - [28/Mar/2026:12:38:42 +0000] "GET /wp-content/uploads/2025/02/FRONT-GRAY-1-594.webp HTTP/1.1" 200 708891 "https://autozone.com.sa/product/honda-hr-v-lx-2024/" "Mozilla/5.0 (iPhone; CPU iPhone OS 26_3_1 like Mac OS X) AppleWebKit/605.1.15 (KHTML, like Gecko) GSA/409.0.872648028 Mobile/15E148 Safari/604.1"
2001:16a2:c741:4d00:f418:f98:425f:83e1 - - [28/Mar/2026:12:38:42 +0000] "GET /wp-content/uploads/2025/02/FRONT-BLACK-1-594-300x300.webp HTTP/1.1" 200 9722 "https://autozone.com.sa/product/honda-hr-v-lx-2024/" "Mozilla/5.0 (iPhone; CPU iPhone OS 26_3_1 like Mac OS X) AppleWebKit/605.1.15 (KHTML, like Gecko) GSA/409.0.872648028 Mobile/15E148 Safari/604.1"
2001:16a2:c741:4d00:f418:f98:425f:83e1 - - [28/Mar/2026:12:38:42 +0000] "GET /wp-content/uploads/2025/02/REAR-3_4-RIGHT-BLUE-WITH-_-WITHOUT-LIGHTS.webp HTTP/1.1" 200 380619 "https://autozone.com.sa/product/honda-hr-v-lx-2024/" "Mozilla/5.0 (iPhone; CPU iPhone OS 26_3_1 like Mac OS X) AppleWebKit/605.1.15 (KHTML, like Gecko) GSA/409.0.872648028 Mobile/15E148 Safari/604.1"
2001:16a2:c741:4d00:f418:f98:425f:83e1 - - [28/Mar/2026:12:38:42 +0000] "GET /wp-content/uploads/2025/02/FRONT-3_4-LEFT-BLUE-WITH-_-WITHOUT-LIGHTS-600x400.webp HTTP/1.1" 200 19542 "https://autozone.com.sa/product/honda-hr-v-lx-2024/" "Mozilla/5.0 (iPhone; CPU iPhone OS 26_3_1 like Mac OS X) AppleWebKit/605.1.15 (KHTML, like Gecko) GSA/409.0.872648028 Mobile/15E148 Safari/604.1"
2001:16a2:c741:4d00:f418:f98:425f:83e1 - - [28/Mar/2026:12:38:42 +0000] "GET /wp-content/uploads/2025/02/REAR-3_4-RIGHT-WHITE-WITH-_-WITHOUT-LIGHTS.webp HTTP/1.1" 200 335115 "https://autozone.com.sa/product/honda-hr-v-lx-2024/" "Mozilla/5.0 (iPhone; CPU iPhone OS 26_3_1 like Mac OS X) AppleWebKit/605.1.15 (KHTML, like Gecko) GSA/409.0.872648028 Mobile/15E148 Safari/604.1"
2001:16a2:c741:4d00:f418:f98:425f:83e1 - - [28/Mar/2026:12:38:42 +0000] "GET /wp-content/uploads/2025/02/SIDE-RED-1-586.webp HTTP/1.1" 200 418769 "https://autozone.com.sa/product/honda-hr-v-lx-2024/" "Mozilla/5.0 (iPhone; CPU iPhone OS 26_3_1 like Mac OS X) AppleWebKit/605.1.15 (KHTML, like Gecko) GSA/409.0.872648028 Mobile/15E148 Safari/604.1"
2001:16a2:c741:4d00:f418:f98:425f:83e1 - - [28/Mar/2026:12:38:42 +0000] "GET /wp-content/uploads/2025/02/SIDE-RED-1-586-100x100.webp HTTP/1.1" 200 1883 "https://autozone.com.sa/product/honda-hr-v-lx-2024/" "Mozilla/5.0 (iPhone; CPU iPhone OS 26_3_1 like Mac OS X) AppleWebKit/605.1.15 (KHTML, like Gecko) GSA/409.0.872648028 Mobile/15E148 Safari/604.1"
2001:16a2:c741:4d00:f418:f98:425f:83e1 - - [28/Mar/2026:12:38:42 +0000] "GET /wp-content/uploads/2025/02/FRONT-WHITE-1-594-600x405.webp HTTP/1.1" 200 14257 "https://autozone.com.sa/product/honda-hr-v-lx-2024/" "Mozilla/5.0 (iPhone; CPU iPhone OS 26_3_1 like Mac OS X) AppleWebKit/605.1.15 (KHTML, like Gecko) GSA/409.0.872648028 Mobile/15E148 Safari/604.1"
2001:16a2:c741:4d00:f418:f98:425f:83e1 - - [28/Mar/2026:12:38:42 +0000] "GET /wp-content/uploads/2025/02/REAR-3_4-RIGHT-WHITE-WITH-_-WITHOUT-LIGHTS-600x400.webp HTTP/1.1" 200 10878 "https://autozone.com.sa/product/honda-hr-v-lx-2024/" "Mozilla/5.0 (iPhone; CPU iPhone OS 26_3_1 like Mac OS X) AppleWebKit/605.1.15 (KHTML, like Gecko) GSA/409.0.872648028 Mobile/15E148 Safari/604.1"
2001:16a2:c741:4d00:f418:f98:425f:83e1 - - [28/Mar/2026:12:38:42 +0000] "GET /wp-content/uploads/2025/02/SIDE-RED-1-586-600x400.webp HTTP/1.1" 200 11478 "https://autozone.com.sa/product/honda-hr-v-lx-2024/" "Mozilla/5.0 (iPhone; CPU iPhone OS 26_3_1 like Mac OS X) AppleWebKit/605.1.15 (KHTML, like Gecko) GSA/409.0.872648028 Mobile/15E148 Safari/604.1"
2001:16a2:c741:4d00:f418:f98:425f:83e1 - - [28/Mar/2026:12:38:42 +0000] "GET /wp-content/uploads/2025/02/FRONT-3_4-LEFT-RED-WITH-_-WITHOUT-LIGHTS-600x400.webp HTTP/1.1" 200 19680 "https://autozone.com.sa/product/honda-hr-v-lx-2024/" "Mozilla/5.0 (iPhone; CPU iPhone OS 26_3_1 like Mac OS X) AppleWebKit/605.1.15 (KHTML, like Gecko) GSA/409.0.872648028 Mobile/15E148 Safari/604.1"
2001:16a2:c741:4d00:f418:f98:425f:83e1 - - [28/Mar/2026:12:38:42 +0000] "GET /wp-content/uploads/2025/02/FRONT-GRAY-1-594-600x405.webp HTTP/1.1" 200 14736 "https://autozone.com.sa/product/honda-hr-v-lx-2024/" "Mozilla/5.0 (iPhone; CPU iPhone OS 26_3_1 like Mac OS X) AppleWebKit/605.1.15 (KHTML, like Gecko) GSA/409.0.872648028 Mobile/15E148 Safari/604.1"
2001:16a2:c741:4d00:f418:f98:425f:83e1 - - [28/Mar/2026:12:38:42 +0000] "GET /wp-content/uploads/2025/02/REAR-GRAY-1-636-600x400.webp HTTP/1.1" 200 12967 "https://autozone.com.sa/product/honda-hr-v-lx-2024/" "Mozilla/5.0 (iPhone; CPU iPhone OS 26_3_1 like Mac OS X) AppleWebKit/605.1.15 (KHTML, like Gecko) GSA/409.0.872648028 Mobile/15E148 Safari/604.1"
2001:16a2:c741:4d00:f418:f98:425f:83e1 - - [28/Mar/2026:12:38:42 +0000] "GET /wp-content/uploads/2025/02/FRONT-3_4-LEFT-RED-WITH-_-WITHOUT-LIGHTS-100x100.webp HTTP/1.1" 200 2651 "https://autozone.com.sa/product/honda-hr-v-lx-2024/" "Mozilla/5.0 (iPhone; CPU iPhone OS 26_3_1 like Mac OS X) AppleWebKit/605.1.15 (KHTML, like Gecko) GSA/409.0.872648028 Mobile/15E148 Safari/604.1"
2001:16a2:c741:4d00:f418:f98:425f:83e1 - - [28/Mar/2026:12:38:42 +0000] "GET /wp-content/uploads/2025/02/FRONT-3_4-LEFT-WHITE-WITH-_-WITHOUT-LIGHTS-300x300.webp HTTP/1.1" 200 9892 "https://autozone.com.sa/product/honda-hr-v-lx-2024/" "Mozilla/5.0 (iPhone; CPU iPhone OS 26_3_1 like Mac OS X) AppleWebKit/605.1.15 (KHTML, like Gecko) GSA/409.0.872648028 Mobile/15E148 Safari/604.1"
2001:16a2:c741:4d00:f418:f98:425f:83e1 - - [28/Mar/2026:12:38:42 +0000] "GET /wp-content/uploads/2025/02/FRONT-3_4-LEFT-BLUE-WITH-_-WITHOUT-LIGHTS.webp HTTP/1.1" 200 692758 "https://autozone.com.sa/product/honda-hr-v-lx-2024/" "Mozilla/5.0 (iPhone; CPU iPhone OS 26_3_1 like Mac OS X) AppleWebKit/605.1.15 (KHTML, like Gecko) GSA/409.0.872648028 Mobile/15E148 Safari/604.1"
2001:16a2:c741:4d00:f418:f98:425f:83e1 - - [28/Mar/2026:12:38:42 +0000] "GET /wp-content/uploads/2025/02/FRONT-BLUE-1-594-300x300.webp HTTP/1.1" 200 11195 "https://autozone.com.sa/product/honda-hr-v-lx-2024/" "Mozilla/5.0 (iPhone; CPU iPhone OS 26_3_1 like Mac OS X) AppleWebKit/605.1.15 (KHTML, like Gecko) GSA/409.0.872648028 Mobile/15E148 Safari/604.1"
2001:16a2:c741:4d00:f418:f98:425f:83e1 - - [28/Mar/2026:12:38:42 +0000] "GET /wp-content/uploads/2025/02/FRONT-3_4-LEFT-WHITE-WITH-_-WITHOUT-LIGHTS-600x400.webp HTTP/1.1" 200 17428 "https://autozone.com.sa/product/honda-hr-v-lx-2024/" "Mozilla/5.0 (iPhone; CPU iPhone OS 26_3_1 like Mac OS X) AppleWebKit/605.1.15 (KHTML, like Gecko) GSA/409.0.872648028 Mobile/15E148 Safari/604.1"
2001:16a2:c741:4d00:f418:f98:425f:83e1 - - [28/Mar/2026:12:38:42 +0000] "GET /wp-content/uploads/2025/02/FRONT-3_4-RIGHT-GRAY-WITH-_-WITHOUT-LIGHTS.webp HTTP/1.1" 200 532227 "https://autozone.com.sa/product/honda-hr-v-lx-2024/" "Mozilla/5.0 (iPhone; CPU iPhone OS 26_3_1 like Mac OS X) AppleWebKit/605.1.15 (KHTML, like Gecko) GSA/409.0.872648028 Mobile/15E148 Safari/604.1"
2001:16a2:c741:4d00:f418:f98:425f:83e1 - - [28/Mar/2026:12:38:42 +0000] "GET /wp-content/uploads/2025/02/REAR-GRAY-1-636.webp HTTP/1.1" 200 674807 "https://autozone.com.sa/product/honda-hr-v-lx-2024/" "Mozilla/5.0 (iPhone; CPU iPhone OS 26_3_1 like Mac OS X) AppleWebKit/605.1.15 (KHTML, like Gecko) GSA/409.0.872648028 Mobile/15E148 Safari/604.1"
2001:16a2:c741:4d00:f418:f98:425f:83e1 - - [28/Mar/2026:12:38:42 +0000] "GET /wp-content/uploads/2025/02/FRONT-RED-1-594.webp HTTP/1.1" 200 789313 "https://autozone.com.sa/product/honda-hr-v-lx-2024/" "Mozilla/5.0 (iPhone; CPU iPhone OS 26_3_1 like Mac OS X) AppleWebKit/605.1.15 (KHTML, like Gecko) GSA/409.0.872648028 Mobile/15E148 Safari/604.1"
2001:16a2:c741:4d00:f418:f98:425f:83e1 - - [28/Mar/2026:12:38:42 +0000] "GET /wp-content/uploads/2025/02/FRONT-3_4-LEFT-RED-WITH-_-WITHOUT-LIGHTS.webp HTTP/1.1" 200 721014 "https://autozone.com.sa/product/honda-hr-v-lx-2024/" "Mozilla/5.0 (iPhone; CPU iPhone OS 26_3_1 like Mac OS X) AppleWebKit/605.1.15 (KHTML, like Gecko) GSA/409.0.872648028 Mobile/15E148 Safari/604.1"
2001:16a2:c741:4d00:f418:f98:425f:83e1 - - [28/Mar/2026:12:38:42 +0000] "GET /wp-content/uploads/2025/02/FRONT-RED-1-594-100x100.webp HTTP/1.1" 200 2735 "https://autozone.com.sa/product/honda-hr-v-lx-2024/" "Mozilla/5.0 (iPhone; CPU iPhone OS 26_3_1 like Mac OS X) AppleWebKit/605.1.15 (KHTML, like Gecko) GSA/409.0.872648028 Mobile/15E148 Safari/604.1"
2001:16a2:c741:4d00:f418:f98:425f:83e1 - - [28/Mar/2026:12:38:42 +0000] "GET /wp-content/uploads/2025/02/REAR-GRAY-1-636-100x100.webp HTTP/1.1" 200 2289 "https://autozone.com.sa/product/honda-hr-v-lx-2024/" "Mozilla/5.0 (iPhone; CPU iPhone OS 26_3_1 like Mac OS X) AppleWebKit/605.1.15 (KHTML, like Gecko) GSA/409.0.872648028 Mobile/15E148 Safari/604.1"
2001:16a2:c741:4d00:f418:f98:425f:83e1 - - [28/Mar/2026:12:38:42 +0000] "GET /wp-content/uploads/2025/02/FRONT-BLUE-1-594.webp HTTP/1.1" 200 748097 "https://autozone.com.sa/product/honda-hr-v-lx-2024/" "Mozilla/5.0 (iPhone; CPU iPhone OS 26_3_1 like Mac OS X) AppleWebKit/605.1.15 (KHTML, like Gecko) GSA/409.0.872648028 Mobile/15E148 Safari/604.1"
2001:16a2:c741:4d00:f418:f98:425f:83e1 - - [28/Mar/2026:12:38:42 +0000] "GET /wp-content/uploads/2025/02/FRONT-3_4-RIGHT-GRAY-WITH-_-WITHOUT-LIGHTS-300x300.webp HTTP/1.1" 200 9050 "https://autozone.com.sa/product/honda-hr-v-lx-2024/" "Mozilla/5.0 (iPhone; CPU iPhone OS 26_3_1 like Mac OS X) AppleWebKit/605.1.15 (KHTML, like Gecko) GSA/409.0.872648028 Mobile/15E148 Safari/604.1"
2001:16a2:c741:4d00:f418:f98:425f:83e1 - - [28/Mar/2026:12:38:42 +0000] "GET /wp-content/uploads/2025/02/FRONT-WHITE-1-594-100x100.webp HTTP/1.1" 200 2364 "https://autozone.com.sa/product/honda-hr-v-lx-2024/" "Mozilla/5.0 (iPhone; CPU iPhone OS 26_3_1 like Mac OS X) AppleWebKit/605.1.15 (KHTML, like Gecko) GSA/409.0.872648028 Mobile/15E148 Safari/604.1"
2001:16a2:c741:4d00:f418:f98:425f:83e1 - - [28/Mar/2026:12:38:42 +0000] "GET /wp-content/uploads/2025/02/FRONT-3_4-LEFT-BLUE-WITH-_-WITHOUT-LIGHTS-300x300.webp HTTP/1.1" 200 11003 "https://autozone.com.sa/product/honda-hr-v-lx-2024/" "Mozilla/5.0 (iPhone; CPU iPhone OS 26_3_1 like Mac OS X) AppleWebKit/605.1.15 (KHTML, like Gecko) GSA/409.0.872648028 Mobile/15E148 Safari/604.1"
2001:16a2:c741:4d00:f418:f98:425f:83e1 - - [28/Mar/2026:12:38:42 +0000] "GET /wp-content/uploads/2025/02/FRONT-BLUE-1-594-600x405.webp HTTP/1.1" 200 16438 "https://autozone.com.sa/product/honda-hr-v-lx-2024/" "Mozilla/5.0 (iPhone; CPU iPhone OS 26_3_1 like Mac OS X) AppleWebKit/605.1.15 (KHTML, like Gecko) GSA/409.0.872648028 Mobile/15E148 Safari/604.1"
2001:16a2:c741:4d00:f418:f98:425f:83e1 - - [28/Mar/2026:12:38:42 +0000] "GET /wp-content/uploads/2025/02/REAR-GRAY-1-636-300x300.webp HTTP/1.1" 200 9124 "https://autozone.com.sa/product/honda-hr-v-lx-2024/" "Mozilla/5.0 (iPhone; CPU iPhone OS 26_3_1 like Mac OS X) AppleWebKit/605.1.15 (KHTML, like Gecko) GSA/409.0.872648028 Mobile/15E148 Safari/604.1"
2001:16a2:c741:4d00:f418:f98:425f:83e1 - - [28/Mar/2026:12:38:42 +0000] "GET /wp-content/uploads/2025/02/FRONT-3_4-LEFT-WHITE-WITH-_-WITHOUT-LIGHTS-100x100.webp HTTP/1.1" 200 2294 "https://autozone.com.sa/product/honda-hr-v-lx-2024/" "Mozilla/5.0 (iPhone; CPU iPhone OS 26_3_1 like Mac OS X) AppleWebKit/605.1.15 (KHTML, like Gecko) GSA/409.0.872648028 Mobile/15E148 Safari/604.1"
2001:16a2:c741:4d00:f418:f98:425f:83e1 - - [28/Mar/2026:12:38:42 +0000] "GET /wp-content/uploads/2025/02/FRONT-WHITE-1-594.webp HTTP/1.1" 200 706481 "https://autozone.com.sa/product/honda-hr-v-lx-2024/" "Mozilla/5.0 (iPhone; CPU iPhone OS 26_3_1 like Mac OS X) AppleWebKit/605.1.15 (KHTML, like Gecko) GSA/409.0.872648028 Mobile/15E148 Safari/604.1"
2001:16a2:c741:4d00:f418:f98:425f:83e1 - - [28/Mar/2026:12:38:42 +0000] "GET /wp-content/uploads/2025/02/FRONT-WHITE-1-594-300x300.webp HTTP/1.1" 200 10015 "https://autozone.com.sa/product/honda-hr-v-lx-2024/" "Mozilla/5.0 (iPhone; CPU iPhone OS 26_3_1 like Mac OS X) AppleWebKit/605.1.15 (KHTML, like Gecko) GSA/409.0.872648028 Mobile/15E148 Safari/604.1"
