­ ­ ­ ­ ­ ­ ­ ­ ­ ­ ­ ­ ­ ­ ­ ­ ­ ­
172.105.42.26 - - [28/May/2026:12:04:20 +0000] "POST /wp-cron.php?doing_wp_cron=1779969860.0284230709075927734375 HTTP/1.1" 200 20 "-" "WordPress/7.0; https://autozone.com.sa/en/"
43.173.182.97 - - [28/May/2026:12:04:15 +0000] "GET /en/wp-json/oembed/1.0/embed?format=xml&url=https%3A%2F%2Fautozone.com.sa%2Fen%2Ffleet%2F HTTP/1.1" 200 1228 "-" "Mozilla/5.0 (Windows NT 10.0; Win64; x64) AppleWebKit/537.36 (KHTML, like Gecko) Chrome/105.0.0.0 Safari/537.3"
172.105.42.26 - - [28/May/2026:12:05:10 +0000] "POST /wp-cron.php?doing_wp_cron=1779969910.0760900974273681640625 HTTP/1.1" 200 20 "-" "WordPress/7.0; https://autozone.com.sa"
198.244.168.241 - - [28/May/2026:12:05:05 +0000] "GET /shopdetail/16627448 HTTP/1.1" 404 16906 "-" "Mozilla/5.0 (compatible; AhrefsBot/7.0; +http://ahrefs.com/robot/)"
2a02:9b0:41b6:29be:fdcf:59e4:c9f4:43ea - - [28/May/2026:12:05:34 +0000] "GET /favicon.ico HTTP/1.1" 302 20 "-" "NetworkingExtension/8624.2.5.10.4 Network/5812.122.1 iOS/26.5"
2a02:9b0:41b6:29be:fdcf:59e4:c9f4:43ea - - [28/May/2026:12:05:34 +0000] "GET /apple-touch-icon-precomposed.png HTTP/1.1" 404 16900 "-" "NetworkingExtension/8624.2.5.10.4 Network/5812.122.1 iOS/26.5"
2a02:9b0:41b6:29be:fdcf:59e4:c9f4:43ea - - [28/May/2026:12:05:34 +0000] "GET /apple-touch-icon.png HTTP/1.1" 404 16886 "-" "NetworkingExtension/8624.2.5.10.4 Network/5812.122.1 iOS/26.5"
2a02:9b0:41b6:29be:fdcf:59e4:c9f4:43ea - - [28/May/2026:12:05:34 +0000] "GET /product/%d9%81%d9%88%d8%b1%d8%af-%d8%aa%d9%88%d8%b1%d8%b3-%d8%aa%d9%8a%d8%aa%d8%a7%d9%86%d9%8a%d9%88%d9%85-2025-%d9%86%d8%b3%d8%ae%d8%a9/ HTTP/1.1" 200 39875 "-" "Mozilla/5.0 (Macintosh; Intel Mac OS X 10_11_1) AppleWebKit/601.2.4 (KHTML, like Gecko) Version/9.0.1 Safari/601.2.4 facebookexternalhit/1.1 Facebot Twitterbot/1.0"
2a02:c207:2326:1096::1 - - [28/May/2026:12:06:22 +0000] "GET /wp-content/uploads/2018/07/accord-side-798x466.jpg HTTP/1.1" 301 20 "-" "Mozilla/5.0 (Macintosh; Intel Mac OS X 10_15_7) AppleWebKit/605.1.15 (KHTML, like Gecko) Version/17.1 Safari/605.1.15"
2a02:c207:2326:1096::1 - - [28/May/2026:12:06:24 +0000] "GET /wp-content/uploads/2018/07/accord-side-798x466.jpg HTTP/1.1" 404 16947 "-" "Mozilla/5.0 (Macintosh; Intel Mac OS X 10_15_7) AppleWebKit/605.1.15 (KHTML, like Gecko) Version/17.1 Safari/605.1.15"
172.105.42.26 - - [28/May/2026:12:06:47 +0000] "POST /wp-cron.php?doing_wp_cron=1779970007.1821069717407226562500 HTTP/1.1" 200 20 "-" "WordPress/7.0; https://autozone.com.sa"
49.13.167.123 - - [28/May/2026:12:06:45 +0000] "HEAD / HTTP/1.1" 200 - "https://autozone.com.sa/" "Mozilla/5.0+(compatible; UptimeRobot/2.0; http://www.uptimerobot.com/)"
172.105.42.26 - - [28/May/2026:12:06:50 +0000] "POST /wp-cron.php?doing_wp_cron=1779970010.0501101016998291015625 HTTP/1.1" 200 20 "-" "WordPress/7.0; https://autozone.com.sa"
66.249.75.99 - - [28/May/2026:12:06:46 +0000] "GET /?id=336&nocache=1775077849&jet_blog_ajax=1 HTTP/1.1" 200 65367 "-" "Mozilla/5.0 (Linux; Android 6.0.1; Nexus 5X Build/MMB29P) AppleWebKit/537.36 (KHTML, like Gecko) Chrome/148.0.7778.96 Mobile Safari/537.36 (compatible; Googlebot/2.1; +http://www.google.com/bot.html)"
2.189.5.142 - - [28/May/2026:12:07:16 +0000] "GET / HTTP/1.1" 200 65328 "-" "Mozilla/5.0 (X11; Linux x86_64; rv:109.0) Gecko/20100101 Firefox/118.0"
34.83.188.108 - - [28/May/2026:12:07:25 +0000] "GET /wp-content/uploads/2019/12/Wingle-Black-300x150.jpg HTTP/1.1" 404 16946 "-" "Mozilla/5.0 (X11; Linux x86_64) AppleWebKit/537.36 (KHTML, like Gecko) Chrome/91.0.4472.114 Safari/537.36"
17.246.15.115 - - [28/May/2026:12:07:28 +0000] "GET /wp-content/plugins/fluentform/assets/css/fluent-forms-elementor-widget.css?ver=6.2.0 HTTP/1.1" 200 914 "https://autozone.com.sa/iphone-15-offer-dec-2023/07-s-offer-16/" "Mozilla/5.0 (Macintosh; Intel Mac OS X 10_15_7) AppleWebKit/605.1.15 (KHTML, like Gecko) Version/17.4 Safari/605.1.15 (Applebot/0.1; +http://www.apple.com/go/applebot)"
17.246.15.189 - - [28/May/2026:12:07:28 +0000] "GET /wp-content/plugins/woocommerce/assets/css/woocommerce-layout-rtl.css?ver=10.8.0 HTTP/1.1" 200 3422 "https://autozone.com.sa/iphone-15-offer-dec-2023/07-s-offer-16/" "Mozilla/5.0 (Macintosh; Intel Mac OS X 10_15_7) AppleWebKit/605.1.15 (KHTML, like Gecko) Version/17.4 Safari/605.1.15 (Applebot/0.1; +http://www.apple.com/go/applebot)"
17.246.23.113 - - [28/May/2026:12:07:28 +0000] "GET /wp-content/plugins/sitepress-multilingual-cms/templates/language-switchers/legacy-list-horizontal/style.min.css?ver=1 HTTP/1.1" 200 315 "https://autozone.com.sa/iphone-15-offer-dec-2023/07-s-offer-16/" "Mozilla/5.0 (Macintosh; Intel Mac OS X 10_15_7) AppleWebKit/605.1.15 (KHTML, like Gecko) Version/17.4 Safari/605.1.15 (Applebot/0.1; +http://www.apple.com/go/applebot)"
17.246.15.115 - - [28/May/2026:12:07:29 +0000] "GET /wp-includes/css/dashicons.min.css?ver=7.0 HTTP/1.1" 200 35721 "https://autozone.com.sa/iphone-15-offer-dec-2023/07-s-offer-16/" "Mozilla/5.0 (Macintosh; Intel Mac OS X 10_15_7) AppleWebKit/605.1.15 (KHTML, like Gecko) Version/17.4 Safari/605.1.15 (Applebot/0.1; +http://www.apple.com/go/applebot)"
17.246.23.113 - - [28/May/2026:12:07:29 +0000] "GET /wp-content/plugins/sitepress-multilingual-cms/templates/language-switchers/menu-item/style.min.css?ver=1 HTTP/1.1" 200 141 "https://autozone.com.sa/iphone-15-offer-dec-2023/07-s-offer-16/" "Mozilla/5.0 (Macintosh; Intel Mac OS X 10_15_7) AppleWebKit/605.1.15 (KHTML, like Gecko) Version/17.4 Safari/605.1.15 (Applebot/0.1; +http://www.apple.com/go/applebot)"
17.246.15.189 - - [28/May/2026:12:07:29 +0000] "GET /wp-content/plugins/jet-engine/assets/css/frontend.css?ver=3.8.7 HTTP/1.1" 200 8567 "https://autozone.com.sa/iphone-15-offer-dec-2023/07-s-offer-16/" "Mozilla/5.0 (Macintosh; Intel Mac OS X 10_15_7) AppleWebKit/605.1.15 (KHTML, like Gecko) Version/17.4 Safari/605.1.15 (Applebot/0.1; +http://www.apple.com/go/applebot)"
17.246.15.115 - - [28/May/2026:12:07:30 +0000] "GET /wp-content/plugins/woo-variation-swatches/assets/css/frontend.min.css?ver=2.2.3 HTTP/1.1" 200 4518 "https://autozone.com.sa/iphone-15-offer-dec-2023/07-s-offer-16/" "Mozilla/5.0 (Macintosh; Intel Mac OS X 10_15_7) AppleWebKit/605.1.15 (KHTML, like Gecko) Version/17.4 Safari/605.1.15 (Applebot/0.1; +http://www.apple.com/go/applebot)"
17.246.15.189 - - [28/May/2026:12:07:30 +0000] "GET /wp-content/plugins/woo-variation-gallery/assets/css/slick.min.css?ver=1.8.1 HTTP/1.1" 200 1108 "https://autozone.com.sa/iphone-15-offer-dec-2023/07-s-offer-16/" "Mozilla/5.0 (Macintosh; Intel Mac OS X 10_15_7) AppleWebKit/605.1.15 (KHTML, like Gecko) Version/17.4 Safari/605.1.15 (Applebot/0.1; +http://www.apple.com/go/applebot)"
17.246.23.113 - - [28/May/2026:12:07:30 +0000] "GET /wp-content/plugins/woocommerce/assets/css/woocommerce-rtl.css?ver=10.8.0 HTTP/1.1" 200 11139 "https://autozone.com.sa/iphone-15-offer-dec-2023/07-s-offer-16/" "Mozilla/5.0 (Macintosh; Intel Mac OS X 10_15_7) AppleWebKit/605.1.15 (KHTML, like Gecko) Version/17.4 Safari/605.1.15 (Applebot/0.1; +http://www.apple.com/go/applebot)"
17.246.15.189 - - [28/May/2026:12:07:31 +0000] "GET /wp-content/plugins/woo-variation-gallery/assets/css/frontend.min.css?ver=1779254503 HTTP/1.1" 200 5657 "https://autozone.com.sa/iphone-15-offer-dec-2023/07-s-offer-16/" "Mozilla/5.0 (Macintosh; Intel Mac OS X 10_15_7) AppleWebKit/605.1.15 (KHTML, like Gecko) Version/17.4 Safari/605.1.15 (Applebot/0.1; +http://www.apple.com/go/applebot)"
17.246.15.115 - - [28/May/2026:12:07:31 +0000] "GET /wp-content/uploads/elementor/css/custom-frontend.min.css?ver=1779946027 HTTP/1.1" 200 7325 "https://autozone.com.sa/iphone-15-offer-dec-2023/07-s-offer-16/" "Mozilla/5.0 (Macintosh; Intel Mac OS X 10_15_7) AppleWebKit/605.1.15 (KHTML, like Gecko) Version/17.4 Safari/605.1.15 (Applebot/0.1; +http://www.apple.com/go/applebot)"
17.246.23.113 - - [28/May/2026:12:07:31 +0000] "GET /wp-content/themes/hello-elementor/assets/css/theme.css?ver=3.4.6 HTTP/1.1" 200 1271 "https://autozone.com.sa/iphone-15-offer-dec-2023/07-s-offer-16/" "Mozilla/5.0 (Macintosh; Intel Mac OS X 10_15_7) AppleWebKit/605.1.15 (KHTML, like Gecko) Version/17.4 Safari/605.1.15 (Applebot/0.1; +http://www.apple.com/go/applebot)"
17.246.15.115 - - [28/May/2026:12:07:32 +0000] "GET /wp-content/plugins/jet-search/assets/lib/chosen/chosen.min.css?ver=1.8.7 HTTP/1.1" 200 2273 "https://autozone.com.sa/iphone-15-offer-dec-2023/07-s-offer-16/" "Mozilla/5.0 (Macintosh; Intel Mac OS X 10_15_7) AppleWebKit/605.1.15 (KHTML, like Gecko) Version/17.4 Safari/605.1.15 (Applebot/0.1; +http://www.apple.com/go/applebot)"
17.246.15.189 - - [28/May/2026:12:07:32 +0000] "GET /wp-content/themes/hello-elementor/assets/css/reset.css?ver=3.4.6 HTTP/1.1" 200 1792 "https://autozone.com.sa/iphone-15-offer-dec-2023/07-s-offer-16/" "Mozilla/5.0 (Macintosh; Intel Mac OS X 10_15_7) AppleWebKit/605.1.15 (KHTML, like Gecko) Version/17.4 Safari/605.1.15 (Applebot/0.1; +http://www.apple.com/go/applebot)"
17.246.23.113 - - [28/May/2026:12:07:33 +0000] "GET /wp-content/uploads/elementor/css/post-6.css?ver=1779946027 HTTP/1.1" 200 669 "https://autozone.com.sa/iphone-15-offer-dec-2023/07-s-offer-16/" "Mozilla/5.0 (Macintosh; Intel Mac OS X 10_15_7) AppleWebKit/605.1.15 (KHTML, like Gecko) Version/17.4 Safari/605.1.15 (Applebot/0.1; +http://www.apple.com/go/applebot)"
17.246.15.115 - - [28/May/2026:12:07:34 +0000] "GET /wp-content/plugins/jet-search/assets/css/jet-search.css?ver=3.5.16.1 HTTP/1.1" 200 10064 "https://autozone.com.sa/iphone-15-offer-dec-2023/07-s-offer-16/" "Mozilla/5.0 (Macintosh; Intel Mac OS X 10_15_7) AppleWebKit/605.1.15 (KHTML, like Gecko) Version/17.4 Safari/605.1.15 (Applebot/0.1; +http://www.apple.com/go/applebot)"
17.246.15.189 - - [28/May/2026:12:07:34 +0000] "GET /wp-content/themes/hello-elementor/assets/css/header-footer.css?ver=3.4.6 HTTP/1.1" 200 1423 "https://autozone.com.sa/iphone-15-offer-dec-2023/07-s-offer-16/" "Mozilla/5.0 (Macintosh; Intel Mac OS X 10_15_7) AppleWebKit/605.1.15 (KHTML, like Gecko) Version/17.4 Safari/605.1.15 (Applebot/0.1; +http://www.apple.com/go/applebot)"
17.246.23.113 - - [28/May/2026:12:07:34 +0000] "GET /wp-content/plugins/jet-popup/assets/css/jet-popup-frontend.css?ver=2.0.21.1 HTTP/1.1" 200 3228 "https://autozone.com.sa/iphone-15-offer-dec-2023/07-s-offer-16/" "Mozilla/5.0 (Macintosh; Intel Mac OS X 10_15_7) AppleWebKit/605.1.15 (KHTML, like Gecko) Version/17.4 Safari/605.1.15 (Applebot/0.1; +http://www.apple.com/go/applebot)"
17.246.15.189 - - [28/May/2026:12:07:35 +0000] "GET /wp-content/plugins/bdthemes-element-pack/assets/css/bdt-uikit.rtl.css?ver=3.21.7 HTTP/1.1" 200 16525 "https://autozone.com.sa/iphone-15-offer-dec-2023/07-s-offer-16/" "Mozilla/5.0 (Macintosh; Intel Mac OS X 10_15_7) AppleWebKit/605.1.15 (KHTML, like Gecko) Version/17.4 Safari/605.1.15 (Applebot/0.1; +http://www.apple.com/go/applebot)"
17.246.15.115 - - [28/May/2026:12:07:35 +0000] "GET /wp-content/plugins/bdthemes-element-pack/assets/css/ep-helper.css?ver=9.3.0 HTTP/1.1" 200 7092 "https://autozone.com.sa/iphone-15-offer-dec-2023/07-s-offer-16/" "Mozilla/5.0 (Macintosh; Intel Mac OS X 10_15_7) AppleWebKit/605.1.15 (KHTML, like Gecko) Version/17.4 Safari/605.1.15 (Applebot/0.1; +http://www.apple.com/go/applebot)"
17.246.23.113 - - [28/May/2026:12:07:35 +0000] "GET /wp-content/plugins/ultimate-post-kit/assets/css/upk-site.rtl.css?ver=4.1.5 HTTP/1.1" 200 5633 "https://autozone.com.sa/iphone-15-offer-dec-2023/07-s-offer-16/" "Mozilla/5.0 (Macintosh; Intel Mac OS X 10_15_7) AppleWebKit/605.1.15 (KHTML, like Gecko) Version/17.4 Safari/605.1.15 (Applebot/0.1; +http://www.apple.com/go/applebot)"
17.246.15.115 - - [28/May/2026:12:07:36 +0000] "GET /wp-content/plugins/woocommerce/assets/css/photoswipe/default-skin/default-skin.min.css?ver=10.8.0 HTTP/1.1" 200 1952 "https://autozone.com.sa/iphone-15-offer-dec-2023/07-s-offer-16/" "Mozilla/5.0 (Macintosh; Intel Mac OS X 10_15_7) AppleWebKit/605.1.15 (KHTML, like Gecko) Version/17.4 Safari/605.1.15 (Applebot/0.1; +http://www.apple.com/go/applebot)"
17.246.23.113 - - [28/May/2026:12:07:36 +0000] "GET /wp-content/plugins/woocommerce/assets/client/blocks/wc-blocks-rtl.css?ver=wc-10.8.0 HTTP/1.1" 200 2620 "https://autozone.com.sa/iphone-15-offer-dec-2023/07-s-offer-16/" "Mozilla/5.0 (Macintosh; Intel Mac OS X 10_15_7) AppleWebKit/605.1.15 (KHTML, like Gecko) Version/17.4 Safari/605.1.15 (Applebot/0.1; +http://www.apple.com/go/applebot)"
17.246.15.189 - - [28/May/2026:12:07:36 +0000] "GET /wp-content/plugins/bdthemes-prime-slider-lite/assets/css/prime-slider-site.rtl.css?ver=4.1.12 HTTP/1.1" 200 2961 "https://autozone.com.sa/iphone-15-offer-dec-2023/07-s-offer-16/" "Mozilla/5.0 (Macintosh; Intel Mac OS X 10_15_7) AppleWebKit/605.1.15 (KHTML, like Gecko) Version/17.4 Safari/605.1.15 (Applebot/0.1; +http://www.apple.com/go/applebot)"
17.246.15.189 - - [28/May/2026:12:07:38 +0000] "GET /wp-content/plugins/woocommerce/assets/css/woocommerce-smallscreen-rtl.css?ver=10.8.0 HTTP/1.1" 200 1407 "https://autozone.com.sa/iphone-15-offer-dec-2023/07-s-offer-16/" "Mozilla/5.0 (Macintosh; Intel Mac OS X 10_15_7) AppleWebKit/605.1.15 (KHTML, like Gecko) Version/17.4 Safari/605.1.15 (Applebot/0.1; +http://www.apple.com/go/applebot)"
17.246.23.113 - - [28/May/2026:12:07:38 +0000] "GET /wp-content/plugins/woocommerce/assets/css/photoswipe/photoswipe.min.css?ver=10.8.0 HTTP/1.1" 200 983 "https://autozone.com.sa/iphone-15-offer-dec-2023/07-s-offer-16/" "Mozilla/5.0 (Macintosh; Intel Mac OS X 10_15_7) AppleWebKit/605.1.15 (KHTML, like Gecko) Version/17.4 Safari/605.1.15 (Applebot/0.1; +http://www.apple.com/go/applebot)"
17.246.15.115 - - [28/May/2026:12:07:38 +0000] "GET /wp-content/plugins/ultimate-post-kit/assets/js/upk-site.min.js?ver=4.1.5 HTTP/1.1" 200 255 "https://autozone.com.sa/iphone-15-offer-dec-2023/07-s-offer-16/" "Mozilla/5.0 (Macintosh; Intel Mac OS X 10_15_7) AppleWebKit/605.1.15 (KHTML, like Gecko) Version/17.4 Safari/605.1.15 (Applebot/0.1; +http://www.apple.com/go/applebot)"
17.246.15.115 - - [28/May/2026:12:07:39 +0000] "GET /wp-content/plugins/bdthemes-element-pack/assets/js/common/helper.min.js?ver=9.3.0 HTTP/1.1" 200 1905 "https://autozone.com.sa/iphone-15-offer-dec-2023/07-s-offer-16/" "Mozilla/5.0 (Macintosh; Intel Mac OS X 10_15_7) AppleWebKit/605.1.15 (KHTML, like Gecko) Version/17.4 Safari/605.1.15 (Applebot/0.1; +http://www.apple.com/go/applebot)"
17.246.23.113 - - [28/May/2026:12:07:39 +0000] "GET /wp-content/plugins/bdthemes-prime-slider-lite/assets/js/prime-slider-site.min.js?ver=4.1.12 HTTP/1.1" 200 982 "https://autozone.com.sa/iphone-15-offer-dec-2023/07-s-offer-16/" "Mozilla/5.0 (Macintosh; Intel Mac OS X 10_15_7) AppleWebKit/605.1.15 (KHTML, like Gecko) Version/17.4 Safari/605.1.15 (Applebot/0.1; +http://www.apple.com/go/applebot)"
17.246.15.115 - - [28/May/2026:12:07:40 +0000] "GET /wp-content/plugins/jet-woo-product-gallery/assets/lib/swiper/swiper.min.js?ver=5.3.6 HTTP/1.1" 200 35491 "https://autozone.com.sa/iphone-15-offer-dec-2023/07-s-offer-16/" "Mozilla/5.0 (Macintosh; Intel Mac OS X 10_15_7) AppleWebKit/605.1.15 (KHTML, like Gecko) Version/17.4 Safari/605.1.15 (Applebot/0.1; +http://www.apple.com/go/applebot)"
17.246.23.113 - - [28/May/2026:12:07:40 +0000] "GET /wp-content/plugins/bdthemes-element-pack/assets/js/bdt-uikit.min.js?ver=3.21.7 HTTP/1.1" 200 49707 "https://autozone.com.sa/iphone-15-offer-dec-2023/07-s-offer-16/" "Mozilla/5.0 (Macintosh; Intel Mac OS X 10_15_7) AppleWebKit/605.1.15 (KHTML, like Gecko) Version/17.4 Safari/605.1.15 (Applebot/0.1; +http://www.apple.com/go/applebot)"
17.246.15.189 - - [28/May/2026:12:07:41 +0000] "GET /wp-content/plugins/woocommerce/assets/js/sourcebuster/sourcebuster.min.js?ver=10.8.0 HTTP/1.1" 200 4807 "https://autozone.com.sa/iphone-15-offer-dec-2023/07-s-offer-16/" "Mozilla/5.0 (Macintosh; Intel Mac OS X 10_15_7) AppleWebKit/605.1.15 (KHTML, like Gecko) Version/17.4 Safari/605.1.15 (Applebot/0.1; +http://www.apple.com/go/applebot)"
17.246.15.115 - - [28/May/2026:12:07:41 +0000] "GET /wp-content/plugins/pixelyoursite/dist/scripts/tld.min.js?ver=2.3.1 HTTP/1.1" 200 40644 "https://autozone.com.sa/iphone-15-offer-dec-2023/07-s-offer-16/" "Mozilla/5.0 (Macintosh; Intel Mac OS X 10_15_7) AppleWebKit/605.1.15 (KHTML, like Gecko) Version/17.4 Safari/605.1.15 (Applebot/0.1; +http://www.apple.com/go/applebot)"
17.246.23.113 - - [28/May/2026:12:07:41 +0000] "GET /wp-content/plugins/pixelyoursite/dist/scripts/public.js?ver=11.2.0.6 HTTP/1.1" 200 25878 "https://autozone.com.sa/iphone-15-offer-dec-2023/07-s-offer-16/" "Mozilla/5.0 (Macintosh; Intel Mac OS X 10_15_7) AppleWebKit/605.1.15 (KHTML, like Gecko) Version/17.4 Safari/605.1.15 (Applebot/0.1; +http://www.apple.com/go/applebot)"
17.246.15.189 - - [28/May/2026:12:07:42 +0000] "GET /wp-content/plugins/woocommerce-multilingual/res/js/cart_widget.min.js?ver=5.5.5 HTTP/1.1" 200 523 "https://autozone.com.sa/iphone-15-offer-dec-2023/07-s-offer-16/" "Mozilla/5.0 (Macintosh; Intel Mac OS X 10_15_7) AppleWebKit/605.1.15 (KHTML, like Gecko) Version/17.4 Safari/605.1.15 (Applebot/0.1; +http://www.apple.com/go/applebot)"
17.246.15.115 - - [28/May/2026:12:07:43 +0000] "GET /wp-content/plugins/pixelyoursite/dist/scripts/js.cookie-2.1.3.min.js?ver=2.1.3 HTTP/1.1" 200 874 "https://autozone.com.sa/iphone-15-offer-dec-2023/07-s-offer-16/" "Mozilla/5.0 (Macintosh; Intel Mac OS X 10_15_7) AppleWebKit/605.1.15 (KHTML, like Gecko) Version/17.4 Safari/605.1.15 (Applebot/0.1; +http://www.apple.com/go/applebot)"
17.246.23.113 - - [28/May/2026:12:07:43 +0000] "GET /wp-content/plugins/pixelyoursite/dist/scripts/jquery.bind-first-0.2.3.min.js?ver=0.2.3 HTTP/1.1" 200 689 "https://autozone.com.sa/iphone-15-offer-dec-2023/07-s-offer-16/" "Mozilla/5.0 (Macintosh; Intel Mac OS X 10_15_7) AppleWebKit/605.1.15 (KHTML, like Gecko) Version/17.4 Safari/605.1.15 (Applebot/0.1; +http://www.apple.com/go/applebot)"
17.246.15.189 - - [28/May/2026:12:07:43 +0000] "GET /wp-content/plugins/jet-popup/assets/js/jet-popup-frontend.js?ver=2.0.21.1 HTTP/1.1" 200 6883 "https://autozone.com.sa/iphone-15-offer-dec-2023/07-s-offer-16/" "Mozilla/5.0 (Macintosh; Intel Mac OS X 10_15_7) AppleWebKit/605.1.15 (KHTML, like Gecko) Version/17.4 Safari/605.1.15 (Applebot/0.1; +http://www.apple.com/go/applebot)"
17.246.15.115 - - [28/May/2026:12:07:44 +0000] "GET /wp-content/themes/hello-elementor/assets/js/hello-frontend.js?ver=3.4.6 HTTP/1.1" 200 549 "https://autozone.com.sa/iphone-15-offer-dec-2023/07-s-offer-16/" "Mozilla/5.0 (Macintosh; Intel Mac OS X 10_15_7) AppleWebKit/605.1.15 (KHTML, like Gecko) Version/17.4 Safari/605.1.15 (Applebot/0.1; +http://www.apple.com/go/applebot)"
17.246.23.113 - - [28/May/2026:12:07:44 +0000] "GET /wp-content/plugins/woocommerce/assets/js/frontend/order-attribution.min.js?ver=10.8.0 HTTP/1.1" 200 1150 "https://autozone.com.sa/iphone-15-offer-dec-2023/07-s-offer-16/" "Mozilla/5.0 (Macintosh; Intel Mac OS X 10_15_7) AppleWebKit/605.1.15 (KHTML, like Gecko) Version/17.4 Safari/605.1.15 (Applebot/0.1; +http://www.apple.com/go/applebot)"
17.246.15.189 - - [28/May/2026:12:07:45 +0000] "GET /wp-content/plugins/woo-variation-swatches/assets/js/frontend.min.js?ver=2.2.3 HTTP/1.1" 200 4963 "https://autozone.com.sa/iphone-15-offer-dec-2023/07-s-offer-16/" "Mozilla/5.0 (Macintosh; Intel Mac OS X 10_15_7) AppleWebKit/605.1.15 (KHTML, like Gecko) Version/17.4 Safari/605.1.15 (Applebot/0.1; +http://www.apple.com/go/applebot)"
17.246.15.115 - - [28/May/2026:12:07:45 +0000] "GET /wp-includes/js/dist/api-fetch.min.js?ver=d7efe4dc1468d36c39b8 HTTP/1.1" 200 2815 "https://autozone.com.sa/iphone-15-offer-dec-2023/07-s-offer-16/" "Mozilla/5.0 (Macintosh; Intel Mac OS X 10_15_7) AppleWebKit/605.1.15 (KHTML, like Gecko) Version/17.4 Safari/605.1.15 (Applebot/0.1; +http://www.apple.com/go/applebot)"
17.246.23.113 - - [28/May/2026:12:07:45 +0000] "GET /wp-content/plugins/jet-elements/assets/js/lib/anime-js/anime.min.js?ver=2.2.0 HTTP/1.1" 200 6057 "https://autozone.com.sa/iphone-15-offer-dec-2023/07-s-offer-16/" "Mozilla/5.0 (Macintosh; Intel Mac OS X 10_15_7) AppleWebKit/605.1.15 (KHTML, like Gecko) Version/17.4 Safari/605.1.15 (Applebot/0.1; +http://www.apple.com/go/applebot)"
17.246.15.189 - - [28/May/2026:12:07:46 +0000] "GET /wp-includes/js/dist/vendor/wp-polyfill.min.js?ver=3.15.0 HTTP/1.1" 200 11897 "https://autozone.com.sa/iphone-15-offer-dec-2023/07-s-offer-16/" "Mozilla/5.0 (Macintosh; Intel Mac OS X 10_15_7) AppleWebKit/605.1.15 (KHTML, like Gecko) Version/17.4 Safari/605.1.15 (Applebot/0.1; +http://www.apple.com/go/applebot)"
17.246.15.115 - - [28/May/2026:12:07:46 +0000] "GET /wp-includes/js/dist/url.min.js?ver=bb0f766c3d2efe497871 HTTP/1.1" 200 3875 "https://autozone.com.sa/iphone-15-offer-dec-2023/07-s-offer-16/" "Mozilla/5.0 (Macintosh; Intel Mac OS X 10_15_7) AppleWebKit/605.1.15 (KHTML, like Gecko) Version/17.4 Safari/605.1.15 (Applebot/0.1; +http://www.apple.com/go/applebot)"
17.246.23.113 - - [28/May/2026:12:07:46 +0000] "GET /wp-content/plugins/jet-search/assets/lib/jet-plugins/jet-plugins.js?ver=1.0.0 HTTP/1.1" 200 2282 "https://autozone.com.sa/iphone-15-offer-dec-2023/07-s-offer-16/" "Mozilla/5.0 (Macintosh; Intel Mac OS X 10_15_7) AppleWebKit/605.1.15 (KHTML, like Gecko) Version/17.4 Safari/605.1.15 (Applebot/0.1; +http://www.apple.com/go/applebot)"
17.246.15.189 - - [28/May/2026:12:07:47 +0000] "GET /wp-includes/js/dist/i18n.min.js?ver=781d11515ad3d91786ec HTTP/1.1" 200 2438 "https://autozone.com.sa/iphone-15-offer-dec-2023/07-s-offer-16/" "Mozilla/5.0 (Macintosh; Intel Mac OS X 10_15_7) AppleWebKit/605.1.15 (KHTML, like Gecko) Version/17.4 Safari/605.1.15 (Applebot/0.1; +http://www.apple.com/go/applebot)"
17.246.15.115 - - [28/May/2026:12:07:48 +0000] "GET /wp-content/plugins/woo-variation-gallery/assets/js/frontend.min.js?ver=1779254503 HTTP/1.1" 200 4751 "https://autozone.com.sa/iphone-15-offer-dec-2023/07-s-offer-16/" "Mozilla/5.0 (Macintosh; Intel Mac OS X 10_15_7) AppleWebKit/605.1.15 (KHTML, like Gecko) Version/17.4 Safari/605.1.15 (Applebot/0.1; +http://www.apple.com/go/applebot)"
17.246.23.113 - - [28/May/2026:12:07:48 +0000] "GET /wp-includes/js/dist/hooks.min.js?ver=7496969728ca0f95732d HTTP/1.1" 200 1799 "https://autozone.com.sa/iphone-15-offer-dec-2023/07-s-offer-16/" "Mozilla/5.0 (Macintosh; Intel Mac OS X 10_15_7) AppleWebKit/605.1.15 (KHTML, like Gecko) Version/17.4 Safari/605.1.15 (Applebot/0.1; +http://www.apple.com/go/applebot)"
17.246.15.189 - - [28/May/2026:12:07:48 +0000] "GET /wp-includes/js/api-request.min.js?ver=7.0 HTTP/1.1" 200 590 "https://autozone.com.sa/iphone-15-offer-dec-2023/07-s-offer-16/" "Mozilla/5.0 (Macintosh; Intel Mac OS X 10_15_7) AppleWebKit/605.1.15 (KHTML, like Gecko) Version/17.4 Safari/605.1.15 (Applebot/0.1; +http://www.apple.com/go/applebot)"
17.246.15.115 - - [28/May/2026:12:07:49 +0000] "GET /wp-includes/js/imagesloaded.min.js?ver=5.0.0 HTTP/1.1" 200 1803 "https://autozone.com.sa/iphone-15-offer-dec-2023/07-s-offer-16/" "Mozilla/5.0 (Macintosh; Intel Mac OS X 10_15_7) AppleWebKit/605.1.15 (KHTML, like Gecko) Version/17.4 Safari/605.1.15 (Applebot/0.1; +http://www.apple.com/go/applebot)"
17.246.15.189 - - [28/May/2026:12:07:50 +0000] "GET /wp-content/plugins/woocommerce/assets/js/frontend/add-to-cart-variation.min.js?ver=10.8.0 HTTP/1.1" 200 3940 "https://autozone.com.sa/iphone-15-offer-dec-2023/07-s-offer-16/" "Mozilla/5.0 (Macintosh; Intel Mac OS X 10_15_7) AppleWebKit/605.1.15 (KHTML, like Gecko) Version/17.4 Safari/605.1.15 (Applebot/0.1; +http://www.apple.com/go/applebot)"
17.246.15.115 - - [28/May/2026:12:07:50 +0000] "GET /wp-content/plugins/woo-variation-gallery/assets/js/slick.min.js?ver=1.8.1 HTTP/1.1" 200 10678 "https://autozone.com.sa/iphone-15-offer-dec-2023/07-s-offer-16/" "Mozilla/5.0 (Macintosh; Intel Mac OS X 10_15_7) AppleWebKit/605.1.15 (KHTML, like Gecko) Version/17.4 Safari/605.1.15 (Applebot/0.1; +http://www.apple.com/go/applebot)"
17.246.15.189 - - [28/May/2026:12:07:51 +0000] "GET /wp-content/plugins/fluentform/assets/js/fluent-forms-elementor-widget.js?ver=6.2.0 HTTP/1.1" 200 426 "https://autozone.com.sa/iphone-15-offer-dec-2023/07-s-offer-16/" "Mozilla/5.0 (Macintosh; Intel Mac OS X 10_15_7) AppleWebKit/605.1.15 (KHTML, like Gecko) Version/17.4 Safari/605.1.15 (Applebot/0.1; +http://www.apple.com/go/applebot)"
17.246.15.115 - - [28/May/2026:12:07:51 +0000] "GET /wp-content/plugins/woocommerce/assets/js/frontend/add-to-cart.min.js?ver=10.8.0 HTTP/1.1" 200 1439 "https://autozone.com.sa/iphone-15-offer-dec-2023/07-s-offer-16/" "Mozilla/5.0 (Macintosh; Intel Mac OS X 10_15_7) AppleWebKit/605.1.15 (KHTML, like Gecko) Version/17.4 Safari/605.1.15 (Applebot/0.1; +http://www.apple.com/go/applebot)"
17.246.23.113 - - [28/May/2026:12:07:52 +0000] "GET /wp-content/plugins/woocommerce/assets/js/frontend/cart-fragments.min.js?ver=10.8.0 HTTP/1.1" 200 1045 "https://autozone.com.sa/iphone-15-offer-dec-2023/07-s-offer-16/" "Mozilla/5.0 (Macintosh; Intel Mac OS X 10_15_7) AppleWebKit/605.1.15 (KHTML, like Gecko) Version/17.4 Safari/605.1.15 (Applebot/0.1; +http://www.apple.com/go/applebot)"
17.246.15.189 - - [28/May/2026:12:07:52 +0000] "GET /wp-includes/js/wp-util.min.js?ver=7.0 HTTP/1.1" 200 754 "https://autozone.com.sa/iphone-15-offer-dec-2023/07-s-offer-16/" "Mozilla/5.0 (Macintosh; Intel Mac OS X 10_15_7) AppleWebKit/605.1.15 (KHTML, like Gecko) Version/17.4 Safari/605.1.15 (Applebot/0.1; +http://www.apple.com/go/applebot)"
17.246.15.115 - - [28/May/2026:12:07:53 +0000] "GET /wp-includes/js/jquery/jquery-migrate.min.js?ver=3.4.1 HTTP/1.1" 200 4872 "https://autozone.com.sa/iphone-15-offer-dec-2023/07-s-offer-16/" "Mozilla/5.0 (Macintosh; Intel Mac OS X 10_15_7) AppleWebKit/605.1.15 (KHTML, like Gecko) Version/17.4 Safari/605.1.15 (Applebot/0.1; +http://www.apple.com/go/applebot)"
17.246.15.189 - - [28/May/2026:12:07:53 +0000] "GET /wp-includes/js/underscore.min.js?ver=1.13.8 HTTP/1.1" 200 7372 "https://autozone.com.sa/iphone-15-offer-dec-2023/07-s-offer-16/" "Mozilla/5.0 (Macintosh; Intel Mac OS X 10_15_7) AppleWebKit/605.1.15 (KHTML, like Gecko) Version/17.4 Safari/605.1.15 (Applebot/0.1; +http://www.apple.com/go/applebot)"
17.246.15.115 - - [28/May/2026:12:07:54 +0000] "GET /wp-content/plugins/sitepress-multilingual-cms/res/js/cookies/language-cookie.js?ver=494000 HTTP/1.1" 200 187 "https://autozone.com.sa/iphone-15-offer-dec-2023/07-s-offer-16/" "Mozilla/5.0 (Macintosh; Intel Mac OS X 10_15_7) AppleWebKit/605.1.15 (KHTML, like Gecko) Version/17.4 Safari/605.1.15 (Applebot/0.1; +http://www.apple.com/go/applebot)"
17.246.15.189 - - [28/May/2026:12:07:55 +0000] "GET /wp-content/plugins/woocommerce/assets/js/frontend/woocommerce.min.js?ver=10.8.0 HTTP/1.1" 200 1586 "https://autozone.com.sa/iphone-15-offer-dec-2023/07-s-offer-16/" "Mozilla/5.0 (Macintosh; Intel Mac OS X 10_15_7) AppleWebKit/605.1.15 (KHTML, like Gecko) Version/17.4 Safari/605.1.15 (Applebot/0.1; +http://www.apple.com/go/applebot)"
17.246.15.189 - - [28/May/2026:12:07:56 +0000] "GET /wp-content/plugins/woocommerce/assets/js/jquery-blockui/jquery.blockUI.min.js?ver=2.7.0-wc.10.8.0 HTTP/1.1" 200 3537 "https://autozone.com.sa/iphone-15-offer-dec-2023/07-s-offer-16/" "Mozilla/5.0 (Macintosh; Intel Mac OS X 10_15_7) AppleWebKit/605.1.15 (KHTML, like Gecko) Version/17.4 Safari/605.1.15 (Applebot/0.1; +http://www.apple.com/go/applebot)"
17.246.15.189 - - [28/May/2026:12:07:57 +0000] "GET /wp-content/plugins/woocommerce/assets/js/js-cookie/js.cookie.min.js?ver=2.1.4-wc.10.8.0 HTTP/1.1" 200 833 "https://autozone.com.sa/iphone-15-offer-dec-2023/07-s-offer-16/" "Mozilla/5.0 (Macintosh; Intel Mac OS X 10_15_7) AppleWebKit/605.1.15 (KHTML, like Gecko) Version/17.4 Safari/605.1.15 (Applebot/0.1; +http://www.apple.com/go/applebot)"
17.246.15.189 - - [28/May/2026:12:07:58 +0000] "GET /wp-includes/js/jquery/jquery.min.js?ver=3.7.1 HTTP/1.1" 200 30368 "https://autozone.com.sa/iphone-15-offer-dec-2023/07-s-offer-16/" "Mozilla/5.0 (Macintosh; Intel Mac OS X 10_15_7) AppleWebKit/605.1.15 (KHTML, like Gecko) Version/17.4 Safari/605.1.15 (Applebot/0.1; +http://www.apple.com/go/applebot)"
17.246.15.115 - - [28/May/2026:12:07:59 +0000] "GET /wp-includes/js/wp-emoji-release.min.js?ver=7.0 HTTP/1.1" 200 5375 "https://autozone.com.sa/iphone-15-offer-dec-2023/07-s-offer-16/" "Mozilla/5.0 (Macintosh; Intel Mac OS X 10_15_7) AppleWebKit/605.1.15 (KHTML, like Gecko) Version/17.4 Safari/605.1.15 (Applebot/0.1; +http://www.apple.com/go/applebot)"
17.246.23.113 - - [28/May/2026:12:07:59 +0000] "POST /?wc-ajax=get_refreshed_fragments HTTP/1.1" 200 858 "https://autozone.com.sa/iphone-15-offer-dec-2023/07-s-offer-16/" "Mozilla/5.0 (Macintosh; Intel Mac OS X 10_15_7) AppleWebKit/605.1.15 (KHTML, like Gecko) Version/17.4 Safari/605.1.15 (Applebot/0.1; +http://www.apple.com/go/applebot)"
17.246.23.113 - - [28/May/2026:12:08:01 +0000] "POST /?wc-ajax=get_refreshed_fragments HTTP/1.1" 200 858 "https://autozone.com.sa/iphone-15-offer-dec-2023/07-s-offer-16/" "Mozilla/5.0 (Macintosh; Intel Mac OS X 10_15_7) AppleWebKit/605.1.15 (KHTML, like Gecko) Version/17.4 Safari/605.1.15 (Applebot/0.1; +http://www.apple.com/go/applebot)"
66.249.75.98 - - [28/May/2026:12:08:55 +0000] "GET /?id=336&nocache=1775091799&jet_blog_ajax=1 HTTP/1.1" 200 65357 "-" "Mozilla/5.0 (Linux; Android 6.0.1; Nexus 5X Build/MMB29P) AppleWebKit/537.36 (KHTML, like Gecko) Chrome/148.0.7778.96 Mobile Safari/537.36 (compatible; Googlebot/2.1; +http://www.google.com/bot.html)"
2a03:2880:18ff:4b:: - - [28/May/2026:12:09:11 +0000] "GET /wp-content/plugins/all-in-one-seo-pack-pro/images/default-user-image.png HTTP/1.1" 404 16940 "-" "facebookexternalhit/1.1 (+http://www.facebook.com/externalhit_uatext.php)"
51.68.236.114 - - [28/May/2026:12:09:52 +0000] "GET /robots.txt HTTP/1.1" 200 104 "-" "Mozilla/5.0 (compatible; MJ12bot/v2.0.5; http://mj12bot.com/)"
51.68.236.114 - - [28/May/2026:12:09:52 +0000] "GET / HTTP/1.1" 200 65306 "-" "Mozilla/5.0 (compatible; MJ12bot/v2.0.5; http://mj12bot.com/)"
5.161.250.15 - - [28/May/2026:12:10:04 +0000] "POST /wp-load.php?d68cac=87947 HTTP/1.1" 200 35929 "-" "BlogVault/1.0 (+https://blogvault.net)"
5.161.201.188 - - [28/May/2026:12:10:16 +0000] "POST /wp-load.php?2b02dc=79826 HTTP/1.1" 200 2088 "https://autozone.com.sa/" "BlogVault/1.0 (+https://blogvault.net)"
185.24.61.77 - - [28/May/2026:12:10:33 +0000] "GET /?shopdetail/82586407 HTTP/1.1" 301 20 "https://autozone.com.sa/" "Mozilla/5.0 (Macintosh; Intel Mac OS X 10_15_7) AppleWebKit/537.36 (KHTML, like Gecko) Chrome/134.0.0.0 Safari/537.36"
167.249.58.101 - - [28/May/2026:12:10:37 +0000] "GET /?shopdetail/82586407 HTTP/1.1" 301 20 "https://autozone.com.sa/" "Mozilla/5.0 (Macintosh; Intel Mac OS X 10_15_7) AppleWebKit/537.36 (KHTML, like Gecko) Chrome/134.0.0.0 Safari/537.36"
172.105.42.26 - - [28/May/2026:12:10:50 +0000] "POST /wp-cron.php?doing_wp_cron=1779970249.6478869915008544921875 HTTP/1.1" 200 20 "-" "WordPress/7.0; https://autozone.com.sa"
177.185.41.2 - - [28/May/2026:12:10:48 +0000] "GET /?shopdetail/85088775 HTTP/1.1" 301 20 "https://autozone.com.sa/" "Mozilla/5.0 (Windows NT 10.0; Win64; x64) AppleWebKit/537.36 (KHTML, like Gecko) Chrome/135.0.0.0 Safari/537.36"
179.42.142.166 - - [28/May/2026:12:10:52 +0000] "GET /?shopdetail/85088775 HTTP/1.1" 301 20 "https://autozone.com.sa/" "Mozilla/5.0 (Windows NT 10.0; Win64; x64) AppleWebKit/537.36 (KHTML, like Gecko) Chrome/135.0.0.0 Safari/537.36"
169.224.16.90 - - [28/May/2026:12:11:01 +0000] "GET /?shopdetail/42764354 HTTP/1.1" 301 20 "https://www.autozone.com.sa/" "Mozilla/5.0 (Windows NT 10.0; Win64; x64) AppleWebKit/537.36 (KHTML, like Gecko) Chrome/134.0.0.0 Safari/537.36"
102.129.81.48 - - [28/May/2026:12:11:05 +0000] "GET /?shopdetail/42764354 HTTP/1.1" 301 20 "https://www.autozone.com.sa/" "Mozilla/5.0 (Windows NT 10.0; Win64; x64) AppleWebKit/537.36 (KHTML, like Gecko) Chrome/134.0.0.0 Safari/537.36"
172.105.42.26 - - [28/May/2026:12:11:56 +0000] "POST /wp-cron.php?doing_wp_cron=1779970316.3319199085235595703125 HTTP/1.1" 200 20 "-" "WordPress/7.0; https://autozone.com.sa"
128.140.41.193 - - [28/May/2026:12:11:52 +0000] "HEAD / HTTP/1.1" 200 - "https://autozone.com.sa/" "Mozilla/5.0+(compatible; UptimeRobot/2.0; http://www.uptimerobot.com/)"
116.179.37.123 - - [28/May/2026:12:12:16 +0000] "GET /wp-content/uploads/2019/12/Sonata-04-min.jpg HTTP/1.1" 301 20 "https://dhomapics.firebaseapp.com/" "Mozilla/5.0 (compatible; Baiduspider-render/2.0; +http://www.baidu.com/search/spider.html)"
172.105.42.26 - - [28/May/2026:12:13:52 +0000] "POST /wp-cron.php?doing_wp_cron=1779970432.7591109275817871093750 HTTP/1.1" 200 20 "-" "WordPress/7.0; https://autozone.com.sa"
2.189.5.142 - - [28/May/2026:12:13:49 +0000] "GET / HTTP/1.1" 200 65332 "-" "Mozilla/5.0 (X11; Linux i686; rv:115.0) Gecko/20100101 Firefox/115.0"
172.105.42.26 - - [28/May/2026:12:14:49 +0000] "POST /wp-cron.php?doing_wp_cron=1779970489.8477120399475097656250 HTTP/1.1" 200 20 "-" "WordPress/7.0; https://autozone.com.sa"
40.77.167.23 - - [28/May/2026:12:14:48 +0000] "GET /wp-sitemap-taxonomies-make-1.xml HTTP/1.1" 200 367 "-" "Mozilla/5.0 AppleWebKit/537.36 (KHTML, like Gecko; compatible; bingbot/2.0; +http://www.bing.com/bingbot.htm) Chrome/116.0.1938.76 Safari/537.36"
2a02:c207:2326:3974::1 - - [28/May/2026:12:15:04 +0000] "GET /wp-content/uploads/2020/02/Resaize-65-min-350x205.jpg HTTP/1.1" 404 16946 "-" "Mozilla/5.0 (Windows NT 10.0; Win64; x64) AppleWebKit/537.36 (KHTML, like Gecko) Chrome/120.0.0.0 Safari/537.36"
172.105.42.26 - - [28/May/2026:12:16:20 +0000] "POST /wp-cron.php?doing_wp_cron=1779970579.8326790332794189453125 HTTP/1.1" 200 20 "-" "WordPress/7.0; https://autozone.com.sa"
198.244.242.96 - - [28/May/2026:12:16:18 +0000] "GET /shopdetail/64792240 HTTP/1.1" 404 16904 "-" "Mozilla/5.0 (compatible; AhrefsBot/7.0; +http://ahrefs.com/robot/)"
66.249.75.109 - - [28/May/2026:12:16:22 +0000] "GET /shop/?nocache=1778683648&jet_blog_ajax=1 HTTP/1.1" 200 34872 "-" "Mozilla/5.0 (Linux; Android 6.0.1; Nexus 5X Build/MMB29P) AppleWebKit/537.36 (KHTML, like Gecko) Chrome/148.0.7778.96 Mobile Safari/537.36 (compatible; Googlebot/2.1; +http://www.google.com/bot.html)"
172.105.42.26 - - [28/May/2026:12:17:01 +0000] "POST /wp-cron.php?doing_wp_cron=1779970621.9156939983367919921875 HTTP/1.1" 200 20 "-" "WordPress/7.0; https://autozone.com.sa"
3.77.67.4 - - [28/May/2026:12:17:00 +0000] "HEAD / HTTP/1.1" 200 - "https://autozone.com.sa/" "Mozilla/5.0+(compatible; UptimeRobot/2.0; http://www.uptimerobot.com/)"
66.249.75.110 - - [28/May/2026:12:17:10 +0000] "GET /wp-content/uploads/al_opt_content/IMAGE/autozone.com.sa/wp-content/uploads/2025/02/Autozone-Isuzu-logo.webp.bv.webp?bv_host=autozone.com.sa HTTP/1.1" 200 3567 "-" "Googlebot-Image/1.0"
34.168.175.129 - - [28/May/2026:12:17:29 +0000] "GET /wp-content/uploads/2020/12/SEDAN-L_Landing-Page-1171X582-min-300x149.jpg HTTP/1.1" 404 16960 "-" "Mozilla/5.0 (X11; Linux x86_64) AppleWebKit/537.36 (KHTML, like Gecko) Chrome/91.0.4472.114 Safari/537.36"
172.105.42.26 - - [28/May/2026:12:18:19 +0000] "POST /wp-cron.php?doing_wp_cron=1779970699.2834498882293701171875 HTTP/1.1" 200 20 "-" "WordPress/7.0; https://autozone.com.sa"
2a02:c207:2326:4275::1 - - [28/May/2026:12:18:17 +0000] "GET /wp-content/uploads/2020/02/Resaize-87-min-350x205.jpg HTTP/1.1" 301 20 "-" "Mozilla/5.0 (Windows NT 10.0; Win64; x64; rv:121.0) Gecko/20100101 Firefox/121.0"
2a02:c207:2326:4275::1 - - [28/May/2026:12:18:19 +0000] "GET /wp-content/uploads/2020/02/Resaize-87-min-350x205.jpg HTTP/1.1" 404 16945 "-" "Mozilla/5.0 (Windows NT 10.0; Win64; x64; rv:121.0) Gecko/20100101 Firefox/121.0"
172.105.42.26 - - [28/May/2026:12:19:01 +0000] "POST /wp-cron.php?doing_wp_cron=1779970741.0234420299530029296875 HTTP/1.1" 200 20 "-" "WordPress/7.0; https://autozone.com.sa"
66.249.75.110 - - [28/May/2026:12:18:59 +0000] "GET /model/jetour-t2-luxury-2-0l-xwd-petrol-a-t-2025/?nocache=1776940793&jet_blog_ajax=1 HTTP/1.1" 200 32865 "-" "Mozilla/5.0 (Linux; Android 6.0.1; Nexus 5X Build/MMB29P) AppleWebKit/537.36 (KHTML, like Gecko) Chrome/148.0.7778.96 Mobile Safari/537.36 (compatible; Googlebot/2.1; +http://www.google.com/bot.html)"
66.249.75.109 - - [28/May/2026:12:19:20 +0000] "GET /wp-content/uploads/al_opt_content/SCRIPT/autozone.com.sa/wp-includes/js/6a1780a75612b793c363005e/6a1780a75612b793c363005e-e40e89bb5b27a17c222921c3b422fb70_api-request.min.js?ver=7.0 HTTP/1.1" 200 590 "-" "Mozilla/5.0 (Linux; Android 6.0.1; Nexus 5X Build/MMB29P) AppleWebKit/537.36 (KHTML, like Gecko) Chrome/148.0.7778.96 Mobile Safari/537.36 (compatible; Googlebot/2.1; +http://www.google.com/bot.html)"
172.105.42.26 - - [28/May/2026:12:20:19 +0000] "POST /wp-cron.php?doing_wp_cron=1779970818.9972460269927978515625 HTTP/1.1" 200 20 "-" "WordPress/7.0; https://autozone.com.sa"
14.168.172.148 - - [28/May/2026:12:20:17 +0000] "GET /?shopdetail/85714487 HTTP/1.1" 301 20 "https://autozone.com.sa/" "Mozilla/5.0 (X11; Linux x86_64) AppleWebKit/537.36 (KHTML, like Gecko) Chrome/114.0.0.0 Safari/537.36"
190.114.33.190 - - [28/May/2026:12:20:21 +0000] "GET /?shopdetail/85714487 HTTP/1.1" 301 20 "https://autozone.com.sa/" "Mozilla/5.0 (X11; Linux x86_64) AppleWebKit/537.36 (KHTML, like Gecko) Chrome/114.0.0.0 Safari/537.36"
14.191.47.186 - - [28/May/2026:12:20:38 +0000] "GET /?shopdetail/36058842 HTTP/1.1" 301 20 "https://autozone.com.sa/" "Mozilla/5.0 (Windows NT 10.0; Win64; x64) AppleWebKit/537.36 (KHTML, like Gecko) Chrome/134.0.0.0 Safari/537.36"
113.180.195.63 - - [28/May/2026:12:20:40 +0000] "GET /?shopdetail/36058842 HTTP/1.1" 301 20 "https://autozone.com.sa/" "Mozilla/5.0 (Windows NT 10.0; Win64; x64) AppleWebKit/537.36 (KHTML, like Gecko) Chrome/134.0.0.0 Safari/537.36"
14.191.196.106 - - [28/May/2026:12:20:40 +0000] "GET /?shopdetail/67554867 HTTP/1.1" 301 20 "https://autozone.com.sa/" "Mozilla/5.0 (Windows NT 10.0; Win64; x64) AppleWebKit/537.36 (KHTML, like Gecko) Chrome/135.0.0.0 Safari/537.36"
172.105.42.26 - - [28/May/2026:12:20:45 +0000] "POST /wp-cron.php?doing_wp_cron=1779970845.4634668827056884765625 HTTP/1.1" 200 20 "-" "WordPress/7.0; https://autozone.com.sa"
216.98.214.210 - - [28/May/2026:12:20:44 +0000] "GET /?shopdetail/67554867 HTTP/1.1" 301 20 "https://autozone.com.sa/" "Mozilla/5.0 (Windows NT 10.0; Win64; x64) AppleWebKit/537.36 (KHTML, like Gecko) Chrome/135.0.0.0 Safari/537.36"
172.105.42.26 - - [28/May/2026:12:20:58 +0000] "POST /wp-cron.php?doing_wp_cron=1779970858.0306260585784912109375 HTTP/1.1" 200 20 "-" "WordPress/7.0; https://autozone.com.sa"
2a02:c207:2326:4087::1 - - [28/May/2026:12:20:56 +0000] "GET /wp-content/uploads/2019/02/05-10.jpg HTTP/1.1" 301 20 "-" "Mozilla/5.0 (Macintosh; Intel Mac OS X 10_15_7) AppleWebKit/605.1.15 (KHTML, like Gecko) Version/17.1 Safari/605.1.15"
2a02:c207:2326:4087::1 - - [28/May/2026:12:20:58 +0000] "GET /wp-content/uploads/2019/02/05-10.jpg HTTP/1.1" 404 16928 "-" "Mozilla/5.0 (Macintosh; Intel Mac OS X 10_15_7) AppleWebKit/605.1.15 (KHTML, like Gecko) Version/17.1 Safari/605.1.15"
14.181.63.156 - - [28/May/2026:12:20:59 +0000] "GET /02-lp-cars-en-07/ HTTP/1.1" 404 16898 "-" "Mozilla/5.0 (Windows NT 10.0; Win64; x64) AppleWebKit/537.36 (KHTML, like Gecko) Chrome/127.0.6533.120 Safari/537.36"
46.36.125.198 - - [28/May/2026:12:21:39 +0000] "GET /outlet/special-offers/?utm_source=GoogleGDN&utm_medium=Paid_Traffic&utm_campaign=AZO_23_JAN_01&utm_id=AZO_01_23 HTTP/1.1" 301 20 "https://www.google.com/" "Mozilla/5.0 (Windows NT 10.0; Win64; x64) AppleWebKit/537.36 (KHTML, like Gecko) Chrome/147.0.0.0 Safari/537.36"
62.149.111.6 - - [28/May/2026:12:21:39 +0000] "GET /outlet/special-offers/?utm_source=GoogleGDN&utm_medium=Paid_Traffic&utm_campaign=AZO_23_JAN_01&utm_id=AZO_01_23 HTTP/1.1" 301 20 "https://www.google.com/" "Mozilla/5.0 (Linux; Android 10; K) AppleWebKit/537.36 (KHTML, like Gecko) Chrome/147.0.0.0 Mobile Safari/537.36"
46.36.125.198 - - [28/May/2026:12:21:41 +0000] "GET /outlet/special-offers/?utm_source=GoogleGDN&utm_medium=Paid_Traffic&utm_campaign=AZO_23_JAN_01&utm_id=AZO_01_23 HTTP/1.1" 404 16983 "https://www.google.com/" "Mozilla/5.0 (Windows NT 10.0; Win64; x64) AppleWebKit/537.36 (KHTML, like Gecko) Chrome/147.0.0.0 Safari/537.36"
46.36.125.198 - - [28/May/2026:12:21:43 +0000] "GET /wp-content/plugins/woocommerce/assets/css/woocommerce-rtl.css?ver=10.8.0 HTTP/1.1" 200 11139 "https://autozone.com.sa/outlet/special-offers/?utm_source=GoogleGDN&utm_medium=Paid_Traffic&utm_campaign=AZO_23_JAN_01&utm_id=AZO_01_23" "Mozilla/5.0 (Windows NT 10.0; Win64; x64) AppleWebKit/537.36 (KHTML, like Gecko) Chrome/147.0.0.0 Safari/537.36"
46.36.125.198 - - [28/May/2026:12:21:43 +0000] "GET /wp-content/plugins/woo-variation-gallery/assets/css/frontend.min.css?ver=1779254503 HTTP/1.1" 200 5657 "https://autozone.com.sa/outlet/special-offers/?utm_source=GoogleGDN&utm_medium=Paid_Traffic&utm_campaign=AZO_23_JAN_01&utm_id=AZO_01_23" "Mozilla/5.0 (Windows NT 10.0; Win64; x64) AppleWebKit/537.36 (KHTML, like Gecko) Chrome/147.0.0.0 Safari/537.36"
46.36.125.198 - - [28/May/2026:12:21:43 +0000] "GET /wp-content/plugins/sitepress-multilingual-cms/templates/language-switchers/legacy-list-horizontal/style.min.css?ver=1 HTTP/1.1" 200 315 "https://autozone.com.sa/outlet/special-offers/?utm_source=GoogleGDN&utm_medium=Paid_Traffic&utm_campaign=AZO_23_JAN_01&utm_id=AZO_01_23" "Mozilla/5.0 (Windows NT 10.0; Win64; x64) AppleWebKit/537.36 (KHTML, like Gecko) Chrome/147.0.0.0 Safari/537.36"
46.36.125.198 - - [28/May/2026:12:21:43 +0000] "GET /wp-content/plugins/jet-engine/assets/css/frontend.css?ver=3.8.7 HTTP/1.1" 200 8567 "https://autozone.com.sa/outlet/special-offers/?utm_source=GoogleGDN&utm_medium=Paid_Traffic&utm_campaign=AZO_23_JAN_01&utm_id=AZO_01_23" "Mozilla/5.0 (Windows NT 10.0; Win64; x64) AppleWebKit/537.36 (KHTML, like Gecko) Chrome/147.0.0.0 Safari/537.36"
46.36.125.198 - - [28/May/2026:12:21:43 +0000] "GET /wp-includes/css/dashicons.min.css?ver=7.0 HTTP/1.1" 200 35721 "https://autozone.com.sa/outlet/special-offers/?utm_source=GoogleGDN&utm_medium=Paid_Traffic&utm_campaign=AZO_23_JAN_01&utm_id=AZO_01_23" "Mozilla/5.0 (Windows NT 10.0; Win64; x64) AppleWebKit/537.36 (KHTML, like Gecko) Chrome/147.0.0.0 Safari/537.36"
46.36.125.198 - - [28/May/2026:12:21:43 +0000] "GET /wp-content/uploads/elementor/css/custom-frontend.min.css?ver=1779946027 HTTP/1.1" 200 7325 "https://autozone.com.sa/outlet/special-offers/?utm_source=GoogleGDN&utm_medium=Paid_Traffic&utm_campaign=AZO_23_JAN_01&utm_id=AZO_01_23" "Mozilla/5.0 (Windows NT 10.0; Win64; x64) AppleWebKit/537.36 (KHTML, like Gecko) Chrome/147.0.0.0 Safari/537.36"
46.36.125.198 - - [28/May/2026:12:21:43 +0000] "GET /wp-content/plugins/woo-variation-swatches/assets/css/frontend.min.css?ver=2.2.3 HTTP/1.1" 200 4518 "https://autozone.com.sa/outlet/special-offers/?utm_source=GoogleGDN&utm_medium=Paid_Traffic&utm_campaign=AZO_23_JAN_01&utm_id=AZO_01_23" "Mozilla/5.0 (Windows NT 10.0; Win64; x64) AppleWebKit/537.36 (KHTML, like Gecko) Chrome/147.0.0.0 Safari/537.36"
46.36.125.198 - - [28/May/2026:12:21:43 +0000] "GET /wp-content/plugins/woocommerce/assets/css/woocommerce-layout-rtl.css?ver=10.8.0 HTTP/1.1" 200 3422 "https://autozone.com.sa/outlet/special-offers/?utm_source=GoogleGDN&utm_medium=Paid_Traffic&utm_campaign=AZO_23_JAN_01&utm_id=AZO_01_23" "Mozilla/5.0 (Windows NT 10.0; Win64; x64) AppleWebKit/537.36 (KHTML, like Gecko) Chrome/147.0.0.0 Safari/537.36"
46.36.125.198 - - [28/May/2026:12:21:43 +0000] "GET /wp-content/plugins/jet-popup/assets/css/jet-popup-frontend.css?ver=2.0.21.1 HTTP/1.1" 200 3228 "https://autozone.com.sa/outlet/special-offers/?utm_source=GoogleGDN&utm_medium=Paid_Traffic&utm_campaign=AZO_23_JAN_01&utm_id=AZO_01_23" "Mozilla/5.0 (Windows NT 10.0; Win64; x64) AppleWebKit/537.36 (KHTML, like Gecko) Chrome/147.0.0.0 Safari/537.36"
46.36.125.198 - - [28/May/2026:12:21:43 +0000] "GET /wp-content/plugins/bdthemes-element-pack/assets/css/bdt-uikit.rtl.css?ver=3.21.7 HTTP/1.1" 200 16525 "https://autozone.com.sa/outlet/special-offers/?utm_source=GoogleGDN&utm_medium=Paid_Traffic&utm_campaign=AZO_23_JAN_01&utm_id=AZO_01_23" "Mozilla/5.0 (Windows NT 10.0; Win64; x64) AppleWebKit/537.36 (KHTML, like Gecko) Chrome/147.0.0.0 Safari/537.36"
46.36.125.198 - - [28/May/2026:12:21:43 +0000] "GET /wp-content/plugins/woocommerce/assets/css/photoswipe/photoswipe.min.css?ver=10.8.0 HTTP/1.1" 200 983 "https://autozone.com.sa/outlet/special-offers/?utm_source=GoogleGDN&utm_medium=Paid_Traffic&utm_campaign=AZO_23_JAN_01&utm_id=AZO_01_23" "Mozilla/5.0 (Windows NT 10.0; Win64; x64) AppleWebKit/537.36 (KHTML, like Gecko) Chrome/147.0.0.0 Safari/537.36"
46.36.125.198 - - [28/May/2026:12:21:43 +0000] "GET /wp-content/themes/hello-elementor/assets/css/header-footer.css?ver=3.4.6 HTTP/1.1" 200 1423 "https://autozone.com.sa/outlet/special-offers/?utm_source=GoogleGDN&utm_medium=Paid_Traffic&utm_campaign=AZO_23_JAN_01&utm_id=AZO_01_23" "Mozilla/5.0 (Windows NT 10.0; Win64; x64) AppleWebKit/537.36 (KHTML, like Gecko) Chrome/147.0.0.0 Safari/537.36"
46.36.125.198 - - [28/May/2026:12:21:43 +0000] "GET /wp-content/plugins/ultimate-post-kit/assets/css/upk-site.rtl.css?ver=4.1.5 HTTP/1.1" 200 5633 "https://autozone.com.sa/outlet/special-offers/?utm_source=GoogleGDN&utm_medium=Paid_Traffic&utm_campaign=AZO_23_JAN_01&utm_id=AZO_01_23" "Mozilla/5.0 (Windows NT 10.0; Win64; x64) AppleWebKit/537.36 (KHTML, like Gecko) Chrome/147.0.0.0 Safari/537.36"
46.36.125.198 - - [28/May/2026:12:21:43 +0000] "GET /wp-content/plugins/woo-variation-gallery/assets/css/slick.min.css?ver=1.8.1 HTTP/1.1" 200 1108 "https://autozone.com.sa/outlet/special-offers/?utm_source=GoogleGDN&utm_medium=Paid_Traffic&utm_campaign=AZO_23_JAN_01&utm_id=AZO_01_23" "Mozilla/5.0 (Windows NT 10.0; Win64; x64) AppleWebKit/537.36 (KHTML, like Gecko) Chrome/147.0.0.0 Safari/537.36"
46.36.125.198 - - [28/May/2026:12:21:43 +0000] "GET /wp-content/plugins/bdthemes-element-pack/assets/css/ep-helper.css?ver=9.3.0 HTTP/1.1" 200 7092 "https://autozone.com.sa/outlet/special-offers/?utm_source=GoogleGDN&utm_medium=Paid_Traffic&utm_campaign=AZO_23_JAN_01&utm_id=AZO_01_23" "Mozilla/5.0 (Windows NT 10.0; Win64; x64) AppleWebKit/537.36 (KHTML, like Gecko) Chrome/147.0.0.0 Safari/537.36"
46.36.125.198 - - [28/May/2026:12:21:43 +0000] "GET /wp-content/plugins/fluentform/assets/css/fluent-forms-elementor-widget.css?ver=6.2.0 HTTP/1.1" 200 914 "https://autozone.com.sa/outlet/special-offers/?utm_source=GoogleGDN&utm_medium=Paid_Traffic&utm_campaign=AZO_23_JAN_01&utm_id=AZO_01_23" "Mozilla/5.0 (Windows NT 10.0; Win64; x64) AppleWebKit/537.36 (KHTML, like Gecko) Chrome/147.0.0.0 Safari/537.36"
46.36.125.198 - - [28/May/2026:12:21:43 +0000] "GET /wp-content/plugins/woocommerce/assets/css/photoswipe/default-skin/default-skin.min.css?ver=10.8.0 HTTP/1.1" 200 1952 "https://autozone.com.sa/outlet/special-offers/?utm_source=GoogleGDN&utm_medium=Paid_Traffic&utm_campaign=AZO_23_JAN_01&utm_id=AZO_01_23" "Mozilla/5.0 (Windows NT 10.0; Win64; x64) AppleWebKit/537.36 (KHTML, like Gecko) Chrome/147.0.0.0 Safari/537.36"
46.36.125.198 - - [28/May/2026:12:21:43 +0000] "GET /wp-content/themes/hello-elementor/assets/css/theme.css?ver=3.4.6 HTTP/1.1" 200 1271 "https://autozone.com.sa/outlet/special-offers/?utm_source=GoogleGDN&utm_medium=Paid_Traffic&utm_campaign=AZO_23_JAN_01&utm_id=AZO_01_23" "Mozilla/5.0 (Windows NT 10.0; Win64; x64) AppleWebKit/537.36 (KHTML, like Gecko) Chrome/147.0.0.0 Safari/537.36"
46.36.125.198 - - [28/May/2026:12:21:43 +0000] "GET /wp-content/plugins/jet-search/assets/lib/chosen/chosen.min.css?ver=1.8.7 HTTP/1.1" 200 2273 "https://autozone.com.sa/outlet/special-offers/?utm_source=GoogleGDN&utm_medium=Paid_Traffic&utm_campaign=AZO_23_JAN_01&utm_id=AZO_01_23" "Mozilla/5.0 (Windows NT 10.0; Win64; x64) AppleWebKit/537.36 (KHTML, like Gecko) Chrome/147.0.0.0 Safari/537.36"
46.36.125.198 - - [28/May/2026:12:21:43 +0000] "GET /wp-content/uploads/elementor/css/post-6.css?ver=1779946027 HTTP/1.1" 200 669 "https://autozone.com.sa/outlet/special-offers/?utm_source=GoogleGDN&utm_medium=Paid_Traffic&utm_campaign=AZO_23_JAN_01&utm_id=AZO_01_23" "Mozilla/5.0 (Windows NT 10.0; Win64; x64) AppleWebKit/537.36 (KHTML, like Gecko) Chrome/147.0.0.0 Safari/537.36"
46.36.125.198 - - [28/May/2026:12:21:43 +0000] "GET /wp-content/plugins/sitepress-multilingual-cms/templates/language-switchers/menu-item/style.min.css?ver=1 HTTP/1.1" 200 141 "https://autozone.com.sa/outlet/special-offers/?utm_source=GoogleGDN&utm_medium=Paid_Traffic&utm_campaign=AZO_23_JAN_01&utm_id=AZO_01_23" "Mozilla/5.0 (Windows NT 10.0; Win64; x64) AppleWebKit/537.36 (KHTML, like Gecko) Chrome/147.0.0.0 Safari/537.36"
46.36.125.198 - - [28/May/2026:12:21:43 +0000] "GET /wp-content/plugins/woocommerce/assets/client/blocks/wc-blocks-rtl.css?ver=wc-10.8.0 HTTP/1.1" 200 2620 "https://autozone.com.sa/outlet/special-offers/?utm_source=GoogleGDN&utm_medium=Paid_Traffic&utm_campaign=AZO_23_JAN_01&utm_id=AZO_01_23" "Mozilla/5.0 (Windows NT 10.0; Win64; x64) AppleWebKit/537.36 (KHTML, like Gecko) Chrome/147.0.0.0 Safari/537.36"
46.36.125.198 - - [28/May/2026:12:21:43 +0000] "GET /wp-content/plugins/bdthemes-prime-slider-lite/assets/css/prime-slider-site.rtl.css?ver=4.1.12 HTTP/1.1" 200 2961 "https://autozone.com.sa/outlet/special-offers/?utm_source=GoogleGDN&utm_medium=Paid_Traffic&utm_campaign=AZO_23_JAN_01&utm_id=AZO_01_23" "Mozilla/5.0 (Windows NT 10.0; Win64; x64) AppleWebKit/537.36 (KHTML, like Gecko) Chrome/147.0.0.0 Safari/537.36"
46.36.125.198 - - [28/May/2026:12:21:44 +0000] "GET /wp-content/plugins/jet-search/assets/css/jet-search.css?ver=3.5.16.1 HTTP/1.1" 200 10064 "https://autozone.com.sa/outlet/special-offers/?utm_source=GoogleGDN&utm_medium=Paid_Traffic&utm_campaign=AZO_23_JAN_01&utm_id=AZO_01_23" "Mozilla/5.0 (Windows NT 10.0; Win64; x64) AppleWebKit/537.36 (KHTML, like Gecko) Chrome/147.0.0.0 Safari/537.36"
