43.231.234.200 - - [28/May/2026:13:33:05 +0000] "GET /en/greatwall-vehicles HTTP/1.1" 404 15753 "-" "Mozilla/5.0 (Windows NT 6.1; Win64; x64) AppleWebKit/537.36 (KHTML, like Gecko) Chrome/106.0.0.0 Safari/537.36"
172.105.42.26 - - [28/May/2026:13:33:06 +0000] "POST /wp-cron.php?doing_wp_cron=1779975186.8642709255218505859375 HTTP/1.1" 200 20 "-" "WordPress/7.0; https://autozone.com.sa/en/"
43.231.234.200 - - [28/May/2026:13:33:05 +0000] "GET /en/haval-vehicles HTTP/1.1" 404 15747 "-" "Mozilla/5.0 (Windows NT 6.1; Win64; x64) AppleWebKit/537.36 (KHTML, like Gecko) Chrome/106.0.0.0 Safari/537.36"
43.231.234.200 - - [28/May/2026:13:33:07 +0000] "GET /en/greatwall-vehicles HTTP/1.1" 404 15750 "-" "Mozilla/5.0 (Windows NT 6.1; Win64; x64) AppleWebKit/537.36 (KHTML, like Gecko) Chrome/106.0.0.0 Safari/537.36"
43.231.234.200 - - [28/May/2026:13:33:07 +0000] "GET /en/haval-vehicles HTTP/1.1" 404 15748 "-" "Mozilla/5.0 (Windows NT 6.1; Win64; x64) AppleWebKit/537.36 (KHTML, like Gecko) Chrome/106.0.0.0 Safari/537.36"
198.244.168.108 - - [28/May/2026:13:33:25 +0000] "GET /shopdetail/66111888 HTTP/1.1" 404 16904 "-" "Mozilla/5.0 (compatible; AhrefsBot/7.0; +http://ahrefs.com/robot/)"
52.167.144.218 - - [28/May/2026:13:33:37 +0000] "GET /wp-content/plugins/elementor/assets/shapes/opacity-fan.svg HTTP/1.1" 200 220 "-" "Mozilla/5.0 AppleWebKit/537.36 (KHTML, like Gecko; compatible; bingbot/2.0; +http://www.bing.com/bingbot.htm) Chrome/116.0.1938.76 Safari/537.36"
157.55.39.16 - - [28/May/2026:13:33:46 +0000] "GET /wp-includes/Requests/src/Exception/?C=M;O=A HTTP/1.1" 200 470 "-" "Mozilla/5.0 AppleWebKit/537.36 (KHTML, like Gecko; compatible; bingbot/2.0; +http://www.bing.com/bingbot.htm) Chrome/116.0.1938.76 Safari/537.36"
172.105.42.26 - - [28/May/2026:13:33:50 +0000] "POST /wp-cron.php?doing_wp_cron=1779975230.5373170375823974609375 HTTP/1.1" 200 20 "-" "WordPress/7.0; https://autozone.com.sa"
63.178.84.147 - - [28/May/2026:13:33:49 +0000] "HEAD / HTTP/1.1" 200 - "https://autozone.com.sa/" "Mozilla/5.0+(compatible; UptimeRobot/2.0; http://www.uptimerobot.com/)"
172.105.42.26 - - [28/May/2026:13:34:54 +0000] "POST /wp-cron.php?doing_wp_cron=1779975294.3164210319519042968750 HTTP/1.1" 200 20 "-" "WordPress/7.0; https://autozone.com.sa"
2a02:c207:2326:2175::1 - - [28/May/2026:13:34:49 +0000] "GET /wp-content/uploads/2019/12/GMC-Yukon-01-min-255x135.jpg HTTP/1.1" 404 16953 "-" "Mozilla/5.0 (Windows NT 10.0; Win64; x64; rv:121.0) Gecko/20100101 Firefox/121.0"
35.252.160.224 - - [28/May/2026:13:35:06 +0000] "GET /wp-content/uploads/2021/04/Cash-Ads_WS-1200x600-07-min-300x150.jpg HTTP/1.1" 404 16956 "-" "Mozilla/5.0 (X11; Linux x86_64) AppleWebKit/537.36 (KHTML, like Gecko) Chrome/91.0.4472.114 Safari/537.36"
95.214.100.94 - - [28/May/2026:13:37:27 +0000] "GET /robots.txt HTTP/1.1" 200 104 "-" "SemrushBot-EO"
172.105.42.26 - - [28/May/2026:13:37:32 +0000] "POST /wp-cron.php?doing_wp_cron=1779975452.2211699485778808593750 HTTP/1.1" 200 20 "-" "WordPress/7.0; https://autozone.com.sa"
95.214.100.94 - - [28/May/2026:13:37:28 +0000] "GET /sitemap.xml HTTP/1.1" 301 20 "-" "SemrushBot-EO"
95.214.100.94 - - [28/May/2026:13:37:32 +0000] "GET /wp-sitemap.xml HTTP/1.1" 200 278 "https://autozone.com.sa/sitemap.xml" "SemrushBot-EO"
95.214.100.94 - - [28/May/2026:13:37:34 +0000] "GET /sitemap-1.xml HTTP/1.1" 404 16890 "-" "SemrushBot-EO"
207.230.117.95 - - [28/May/2026:13:37:37 +0000] "GET /sitemap-2.xml HTTP/1.1" 404 16889 "-" "SemrushBot-EO"
161.123.57.222 - - [28/May/2026:13:37:40 +0000] "GET /sitemap-3.xml HTTP/1.1" 404 16891 "-" "SemrushBot-EO"
18.221.97.12 - - [28/May/2026:13:37:42 +0000] "GET /robots.txt HTTP/1.1" 200 104 "-" "Mozilla/5.0 (Macintosh; Intel Mac OS X 10_15_7) AppleWebKit/537.36 (KHTML, like Gecko) Chrome/131.0.0.0 Safari/537.36; ClaudeBot/1.0; +claudebot@anthropic.com)"
172.105.42.26 - - [28/May/2026:13:37:44 +0000] "POST /wp-cron.php?doing_wp_cron=1779975464.1852600574493408203125 HTTP/1.1" 200 20 "-" "WordPress/7.0; https://autozone.com.sa"
18.221.97.12 - - [28/May/2026:13:37:42 +0000] "GET /shopdetail/35819492 HTTP/1.1" 404 16900 "-" "Mozilla/5.0 (Macintosh; Intel Mac OS X 10_15_7) AppleWebKit/537.36 (KHTML, like Gecko) Chrome/131.0.0.0 Safari/537.36; ClaudeBot/1.0; +claudebot@anthropic.com)"
5.183.37.238 - - [28/May/2026:13:37:42 +0000] "GET /sitemap-4.xml HTTP/1.1" 404 16890 "-" "SemrushBot-EO"
18.221.97.12 - - [28/May/2026:13:37:44 +0000] "GET /wp-content/plugins/fluentform/assets/css/fluent-forms-elementor-widget.css?ver=6.2.0 HTTP/1.1" 200 914 "https://autozone.com.sa/shopdetail/35819492" "Mozilla/5.0 (Macintosh; Intel Mac OS X 10_15_7) AppleWebKit/537.36 (KHTML, like Gecko) Chrome/131.0.0.0 Safari/537.36; ClaudeBot/1.0; +claudebot@anthropic.com)"
18.221.97.12 - - [28/May/2026:13:37:44 +0000] "GET /wp-content/plugins/jet-engine/assets/css/frontend.css?ver=3.8.7 HTTP/1.1" 200 8567 "https://autozone.com.sa/shopdetail/35819492" "Mozilla/5.0 (Macintosh; Intel Mac OS X 10_15_7) AppleWebKit/537.36 (KHTML, like Gecko) Chrome/131.0.0.0 Safari/537.36; ClaudeBot/1.0; +claudebot@anthropic.com)"
18.221.97.12 - - [28/May/2026:13:37:44 +0000] "GET /wp-content/plugins/sitepress-multilingual-cms/templates/language-switchers/legacy-list-horizontal/style.min.css?ver=1 HTTP/1.1" 200 315 "https://autozone.com.sa/shopdetail/35819492" "Mozilla/5.0 (Macintosh; Intel Mac OS X 10_15_7) AppleWebKit/537.36 (KHTML, like Gecko) Chrome/131.0.0.0 Safari/537.36; ClaudeBot/1.0; +claudebot@anthropic.com)"
18.221.97.12 - - [28/May/2026:13:37:44 +0000] "GET /wp-content/themes/hello-elementor/assets/css/reset.css?ver=3.4.6 HTTP/1.1" 200 1792 "https://autozone.com.sa/shopdetail/35819492" "Mozilla/5.0 (Macintosh; Intel Mac OS X 10_15_7) AppleWebKit/537.36 (KHTML, like Gecko) Chrome/131.0.0.0 Safari/537.36; ClaudeBot/1.0; +claudebot@anthropic.com)"
18.221.97.12 - - [28/May/2026:13:37:44 +0000] "GET /wp-content/plugins/sitepress-multilingual-cms/templates/language-switchers/menu-item/style.min.css?ver=1 HTTP/1.1" 200 141 "https://autozone.com.sa/shopdetail/35819492" "Mozilla/5.0 (Macintosh; Intel Mac OS X 10_15_7) AppleWebKit/537.36 (KHTML, like Gecko) Chrome/131.0.0.0 Safari/537.36; ClaudeBot/1.0; +claudebot@anthropic.com)"
18.221.97.12 - - [28/May/2026:13:37:44 +0000] "GET /wp-content/plugins/woo-variation-gallery/assets/css/frontend.min.css?ver=1779254503 HTTP/1.1" 200 5657 "https://autozone.com.sa/shopdetail/35819492" "Mozilla/5.0 (Macintosh; Intel Mac OS X 10_15_7) AppleWebKit/537.36 (KHTML, like Gecko) Chrome/131.0.0.0 Safari/537.36; ClaudeBot/1.0; +claudebot@anthropic.com)"
18.221.97.12 - - [28/May/2026:13:37:44 +0000] "GET /wp-content/plugins/woocommerce/assets/css/woocommerce-layout-rtl.css?ver=10.8.0 HTTP/1.1" 200 3422 "https://autozone.com.sa/shopdetail/35819492" "Mozilla/5.0 (Macintosh; Intel Mac OS X 10_15_7) AppleWebKit/537.36 (KHTML, like Gecko) Chrome/131.0.0.0 Safari/537.36; ClaudeBot/1.0; +claudebot@anthropic.com)"
18.221.97.12 - - [28/May/2026:13:37:44 +0000] "GET /wp-includes/css/dashicons.min.css?ver=7.0 HTTP/1.1" 200 35721 "https://autozone.com.sa/shopdetail/35819492" "Mozilla/5.0 (Macintosh; Intel Mac OS X 10_15_7) AppleWebKit/537.36 (KHTML, like Gecko) Chrome/131.0.0.0 Safari/537.36; ClaudeBot/1.0; +claudebot@anthropic.com)"
18.221.97.12 - - [28/May/2026:13:37:44 +0000] "GET /wp-content/themes/hello-elementor/assets/css/theme.css?ver=3.4.6 HTTP/1.1" 200 1271 "https://autozone.com.sa/shopdetail/35819492" "Mozilla/5.0 (Macintosh; Intel Mac OS X 10_15_7) AppleWebKit/537.36 (KHTML, like Gecko) Chrome/131.0.0.0 Safari/537.36; ClaudeBot/1.0; +claudebot@anthropic.com)"
18.221.97.12 - - [28/May/2026:13:37:44 +0000] "GET /wp-content/plugins/woo-variation-gallery/assets/css/slick.min.css?ver=1.8.1 HTTP/1.1" 200 1108 "https://autozone.com.sa/shopdetail/35819492" "Mozilla/5.0 (Macintosh; Intel Mac OS X 10_15_7) AppleWebKit/537.36 (KHTML, like Gecko) Chrome/131.0.0.0 Safari/537.36; ClaudeBot/1.0; +claudebot@anthropic.com)"
18.221.97.12 - - [28/May/2026:13:37:44 +0000] "GET /wp-content/plugins/woocommerce/assets/css/woocommerce-rtl.css?ver=10.8.0 HTTP/1.1" 200 11139 "https://autozone.com.sa/shopdetail/35819492" "Mozilla/5.0 (Macintosh; Intel Mac OS X 10_15_7) AppleWebKit/537.36 (KHTML, like Gecko) Chrome/131.0.0.0 Safari/537.36; ClaudeBot/1.0; +claudebot@anthropic.com)"
18.221.97.12 - - [28/May/2026:13:37:44 +0000] "GET /wp-content/plugins/woo-variation-swatches/assets/css/frontend.min.css?ver=2.2.3 HTTP/1.1" 200 4518 "https://autozone.com.sa/shopdetail/35819492" "Mozilla/5.0 (Macintosh; Intel Mac OS X 10_15_7) AppleWebKit/537.36 (KHTML, like Gecko) Chrome/131.0.0.0 Safari/537.36; ClaudeBot/1.0; +claudebot@anthropic.com)"
18.221.97.12 - - [28/May/2026:13:37:44 +0000] "GET /wp-content/plugins/woocommerce/assets/client/blocks/wc-blocks-rtl.css?ver=wc-10.8.0 HTTP/1.1" 200 2620 "https://autozone.com.sa/shopdetail/35819492" "Mozilla/5.0 (Macintosh; Intel Mac OS X 10_15_7) AppleWebKit/537.36 (KHTML, like Gecko) Chrome/131.0.0.0 Safari/537.36; ClaudeBot/1.0; +claudebot@anthropic.com)"
18.221.97.12 - - [28/May/2026:13:37:44 +0000] "GET /wp-content/themes/hello-elementor/assets/css/header-footer.css?ver=3.4.6 HTTP/1.1" 200 1423 "https://autozone.com.sa/shopdetail/35819492" "Mozilla/5.0 (Macintosh; Intel Mac OS X 10_15_7) AppleWebKit/537.36 (KHTML, like Gecko) Chrome/131.0.0.0 Safari/537.36; ClaudeBot/1.0; +claudebot@anthropic.com)"
18.221.97.12 - - [28/May/2026:13:37:44 +0000] "GET /wp-content/plugins/woocommerce/assets/css/photoswipe/default-skin/default-skin.min.css?ver=10.8.0 HTTP/1.1" 200 1952 "https://autozone.com.sa/shopdetail/35819492" "Mozilla/5.0 (Macintosh; Intel Mac OS X 10_15_7) AppleWebKit/537.36 (KHTML, like Gecko) Chrome/131.0.0.0 Safari/537.36; ClaudeBot/1.0; +claudebot@anthropic.com)"
18.221.97.12 - - [28/May/2026:13:37:44 +0000] "GET /wp-content/plugins/jet-search/assets/css/jet-search.css?ver=3.5.16.1 HTTP/1.1" 200 10064 "https://autozone.com.sa/shopdetail/35819492" "Mozilla/5.0 (Macintosh; Intel Mac OS X 10_15_7) AppleWebKit/537.36 (KHTML, like Gecko) Chrome/131.0.0.0 Safari/537.36; ClaudeBot/1.0; +claudebot@anthropic.com)"
18.221.97.12 - - [28/May/2026:13:37:44 +0000] "GET /wp-content/plugins/bdthemes-element-pack/assets/css/bdt-uikit.rtl.css?ver=3.21.7 HTTP/1.1" 200 16525 "https://autozone.com.sa/shopdetail/35819492" "Mozilla/5.0 (Macintosh; Intel Mac OS X 10_15_7) AppleWebKit/537.36 (KHTML, like Gecko) Chrome/131.0.0.0 Safari/537.36; ClaudeBot/1.0; +claudebot@anthropic.com)"
18.221.97.12 - - [28/May/2026:13:37:44 +0000] "GET /wp-content/plugins/ultimate-post-kit/assets/css/upk-site.rtl.css?ver=4.1.5 HTTP/1.1" 200 5633 "https://autozone.com.sa/shopdetail/35819492" "Mozilla/5.0 (Macintosh; Intel Mac OS X 10_15_7) AppleWebKit/537.36 (KHTML, like Gecko) Chrome/131.0.0.0 Safari/537.36; ClaudeBot/1.0; +claudebot@anthropic.com)"
18.221.97.12 - - [28/May/2026:13:37:44 +0000] "GET /wp-content/plugins/jet-popup/assets/css/jet-popup-frontend.css?ver=2.0.21.1 HTTP/1.1" 200 3228 "https://autozone.com.sa/shopdetail/35819492" "Mozilla/5.0 (Macintosh; Intel Mac OS X 10_15_7) AppleWebKit/537.36 (KHTML, like Gecko) Chrome/131.0.0.0 Safari/537.36; ClaudeBot/1.0; +claudebot@anthropic.com)"
18.221.97.12 - - [28/May/2026:13:37:44 +0000] "GET /wp-content/plugins/bdthemes-element-pack/assets/css/ep-helper.css?ver=9.3.0 HTTP/1.1" 200 7092 "https://autozone.com.sa/shopdetail/35819492" "Mozilla/5.0 (Macintosh; Intel Mac OS X 10_15_7) AppleWebKit/537.36 (KHTML, like Gecko) Chrome/131.0.0.0 Safari/537.36; ClaudeBot/1.0; +claudebot@anthropic.com)"
18.221.97.12 - - [28/May/2026:13:37:44 +0000] "GET /wp-content/uploads/elementor/css/post-6.css?ver=1779946027 HTTP/1.1" 200 669 "https://autozone.com.sa/shopdetail/35819492" "Mozilla/5.0 (Macintosh; Intel Mac OS X 10_15_7) AppleWebKit/537.36 (KHTML, like Gecko) Chrome/131.0.0.0 Safari/537.36; ClaudeBot/1.0; +claudebot@anthropic.com)"
18.221.97.12 - - [28/May/2026:13:37:44 +0000] "GET /wp-content/plugins/jet-search/assets/lib/chosen/chosen.min.css?ver=1.8.7 HTTP/1.1" 200 2273 "https://autozone.com.sa/shopdetail/35819492" "Mozilla/5.0 (Macintosh; Intel Mac OS X 10_15_7) AppleWebKit/537.36 (KHTML, like Gecko) Chrome/131.0.0.0 Safari/537.36; ClaudeBot/1.0; +claudebot@anthropic.com)"
18.221.97.12 - - [28/May/2026:13:37:44 +0000] "GET /wp-content/plugins/bdthemes-prime-slider-lite/assets/css/prime-slider-site.rtl.css?ver=4.1.12 HTTP/1.1" 200 2961 "https://autozone.com.sa/shopdetail/35819492" "Mozilla/5.0 (Macintosh; Intel Mac OS X 10_15_7) AppleWebKit/537.36 (KHTML, like Gecko) Chrome/131.0.0.0 Safari/537.36; ClaudeBot/1.0; +claudebot@anthropic.com)"
18.221.97.12 - - [28/May/2026:13:37:44 +0000] "GET /wp-content/plugins/woocommerce/assets/css/photoswipe/photoswipe.min.css?ver=10.8.0 HTTP/1.1" 200 983 "https://autozone.com.sa/shopdetail/35819492" "Mozilla/5.0 (Macintosh; Intel Mac OS X 10_15_7) AppleWebKit/537.36 (KHTML, like Gecko) Chrome/131.0.0.0 Safari/537.36; ClaudeBot/1.0; +claudebot@anthropic.com)"
18.221.97.12 - - [28/May/2026:13:37:44 +0000] "GET /wp-content/uploads/elementor/css/custom-frontend.min.css?ver=1779946027 HTTP/1.1" 200 7325 "https://autozone.com.sa/shopdetail/35819492" "Mozilla/5.0 (Macintosh; Intel Mac OS X 10_15_7) AppleWebKit/537.36 (KHTML, like Gecko) Chrome/131.0.0.0 Safari/537.36; ClaudeBot/1.0; +claudebot@anthropic.com)"
18.221.97.12 - - [28/May/2026:13:37:45 +0000] "GET /wp-content/plugins/woocommerce/assets/css/woocommerce-smallscreen-rtl.css?ver=10.8.0 HTTP/1.1" 200 1407 "https://autozone.com.sa/shopdetail/35819492" "Mozilla/5.0 (Macintosh; Intel Mac OS X 10_15_7) AppleWebKit/537.36 (KHTML, like Gecko) Chrome/131.0.0.0 Safari/537.36; ClaudeBot/1.0; +claudebot@anthropic.com)"
18.221.97.12 - - [28/May/2026:13:37:45 +0000] "GET /wp-content/plugins/sitepress-multilingual-cms/res/flags/en.svg HTTP/1.1" 200 568 "https://autozone.com.sa/shopdetail/35819492" "Mozilla/5.0 (Macintosh; Intel Mac OS X 10_15_7) AppleWebKit/537.36 (KHTML, like Gecko) Chrome/131.0.0.0 Safari/537.36; ClaudeBot/1.0; +claudebot@anthropic.com)"
18.221.97.12 - - [28/May/2026:13:37:45 +0000] "GET /wp-content/plugins/sitepress-multilingual-cms/res/flags/ar.svg HTTP/1.1" 200 452 "https://autozone.com.sa/shopdetail/35819492" "Mozilla/5.0 (Macintosh; Intel Mac OS X 10_15_7) AppleWebKit/537.36 (KHTML, like Gecko) Chrome/131.0.0.0 Safari/537.36; ClaudeBot/1.0; +claudebot@anthropic.com)"
18.221.97.12 - - [28/May/2026:13:37:45 +0000] "GET /wp-content/plugins/ultimate-post-kit/assets/js/upk-site.min.js?ver=4.1.5 HTTP/1.1" 200 255 "https://autozone.com.sa/shopdetail/35819492" "Mozilla/5.0 (Macintosh; Intel Mac OS X 10_15_7) AppleWebKit/537.36 (KHTML, like Gecko) Chrome/131.0.0.0 Safari/537.36; ClaudeBot/1.0; +claudebot@anthropic.com)"
18.221.97.12 - - [28/May/2026:13:37:45 +0000] "GET /wp-content/plugins/bdthemes-element-pack/assets/js/bdt-uikit.min.js?ver=3.21.7 HTTP/1.1" 200 49707 "https://autozone.com.sa/shopdetail/35819492" "Mozilla/5.0 (Macintosh; Intel Mac OS X 10_15_7) AppleWebKit/537.36 (KHTML, like Gecko) Chrome/131.0.0.0 Safari/537.36; ClaudeBot/1.0; +claudebot@anthropic.com)"
18.221.97.12 - - [28/May/2026:13:37:45 +0000] "GET /wp-content/plugins/bdthemes-prime-slider-lite/assets/js/prime-slider-site.min.js?ver=4.1.12 HTTP/1.1" 200 982 "https://autozone.com.sa/shopdetail/35819492" "Mozilla/5.0 (Macintosh; Intel Mac OS X 10_15_7) AppleWebKit/537.36 (KHTML, like Gecko) Chrome/131.0.0.0 Safari/537.36; ClaudeBot/1.0; +claudebot@anthropic.com)"
18.221.97.12 - - [28/May/2026:13:37:45 +0000] "GET /wp-content/plugins/jet-woo-product-gallery/assets/lib/swiper/swiper.min.js?ver=5.3.6 HTTP/1.1" 200 35491 "https://autozone.com.sa/shopdetail/35819492" "Mozilla/5.0 (Macintosh; Intel Mac OS X 10_15_7) AppleWebKit/537.36 (KHTML, like Gecko) Chrome/131.0.0.0 Safari/537.36; ClaudeBot/1.0; +claudebot@anthropic.com)"
18.221.97.12 - - [28/May/2026:13:37:45 +0000] "GET /wp-content/plugins/pixelyoursite/dist/scripts/public.js?ver=11.2.0.6 HTTP/1.1" 200 25878 "https://autozone.com.sa/shopdetail/35819492" "Mozilla/5.0 (Macintosh; Intel Mac OS X 10_15_7) AppleWebKit/537.36 (KHTML, like Gecko) Chrome/131.0.0.0 Safari/537.36; ClaudeBot/1.0; +claudebot@anthropic.com)"
18.221.97.12 - - [28/May/2026:13:37:45 +0000] "GET /wp-content/plugins/woo-variation-swatches/assets/js/frontend.min.js?ver=2.2.3 HTTP/1.1" 200 4963 "https://autozone.com.sa/shopdetail/35819492" "Mozilla/5.0 (Macintosh; Intel Mac OS X 10_15_7) AppleWebKit/537.36 (KHTML, like Gecko) Chrome/131.0.0.0 Safari/537.36; ClaudeBot/1.0; +claudebot@anthropic.com)"
18.221.97.12 - - [28/May/2026:13:37:45 +0000] "GET /wp-content/plugins/bdthemes-element-pack/assets/js/common/helper.min.js?ver=9.3.0 HTTP/1.1" 200 1905 "https://autozone.com.sa/shopdetail/35819492" "Mozilla/5.0 (Macintosh; Intel Mac OS X 10_15_7) AppleWebKit/537.36 (KHTML, like Gecko) Chrome/131.0.0.0 Safari/537.36; ClaudeBot/1.0; +claudebot@anthropic.com)"
18.221.97.12 - - [28/May/2026:13:37:45 +0000] "GET /wp-content/plugins/pixelyoursite/dist/scripts/tld.min.js?ver=2.3.1 HTTP/1.1" 200 40644 "https://autozone.com.sa/shopdetail/35819492" "Mozilla/5.0 (Macintosh; Intel Mac OS X 10_15_7) AppleWebKit/537.36 (KHTML, like Gecko) Chrome/131.0.0.0 Safari/537.36; ClaudeBot/1.0; +claudebot@anthropic.com)"
18.221.97.12 - - [28/May/2026:13:37:45 +0000] "GET /wp-content/plugins/woocommerce/assets/js/sourcebuster/sourcebuster.min.js?ver=10.8.0 HTTP/1.1" 200 4807 "https://autozone.com.sa/shopdetail/35819492" "Mozilla/5.0 (Macintosh; Intel Mac OS X 10_15_7) AppleWebKit/537.36 (KHTML, like Gecko) Chrome/131.0.0.0 Safari/537.36; ClaudeBot/1.0; +claudebot@anthropic.com)"
18.221.97.12 - - [28/May/2026:13:37:45 +0000] "GET /wp-content/plugins/jet-elements/assets/js/lib/anime-js/anime.min.js?ver=2.2.0 HTTP/1.1" 200 6057 "https://autozone.com.sa/shopdetail/35819492" "Mozilla/5.0 (Macintosh; Intel Mac OS X 10_15_7) AppleWebKit/537.36 (KHTML, like Gecko) Chrome/131.0.0.0 Safari/537.36; ClaudeBot/1.0; +claudebot@anthropic.com)"
18.221.97.12 - - [28/May/2026:13:37:45 +0000] "GET /wp-includes/js/imagesloaded.min.js?ver=5.0.0 HTTP/1.1" 200 1803 "https://autozone.com.sa/shopdetail/35819492" "Mozilla/5.0 (Macintosh; Intel Mac OS X 10_15_7) AppleWebKit/537.36 (KHTML, like Gecko) Chrome/131.0.0.0 Safari/537.36; ClaudeBot/1.0; +claudebot@anthropic.com)"
18.221.97.12 - - [28/May/2026:13:37:45 +0000] "GET /wp-content/plugins/woocommerce-multilingual/res/js/cart_widget.min.js?ver=5.5.5 HTTP/1.1" 200 523 "https://autozone.com.sa/shopdetail/35819492" "Mozilla/5.0 (Macintosh; Intel Mac OS X 10_15_7) AppleWebKit/537.36 (KHTML, like Gecko) Chrome/131.0.0.0 Safari/537.36; ClaudeBot/1.0; +claudebot@anthropic.com)"
18.221.97.12 - - [28/May/2026:13:37:45 +0000] "GET /wp-content/themes/hello-elementor/assets/js/hello-frontend.js?ver=3.4.6 HTTP/1.1" 200 549 "https://autozone.com.sa/shopdetail/35819492" "Mozilla/5.0 (Macintosh; Intel Mac OS X 10_15_7) AppleWebKit/537.36 (KHTML, like Gecko) Chrome/131.0.0.0 Safari/537.36; ClaudeBot/1.0; +claudebot@anthropic.com)"
18.221.97.12 - - [28/May/2026:13:37:45 +0000] "GET /wp-content/plugins/woocommerce/assets/js/frontend/add-to-cart-variation.min.js?ver=10.8.0 HTTP/1.1" 200 3940 "https://autozone.com.sa/shopdetail/35819492" "Mozilla/5.0 (Macintosh; Intel Mac OS X 10_15_7) AppleWebKit/537.36 (KHTML, like Gecko) Chrome/131.0.0.0 Safari/537.36; ClaudeBot/1.0; +claudebot@anthropic.com)"
18.221.97.12 - - [28/May/2026:13:37:45 +0000] "GET /wp-content/plugins/woocommerce/assets/js/frontend/order-attribution.min.js?ver=10.8.0 HTTP/1.1" 200 1150 "https://autozone.com.sa/shopdetail/35819492" "Mozilla/5.0 (Macintosh; Intel Mac OS X 10_15_7) AppleWebKit/537.36 (KHTML, like Gecko) Chrome/131.0.0.0 Safari/537.36; ClaudeBot/1.0; +claudebot@anthropic.com)"
18.221.97.12 - - [28/May/2026:13:37:45 +0000] "GET /wp-content/plugins/pixelyoursite/dist/scripts/js.cookie-2.1.3.min.js?ver=2.1.3 HTTP/1.1" 200 874 "https://autozone.com.sa/shopdetail/35819492" "Mozilla/5.0 (Macintosh; Intel Mac OS X 10_15_7) AppleWebKit/537.36 (KHTML, like Gecko) Chrome/131.0.0.0 Safari/537.36; ClaudeBot/1.0; +claudebot@anthropic.com)"
18.221.97.12 - - [28/May/2026:13:37:45 +0000] "GET /wp-includes/js/dist/i18n.min.js?ver=781d11515ad3d91786ec HTTP/1.1" 200 2438 "https://autozone.com.sa/shopdetail/35819492" "Mozilla/5.0 (Macintosh; Intel Mac OS X 10_15_7) AppleWebKit/537.36 (KHTML, like Gecko) Chrome/131.0.0.0 Safari/537.36; ClaudeBot/1.0; +claudebot@anthropic.com)"
18.221.97.12 - - [28/May/2026:13:37:45 +0000] "GET /wp-content/plugins/jet-search/assets/lib/jet-plugins/jet-plugins.js?ver=1.0.0 HTTP/1.1" 200 2282 "https://autozone.com.sa/shopdetail/35819492" "Mozilla/5.0 (Macintosh; Intel Mac OS X 10_15_7) AppleWebKit/537.36 (KHTML, like Gecko) Chrome/131.0.0.0 Safari/537.36; ClaudeBot/1.0; +claudebot@anthropic.com)"
18.221.97.12 - - [28/May/2026:13:37:45 +0000] "GET /wp-includes/js/dist/api-fetch.min.js?ver=d7efe4dc1468d36c39b8 HTTP/1.1" 200 2815 "https://autozone.com.sa/shopdetail/35819492" "Mozilla/5.0 (Macintosh; Intel Mac OS X 10_15_7) AppleWebKit/537.36 (KHTML, like Gecko) Chrome/131.0.0.0 Safari/537.36; ClaudeBot/1.0; +claudebot@anthropic.com)"
18.221.97.12 - - [28/May/2026:13:37:45 +0000] "GET /wp-content/plugins/jet-popup/assets/js/jet-popup-frontend.js?ver=2.0.21.1 HTTP/1.1" 200 6883 "https://autozone.com.sa/shopdetail/35819492" "Mozilla/5.0 (Macintosh; Intel Mac OS X 10_15_7) AppleWebKit/537.36 (KHTML, like Gecko) Chrome/131.0.0.0 Safari/537.36; ClaudeBot/1.0; +claudebot@anthropic.com)"
18.221.97.12 - - [28/May/2026:13:37:45 +0000] "GET /wp-content/plugins/woocommerce/assets/js/jquery-blockui/jquery.blockUI.min.js?ver=2.7.0-wc.10.8.0 HTTP/1.1" 200 3537 "https://autozone.com.sa/shopdetail/35819492" "Mozilla/5.0 (Macintosh; Intel Mac OS X 10_15_7) AppleWebKit/537.36 (KHTML, like Gecko) Chrome/131.0.0.0 Safari/537.36; ClaudeBot/1.0; +claudebot@anthropic.com)"
18.221.97.12 - - [28/May/2026:13:37:45 +0000] "GET /wp-includes/js/dist/vendor/wp-polyfill.min.js?ver=3.15.0 HTTP/1.1" 200 11897 "https://autozone.com.sa/shopdetail/35819492" "Mozilla/5.0 (Macintosh; Intel Mac OS X 10_15_7) AppleWebKit/537.36 (KHTML, like Gecko) Chrome/131.0.0.0 Safari/537.36; ClaudeBot/1.0; +claudebot@anthropic.com)"
18.221.97.12 - - [28/May/2026:13:37:45 +0000] "GET /wp-content/plugins/pixelyoursite/dist/scripts/jquery.bind-first-0.2.3.min.js?ver=0.2.3 HTTP/1.1" 200 689 "https://autozone.com.sa/shopdetail/35819492" "Mozilla/5.0 (Macintosh; Intel Mac OS X 10_15_7) AppleWebKit/537.36 (KHTML, like Gecko) Chrome/131.0.0.0 Safari/537.36; ClaudeBot/1.0; +claudebot@anthropic.com)"
18.221.97.12 - - [28/May/2026:13:37:45 +0000] "GET /wp-includes/js/api-request.min.js?ver=7.0 HTTP/1.1" 200 590 "https://autozone.com.sa/shopdetail/35819492" "Mozilla/5.0 (Macintosh; Intel Mac OS X 10_15_7) AppleWebKit/537.36 (KHTML, like Gecko) Chrome/131.0.0.0 Safari/537.36; ClaudeBot/1.0; +claudebot@anthropic.com)"
18.221.97.12 - - [28/May/2026:13:37:45 +0000] "GET /wp-includes/js/dist/url.min.js?ver=bb0f766c3d2efe497871 HTTP/1.1" 200 3875 "https://autozone.com.sa/shopdetail/35819492" "Mozilla/5.0 (Macintosh; Intel Mac OS X 10_15_7) AppleWebKit/537.36 (KHTML, like Gecko) Chrome/131.0.0.0 Safari/537.36; ClaudeBot/1.0; +claudebot@anthropic.com)"
18.221.97.12 - - [28/May/2026:13:37:45 +0000] "GET /wp-content/plugins/woo-variation-gallery/assets/js/slick.min.js?ver=1.8.1 HTTP/1.1" 200 10678 "https://autozone.com.sa/shopdetail/35819492" "Mozilla/5.0 (Macintosh; Intel Mac OS X 10_15_7) AppleWebKit/537.36 (KHTML, like Gecko) Chrome/131.0.0.0 Safari/537.36; ClaudeBot/1.0; +claudebot@anthropic.com)"
58.97.243.222 - - [28/May/2026:13:37:45 +0000] "GET /sitemap-5.xml HTTP/1.1" 404 16889 "-" "SemrushBot-EO"
18.221.97.12 - - [28/May/2026:13:37:45 +0000] "GET /wp-includes/js/wp-util.min.js?ver=7.0 HTTP/1.1" 404 16921 "https://autozone.com.sa/shopdetail/35819492" "Mozilla/5.0 (Macintosh; Intel Mac OS X 10_15_7) AppleWebKit/537.36 (KHTML, like Gecko) Chrome/131.0.0.0 Safari/537.36; ClaudeBot/1.0; +claudebot@anthropic.com)"
18.221.97.12 - - [28/May/2026:13:37:45 +0000] "GET /wp-content/plugins/sitepress-multilingual-cms/res/js/cookies/language-cookie.js?ver=494000 HTTP/1.1" 404 16959 "https://autozone.com.sa/shopdetail/35819492" "Mozilla/5.0 (Macintosh; Intel Mac OS X 10_15_7) AppleWebKit/537.36 (KHTML, like Gecko) Chrome/131.0.0.0 Safari/537.36; ClaudeBot/1.0; +claudebot@anthropic.com)"
18.221.97.12 - - [28/May/2026:13:37:45 +0000] "GET /wp-content/plugins/woocommerce/assets/js/frontend/woocommerce.min.js?ver=10.8.0 HTTP/1.1" 404 16946 "https://autozone.com.sa/shopdetail/35819492" "Mozilla/5.0 (Macintosh; Intel Mac OS X 10_15_7) AppleWebKit/537.36 (KHTML, like Gecko) Chrome/131.0.0.0 Safari/537.36; ClaudeBot/1.0; +claudebot@anthropic.com)"
18.221.97.12 - - [28/May/2026:13:37:46 +0000] "GET /wp-content/plugins/woocommerce/assets/js/frontend/cart-fragments.min.js?ver=10.8.0 HTTP/1.1" 404 16954 "https://autozone.com.sa/shopdetail/35819492" "Mozilla/5.0 (Macintosh; Intel Mac OS X 10_15_7) AppleWebKit/537.36 (KHTML, like Gecko) Chrome/131.0.0.0 Safari/537.36; ClaudeBot/1.0; +claudebot@anthropic.com)"
216.194.87.27 - - [28/May/2026:13:37:48 +0000] "GET /sitemap.xml HTTP/1.1" 301 20 "-" "SemrushBot-EO"
18.221.97.12 - - [28/May/2026:13:37:45 +0000] "GET /wp-content/plugins/woo-variation-gallery/assets/js/frontend.min.js?ver=1779254503 HTTP/1.1" 404 16943 "https://autozone.com.sa/shopdetail/35819492" "Mozilla/5.0 (Macintosh; Intel Mac OS X 10_15_7) AppleWebKit/537.36 (KHTML, like Gecko) Chrome/131.0.0.0 Safari/537.36; ClaudeBot/1.0; +claudebot@anthropic.com)"
18.221.97.12 - - [28/May/2026:13:37:45 +0000] "GET /wp-includes/js/dist/hooks.min.js?ver=7496969728ca0f95732d HTTP/1.1" 404 16929 "https://autozone.com.sa/shopdetail/35819492" "Mozilla/5.0 (Macintosh; Intel Mac OS X 10_15_7) AppleWebKit/537.36 (KHTML, like Gecko) Chrome/131.0.0.0 Safari/537.36; ClaudeBot/1.0; +claudebot@anthropic.com)"
172.105.42.26 - - [28/May/2026:13:37:51 +0000] "POST /wp-cron.php?doing_wp_cron=1779975471.3094840049743652343750 HTTP/1.1" 200 20 "-" "WordPress/7.0; https://autozone.com.sa"
18.221.97.12 - - [28/May/2026:13:37:45 +0000] "GET /wp-content/plugins/woocommerce/assets/js/js-cookie/js.cookie.min.js?ver=2.1.4-wc.10.8.0 HTTP/1.1" 404 16961 "https://autozone.com.sa/shopdetail/35819492" "Mozilla/5.0 (Macintosh; Intel Mac OS X 10_15_7) AppleWebKit/537.36 (KHTML, like Gecko) Chrome/131.0.0.0 Safari/537.36; ClaudeBot/1.0; +claudebot@anthropic.com)"
216.194.87.27 - - [28/May/2026:13:37:50 +0000] "GET /wp-sitemap.xml HTTP/1.1" 200 278 "https://autozone.com.sa/sitemap.xml" "SemrushBot-EO"
18.221.97.12 - - [28/May/2026:13:37:45 +0000] "GET /wp-includes/js/underscore.min.js?ver=1.13.8 HTTP/1.1" 404 16916 "https://autozone.com.sa/shopdetail/35819492" "Mozilla/5.0 (Macintosh; Intel Mac OS X 10_15_7) AppleWebKit/537.36 (KHTML, like Gecko) Chrome/131.0.0.0 Safari/537.36; ClaudeBot/1.0; +claudebot@anthropic.com)"
18.221.97.12 - - [28/May/2026:13:37:45 +0000] "GET /wp-includes/js/jquery/jquery-migrate.min.js?ver=3.4.1 HTTP/1.1" 404 16933 "https://autozone.com.sa/shopdetail/35819492" "Mozilla/5.0 (Macintosh; Intel Mac OS X 10_15_7) AppleWebKit/537.36 (KHTML, like Gecko) Chrome/131.0.0.0 Safari/537.36; ClaudeBot/1.0; +claudebot@anthropic.com)"
172.105.42.26 - - [28/May/2026:13:37:52 +0000] "POST /wp-cron.php?doing_wp_cron=1779975472.8782138824462890625000 HTTP/1.1" 200 20 "-" "WordPress/7.0; https://autozone.com.sa"
18.221.97.12 - - [28/May/2026:13:37:45 +0000] "GET /wp-content/plugins/woocommerce/assets/js/frontend/add-to-cart.min.js?ver=10.8.0 HTTP/1.1" 404 16946 "https://autozone.com.sa/shopdetail/35819492" "Mozilla/5.0 (Macintosh; Intel Mac OS X 10_15_7) AppleWebKit/537.36 (KHTML, like Gecko) Chrome/131.0.0.0 Safari/537.36; ClaudeBot/1.0; +claudebot@anthropic.com)"
18.221.97.12 - - [28/May/2026:13:37:45 +0000] "GET /wp-includes/js/jquery/jquery.min.js?ver=3.7.1 HTTP/1.1" 404 16924 "https://autozone.com.sa/shopdetail/35819492" "Mozilla/5.0 (Macintosh; Intel Mac OS X 10_15_7) AppleWebKit/537.36 (KHTML, like Gecko) Chrome/131.0.0.0 Safari/537.36; ClaudeBot/1.0; +claudebot@anthropic.com)"
18.221.97.12 - - [28/May/2026:13:37:45 +0000] "GET /wp-content/plugins/fluentform/assets/js/fluent-forms-elementor-widget.js?ver=6.2.0 HTTP/1.1" 404 16932 "https://autozone.com.sa/shopdetail/35819492" "Mozilla/5.0 (Macintosh; Intel Mac OS X 10_15_7) AppleWebKit/537.36 (KHTML, like Gecko) Chrome/131.0.0.0 Safari/537.36; ClaudeBot/1.0; +claudebot@anthropic.com)"
89.184.219.74 - - [28/May/2026:13:37:53 +0000] "GET /wp-sitemap-posts-page-1.xml HTTP/1.1" 200 474 "-" "SemrushBot-EO"
206.232.88.229 - - [28/May/2026:13:37:55 +0000] "GET /wp-sitemap-posts-jet-popup-1.xml HTTP/1.1" 200 327 "-" "SemrushBot-EO"
77.83.223.21 - - [28/May/2026:13:37:57 +0000] "GET /wp-sitemap-posts-product-1.xml HTTP/1.1" 200 2042 "-" "SemrushBot-EO"
95.214.102.11 - - [28/May/2026:13:37:59 +0000] "GET /wp-sitemap-posts-offers-1.xml HTTP/1.1" 200 433 "-" "SemrushBot-EO"
89.184.219.74 - - [28/May/2026:13:38:01 +0000] "GET /wp-sitemap-taxonomies-product_cat-1.xml HTTP/1.1" 200 200 "-" "SemrushBot-EO"
88.214.1.249 - - [28/May/2026:13:38:03 +0000] "GET /wp-sitemap-taxonomies-engine-capacity-1.xml HTTP/1.1" 200 244 "-" "SemrushBot-EO"
95.214.102.88 - - [28/May/2026:13:38:05 +0000] "GET /wp-sitemap-taxonomies-condition-1.xml HTTP/1.1" 200 234 "-" "SemrushBot-EO"
45.89.118.247 - - [28/May/2026:13:38:07 +0000] "GET /wp-sitemap-taxonomies-car-type-1.xml HTTP/1.1" 200 306 "-" "SemrushBot-EO"
89.19.42.216 - - [28/May/2026:13:38:10 +0000] "GET /wp-sitemap-taxonomies-model-1.xml HTTP/1.1" 200 1403 "-" "SemrushBot-EO"
152.39.169.152 - - [28/May/2026:13:38:13 +0000] "GET /wp-sitemap-taxonomies-make-1.xml HTTP/1.1" 200 367 "-" "SemrushBot-EO"
93.180.209.42 - - [28/May/2026:13:38:16 +0000] "GET /wp-sitemap-posts-page-1.xml HTTP/1.1" 200 474 "-" "SemrushBot-EO"
154.36.74.49 - - [28/May/2026:13:38:18 +0000] "GET /wp-sitemap-posts-jet-popup-1.xml HTTP/1.1" 200 327 "-" "SemrushBot-EO"
185.201.129.149 - - [28/May/2026:13:38:20 +0000] "GET /wp-sitemap-posts-product-1.xml HTTP/1.1" 200 2042 "-" "SemrushBot-EO"
94.139.237.10 - - [28/May/2026:13:38:23 +0000] "GET /wp-sitemap-posts-offers-1.xml HTTP/1.1" 200 433 "-" "SemrushBot-EO"
93.180.209.42 - - [28/May/2026:13:38:24 +0000] "GET /wp-sitemap-taxonomies-product_cat-1.xml HTTP/1.1" 200 200 "-" "SemrushBot-EO"
185.201.129.149 - - [28/May/2026:13:38:26 +0000] "GET /wp-sitemap-taxonomies-engine-capacity-1.xml HTTP/1.1" 200 244 "-" "SemrushBot-EO"
188.215.76.117 - - [28/May/2026:13:38:28 +0000] "GET /wp-sitemap-taxonomies-condition-1.xml HTTP/1.1" 200 234 "-" "SemrushBot-EO"
185.201.128.166 - - [28/May/2026:13:38:31 +0000] "GET /wp-sitemap-taxonomies-car-type-1.xml HTTP/1.1" 200 306 "-" "SemrushBot-EO"
212.107.3.45 - - [28/May/2026:13:38:34 +0000] "GET /wp-sitemap-taxonomies-model-1.xml HTTP/1.1" 200 1403 "-" "SemrushBot-EO"
161.123.56.46 - - [28/May/2026:13:38:36 +0000] "GET /wp-sitemap-taxonomies-make-1.xml HTTP/1.1" 200 367 "-" "SemrushBot-EO"
172.105.42.26 - - [28/May/2026:13:38:57 +0000] "POST /wp-cron.php?doing_wp_cron=1779975537.5824720859527587890625 HTTP/1.1" 200 20 "-" "WordPress/7.0; https://autozone.com.sa"
18.193.252.127 - - [28/May/2026:13:38:56 +0000] "HEAD / HTTP/1.1" 200 - "https://autozone.com.sa/" "Mozilla/5.0+(compatible; UptimeRobot/2.0; http://www.uptimerobot.com/)"
8.229.74.21 - - [28/May/2026:13:39:01 +0000] "GET /wp-content/uploads/2020/02/Resaize-79-min-300x175.jpg HTTP/1.1" 404 16945 "-" "Mozilla/5.0 (X11; Linux x86_64) AppleWebKit/537.36 (KHTML, like Gecko) Chrome/91.0.4472.114 Safari/537.36"
172.105.42.26 - - [28/May/2026:13:40:12 +0000] "POST /wp-cron.php?doing_wp_cron=1779975611.7102730274200439453125 HTTP/1.1" 200 20 "-" "WordPress/7.0; https://autozone.com.sa"
157.55.39.194 - - [28/May/2026:13:40:07 +0000] "GET /saudi-national-day-offer-tajeer-offer/16-s-offer-10/ HTTP/1.1" 404 16932 "-" "Mozilla/5.0 AppleWebKit/537.36 (KHTML, like Gecko; compatible; bingbot/2.0; +http://www.bing.com/bingbot.htm) Chrome/116.0.1938.76 Safari/537.36"
177.86.185.78 - - [28/May/2026:13:40:11 +0000] "GET /?shopdetail/69760173 HTTP/1.1" 301 20 "https://www.autozone.com.sa/" "Mozilla/5.0 (Windows NT 10.0; Win64; x64) AppleWebKit/537.36 (KHTML, like Gecko) Chrome/135.0.0.0 Safari/537.36 Edg/135.0.0.0"
52.167.144.190 - - [28/May/2026:13:40:11 +0000] "GET /%D8%A7%D9%84%D9%85%D8%A7%D8%B1%D9%83%D8%A9/%D8%AC%D8%B1%D9%8A%D8%AA-%D9%88%D9%88%D9%84/?nocache=1770192453 HTTP/1.1" 200 33276 "-" "Mozilla/5.0 AppleWebKit/537.36 (KHTML, like Gecko; compatible; bingbot/2.0; +http://www.bing.com/bingbot.htm) Chrome/116.0.1938.76 Safari/537.36"
172.105.42.26 - - [28/May/2026:13:40:13 +0000] "POST /wp-cron.php?doing_wp_cron=1779975613.6755878925323486328125 HTTP/1.1" 200 20 "-" "WordPress/7.0; https://autozone.com.sa"
2001:16a2:4658:7900:409a:f798:213:b1ca - - [28/May/2026:13:40:07 +0000] "GET / HTTP/1.1" 200 65338 "https://www.google.com/" "Mozilla/5.0 (iPhone; CPU iPhone OS 18_7 like Mac OS X) AppleWebKit/605.1.15 (KHTML, like Gecko) Version/26.3 Mobile/15E148 Safari/604.1"
222.252.44.32 - - [28/May/2026:13:40:14 +0000] "GET /?shopdetail/69760173 HTTP/1.1" 301 20 "https://www.autozone.com.sa/" "Mozilla/5.0 (Windows NT 10.0; Win64; x64) AppleWebKit/537.36 (KHTML, like Gecko) Chrome/135.0.0.0 Safari/537.36 Edg/135.0.0.0"
2001:16a2:4658:7900:409a:f798:213:b1ca - - [28/May/2026:13:40:12 +0000] "GET / HTTP/1.1" 200 65358 "https://www.google.com/" "Mozilla/5.0 (iPhone; CPU iPhone OS 18_7 like Mac OS X) AppleWebKit/605.1.15 (KHTML, like Gecko) Version/26.3 Mobile/15E148 Safari/604.1"
2001:16a2:4658:7900:409a:f798:213:b1ca - - [28/May/2026:13:40:16 +0000] "GET /wp-content/plugins/fluentform/assets/css/fluent-forms-elementor-widget.css?ver=6.2.0 HTTP/1.1" 200 914 "https://autozone.com.sa/" "Mozilla/5.0 (iPhone; CPU iPhone OS 18_7 like Mac OS X) AppleWebKit/605.1.15 (KHTML, like Gecko) Version/26.3 Mobile/15E148 Safari/604.1"
2001:16a2:4658:7900:409a:f798:213:b1ca - - [28/May/2026:13:40:16 +0000] "GET /wp-content/plugins/woocommerce/assets/css/woocommerce-layout-rtl.css?ver=10.8.0 HTTP/1.1" 200 3422 "https://autozone.com.sa/" "Mozilla/5.0 (iPhone; CPU iPhone OS 18_7 like Mac OS X) AppleWebKit/605.1.15 (KHTML, like Gecko) Version/26.3 Mobile/15E148 Safari/604.1"
2001:16a2:4658:7900:409a:f798:213:b1ca - - [28/May/2026:13:40:16 +0000] "GET /wp-content/plugins/woocommerce/assets/css/woocommerce-rtl.css?ver=10.8.0 HTTP/1.1" 200 11139 "https://autozone.com.sa/" "Mozilla/5.0 (iPhone; CPU iPhone OS 18_7 like Mac OS X) AppleWebKit/605.1.15 (KHTML, like Gecko) Version/26.3 Mobile/15E148 Safari/604.1"
2001:16a2:4658:7900:409a:f798:213:b1ca - - [28/May/2026:13:40:16 +0000] "GET /wp-content/plugins/jet-engine/assets/css/frontend.css?ver=3.8.7 HTTP/1.1" 200 8567 "https://autozone.com.sa/" "Mozilla/5.0 (iPhone; CPU iPhone OS 18_7 like Mac OS X) AppleWebKit/605.1.15 (KHTML, like Gecko) Version/26.3 Mobile/15E148 Safari/604.1"
2001:16a2:4658:7900:409a:f798:213:b1ca - - [28/May/2026:13:40:16 +0000] "GET /wp-content/plugins/sitepress-multilingual-cms/templates/language-switchers/menu-item/style.min.css?ver=1 HTTP/1.1" 200 141 "https://autozone.com.sa/" "Mozilla/5.0 (iPhone; CPU iPhone OS 18_7 like Mac OS X) AppleWebKit/605.1.15 (KHTML, like Gecko) Version/26.3 Mobile/15E148 Safari/604.1"
2001:16a2:4658:7900:409a:f798:213:b1ca - - [28/May/2026:13:40:16 +0000] "GET /wp-content/plugins/jet-popup/assets/css/jet-popup-frontend.css?ver=2.0.21.1 HTTP/1.1" 200 3228 "https://autozone.com.sa/" "Mozilla/5.0 (iPhone; CPU iPhone OS 18_7 like Mac OS X) AppleWebKit/605.1.15 (KHTML, like Gecko) Version/26.3 Mobile/15E148 Safari/604.1"
2001:16a2:4658:7900:409a:f798:213:b1ca - - [28/May/2026:13:40:16 +0000] "GET /wp-content/themes/hello-elementor/assets/css/reset.css?ver=3.4.6 HTTP/1.1" 200 1792 "https://autozone.com.sa/" "Mozilla/5.0 (iPhone; CPU iPhone OS 18_7 like Mac OS X) AppleWebKit/605.1.15 (KHTML, like Gecko) Version/26.3 Mobile/15E148 Safari/604.1"
2001:16a2:4658:7900:409a:f798:213:b1ca - - [28/May/2026:13:40:16 +0000] "GET /wp-content/uploads/elementor/css/post-6.css?ver=1779946027 HTTP/1.1" 200 669 "https://autozone.com.sa/" "Mozilla/5.0 (iPhone; CPU iPhone OS 18_7 like Mac OS X) AppleWebKit/605.1.15 (KHTML, like Gecko) Version/26.3 Mobile/15E148 Safari/604.1"
2001:16a2:4658:7900:409a:f798:213:b1ca - - [28/May/2026:13:40:16 +0000] "GET /wp-includes/css/dashicons.min.css?ver=7.0 HTTP/1.1" 200 35721 "https://autozone.com.sa/" "Mozilla/5.0 (iPhone; CPU iPhone OS 18_7 like Mac OS X) AppleWebKit/605.1.15 (KHTML, like Gecko) Version/26.3 Mobile/15E148 Safari/604.1"
2001:16a2:4658:7900:409a:f798:213:b1ca - - [28/May/2026:13:40:16 +0000] "GET /wp-content/uploads/elementor/css/post-617.css?ver=1779946095 HTTP/1.1" 200 738 "https://autozone.com.sa/" "Mozilla/5.0 (iPhone; CPU iPhone OS 18_7 like Mac OS X) AppleWebKit/605.1.15 (KHTML, like Gecko) Version/26.3 Mobile/15E148 Safari/604.1"
2001:16a2:4658:7900:409a:f798:213:b1ca - - [28/May/2026:13:40:16 +0000] "GET /wp-content/plugins/woo-variation-gallery/assets/css/frontend.min.css?ver=1779254503 HTTP/1.1" 200 5657 "https://autozone.com.sa/" "Mozilla/5.0 (iPhone; CPU iPhone OS 18_7 like Mac OS X) AppleWebKit/605.1.15 (KHTML, like Gecko) Version/26.3 Mobile/15E148 Safari/604.1"
2001:16a2:4658:7900:409a:f798:213:b1ca - - [28/May/2026:13:40:16 +0000] "GET /wp-content/uploads/elementor/css/custom-jet-blocks-rtl.css?ver=1779946094&ver=1.4.0 HTTP/1.1" 200 5952 "https://autozone.com.sa/" "Mozilla/5.0 (iPhone; CPU iPhone OS 18_7 like Mac OS X) AppleWebKit/605.1.15 (KHTML, like Gecko) Version/26.3 Mobile/15E148 Safari/604.1"
2001:16a2:4658:7900:409a:f798:213:b1ca - - [28/May/2026:13:40:16 +0000] "GET /wp-content/plugins/elementor/assets/css/widget-heading-rtl.min.css?ver=4.0.4 HTTP/1.1" 200 160 "https://autozone.com.sa/" "Mozilla/5.0 (iPhone; CPU iPhone OS 18_7 like Mac OS X) AppleWebKit/605.1.15 (KHTML, like Gecko) Version/26.3 Mobile/15E148 Safari/604.1"
2001:16a2:4658:7900:409a:f798:213:b1ca - - [28/May/2026:13:40:16 +0000] "GET /wp-content/themes/hello-elementor/assets/css/theme.css?ver=3.4.6 HTTP/1.1" 200 1271 "https://autozone.com.sa/" "Mozilla/5.0 (iPhone; CPU iPhone OS 18_7 like Mac OS X) AppleWebKit/605.1.15 (KHTML, like Gecko) Version/26.3 Mobile/15E148 Safari/604.1"
2001:16a2:4658:7900:409a:f798:213:b1ca - - [28/May/2026:13:40:16 +0000] "GET /wp-content/plugins/sitepress-multilingual-cms/templates/language-switchers/legacy-list-horizontal/style.min.css?ver=1 HTTP/1.1" 200 315 "https://autozone.com.sa/" "Mozilla/5.0 (iPhone; CPU iPhone OS 18_7 like Mac OS X) AppleWebKit/605.1.15 (KHTML, like Gecko) Version/26.3 Mobile/15E148 Safari/604.1"
2001:16a2:4658:7900:409a:f798:213:b1ca - - [28/May/2026:13:40:16 +0000] "GET /wp-content/plugins/jet-blog/assets/css/jet-blog-rtl.css?ver=2.4.8 HTTP/1.1" 200 648 "https://autozone.com.sa/" "Mozilla/5.0 (iPhone; CPU iPhone OS 18_7 like Mac OS X) AppleWebKit/605.1.15 (KHTML, like Gecko) Version/26.3 Mobile/15E148 Safari/604.1"
2001:16a2:4658:7900:409a:f798:213:b1ca - - [28/May/2026:13:40:16 +0000] "GET /wp-content/plugins/jet-tabs/assets/css/jet-tabs-frontend.css?ver=2.3.0 HTTP/1.1" 200 4331 "https://autozone.com.sa/" "Mozilla/5.0 (iPhone; CPU iPhone OS 18_7 like Mac OS X) AppleWebKit/605.1.15 (KHTML, like Gecko) Version/26.3 Mobile/15E148 Safari/604.1"
2001:16a2:4658:7900:409a:f798:213:b1ca - - [28/May/2026:13:40:16 +0000] "GET /wp-content/plugins/woo-variation-gallery/assets/css/slick.min.css?ver=1.8.1 HTTP/1.1" 200 1108 "https://autozone.com.sa/" "Mozilla/5.0 (iPhone; CPU iPhone OS 18_7 like Mac OS X) AppleWebKit/605.1.15 (KHTML, like Gecko) Version/26.3 Mobile/15E148 Safari/604.1"
2001:16a2:4658:7900:409a:f798:213:b1ca - - [28/May/2026:13:40:16 +0000] "GET /wp-content/uploads/elementor/css/custom-frontend.min.css?ver=1779946027 HTTP/1.1" 200 7325 "https://autozone.com.sa/" "Mozilla/5.0 (iPhone; CPU iPhone OS 18_7 like Mac OS X) AppleWebKit/605.1.15 (KHTML, like Gecko) Version/26.3 Mobile/15E148 Safari/604.1"
2001:16a2:4658:7900:409a:f798:213:b1ca - - [28/May/2026:13:40:16 +0000] "GET /wp-content/uploads/elementor/css/post-756.css?ver=1779946288 HTTP/1.1" 200 1393 "https://autozone.com.sa/" "Mozilla/5.0 (iPhone; CPU iPhone OS 18_7 like Mac OS X) AppleWebKit/605.1.15 (KHTML, like Gecko) Version/26.3 Mobile/15E148 Safari/604.1"
2001:16a2:4658:7900:409a:f798:213:b1ca - - [28/May/2026:13:40:16 +0000] "GET /wp-content/themes/hello-elementor/assets/css/header-footer.css?ver=3.4.6 HTTP/1.1" 200 1423 "https://autozone.com.sa/" "Mozilla/5.0 (iPhone; CPU iPhone OS 18_7 like Mac OS X) AppleWebKit/605.1.15 (KHTML, like Gecko) Version/26.3 Mobile/15E148 Safari/604.1"
2001:16a2:4658:7900:409a:f798:213:b1ca - - [28/May/2026:13:40:16 +0000] "GET /wp-content/plugins/bdthemes-element-pack/assets/css/ep-animated-card.css?ver=9.3.0 HTTP/1.1" 200 903 "https://autozone.com.sa/" "Mozilla/5.0 (iPhone; CPU iPhone OS 18_7 like Mac OS X) AppleWebKit/605.1.15 (KHTML, like Gecko) Version/26.3 Mobile/15E148 Safari/604.1"
2001:16a2:4658:7900:409a:f798:213:b1ca - - [28/May/2026:13:40:16 +0000] "GET /wp-content/plugins/bdthemes-element-pack/assets/css/bdt-uikit.rtl.css?ver=3.21.7 HTTP/1.1" 200 16525 "https://autozone.com.sa/" "Mozilla/5.0 (iPhone; CPU iPhone OS 18_7 like Mac OS X) AppleWebKit/605.1.15 (KHTML, like Gecko) Version/26.3 Mobile/15E148 Safari/604.1"
2001:16a2:4658:7900:409a:f798:213:b1ca - - [28/May/2026:13:40:16 +0000] "GET /wp-content/plugins/bdthemes-element-pack/assets/css/ep-helper.css?ver=9.3.0 HTTP/1.1" 200 7092 "https://autozone.com.sa/" "Mozilla/5.0 (iPhone; CPU iPhone OS 18_7 like Mac OS X) AppleWebKit/605.1.15 (KHTML, like Gecko) Version/26.3 Mobile/15E148 Safari/604.1"
2001:16a2:4658:7900:409a:f798:213:b1ca - - [28/May/2026:13:40:16 +0000] "GET /wp-content/plugins/jet-search/assets/lib/chosen/chosen.min.css?ver=1.8.7 HTTP/1.1" 200 2273 "https://autozone.com.sa/" "Mozilla/5.0 (iPhone; CPU iPhone OS 18_7 like Mac OS X) AppleWebKit/605.1.15 (KHTML, like Gecko) Version/26.3 Mobile/15E148 Safari/604.1"
2001:16a2:4658:7900:409a:f798:213:b1ca - - [28/May/2026:13:40:16 +0000] "GET /wp-content/plugins/elementor/assets/lib/animations/styles/fadeInUp.min.css?ver=4.0.4 HTTP/1.1" 200 117 "https://autozone.com.sa/" "Mozilla/5.0 (iPhone; CPU iPhone OS 18_7 like Mac OS X) AppleWebKit/605.1.15 (KHTML, like Gecko) Version/26.3 Mobile/15E148 Safari/604.1"
2001:16a2:4658:7900:409a:f798:213:b1ca - - [28/May/2026:13:40:16 +0000] "GET /wp-content/plugins/woo-variation-swatches/assets/css/frontend.min.css?ver=2.2.3 HTTP/1.1" 200 4518 "https://autozone.com.sa/" "Mozilla/5.0 (iPhone; CPU iPhone OS 18_7 like Mac OS X) AppleWebKit/605.1.15 (KHTML, like Gecko) Version/26.3 Mobile/15E148 Safari/604.1"
2001:16a2:4658:7900:409a:f798:213:b1ca - - [28/May/2026:13:40:16 +0000] "GET /wp-content/uploads/elementor/css/post-78.css?ver=1779946288 HTTP/1.1" 200 442 "https://autozone.com.sa/" "Mozilla/5.0 (iPhone; CPU iPhone OS 18_7 like Mac OS X) AppleWebKit/605.1.15 (KHTML, like Gecko) Version/26.3 Mobile/15E148 Safari/604.1"
2001:16a2:4658:7900:409a:f798:213:b1ca - - [28/May/2026:13:40:16 +0000] "GET /wp-content/plugins/elementor/assets/lib/animations/styles/fadeIn.min.css?ver=4.0.4 HTTP/1.1" 200 79 "https://autozone.com.sa/" "Mozilla/5.0 (iPhone; CPU iPhone OS 18_7 like Mac OS X) AppleWebKit/605.1.15 (KHTML, like Gecko) Version/26.3 Mobile/15E148 Safari/604.1"
2001:16a2:4658:7900:409a:f798:213:b1ca - - [28/May/2026:13:40:16 +0000] "GET /wp-content/uploads/elementor/css/post-596.css?ver=1779946287 HTTP/1.1" 200 4501 "https://autozone.com.sa/" "Mozilla/5.0 (iPhone; CPU iPhone OS 18_7 like Mac OS X) AppleWebKit/605.1.15 (KHTML, like Gecko) Version/26.3 Mobile/15E148 Safari/604.1"
2001:16a2:4658:7900:409a:f798:213:b1ca - - [28/May/2026:13:40:16 +0000] "GET /wp-content/plugins/elementor/assets/lib/swiper/v8/css/swiper.min.css?ver=8.4.5 HTTP/1.1" 200 4583 "https://autozone.com.sa/" "Mozilla/5.0 (iPhone; CPU iPhone OS 18_7 like Mac OS X) AppleWebKit/605.1.15 (KHTML, like Gecko) Version/26.3 Mobile/15E148 Safari/604.1"
2001:16a2:4658:7900:409a:f798:213:b1ca - - [28/May/2026:13:40:16 +0000] "GET /wp-content/plugins/elementor/assets/css/widget-image-rtl.min.css?ver=4.0.4 HTTP/1.1" 200 135 "https://autozone.com.sa/" "Mozilla/5.0 (iPhone; CPU iPhone OS 18_7 like Mac OS X) AppleWebKit/605.1.15 (KHTML, like Gecko) Version/26.3 Mobile/15E148 Safari/604.1"
2001:16a2:4658:7900:409a:f798:213:b1ca - - [28/May/2026:13:40:16 +0000] "GET /wp-content/plugins/jet-blog/assets/css/jet-blog.css?ver=2.4.8 HTTP/1.1" 200 11021 "https://autozone.com.sa/" "Mozilla/5.0 (iPhone; CPU iPhone OS 18_7 like Mac OS X) AppleWebKit/605.1.15 (KHTML, like Gecko) Version/26.3 Mobile/15E148 Safari/604.1"
2001:16a2:4658:7900:409a:f798:213:b1ca - - [28/May/2026:13:40:16 +0000] "GET /wp-content/plugins/jet-smart-filters/assets/css/public.css?ver=3.7.5 HTTP/1.1" 200 10762 "https://autozone.com.sa/" "Mozilla/5.0 (iPhone; CPU iPhone OS 18_7 like Mac OS X) AppleWebKit/605.1.15 (KHTML, like Gecko) Version/26.3 Mobile/15E148 Safari/604.1"
2001:16a2:4658:7900:409a:f798:213:b1ca - - [28/May/2026:13:40:16 +0000] "GET /wp-content/plugins/elementor/assets/css/widget-spacer-rtl.min.css?ver=4.0.4 HTTP/1.1" 200 338 "https://autozone.com.sa/" "Mozilla/5.0 (iPhone; CPU iPhone OS 18_7 like Mac OS X) AppleWebKit/605.1.15 (KHTML, like Gecko) Version/26.3 Mobile/15E148 Safari/604.1"
2001:16a2:4658:7900:409a:f798:213:b1ca - - [28/May/2026:13:40:16 +0000] "GET /wp-content/plugins/jet-search/assets/css/jet-search.css?ver=3.5.16.1 HTTP/1.1" 200 10064 "https://autozone.com.sa/" "Mozilla/5.0 (iPhone; CPU iPhone OS 18_7 like Mac OS X) AppleWebKit/605.1.15 (KHTML, like Gecko) Version/26.3 Mobile/15E148 Safari/604.1"
2001:16a2:4658:7900:409a:f798:213:b1ca - - [28/May/2026:13:40:16 +0000] "GET /wp-content/uploads/elementor/css/custom-widget-nested-tabs-rtl.min.css?ver=1779946027 HTTP/1.1" 200 1867 "https://autozone.com.sa/" "Mozilla/5.0 (iPhone; CPU iPhone OS 18_7 like Mac OS X) AppleWebKit/605.1.15 (KHTML, like Gecko) Version/26.3 Mobile/15E148 Safari/604.1"
2001:16a2:4658:7900:409a:f798:213:b1ca - - [28/May/2026:13:40:16 +0000] "GET /wp-content/plugins/jet-tricks/assets/css/jet-tricks-frontend.css?ver=1.5.10 HTTP/1.1" 200 3414 "https://autozone.com.sa/" "Mozilla/5.0 (iPhone; CPU iPhone OS 18_7 like Mac OS X) AppleWebKit/605.1.15 (KHTML, like Gecko) Version/26.3 Mobile/15E148 Safari/604.1"
2001:16a2:4658:7900:409a:f798:213:b1ca - - [28/May/2026:13:40:16 +0000] "GET /wp-content/uploads/elementor/css/post-613.css?ver=1779946288 HTTP/1.1" 200 1825 "https://autozone.com.sa/" "Mozilla/5.0 (iPhone; CPU iPhone OS 18_7 like Mac OS X) AppleWebKit/605.1.15 (KHTML, like Gecko) Version/26.3 Mobile/15E148 Safari/604.1"
2001:16a2:4658:7900:409a:f798:213:b1ca - - [28/May/2026:13:40:16 +0000] "GET /wp-content/plugins/ultimate-post-kit/assets/css/upk-site.rtl.css?ver=4.1.5 HTTP/1.1" 200 5633 "https://autozone.com.sa/" "Mozilla/5.0 (iPhone; CPU iPhone OS 18_7 like Mac OS X) AppleWebKit/605.1.15 (KHTML, like Gecko) Version/26.3 Mobile/15E148 Safari/604.1"
2001:16a2:4658:7900:409a:f798:213:b1ca - - [28/May/2026:13:40:16 +0000] "GET /wp-content/plugins/bdthemes-prime-slider-lite/assets/css/prime-slider-site.rtl.css?ver=4.1.12 HTTP/1.1" 200 2961 "https://autozone.com.sa/" "Mozilla/5.0 (iPhone; CPU iPhone OS 18_7 like Mac OS X) AppleWebKit/605.1.15 (KHTML, like Gecko) Version/26.3 Mobile/15E148 Safari/604.1"
2001:16a2:4658:7900:409a:f798:213:b1ca - - [28/May/2026:13:40:17 +0000] "GET /wp-content/plugins/woocommerce/assets/css/woocommerce-smallscreen-rtl.css?ver=10.8.0 HTTP/1.1" 200 1407 "https://autozone.com.sa/" "Mozilla/5.0 (iPhone; CPU iPhone OS 18_7 like Mac OS X) AppleWebKit/605.1.15 (KHTML, like Gecko) Version/26.3 Mobile/15E148 Safari/604.1"
2001:16a2:4658:7900:409a:f798:213:b1ca - - [28/May/2026:13:40:17 +0000] "GET /wp-content/plugins/elementor/assets/css/conditionals/e-swiper.min.css?ver=4.0.4 HTTP/1.1" 200 799 "https://autozone.com.sa/" "Mozilla/5.0 (iPhone; CPU iPhone OS 18_7 like Mac OS X) AppleWebKit/605.1.15 (KHTML, like Gecko) Version/26.3 Mobile/15E148 Safari/604.1"
2001:16a2:4658:7900:409a:f798:213:b1ca - - [28/May/2026:13:40:17 +0000] "GET /wp-content/plugins/jet-elements/assets/css/jet-elements-rtl.css?ver=2.8.1.1 HTTP/1.1" 200 3125 "https://autozone.com.sa/" "Mozilla/5.0 (iPhone; CPU iPhone OS 18_7 like Mac OS X) AppleWebKit/605.1.15 (KHTML, like Gecko) Version/26.3 Mobile/15E148 Safari/604.1"
2001:16a2:4658:7900:409a:f798:213:b1ca - - [28/May/2026:13:40:17 +0000] "GET /wp-content/plugins/woocommerce/assets/css/photoswipe/photoswipe.min.css?ver=10.8.0 HTTP/1.1" 200 983 "https://autozone.com.sa/" "Mozilla/5.0 (iPhone; CPU iPhone OS 18_7 like Mac OS X) AppleWebKit/605.1.15 (KHTML, like Gecko) Version/26.3 Mobile/15E148 Safari/604.1"
2001:16a2:4658:7900:409a:f798:213:b1ca - - [28/May/2026:13:40:17 +0000] "GET /wp-content/plugins/jet-elements/assets/css/addons/jet-countdown-timer-rtl.css?ver=2.8.1.1 HTTP/1.1" 200 281 "https://autozone.com.sa/" "Mozilla/5.0 (iPhone; CPU iPhone OS 18_7 like Mac OS X) AppleWebKit/605.1.15 (KHTML, like Gecko) Version/26.3 Mobile/15E148 Safari/604.1"
2001:16a2:4658:7900:409a:f798:213:b1ca - - [28/May/2026:13:40:17 +0000] "GET /wp-content/plugins/jet-elements/assets/css/skin/jet-countdown-timer-rtl.css?ver=2.8.1.1 HTTP/1.1" 200 100 "https://autozone.com.sa/" "Mozilla/5.0 (iPhone; CPU iPhone OS 18_7 like Mac OS X) AppleWebKit/605.1.15 (KHTML, like Gecko) Version/26.3 Mobile/15E148 Safari/604.1"
2001:16a2:4658:7900:409a:f798:213:b1ca - - [28/May/2026:13:40:17 +0000] "GET /wp-content/plugins/elementor/assets/css/widget-divider-rtl.min.css?ver=4.0.4 HTTP/1.1" 200 741 "https://autozone.com.sa/" "Mozilla/5.0 (iPhone; CPU iPhone OS 18_7 like Mac OS X) AppleWebKit/605.1.15 (KHTML, like Gecko) Version/26.3 Mobile/15E148 Safari/604.1"
