2a02:ce0:2002:8cab:80da:ba33:f9e7:4261 - - [28/May/2026:13:56:27 +0000] "GET /wp-content/uploads/al_opt_content/SCRIPT/autozone.com.sa/wp-content/plugins/jet-elements/assets/js/addons/6a1780a75612b793c363005e/6a1780a75612b793c363005e-df67f377a9336736a55a9a4614538941_jet-countdown-timer.min.js?ver=2.8.1.1 HTTP/1.1" 200 988 "-" "Mozilla/5.0 (Windows NT 10.0; Win64; x64) AppleWebKit/537.36 (KHTML, like Gecko) Chrome/148.0.0.0 Safari/537.36"
2a02:ce0:2002:8cab:80da:ba33:f9e7:4261 - - [28/May/2026:13:56:27 +0000] "GET /wp-content/uploads/al_opt_content/SCRIPT/autozone.com.sa/wp-includes/js/dist/vendor/6a1780a75612b793c363005e/6a1780a75612b793c363005e-2a0cb0bd8152d382ef36632028dc6d04_wp-polyfill.min.js?ver=3.15.0 HTTP/1.1" 200 11897 "-" "Mozilla/5.0 (Windows NT 10.0; Win64; x64) AppleWebKit/537.36 (KHTML, like Gecko) Chrome/148.0.0.0 Safari/537.36"
2a02:ce0:2002:8cab:80da:ba33:f9e7:4261 - - [28/May/2026:13:56:27 +0000] "GET /wp-content/uploads/al_opt_content/SCRIPT/autozone.com.sa/wp-content/plugins/jet-popup/assets/js/6a1780a75612b793c363005e/6a1780a75612b793c363005e-881014cdbe31c3b3442a6721466d01df_jet-popup-frontend.js?ver=2.0.21.1 HTTP/1.1" 200 5347 "-" "Mozilla/5.0 (Windows NT 10.0; Win64; x64) AppleWebKit/537.36 (KHTML, like Gecko) Chrome/148.0.0.0 Safari/537.36"
2a02:ce0:2002:8cab:80da:ba33:f9e7:4261 - - [28/May/2026:13:56:27 +0000] "GET /wp-content/uploads/al_opt_content/SCRIPT/autozone.com.sa/wp-content/plugins/woo-variation-swatches/assets/js/6a1780a75612b793c363005e/6a1780a75612b793c363005e-7c9202d61cc00180acee3ce0c63a949b_frontend.min.js?ver=2.2.3 HTTP/1.1" 200 4963 "-" "Mozilla/5.0 (Windows NT 10.0; Win64; x64) AppleWebKit/537.36 (KHTML, like Gecko) Chrome/148.0.0.0 Safari/537.36"
2a02:ce0:2002:8cab:80da:ba33:f9e7:4261 - - [28/May/2026:13:56:27 +0000] "GET /wp-content/uploads/al_opt_content/SCRIPT/autozone.com.sa/wp-content/plugins/jet-tricks/assets/js/lib/tippy/6a1780a75612b793c363005e/6a1780a75612b793c363005e-e06bdc38028726b6c7787379a78c1ac2_popperjs.js?ver=2.11.8 HTTP/1.1" 200 7335 "-" "Mozilla/5.0 (Windows NT 10.0; Win64; x64) AppleWebKit/537.36 (KHTML, like Gecko) Chrome/148.0.0.0 Safari/537.36"
2a02:ce0:2002:8cab:80da:ba33:f9e7:4261 - - [28/May/2026:13:56:27 +0000] "GET /wp-content/uploads/al_opt_content/SCRIPT/autozone.com.sa/wp-content/themes/hello-elementor/assets/js/6a1780a75612b793c363005e/6a1780a75612b793c363005e-1d18b2ccd0ac9b96603ea918df33ae9f_hello-frontend.js?ver=3.4.6 HTTP/1.1" 200 549 "-" "Mozilla/5.0 (Windows NT 10.0; Win64; x64) AppleWebKit/537.36 (KHTML, like Gecko) Chrome/148.0.0.0 Safari/537.36"
2a02:ce0:2002:8cab:80da:ba33:f9e7:4261 - - [28/May/2026:13:56:27 +0000] "GET /wp-content/uploads/al_opt_content/SCRIPT/autozone.com.sa/wp-content/plugins/jet-engine/assets/js/frontend/6a1780a75612b793c363005e/6a1780a75612b793c363005e-89d452c29e76357710d9f5177e93d088_frontend.js?ver=3.8.7 HTTP/1.1" 200 8273 "-" "Mozilla/5.0 (Windows NT 10.0; Win64; x64) AppleWebKit/537.36 (KHTML, like Gecko) Chrome/148.0.0.0 Safari/537.36"
2a02:ce0:2002:8cab:80da:ba33:f9e7:4261 - - [28/May/2026:13:56:27 +0000] "GET /wp-content/uploads/al_opt_content/SCRIPT/autozone.com.sa/wp-content/plugins/elementor/assets/js/6a1780a75612b793c363005e/6a1780a75612b793c363005e-070048edd0950b156f2884cc6be49958_frontend.min.js?ver=4.0.4 HTTP/1.1" 200 10339 "-" "Mozilla/5.0 (Windows NT 10.0; Win64; x64) AppleWebKit/537.36 (KHTML, like Gecko) Chrome/148.0.0.0 Safari/537.36"
2a02:ce0:2002:8cab:80da:ba33:f9e7:4261 - - [28/May/2026:13:56:27 +0000] "GET /wp-content/uploads/al_opt_content/SCRIPT/autozone.com.sa/wp-content/plugins/woo-variation-gallery/assets/js/6a1780a75612b793c363005e/6a1780a75612b793c363005e-2b6521ce7c33c80e2876d48750e5c8a4_frontend.min.js?ver=1779254503 HTTP/1.1" 200 4751 "-" "Mozilla/5.0 (Windows NT 10.0; Win64; x64) AppleWebKit/537.36 (KHTML, like Gecko) Chrome/148.0.0.0 Safari/537.36"
2a02:ce0:2002:8cab:80da:ba33:f9e7:4261 - - [28/May/2026:13:56:27 +0000] "GET /wp-content/uploads/al_opt_content/SCRIPT/autozone.com.sa/wp-content/plugins/jet-elements/assets/js/6a1780a75612b793c363005e/6a1780a75612b793c363005e-267ca7dfd2a981791527cfca22eece13_jet-elements.min.js?ver=2.8.1.1 HTTP/1.1" 200 7384 "-" "Mozilla/5.0 (Windows NT 10.0; Win64; x64) AppleWebKit/537.36 (KHTML, like Gecko) Chrome/148.0.0.0 Safari/537.36"
2a02:ce0:2002:8cab:80da:ba33:f9e7:4261 - - [28/May/2026:13:56:27 +0000] "GET /wp-content/uploads/al_opt_content/SCRIPT/autozone.com.sa/wp-content/plugins/ultimate-post-kit/assets/js/6a1780a75612b793c363005e/6a1780a75612b793c363005e-ddeb638dbe370b1d0fb48e8d13b7af2b_upk-site.min.js?ver=4.1.5 HTTP/1.1" 200 255 "-" "Mozilla/5.0 (Windows NT 10.0; Win64; x64) AppleWebKit/537.36 (KHTML, like Gecko) Chrome/148.0.0.0 Safari/537.36"
2a02:ce0:2002:8cab:80da:ba33:f9e7:4261 - - [28/May/2026:13:56:27 +0000] "GET /wp-content/uploads/al_opt_content/SCRIPT/autozone.com.sa/wp-content/plugins/elementor/assets/js/6a1780a75612b793c363005e/6a1780a75612b793c363005e-a3543601e9c09c9b8554ec6f6c8a2174_frontend-modules.min.js?ver=4.0.4 HTTP/1.1" 200 15970 "-" "Mozilla/5.0 (Windows NT 10.0; Win64; x64) AppleWebKit/537.36 (KHTML, like Gecko) Chrome/148.0.0.0 Safari/537.36"
2a02:ce0:2002:8cab:80da:ba33:f9e7:4261 - - [28/May/2026:13:56:27 +0000] "GET /wp-content/uploads/al_opt_content/SCRIPT/autozone.com.sa/wp-includes/js/6a1780a75612b793c363005e/6a1780a75612b793c363005e-6823120876c9afc8929418c9a6f8e343_imagesloaded.min.js?ver=5.0.0 HTTP/1.1" 200 1803 "-" "Mozilla/5.0 (Windows NT 10.0; Win64; x64) AppleWebKit/537.36 (KHTML, like Gecko) Chrome/148.0.0.0 Safari/537.36"
2a02:ce0:2002:8cab:80da:ba33:f9e7:4261 - - [28/May/2026:13:56:27 +0000] "GET /wp-content/uploads/al_opt_content/SCRIPT/autozone.com.sa/wp-content/plugins/woocommerce/assets/js/frontend/6a1780a75612b793c363005e/6a1780a75612b793c363005e-ae52867db002b2f95a21b85b3b518a04_cart-fragments.min.js?ver=10.8.0 HTTP/1.1" 200 1045 "-" "Mozilla/5.0 (Windows NT 10.0; Win64; x64) AppleWebKit/537.36 (KHTML, like Gecko) Chrome/148.0.0.0 Safari/537.36"
2a02:ce0:2002:8cab:80da:ba33:f9e7:4261 - - [28/May/2026:13:56:27 +0000] "GET /wp-content/uploads/al_opt_content/SCRIPT/autozone.com.sa/wp-content/plugins/woocommerce/assets/js/sourcebuster/6a1780a75612b793c363005e/6a1780a75612b793c363005e-fc06080ebf979384eaf92a5f1cd7a50b_sourcebuster.min.js?ver=10.8.0 HTTP/1.1" 200 4807 "-" "Mozilla/5.0 (Windows NT 10.0; Win64; x64) AppleWebKit/537.36 (KHTML, like Gecko) Chrome/148.0.0.0 Safari/537.36"
2a02:ce0:2002:8cab:80da:ba33:f9e7:4261 - - [28/May/2026:13:56:27 +0000] "GET /wp-content/uploads/al_opt_content/SCRIPT/autozone.com.sa/wp-content/plugins/jet-blocks/assets/js/6a1780a75612b793c363005e/6a1780a75612b793c363005e-804edf8aaee54552a29b50e63f950255_jet-blocks.min.js?ver=1.4.0 HTTP/1.1" 200 6964 "-" "Mozilla/5.0 (Windows NT 10.0; Win64; x64) AppleWebKit/537.36 (KHTML, like Gecko) Chrome/148.0.0.0 Safari/537.36"
2a02:ce0:2002:8cab:80da:ba33:f9e7:4261 - - [28/May/2026:13:56:27 +0000] "GET /wp-content/uploads/al_opt_content/SCRIPT/autozone.com.sa/wp-content/plugins/woocommerce/assets/js/js-cookie/6a1780a75612b793c363005e/6a1780a75612b793c363005e-691a1e43450e7cda541a3bd6f10fd5db_js.cookie.min.js?ver=2.1.4-wc.10.8.0 HTTP/1.1" 200 833 "-" "Mozilla/5.0 (Windows NT 10.0; Win64; x64) AppleWebKit/537.36 (KHTML, like Gecko) Chrome/148.0.0.0 Safari/537.36"
2a02:ce0:2002:8cab:80da:ba33:f9e7:4261 - - [28/May/2026:13:56:27 +0000] "GET /wp-content/uploads/al_opt_content/SCRIPT/autozone.com.sa/wp-content/plugins/elementor/assets/js/6a1780a75612b793c363005e/6a1780a75612b793c363005e-9cd57e8cc70f6a9fc319c4c45fef6134_webpack.runtime.min.js?ver=4.0.4 HTTP/1.1" 200 2496 "-" "Mozilla/5.0 (Windows NT 10.0; Win64; x64) AppleWebKit/537.36 (KHTML, like Gecko) Chrome/148.0.0.0 Safari/537.36"
2a02:ce0:2002:8cab:80da:ba33:f9e7:4261 - - [28/May/2026:13:56:27 +0000] "GET /wp-content/uploads/al_opt_content/SCRIPT/autozone.com.sa/wp-content/plugins/woocommerce/assets/js/frontend/6a1780a75612b793c363005e/6a1780a75612b793c363005e-d6843fa9b6dfd1cae807f2c375830d09_add-to-cart.min.js?ver=10.8.0 HTTP/1.1" 200 1439 "-" "Mozilla/5.0 (Windows NT 10.0; Win64; x64) AppleWebKit/537.36 (KHTML, like Gecko) Chrome/148.0.0.0 Safari/537.36"
2a02:ce0:2002:8cab:80da:ba33:f9e7:4261 - - [28/May/2026:13:56:27 +0000] "GET /wp-content/uploads/al_opt_content/SCRIPT/autozone.com.sa/wp-content/plugins/jet-woo-product-gallery/assets/lib/swiper/6a1780a75612b793c363005e/6a1780a75612b793c363005e-15bb2b8491fc7e84137d65f610e1685a_swiper.min.js?ver=5.3.6 HTTP/1.1" 200 35491 "-" "Mozilla/5.0 (Windows NT 10.0; Win64; x64) AppleWebKit/537.36 (KHTML, like Gecko) Chrome/148.0.0.0 Safari/537.36"
2a02:ce0:2002:8cab:80da:ba33:f9e7:4261 - - [28/May/2026:13:56:27 +0000] "GET /wp-content/uploads/al_opt_content/SCRIPT/autozone.com.sa/wp-content/plugins/jet-tricks/assets/js/lib/ts-particles/1.18.11/6a1780a75612b793c363005e/6a1780a75612b793c363005e-fdd6f7d0e809e719153d1d5b93708211_tsparticles.min.js?ver=1.18.11 HTTP/1.1" 200 34623 "-" "Mozilla/5.0 (Windows NT 10.0; Win64; x64) AppleWebKit/537.36 (KHTML, like Gecko) Chrome/148.0.0.0 Safari/537.36"
2a02:ce0:2002:8cab:80da:ba33:f9e7:4261 - - [28/May/2026:13:56:27 +0000] "GET /wp-content/uploads/al_opt_content/SCRIPT/autozone.com.sa/wp-content/plugins/jet-blog/assets/js/6a1780a75612b793c363005e/6a1780a75612b793c363005e-5b2e636dbea54c087348cd6d7f5a1f79_jet-blog.min.js?ver=2.4.8 HTTP/1.1" 200 3569 "-" "Mozilla/5.0 (Windows NT 10.0; Win64; x64) AppleWebKit/537.36 (KHTML, like Gecko) Chrome/148.0.0.0 Safari/537.36"
2a02:ce0:2002:8cab:80da:ba33:f9e7:4261 - - [28/May/2026:13:56:27 +0000] "GET /wp-content/uploads/al_opt_content/SCRIPT/autozone.com.sa/wp-content/plugins/pixelyoursite/dist/scripts/6a1780a75612b793c363005e/6a1780a75612b793c363005e-ff9016c99f73c592c2648319ea6d2074_jquery.bind-first-0.2.3.min.js?ver=0.2.3 HTTP/1.1" 200 689 "-" "Mozilla/5.0 (Windows NT 10.0; Win64; x64) AppleWebKit/537.36 (KHTML, like Gecko) Chrome/148.0.0.0 Safari/537.36"
2a02:ce0:2002:8cab:80da:ba33:f9e7:4261 - - [28/May/2026:13:56:27 +0000] "GET /wp-content/uploads/al_opt_content/SCRIPT/autozone.com.sa/wp-content/plugins/pixelyoursite/dist/scripts/6a1780a75612b793c363005e/6a1780a75612b793c363005e-fbaff6df5010e82fec77e88acd359eb5_js.cookie-2.1.3.min.js?ver=2.1.3 HTTP/1.1" 200 874 "-" "Mozilla/5.0 (Windows NT 10.0; Win64; x64) AppleWebKit/537.36 (KHTML, like Gecko) Chrome/148.0.0.0 Safari/537.36"
2a02:ce0:2002:8cab:80da:ba33:f9e7:4261 - - [28/May/2026:13:56:27 +0000] "GET /wp-content/uploads/al_opt_content/SCRIPT/autozone.com.sa/wp-content/plugins/jet-tricks/assets/js/6a1780a75612b793c363005e/6a1780a75612b793c363005e-fe80a700e636965d3083ed128737a1ed_jet-tricks-frontend.js?ver=1.5.10 HTTP/1.1" 200 8281 "-" "Mozilla/5.0 (Windows NT 10.0; Win64; x64) AppleWebKit/537.36 (KHTML, like Gecko) Chrome/148.0.0.0 Safari/537.36"
2a02:ce0:2002:8cab:80da:ba33:f9e7:4261 - - [28/May/2026:13:56:27 +0000] "GET /wp-content/uploads/al_opt_content/SCRIPT/autozone.com.sa/wp-includes/js/dist/6a1780a75612b793c363005e/6a1780a75612b793c363005e-4aa4ac645f553ba863c940a9f60ceb4e_url.min.js?ver=bb0f766c3d2efe497871 HTTP/1.1" 200 3875 "-" "Mozilla/5.0 (Windows NT 10.0; Win64; x64) AppleWebKit/537.36 (KHTML, like Gecko) Chrome/148.0.0.0 Safari/537.36"
2a02:ce0:2002:8cab:80da:ba33:f9e7:4261 - - [28/May/2026:13:56:27 +0000] "GET /wp-content/uploads/al_opt_content/SCRIPT/autozone.com.sa/wp-content/plugins/woocommerce-multilingual/res/js/6a1780a75612b793c363005e/6a1780a75612b793c363005e-a196fc442165c7871d8623233601b2d5_cart_widget.min.js?ver=5.5.5 HTTP/1.1" 200 523 "-" "Mozilla/5.0 (Windows NT 10.0; Win64; x64) AppleWebKit/537.36 (KHTML, like Gecko) Chrome/148.0.0.0 Safari/537.36"
2a02:ce0:2002:8cab:80da:ba33:f9e7:4261 - - [28/May/2026:13:56:27 +0000] "GET /wp-content/uploads/al_opt_content/SCRIPT/autozone.com.sa/wp-includes/js/6a1780a75612b793c363005e/6a1780a75612b793c363005e-e40e89bb5b27a17c222921c3b422fb70_api-request.min.js?ver=7.0 HTTP/1.1" 200 590 "-" "Mozilla/5.0 (Windows NT 10.0; Win64; x64) AppleWebKit/537.36 (KHTML, like Gecko) Chrome/148.0.0.0 Safari/537.36"
2a02:ce0:2002:8cab:80da:ba33:f9e7:4261 - - [28/May/2026:13:56:27 +0000] "GET /wp-content/uploads/al_opt_content/SCRIPT/autozone.com.sa/wp-includes/js/dist/6a1780a75612b793c363005e/6a1780a75612b793c363005e-e73824b7ab9a4f88f98e0530b43ede25_i18n.min.js?ver=781d11515ad3d91786ec HTTP/1.1" 200 2438 "-" "Mozilla/5.0 (Windows NT 10.0; Win64; x64) AppleWebKit/537.36 (KHTML, like Gecko) Chrome/148.0.0.0 Safari/537.36"
2a02:ce0:2002:8cab:80da:ba33:f9e7:4261 - - [28/May/2026:13:56:27 +0000] "GET /wp-content/uploads/al_opt_content/IMAGE/autozone.com.sa/wp-content/uploads/2026/03/hyundai-accent-haval-jolion-special-offer.jpg.bv.webp?bv_host=autozone.com.sa HTTP/1.1" 200 72809 "https://autozone.com.sa/our-offers/" "Mozilla/5.0 (Windows NT 10.0; Win64; x64) AppleWebKit/537.36 (KHTML, like Gecko) Chrome/148.0.0.0 Safari/537.36"
2a02:ce0:2002:8cab:80da:ba33:f9e7:4261 - - [28/May/2026:13:56:27 +0000] "GET /wp-content/uploads/al_opt_content/SCRIPT/autozone.com.sa/wp-content/plugins/pixelyoursite/dist/scripts/6a1780a75612b793c363005e/6a1780a75612b793c363005e-35a22bea641003807bc6e7ee80eb14eb_tld.min.js?ver=2.3.1 HTTP/1.1" 200 40644 "-" "Mozilla/5.0 (Windows NT 10.0; Win64; x64) AppleWebKit/537.36 (KHTML, like Gecko) Chrome/148.0.0.0 Safari/537.36"
2a02:ce0:2002:8cab:80da:ba33:f9e7:4261 - - [28/May/2026:13:56:27 +0000] "GET /wp-content/uploads/al_opt_content/IMAGE/autozone.com.sa/wp-content/uploads/2026/04/special-offer-4.png.bv.webp?bv_host=autozone.com.sa HTTP/1.1" 200 64668 "https://autozone.com.sa/our-offers/" "Mozilla/5.0 (Windows NT 10.0; Win64; x64) AppleWebKit/537.36 (KHTML, like Gecko) Chrome/148.0.0.0 Safari/537.36"
2a02:ce0:2002:8cab:80da:ba33:f9e7:4261 - - [28/May/2026:13:56:27 +0000] "GET /wp-content/uploads/al_opt_content/SCRIPT/autozone.com.sa/wp-content/plugins/bdthemes-element-pack/assets/js/common/6a1780a75612b793c363005e/6a1780a75612b793c363005e-7acb205ca5baa604a6619ebbfa52f598_helper.min.js?ver=9.3.0 HTTP/1.1" 200 1905 "-" "Mozilla/5.0 (Windows NT 10.0; Win64; x64) AppleWebKit/537.36 (KHTML, like Gecko) Chrome/148.0.0.0 Safari/537.36"
2a02:ce0:2002:8cab:80da:ba33:f9e7:4261 - - [28/May/2026:13:56:27 +0000] "GET /wp-content/uploads/al_opt_content/SCRIPT/autozone.com.sa/wp-content/plugins/jet-search/assets/lib/jet-plugins/6a1780a75612b793c363005e/6a1780a75612b793c363005e-271ad1f3a3e724e9f2620c09d616cb71_jet-plugins.js?ver=1.0.0 HTTP/1.1" 200 2282 "-" "Mozilla/5.0 (Windows NT 10.0; Win64; x64) AppleWebKit/537.36 (KHTML, like Gecko) Chrome/148.0.0.0 Safari/537.36"
2a02:ce0:2002:8cab:80da:ba33:f9e7:4261 - - [28/May/2026:13:56:27 +0000] "GET /wp-content/uploads/al_opt_content/SCRIPT/autozone.com.sa/wp-includes/js/dist/6a1780a75612b793c363005e/6a1780a75612b793c363005e-38342d2c2caf2a9f130f7452df61b8ba_api-fetch.min.js?ver=d7efe4dc1468d36c39b8 HTTP/1.1" 200 2815 "-" "Mozilla/5.0 (Windows NT 10.0; Win64; x64) AppleWebKit/537.36 (KHTML, like Gecko) Chrome/148.0.0.0 Safari/537.36"
2a02:ce0:2002:8cab:80da:ba33:f9e7:4261 - - [28/May/2026:13:56:27 +0000] "GET /wp-content/uploads/al_opt_content/SCRIPT/autozone.com.sa/wp-includes/js/jquery/ui/6a1780a75612b793c363005e/6a1780a75612b793c363005e-da215ae12b95b3aeeb2047667016c7f8_core.min.js?ver=1.13.3 HTTP/1.1" 200 7106 "-" "Mozilla/5.0 (Windows NT 10.0; Win64; x64) AppleWebKit/537.36 (KHTML, like Gecko) Chrome/148.0.0.0 Safari/537.36"
2a02:ce0:2002:8cab:80da:ba33:f9e7:4261 - - [28/May/2026:13:56:27 +0000] "GET /wp-content/uploads/al_opt_content/SCRIPT/autozone.com.sa/wp-content/plugins/jet-tabs/assets/js/6a1780a75612b793c363005e/6a1780a75612b793c363005e-a4616d334a92c4d7870b49d94c44934e_jet-tabs-frontend.min.js?ver=2.3.0 HTTP/1.1" 200 8247 "-" "Mozilla/5.0 (Windows NT 10.0; Win64; x64) AppleWebKit/537.36 (KHTML, like Gecko) Chrome/148.0.0.0 Safari/537.36"
2a02:ce0:2002:8cab:80da:ba33:f9e7:4261 - - [28/May/2026:13:56:27 +0000] "GET /wp-content/uploads/al_opt_content/SCRIPT/autozone.com.sa/wp-includes/js/dist/6a1780a75612b793c363005e/6a1780a75612b793c363005e-0174a320c4dd06b3f2871de897acba21_hooks.min.js?ver=7496969728ca0f95732d HTTP/1.1" 200 1799 "-" "Mozilla/5.0 (Windows NT 10.0; Win64; x64) AppleWebKit/537.36 (KHTML, like Gecko) Chrome/148.0.0.0 Safari/537.36"
2a02:ce0:2002:8cab:80da:ba33:f9e7:4261 - - [28/May/2026:13:56:27 +0000] "GET /wp-content/uploads/al_opt_content/SCRIPT/autozone.com.sa/wp-content/plugins/sitepress-multilingual-cms/res/js/cookies/6a1780a75612b793c363005e/6a1780a75612b793c363005e-f3606e4db5e156a1b086bcfeb3b2d9b4_language-cookie.js?ver=494000 HTTP/1.1" 200 187 "-" "Mozilla/5.0 (Windows NT 10.0; Win64; x64) AppleWebKit/537.36 (KHTML, like Gecko) Chrome/148.0.0.0 Safari/537.36"
2a02:ce0:2002:8cab:80da:ba33:f9e7:4261 - - [28/May/2026:13:56:27 +0000] "GET /wp-content/uploads/al_opt_content/SCRIPT/autozone.com.sa/wp-content/plugins/jet-elements/assets/js/lib/tweenjs/6a1780a75612b793c363005e/6a1780a75612b793c363005e-31f70c27b0270bf2036ea46c1b69ea35_tweenjs.min.js?ver=2.0.2 HTTP/1.1" 200 38470 "-" "Mozilla/5.0 (Windows NT 10.0; Win64; x64) AppleWebKit/537.36 (KHTML, like Gecko) Chrome/148.0.0.0 Safari/537.36"
2a02:ce0:2002:8cab:80da:ba33:f9e7:4261 - - [28/May/2026:13:56:27 +0000] "GET /wp-content/uploads/al_opt_content/SCRIPT/autozone.com.sa/wp-content/plugins/jet-tricks/assets/js/lib/tippy/6a1780a75612b793c363005e/6a1780a75612b793c363005e-b586d1460aad676dc4673760b21727f0_tippy-bundle.js?ver=6.3.7 HTTP/1.1" 200 14513 "-" "Mozilla/5.0 (Windows NT 10.0; Win64; x64) AppleWebKit/537.36 (KHTML, like Gecko) Chrome/148.0.0.0 Safari/537.36"
2a02:ce0:2002:8cab:80da:ba33:f9e7:4261 - - [28/May/2026:13:56:27 +0000] "GET /wp-content/uploads/al_opt_content/SCRIPT/autozone.com.sa/wp-content/plugins/woocommerce/assets/js/frontend/6a1780a75612b793c363005e/6a1780a75612b793c363005e-a5705b9052821b74c1909a723583893e_woocommerce.min.js?ver=10.8.0 HTTP/1.1" 200 1586 "-" "Mozilla/5.0 (Windows NT 10.0; Win64; x64) AppleWebKit/537.36 (KHTML, like Gecko) Chrome/148.0.0.0 Safari/537.36"
2a02:ce0:2002:8cab:80da:ba33:f9e7:4261 - - [28/May/2026:13:56:27 +0000] "GET /wp-content/plugins/sitepress-multilingual-cms/res/flags/ar.svg HTTP/1.1" 200 452 "https://autozone.com.sa/our-offers/" "Mozilla/5.0 (Windows NT 10.0; Win64; x64) AppleWebKit/537.36 (KHTML, like Gecko) Chrome/148.0.0.0 Safari/537.36"
2a02:ce0:2002:8cab:80da:ba33:f9e7:4261 - - [28/May/2026:13:56:27 +0000] "GET /wp-content/uploads/al_opt_content/IMAGE/autozone.com.sa/wp-content/uploads/2026/04/uni-t-special-offer.png.bv.webp?bv_host=autozone.com.sa HTTP/1.1" 200 80256 "https://autozone.com.sa/our-offers/" "Mozilla/5.0 (Windows NT 10.0; Win64; x64) AppleWebKit/537.36 (KHTML, like Gecko) Chrome/148.0.0.0 Safari/537.36"
2a02:ce0:2002:8cab:80da:ba33:f9e7:4261 - - [28/May/2026:13:56:27 +0000] "GET /wp-content/uploads/al_opt_content/SCRIPT/autozone.com.sa/wp-content/plugins/pixelyoursite/dist/scripts/6a1780a75612b793c363005e/6a1780a75612b793c363005e-602b7e34f2b2dccf867a691ddd6992a6_public.js?ver=11.2.0.6 HTTP/1.1" 200 17923 "-" "Mozilla/5.0 (Windows NT 10.0; Win64; x64) AppleWebKit/537.36 (KHTML, like Gecko) Chrome/148.0.0.0 Safari/537.36"
2a02:ce0:2002:8cab:80da:ba33:f9e7:4261 - - [28/May/2026:13:56:27 +0000] "GET /wp-content/plugins/sitepress-multilingual-cms/res/flags/en.svg HTTP/1.1" 200 568 "https://autozone.com.sa/our-offers/" "Mozilla/5.0 (Windows NT 10.0; Win64; x64) AppleWebKit/537.36 (KHTML, like Gecko) Chrome/148.0.0.0 Safari/537.36"
2a02:ce0:2002:8cab:80da:ba33:f9e7:4261 - - [28/May/2026:13:56:28 +0000] "GET /wp-includes/js/wp-emoji-release.min.js?ver=7.0 HTTP/1.1" 200 5375 "https://autozone.com.sa/our-offers/" "Mozilla/5.0 (Windows NT 10.0; Win64; x64) AppleWebKit/537.36 (KHTML, like Gecko) Chrome/148.0.0.0 Safari/537.36"
2a02:ce0:2002:8cab:80da:ba33:f9e7:4261 - - [28/May/2026:13:56:28 +0000] "GET /wp-content/plugins/elementor/assets/js/shared-frontend-handlers.03caa53373b56d3bab67.bundle.min.js HTTP/1.1" 200 2644 "https://autozone.com.sa/our-offers/" "Mozilla/5.0 (Windows NT 10.0; Win64; x64) AppleWebKit/537.36 (KHTML, like Gecko) Chrome/148.0.0.0 Safari/537.36"
2a02:ce0:2002:8cab:80da:ba33:f9e7:4261 - - [28/May/2026:13:56:28 +0000] "POST /?wc-ajax=get_refreshed_fragments HTTP/1.1" 200 858 "https://autozone.com.sa/our-offers/" "Mozilla/5.0 (Windows NT 10.0; Win64; x64) AppleWebKit/537.36 (KHTML, like Gecko) Chrome/148.0.0.0 Safari/537.36"
2a02:ce0:2002:8cab:80da:ba33:f9e7:4261 - - [28/May/2026:13:56:28 +0000] "POST /?wc-ajax=get_refreshed_fragments HTTP/1.1" 200 858 "https://autozone.com.sa/our-offers/" "Mozilla/5.0 (Windows NT 10.0; Win64; x64) AppleWebKit/537.36 (KHTML, like Gecko) Chrome/148.0.0.0 Safari/537.36"
2a02:ce0:2002:8cab:80da:ba33:f9e7:4261 - - [28/May/2026:13:56:28 +0000] "POST /wp-json/iawp/search HTTP/1.1" 200 36 "https://autozone.com.sa/our-offers/" "Mozilla/5.0 (Windows NT 10.0; Win64; x64) AppleWebKit/537.36 (KHTML, like Gecko) Chrome/148.0.0.0 Safari/537.36"
2a02:ce0:2002:8cab:80da:ba33:f9e7:4261 - - [28/May/2026:13:56:33 +0000] "GET /wp-content/uploads/al_opt_content/IMAGE/autozone.com.sa/wp-content/uploads/2026/03/cs35-special-offer-ar.jpg.bv.webp?bv_host=autozone.com.sa HTTP/1.1" 200 73743 "https://autozone.com.sa/our-offers/" "Mozilla/5.0 (Windows NT 10.0; Win64; x64) AppleWebKit/537.36 (KHTML, like Gecko) Chrome/148.0.0.0 Safari/537.36"
2001:16a2:4658:7900:409a:f798:213:b1ca - - [28/May/2026:13:56:32 +0000] "GET / HTTP/1.1" 200 65329 "https://www.google.com/" "Mozilla/5.0 (iPhone; CPU iPhone OS 18_7 like Mac OS X) AppleWebKit/605.1.15 (KHTML, like Gecko) Version/26.3 Mobile/15E148 Safari/604.1"
157.55.39.13 - - [28/May/2026:13:56:37 +0000] "GET /shopdetail/33339461 HTTP/1.1" 404 16902 "-" "Mozilla/5.0 AppleWebKit/537.36 (KHTML, like Gecko; compatible; bingbot/2.0; +http://www.bing.com/bingbot.htm) Chrome/116.0.1938.76 Safari/537.36"
157.55.39.13 - - [28/May/2026:13:56:40 +0000] "GET /wp-content/plugins/elementor/assets/shapes/ep-helloween.svg HTTP/1.1" 200 6425 "-" "Mozilla/5.0 AppleWebKit/537.36 (KHTML, like Gecko; compatible; bingbot/2.0; +http://www.bing.com/bingbot.htm) Chrome/116.0.1938.76 Safari/537.36"
40.77.167.150 - - [28/May/2026:13:56:38 +0000] "GET /shopdetail/37246787 HTTP/1.1" 404 16905 "-" "Mozilla/5.0 AppleWebKit/537.36 (KHTML, like Gecko; compatible; bingbot/2.0; +http://www.bing.com/bingbot.htm) Chrome/116.0.1938.76 Safari/537.36"
40.77.167.58 - - [28/May/2026:13:56:39 +0000] "GET /?shopdetail%2F87612248 HTTP/1.1" 200 65377 "-" "Mozilla/5.0 AppleWebKit/537.36 (KHTML, like Gecko; compatible; bingbot/2.0; +http://www.bing.com/bingbot.htm) Chrome/116.0.1938.76 Safari/537.36"
40.77.167.150 - - [28/May/2026:13:56:42 +0000] "GET /en/s-offer-2-min-3-2/ HTTP/1.1" 404 15753 "-" "Mozilla/5.0 AppleWebKit/537.36 (KHTML, like Gecko; compatible; bingbot/2.0; +http://www.bing.com/bingbot.htm) Chrome/116.0.1938.76 Safari/537.36"
40.77.167.58 - - [28/May/2026:13:56:50 +0000] "GET /wp-content/plugins/elementor/assets/js/e-wc-product-editor.min.js.LICENSE.txt HTTP/1.1" 200 148 "-" "Mozilla/5.0 AppleWebKit/537.36 (KHTML, like Gecko; compatible; bingbot/2.0; +http://www.bing.com/bingbot.htm) Chrome/116.0.1938.76 Safari/537.36"
172.105.42.26 - - [28/May/2026:13:56:52 +0000] "POST /wp-cron.php?doing_wp_cron=1779976612.0846509933471679687500 HTTP/1.1" 200 20 "-" "WordPress/7.0; https://autozone.com.sa"
2001:16a2:4658:7900:409a:f798:213:b1ca - - [28/May/2026:13:56:50 +0000] "POST /wp-json/iawp/search HTTP/1.1" 200 36 "https://autozone.com.sa/" "Mozilla/5.0 (iPhone; CPU iPhone OS 18_7 like Mac OS X) AppleWebKit/605.1.15 (KHTML, like Gecko) Version/26.3 Mobile/15E148 Safari/604.1"
2001:16a2:4658:7900:409a:f798:213:b1ca - - [28/May/2026:13:56:51 +0000] "POST /?wc-ajax=get_refreshed_fragments HTTP/1.1" 200 858 "https://autozone.com.sa/" "Mozilla/5.0 (iPhone; CPU iPhone OS 18_7 like Mac OS X) AppleWebKit/605.1.15 (KHTML, like Gecko) Version/26.3 Mobile/15E148 Safari/604.1"
2a02:ce0:2002:8cab:80da:ba33:f9e7:4261 - - [28/May/2026:13:56:56 +0000] "GET /our-offers/ HTTP/1.1" 200 40459 "https://autozone.com.sa/our-offers/" "Mozilla/5.0 (Windows NT 10.0; Win64; x64) AppleWebKit/537.36 (KHTML, like Gecko) Chrome/148.0.0.0 Safari/537.36"
34.141.230.59 - - [28/May/2026:13:56:57 +0000] "GET /product/jetour-t2-2025/ HTTP/1.1" 200 38522 "-" "LinkupBot/1.0 (LinkupBot for web indexing; https://linkup.so/bot; bot@linkup.so)"
2a02:ce0:2002:8cab:80da:ba33:f9e7:4261 - - [28/May/2026:13:56:58 +0000] "POST /?wc-ajax=get_refreshed_fragments HTTP/1.1" 200 858 "https://autozone.com.sa/our-offers/" "Mozilla/5.0 (Windows NT 10.0; Win64; x64) AppleWebKit/537.36 (KHTML, like Gecko) Chrome/148.0.0.0 Safari/537.36"
2a02:ce0:2002:8cab:80da:ba33:f9e7:4261 - - [28/May/2026:13:56:58 +0000] "POST /wp-json/iawp/search HTTP/1.1" 200 36 "https://autozone.com.sa/our-offers/" "Mozilla/5.0 (Windows NT 10.0; Win64; x64) AppleWebKit/537.36 (KHTML, like Gecko) Chrome/148.0.0.0 Safari/537.36"
2a02:ce0:2002:8cab:80da:ba33:f9e7:4261 - - [28/May/2026:13:56:59 +0000] "GET /shop/ HTTP/1.1" 200 34815 "https://autozone.com.sa/our-offers/" "Mozilla/5.0 (Windows NT 10.0; Win64; x64) AppleWebKit/537.36 (KHTML, like Gecko) Chrome/148.0.0.0 Safari/537.36"
2a02:ce0:2002:8cab:80da:ba33:f9e7:4261 - - [28/May/2026:13:57:02 +0000] "GET /wp-content/uploads/2025/07/BGC_6099-1-300x300.webp HTTP/1.1" 200 15242 "https://autozone.com.sa/shop/" "Mozilla/5.0 (Windows NT 10.0; Win64; x64) AppleWebKit/537.36 (KHTML, like Gecko) Chrome/148.0.0.0 Safari/537.36"
2a02:ce0:2002:8cab:80da:ba33:f9e7:4261 - - [28/May/2026:13:57:02 +0000] "GET /wp-content/uploads/2026/01/BGC_5738-copy-2-300x300.webp HTTP/1.1" 200 15003 "https://autozone.com.sa/shop/" "Mozilla/5.0 (Windows NT 10.0; Win64; x64) AppleWebKit/537.36 (KHTML, like Gecko) Chrome/148.0.0.0 Safari/537.36"
2a02:ce0:2002:8cab:80da:ba33:f9e7:4261 - - [28/May/2026:13:57:02 +0000] "GET /wp-content/uploads/al_opt_content/IMAGE/autozone.com.sa/wp-content/uploads/2025/07/BGC_6880-300x300.webp.bv.webp?bv_host=autozone.com.sa HTTP/1.1" 200 18105 "https://autozone.com.sa/shop/" "Mozilla/5.0 (Windows NT 10.0; Win64; x64) AppleWebKit/537.36 (KHTML, like Gecko) Chrome/148.0.0.0 Safari/537.36"
2a02:ce0:2002:8cab:80da:ba33:f9e7:4261 - - [28/May/2026:13:57:02 +0000] "GET /wp-content/uploads/al_opt_content/IMAGE/autozone.com.sa/wp-content/uploads/2025/07/BGC_6492-300x300.webp.bv.webp?bv_host=autozone.com.sa HTTP/1.1" 200 15195 "https://autozone.com.sa/shop/" "Mozilla/5.0 (Windows NT 10.0; Win64; x64) AppleWebKit/537.36 (KHTML, like Gecko) Chrome/148.0.0.0 Safari/537.36"
2a02:ce0:2002:8cab:80da:ba33:f9e7:4261 - - [28/May/2026:13:57:02 +0000] "GET /wp-content/uploads/2025/04/6BGC_0008-scaled-copy-300x300.webp HTTP/1.1" 200 17498 "https://autozone.com.sa/shop/" "Mozilla/5.0 (Windows NT 10.0; Win64; x64) AppleWebKit/537.36 (KHTML, like Gecko) Chrome/148.0.0.0 Safari/537.36"
2a02:ce0:2002:8cab:80da:ba33:f9e7:4261 - - [28/May/2026:13:57:02 +0000] "GET /wp-content/uploads/al_opt_content/IMAGE/autozone.com.sa/wp-content/uploads/2025/07/BGC_1405-300x300.webp.bv.webp?bv_host=autozone.com.sa HTTP/1.1" 200 15411 "https://autozone.com.sa/shop/" "Mozilla/5.0 (Windows NT 10.0; Win64; x64) AppleWebKit/537.36 (KHTML, like Gecko) Chrome/148.0.0.0 Safari/537.36"
2a02:ce0:2002:8cab:80da:ba33:f9e7:4261 - - [28/May/2026:13:57:02 +0000] "GET /wp-content/uploads/al_opt_content/IMAGE/autozone.com.sa/wp-content/uploads/2025/07/BGC_6000-300x300.webp.bv.webp?bv_host=autozone.com.sa HTTP/1.1" 200 15557 "https://autozone.com.sa/shop/" "Mozilla/5.0 (Windows NT 10.0; Win64; x64) AppleWebKit/537.36 (KHTML, like Gecko) Chrome/148.0.0.0 Safari/537.36"
2a02:ce0:2002:8cab:80da:ba33:f9e7:4261 - - [28/May/2026:13:57:02 +0000] "POST /?wc-ajax=get_refreshed_fragments HTTP/1.1" 200 858 "https://autozone.com.sa/shop/" "Mozilla/5.0 (Windows NT 10.0; Win64; x64) AppleWebKit/537.36 (KHTML, like Gecko) Chrome/148.0.0.0 Safari/537.36"
2a02:ce0:2002:8cab:80da:ba33:f9e7:4261 - - [28/May/2026:13:57:02 +0000] "POST /wp-json/iawp/search HTTP/1.1" 200 36 "https://autozone.com.sa/shop/" "Mozilla/5.0 (Windows NT 10.0; Win64; x64) AppleWebKit/537.36 (KHTML, like Gecko) Chrome/148.0.0.0 Safari/537.36"
2a02:ce0:2002:8cab:80da:ba33:f9e7:4261 - - [28/May/2026:13:57:04 +0000] "GET /wp-content/uploads/2026/01/BGC_5738-copy-8-300x300.webp HTTP/1.1" 200 9515 "https://autozone.com.sa/shop/" "Mozilla/5.0 (Windows NT 10.0; Win64; x64) AppleWebKit/537.36 (KHTML, like Gecko) Chrome/148.0.0.0 Safari/537.36"
2a02:ce0:2002:8cab:80da:ba33:f9e7:4261 - - [28/May/2026:13:57:04 +0000] "GET /wp-content/uploads/2026/01/BGC_5738-copy-6-300x300.webp HTTP/1.1" 200 8907 "https://autozone.com.sa/shop/" "Mozilla/5.0 (Windows NT 10.0; Win64; x64) AppleWebKit/537.36 (KHTML, like Gecko) Chrome/148.0.0.0 Safari/537.36"
2a02:ce0:2002:8cab:80da:ba33:f9e7:4261 - - [28/May/2026:13:57:04 +0000] "GET /wp-content/uploads/2026/01/BGC_5738-copy-4-300x300.webp HTTP/1.1" 200 8569 "https://autozone.com.sa/shop/" "Mozilla/5.0 (Windows NT 10.0; Win64; x64) AppleWebKit/537.36 (KHTML, like Gecko) Chrome/148.0.0.0 Safari/537.36"
2a02:ce0:2002:8cab:80da:ba33:f9e7:4261 - - [28/May/2026:13:57:04 +0000] "GET /wp-content/uploads/2026/01/BGC_5738-copy-21-300x300.webp HTTP/1.1" 200 9235 "https://autozone.com.sa/shop/" "Mozilla/5.0 (Windows NT 10.0; Win64; x64) AppleWebKit/537.36 (KHTML, like Gecko) Chrome/148.0.0.0 Safari/537.36"
2a02:ce0:2002:8cab:80da:ba33:f9e7:4261 - - [28/May/2026:13:57:03 +0000] "GET /financial-calculator/ HTTP/1.1" 200 42338 "https://autozone.com.sa/shop/" "Mozilla/5.0 (Windows NT 10.0; Win64; x64) AppleWebKit/537.36 (KHTML, like Gecko) Chrome/148.0.0.0 Safari/537.36"
2a02:ce0:2002:8cab:80da:ba33:f9e7:4261 - - [28/May/2026:13:57:05 +0000] "GET /wp-content/uploads/elementor/css/post-1123.css?ver=1779946493 HTTP/1.1" 200 1517 "https://autozone.com.sa/financial-calculator/" "Mozilla/5.0 (Windows NT 10.0; Win64; x64) AppleWebKit/537.36 (KHTML, like Gecko) Chrome/148.0.0.0 Safari/537.36"
2a02:ce0:2002:8cab:80da:ba33:f9e7:4261 - - [28/May/2026:13:57:05 +0000] "GET /wp-content/plugins/fluentform/assets/css/fluentform-public-default-rtl.css?ver=6.2.0 HTTP/1.1" 200 1206 "https://autozone.com.sa/financial-calculator/" "Mozilla/5.0 (Windows NT 10.0; Win64; x64) AppleWebKit/537.36 (KHTML, like Gecko) Chrome/148.0.0.0 Safari/537.36"
2a02:ce0:2002:8cab:80da:ba33:f9e7:4261 - - [28/May/2026:13:57:05 +0000] "GET /wp-content/plugins/fluentform/assets/css/fluent-forms-public-rtl.css?ver=6.2.0 HTTP/1.1" 200 5870 "https://autozone.com.sa/financial-calculator/" "Mozilla/5.0 (Windows NT 10.0; Win64; x64) AppleWebKit/537.36 (KHTML, like Gecko) Chrome/148.0.0.0 Safari/537.36"
2a02:ce0:2002:8cab:80da:ba33:f9e7:4261 - - [28/May/2026:13:57:05 +0000] "GET /wp-content/plugins/fluentformpro/public/libs/intl-tel-input/css/intlTelInput-rtl.min.css?ver=24.2.0 HTTP/1.1" 200 2970 "https://autozone.com.sa/financial-calculator/" "Mozilla/5.0 (Windows NT 10.0; Win64; x64) AppleWebKit/537.36 (KHTML, like Gecko) Chrome/148.0.0.0 Safari/537.36"
2a02:ce0:2002:8cab:80da:ba33:f9e7:4261 - - [28/May/2026:13:57:06 +0000] "GET /wp-content/uploads/2024/12/az-new-logo-bg-2.jpg HTTP/1.1" 304 - "https://autozone.com.sa/wp-content/uploads/elementor/css/post-1123.css?ver=1779946493" "Mozilla/5.0 (Windows NT 10.0; Win64; x64) AppleWebKit/537.36 (KHTML, like Gecko) Chrome/148.0.0.0 Safari/537.36"
2a02:ce0:2002:8cab:80da:ba33:f9e7:4261 - - [28/May/2026:13:57:06 +0000] "GET /wp-content/uploads/2024/12/bg.webp HTTP/1.1" 200 82268 "https://autozone.com.sa/wp-content/uploads/elementor/css/post-1123.css?ver=1779946493" "Mozilla/5.0 (Windows NT 10.0; Win64; x64) AppleWebKit/537.36 (KHTML, like Gecko) Chrome/148.0.0.0 Safari/537.36"
2a02:ce0:2002:8cab:80da:ba33:f9e7:4261 - - [28/May/2026:13:57:06 +0000] "GET /wp-content/plugins/fluentformpro/public/libs/math-expression.min.js?ver=1.2.17 HTTP/1.1" 200 4172 "-" "Mozilla/5.0 (Windows NT 10.0; Win64; x64) AppleWebKit/537.36 (KHTML, like Gecko) Chrome/148.0.0.0 Safari/537.36"
2a02:ce0:2002:8cab:80da:ba33:f9e7:4261 - - [28/May/2026:13:57:06 +0000] "GET /wp-content/plugins/fluentform/assets/js/form-submission.js?ver=6.2.0 HTTP/1.1" 200 8505 "-" "Mozilla/5.0 (Windows NT 10.0; Win64; x64) AppleWebKit/537.36 (KHTML, like Gecko) Chrome/148.0.0.0 Safari/537.36"
2a02:ce0:2002:8cab:80da:ba33:f9e7:4261 - - [28/May/2026:13:57:06 +0000] "GET /wp-content/plugins/fluentformpro/public/libs/intl-tel-input/js/intlTelInputWithUtils.min.js?ver=25.5.2 HTTP/1.1" 200 72088 "-" "Mozilla/5.0 (Windows NT 10.0; Win64; x64) AppleWebKit/537.36 (KHTML, like Gecko) Chrome/148.0.0.0 Safari/537.36"
2a02:ce0:2002:8cab:80da:ba33:f9e7:4261 - - [28/May/2026:13:57:06 +0000] "GET /wp-content/plugins/fluentform/assets/js/fluentform-advanced.js?ver=6.2.0 HTTP/1.1" 200 14511 "-" "Mozilla/5.0 (Windows NT 10.0; Win64; x64) AppleWebKit/537.36 (KHTML, like Gecko) Chrome/148.0.0.0 Safari/537.36"
2001:16a2:4658:7900:409a:f798:213:b1ca - - [28/May/2026:13:57:05 +0000] "POST /wp-admin/admin-ajax.php HTTP/1.1" 200 628 "https://autozone.com.sa/" "Mozilla/5.0 (iPhone; CPU iPhone OS 18_7 like Mac OS X) AppleWebKit/605.1.15 (KHTML, like Gecko) Version/26.3 Mobile/15E148 Safari/604.1"
2a02:ce0:2002:8cab:80da:ba33:f9e7:4261 - - [28/May/2026:13:57:07 +0000] "GET /shop/?orderby=popularity&paged=1 HTTP/1.1" 301 20 "https://autozone.com.sa/shop/" "Mozilla/5.0 (Windows NT 10.0; Win64; x64) AppleWebKit/537.36 (KHTML, like Gecko) Chrome/148.0.0.0 Safari/537.36"
2a02:ce0:2002:8cab:80da:ba33:f9e7:4261 - - [28/May/2026:13:57:09 +0000] "GET /shop/?orderby=popularity HTTP/1.1" 200 34930 "https://autozone.com.sa/shop/" "Mozilla/5.0 (Windows NT 10.0; Win64; x64) AppleWebKit/537.36 (KHTML, like Gecko) Chrome/148.0.0.0 Safari/537.36"
2a02:ce0:2002:8cab:80da:ba33:f9e7:4261 - - [28/May/2026:13:57:11 +0000] "GET /wp-content/uploads/al_opt_content/IMAGE/autozone.com.sa/wp-content/uploads/2026/04/BGC_8117-300x300.webp.bv.webp?bv_host=autozone.com.sa HTTP/1.1" 200 20305 "https://autozone.com.sa/shop/?orderby=popularity" "Mozilla/5.0 (Windows NT 10.0; Win64; x64) AppleWebKit/537.36 (KHTML, like Gecko) Chrome/148.0.0.0 Safari/537.36"
2a02:ce0:2002:8cab:80da:ba33:f9e7:4261 - - [28/May/2026:13:57:11 +0000] "GET /wp-content/uploads/al_opt_content/IMAGE/autozone.com.sa/wp-content/uploads/2025/04/BGC_5923-300x300.jpg.bv.webp?bv_host=autozone.com.sa HTTP/1.1" 200 16767 "https://autozone.com.sa/shop/?orderby=popularity" "Mozilla/5.0 (Windows NT 10.0; Win64; x64) AppleWebKit/537.36 (KHTML, like Gecko) Chrome/148.0.0.0 Safari/537.36"
2a02:ce0:2002:8cab:80da:ba33:f9e7:4261 - - [28/May/2026:13:57:11 +0000] "GET /wp-content/uploads/al_opt_content/IMAGE/autozone.com.sa/wp-content/uploads/2026/01/BGC_5738-copy-26-300x300.webp.bv.webp?bv_host=autozone.com.sa HTTP/1.1" 200 11163 "https://autozone.com.sa/shop/?orderby=popularity" "Mozilla/5.0 (Windows NT 10.0; Win64; x64) AppleWebKit/537.36 (KHTML, like Gecko) Chrome/148.0.0.0 Safari/537.36"
2a02:ce0:2002:8cab:80da:ba33:f9e7:4261 - - [28/May/2026:13:57:11 +0000] "GET /wp-content/uploads/al_opt_content/IMAGE/autozone.com.sa/wp-content/uploads/2026/02/BGC_7090-copy-300x300.webp.bv.webp?bv_host=autozone.com.sa HTTP/1.1" 200 24723 "https://autozone.com.sa/shop/?orderby=popularity" "Mozilla/5.0 (Windows NT 10.0; Win64; x64) AppleWebKit/537.36 (KHTML, like Gecko) Chrome/148.0.0.0 Safari/537.36"
2a02:ce0:2002:8cab:80da:ba33:f9e7:4261 - - [28/May/2026:13:57:11 +0000] "GET /wp-content/uploads/al_opt_content/IMAGE/autozone.com.sa/wp-content/uploads/2026/04/02-300x300.webp.bv.webp?bv_host=autozone.com.sa HTTP/1.1" 200 13751 "https://autozone.com.sa/shop/?orderby=popularity" "Mozilla/5.0 (Windows NT 10.0; Win64; x64) AppleWebKit/537.36 (KHTML, like Gecko) Chrome/148.0.0.0 Safari/537.36"
2a02:ce0:2002:8cab:80da:ba33:f9e7:4261 - - [28/May/2026:13:57:11 +0000] "GET /wp-content/uploads/al_opt_content/IMAGE/autozone.com.sa/wp-content/uploads/2026/01/BGC_5738-copy-27-300x300.webp.bv.webp?bv_host=autozone.com.sa HTTP/1.1" 200 11469 "https://autozone.com.sa/shop/?orderby=popularity" "Mozilla/5.0 (Windows NT 10.0; Win64; x64) AppleWebKit/537.36 (KHTML, like Gecko) Chrome/148.0.0.0 Safari/537.36"
2a02:ce0:2002:8cab:80da:ba33:f9e7:4261 - - [28/May/2026:13:57:11 +0000] "POST /?wc-ajax=get_refreshed_fragments HTTP/1.1" 200 858 "https://autozone.com.sa/shop/?orderby=popularity" "Mozilla/5.0 (Windows NT 10.0; Win64; x64) AppleWebKit/537.36 (KHTML, like Gecko) Chrome/148.0.0.0 Safari/537.36"
2a02:ce0:2002:8cab:80da:ba33:f9e7:4261 - - [28/May/2026:13:57:11 +0000] "POST /wp-json/iawp/search HTTP/1.1" 200 36 "https://autozone.com.sa/shop/?orderby=popularity" "Mozilla/5.0 (Windows NT 10.0; Win64; x64) AppleWebKit/537.36 (KHTML, like Gecko) Chrome/148.0.0.0 Safari/537.36"
2a02:ce0:2002:8cab:80da:ba33:f9e7:4261 - - [28/May/2026:13:57:14 +0000] "GET /wp-content/plugins/fluentformpro/public/libs/intl-tel-input/img/flags.webp HTTP/1.1" 200 28209 "https://autozone.com.sa/wp-content/plugins/fluentformpro/public/libs/intl-tel-input/css/intlTelInput-rtl.min.css?ver=24.2.0" "Mozilla/5.0 (Windows NT 10.0; Win64; x64) AppleWebKit/537.36 (KHTML, like Gecko) Chrome/148.0.0.0 Safari/537.36"
2a02:ce0:2002:8cab:80da:ba33:f9e7:4261 - - [28/May/2026:13:57:14 +0000] "GET /wp-content/plugins/elementor/assets/js/text-editor.45609661e409413f1cef.bundle.min.js HTTP/1.1" 200 648 "https://autozone.com.sa/financial-calculator/" "Mozilla/5.0 (Windows NT 10.0; Win64; x64) AppleWebKit/537.36 (KHTML, like Gecko) Chrome/148.0.0.0 Safari/537.36"
2a02:ce0:2002:8cab:80da:ba33:f9e7:4261 - - [28/May/2026:13:57:15 +0000] "GET /wp-content/uploads/2026/01/BGC_5738-copy-22-300x300.webp HTTP/1.1" 200 10951 "https://autozone.com.sa/shop/?orderby=popularity" "Mozilla/5.0 (Windows NT 10.0; Win64; x64) AppleWebKit/537.36 (KHTML, like Gecko) Chrome/148.0.0.0 Safari/537.36"
2a02:ce0:2002:8cab:80da:ba33:f9e7:4261 - - [28/May/2026:13:57:15 +0000] "GET /wp-content/uploads/2026/01/03-2-300x300.webp HTTP/1.1" 200 9863 "https://autozone.com.sa/shop/?orderby=popularity" "Mozilla/5.0 (Windows NT 10.0; Win64; x64) AppleWebKit/537.36 (KHTML, like Gecko) Chrome/148.0.0.0 Safari/537.36"
2a02:ce0:2002:8cab:80da:ba33:f9e7:4261 - - [28/May/2026:13:57:15 +0000] "GET /wp-content/uploads/2026/01/BGC_5738-copy-1-300x300.webp HTTP/1.1" 200 8941 "https://autozone.com.sa/shop/?orderby=popularity" "Mozilla/5.0 (Windows NT 10.0; Win64; x64) AppleWebKit/537.36 (KHTML, like Gecko) Chrome/148.0.0.0 Safari/537.36"
2001:16a2:4658:7900:409a:f798:213:b1ca - - [28/May/2026:13:57:13 +0000] "POST /wp-admin/admin-ajax.php HTTP/1.1" 200 46 "https://autozone.com.sa/" "Mozilla/5.0 (iPhone; CPU iPhone OS 18_7 like Mac OS X) AppleWebKit/605.1.15 (KHTML, like Gecko) Version/26.3 Mobile/15E148 Safari/604.1"
2a02:ce0:2002:8cab:80da:ba33:f9e7:4261 - - [28/May/2026:13:57:14 +0000] "POST /?wc-ajax=get_refreshed_fragments HTTP/1.1" 200 858 "https://autozone.com.sa/financial-calculator/" "Mozilla/5.0 (Windows NT 10.0; Win64; x64) AppleWebKit/537.36 (KHTML, like Gecko) Chrome/148.0.0.0 Safari/537.36"
2a02:ce0:2002:8cab:80da:ba33:f9e7:4261 - - [28/May/2026:13:57:14 +0000] "POST /?wc-ajax=get_refreshed_fragments HTTP/1.1" 200 858 "https://autozone.com.sa/financial-calculator/" "Mozilla/5.0 (Windows NT 10.0; Win64; x64) AppleWebKit/537.36 (KHTML, like Gecko) Chrome/148.0.0.0 Safari/537.36"
2a02:ce0:2002:8cab:80da:ba33:f9e7:4261 - - [28/May/2026:13:57:14 +0000] "POST /wp-json/iawp/search HTTP/1.1" 200 36 "https://autozone.com.sa/financial-calculator/" "Mozilla/5.0 (Windows NT 10.0; Win64; x64) AppleWebKit/537.36 (KHTML, like Gecko) Chrome/148.0.0.0 Safari/537.36"
2001:16a2:4658:7900:409a:f798:213:b1ca - - [28/May/2026:13:57:28 +0000] "POST //shop/ HTTP/1.1" 200 19573 "https://autozone.com.sa/" "Mozilla/5.0 (iPhone; CPU iPhone OS 18_7 like Mac OS X) AppleWebKit/605.1.15 (KHTML, like Gecko) Version/26.3 Mobile/15E148 Safari/604.1"
2001:16a2:4658:7900:409a:f798:213:b1ca - - [28/May/2026:13:57:31 +0000] "GET /wp-content/plugins/woocommerce/assets/css/photoswipe/default-skin/default-skin.png HTTP/1.1" 200 547 "https://autozone.com.sa//shop/" "Mozilla/5.0 (iPhone; CPU iPhone OS 18_7 like Mac OS X) AppleWebKit/605.1.15 (KHTML, like Gecko) Version/26.3 Mobile/15E148 Safari/604.1"
2a02:ce0:2002:8cab:80da:ba33:f9e7:4261 - - [28/May/2026:13:57:29 +0000] "GET /financial-calculator/ HTTP/1.1" 200 42304 "https://autozone.com.sa/shop/?orderby=popularity" "Mozilla/5.0 (Windows NT 10.0; Win64; x64) AppleWebKit/537.36 (KHTML, like Gecko) Chrome/148.0.0.0 Safari/537.36"
2001:16a2:4658:7900:409a:f798:213:b1ca - - [28/May/2026:13:57:32 +0000] "POST /?wc-ajax=get_refreshed_fragments HTTP/1.1" 200 858 "https://autozone.com.sa//shop/" "Mozilla/5.0 (iPhone; CPU iPhone OS 18_7 like Mac OS X) AppleWebKit/605.1.15 (KHTML, like Gecko) Version/26.3 Mobile/15E148 Safari/604.1"
2a02:ce0:2002:8cab:80da:ba33:f9e7:4261 - - [28/May/2026:13:57:32 +0000] "POST /?wc-ajax=get_refreshed_fragments HTTP/1.1" 200 858 "https://autozone.com.sa/financial-calculator/" "Mozilla/5.0 (Windows NT 10.0; Win64; x64) AppleWebKit/537.36 (KHTML, like Gecko) Chrome/148.0.0.0 Safari/537.36"
2a02:ce0:2002:8cab:80da:ba33:f9e7:4261 - - [28/May/2026:13:57:32 +0000] "POST /wp-json/iawp/search HTTP/1.1" 200 36 "https://autozone.com.sa/financial-calculator/" "Mozilla/5.0 (Windows NT 10.0; Win64; x64) AppleWebKit/537.36 (KHTML, like Gecko) Chrome/148.0.0.0 Safari/537.36"
2001:16a2:4658:7900:409a:f798:213:b1ca - - [28/May/2026:13:57:32 +0000] "POST /wp-json/iawp/search HTTP/1.1" 200 36 "https://autozone.com.sa//shop/" "Mozilla/5.0 (iPhone; CPU iPhone OS 18_7 like Mac OS X) AppleWebKit/605.1.15 (KHTML, like Gecko) Version/26.3 Mobile/15E148 Safari/604.1"
2a02:cb80:4167:1416:45d:2ee6:7e9a:1bb5 - - [28/May/2026:13:57:30 +0000] "GET / HTTP/1.1" 200 65328 "https://www.google.com/" "Mozilla/5.0 (iPhone; CPU iPhone OS 18_7 like Mac OS X) AppleWebKit/605.1.15 (KHTML, like Gecko) Version/26.5 Mobile/15E148 Safari/604.1"
2a02:cb80:4167:1416:45d:2ee6:7e9a:1bb5 - - [28/May/2026:13:57:34 +0000] "GET /wp-content/plugins/woocommerce/assets/css/photoswipe/default-skin/default-skin.png HTTP/1.1" 200 547 "https://autozone.com.sa/" "Mozilla/5.0 (iPhone; CPU iPhone OS 18_7 like Mac OS X) AppleWebKit/605.1.15 (KHTML, like Gecko) Version/26.5 Mobile/15E148 Safari/604.1"
172.105.42.26 - - [28/May/2026:13:57:44 +0000] "POST /wp-cron.php?doing_wp_cron=1779976664.1085429191589355468750 HTTP/1.1" 200 20 "-" "WordPress/7.0; https://autozone.com.sa"
2a02:cb80:4167:1416:45d:2ee6:7e9a:1bb5 - - [28/May/2026:13:57:42 +0000] "POST /?wc-ajax=get_refreshed_fragments HTTP/1.1" 200 858 "https://autozone.com.sa/" "Mozilla/5.0 (iPhone; CPU iPhone OS 18_7 like Mac OS X) AppleWebKit/605.1.15 (KHTML, like Gecko) Version/26.5 Mobile/15E148 Safari/604.1"
2a02:cb80:4167:1416:45d:2ee6:7e9a:1bb5 - - [28/May/2026:13:57:42 +0000] "POST /wp-json/iawp/search HTTP/1.1" 200 36 "https://autozone.com.sa/" "Mozilla/5.0 (iPhone; CPU iPhone OS 18_7 like Mac OS X) AppleWebKit/605.1.15 (KHTML, like Gecko) Version/26.5 Mobile/15E148 Safari/604.1"
172.105.42.26 - - [28/May/2026:13:57:51 +0000] "POST /wp-cron.php?doing_wp_cron=1779976671.5320429801940917968750 HTTP/1.1" 200 20 "-" "WordPress/7.0; https://autozone.com.sa"
2001:16a2:4658:7900:409a:f798:213:b1ca - - [28/May/2026:13:57:49 +0000] "GET /shop/page/2/ HTTP/1.1" 200 34988 "https://autozone.com.sa//shop/" "Mozilla/5.0 (iPhone; CPU iPhone OS 18_7 like Mac OS X) AppleWebKit/605.1.15 (KHTML, like Gecko) Version/26.3 Mobile/15E148 Safari/604.1"
2001:16a2:4658:7900:409a:f798:213:b1ca - - [28/May/2026:13:57:52 +0000] "GET /wp-content/uploads/2025/07/BGC_5281-300x300.webp HTTP/1.1" 200 16125 "https://autozone.com.sa/shop/page/2/" "Mozilla/5.0 (iPhone; CPU iPhone OS 18_7 like Mac OS X) AppleWebKit/605.1.15 (KHTML, like Gecko) Version/26.3 Mobile/15E148 Safari/604.1"
2001:16a2:4658:7900:409a:f798:213:b1ca - - [28/May/2026:13:57:52 +0000] "GET /wp-content/uploads/2025/07/BGC_5205-300x300.webp HTTP/1.1" 200 8553 "https://autozone.com.sa/shop/page/2/" "Mozilla/5.0 (iPhone; CPU iPhone OS 18_7 like Mac OS X) AppleWebKit/605.1.15 (KHTML, like Gecko) Version/26.3 Mobile/15E148 Safari/604.1"
2001:16a2:4658:7900:409a:f798:213:b1ca - - [28/May/2026:13:57:52 +0000] "GET /wp-content/uploads/2026/01/BGC_5738-copy-1-300x300.webp HTTP/1.1" 200 8941 "https://autozone.com.sa/shop/page/2/" "Mozilla/5.0 (iPhone; CPU iPhone OS 18_7 like Mac OS X) AppleWebKit/605.1.15 (KHTML, like Gecko) Version/26.3 Mobile/15E148 Safari/604.1"
2001:16a2:4658:7900:409a:f798:213:b1ca - - [28/May/2026:13:57:53 +0000] "GET /wp-content/uploads/2025/04/BGC_6468-300x300.jpg HTTP/1.1" 304 - "https://autozone.com.sa/shop/page/2/" "Mozilla/5.0 (iPhone; CPU iPhone OS 18_7 like Mac OS X) AppleWebKit/605.1.15 (KHTML, like Gecko) Version/26.3 Mobile/15E148 Safari/604.1"
2001:16a2:4658:7900:409a:f798:213:b1ca - - [28/May/2026:13:57:53 +0000] "GET /wp-content/uploads/al_opt_content/IMAGE/autozone.com.sa/wp-content/uploads/2026/01/BGC_5738-copy-27-300x300.webp?bv_host=autozone.com.sa&bv-resized-infos=bv_resized_mobile%3A300%2A300%3Bbv_resized_ipad%3A300%2A300%3Bbv_resized_desktop%3A300%2A300 HTTP/1.1" 200 11469 "https://autozone.com.sa/shop/page/2/" "Mozilla/5.0 (iPhone; CPU iPhone OS 18_7 like Mac OS X) AppleWebKit/605.1.15 (KHTML, like Gecko) Version/26.3 Mobile/15E148 Safari/604.1"
2a02:ce0:2002:8cab:80da:ba33:f9e7:4261 - - [28/May/2026:13:57:52 +0000] "GET /showroom/ HTTP/1.1" 200 36578 "https://autozone.com.sa/financial-calculator/" "Mozilla/5.0 (Windows NT 10.0; Win64; x64) AppleWebKit/537.36 (KHTML, like Gecko) Chrome/148.0.0.0 Safari/537.36"
2001:16a2:4658:7900:409a:f798:213:b1ca - - [28/May/2026:13:57:53 +0000] "POST /?wc-ajax=get_refreshed_fragments HTTP/1.1" 200 858 "https://autozone.com.sa/shop/page/2/" "Mozilla/5.0 (iPhone; CPU iPhone OS 18_7 like Mac OS X) AppleWebKit/605.1.15 (KHTML, like Gecko) Version/26.3 Mobile/15E148 Safari/604.1"
2a02:ce0:2002:8cab:80da:ba33:f9e7:4261 - - [28/May/2026:13:57:54 +0000] "GET /wp-content/uploads/elementor/css/post-665.css?ver=1779946564 HTTP/1.1" 200 724 "https://autozone.com.sa/showroom/" "Mozilla/5.0 (Windows NT 10.0; Win64; x64) AppleWebKit/537.36 (KHTML, like Gecko) Chrome/148.0.0.0 Safari/537.36"
2001:16a2:4658:7900:409a:f798:213:b1ca - - [28/May/2026:13:57:53 +0000] "POST /wp-json/iawp/search HTTP/1.1" 200 36 "https://autozone.com.sa/shop/page/2/" "Mozilla/5.0 (iPhone; CPU iPhone OS 18_7 like Mac OS X) AppleWebKit/605.1.15 (KHTML, like Gecko) Version/26.3 Mobile/15E148 Safari/604.1"
2a02:ce0:2002:8cab:80da:ba33:f9e7:4261 - - [28/May/2026:13:57:55 +0000] "GET /wp-content/uploads/2024/12/az-new-logo-bg-2-1.jpg HTTP/1.1" 304 - "https://autozone.com.sa/wp-content/uploads/elementor/css/post-665.css?ver=1779946564" "Mozilla/5.0 (Windows NT 10.0; Win64; x64) AppleWebKit/537.36 (KHTML, like Gecko) Chrome/148.0.0.0 Safari/537.36"
2001:16a2:4658:7900:409a:f798:213:b1ca - - [28/May/2026:13:57:55 +0000] "GET /wp-content/uploads/al_opt_content/IMAGE/autozone.com.sa/wp-content/uploads/2026/01/BGC_5738-copy-26-300x300.webp?bv_host=autozone.com.sa&bv-resized-infos=bv_resized_mobile%3A300%2A300%3Bbv_resized_ipad%3A300%2A300%3Bbv_resized_desktop%3A300%2A300 HTTP/1.1" 200 11163 "https://autozone.com.sa/shop/page/2/" "Mozilla/5.0 (iPhone; CPU iPhone OS 18_7 like Mac OS X) AppleWebKit/605.1.15 (KHTML, like Gecko) Version/26.3 Mobile/15E148 Safari/604.1"
2a02:ce0:2002:8cab:80da:ba33:f9e7:4261 - - [28/May/2026:13:57:55 +0000] "GET /our-offers/ HTTP/1.1" 200 40450 "https://autozone.com.sa/showroom/" "Mozilla/5.0 (Windows NT 10.0; Win64; x64) AppleWebKit/537.36 (KHTML, like Gecko) Chrome/148.0.0.0 Safari/537.36"
2a02:ce0:2002:8cab:80da:ba33:f9e7:4261 - - [28/May/2026:13:57:56 +0000] "POST /?wc-ajax=get_refreshed_fragments HTTP/1.1" 200 858 "https://autozone.com.sa/showroom/" "Mozilla/5.0 (Windows NT 10.0; Win64; x64) AppleWebKit/537.36 (KHTML, like Gecko) Chrome/148.0.0.0 Safari/537.36"
2a02:ce0:2002:8cab:80da:ba33:f9e7:4261 - - [28/May/2026:13:57:56 +0000] "POST /wp-json/iawp/search HTTP/1.1" 200 36 "https://autozone.com.sa/showroom/" "Mozilla/5.0 (Windows NT 10.0; Win64; x64) AppleWebKit/537.36 (KHTML, like Gecko) Chrome/148.0.0.0 Safari/537.36"
2a02:ce0:2002:8cab:80da:ba33:f9e7:4261 - - [28/May/2026:13:57:58 +0000] "POST /?wc-ajax=get_refreshed_fragments HTTP/1.1" 200 858 "https://autozone.com.sa/our-offers/" "Mozilla/5.0 (Windows NT 10.0; Win64; x64) AppleWebKit/537.36 (KHTML, like Gecko) Chrome/148.0.0.0 Safari/537.36"
2a02:ce0:2002:8cab:80da:ba33:f9e7:4261 - - [28/May/2026:13:57:58 +0000] "POST /wp-json/iawp/search HTTP/1.1" 200 36 "https://autozone.com.sa/our-offers/" "Mozilla/5.0 (Windows NT 10.0; Win64; x64) AppleWebKit/537.36 (KHTML, like Gecko) Chrome/148.0.0.0 Safari/537.36"
2a02:ce0:2002:8cab:80da:ba33:f9e7:4261 - - [28/May/2026:13:57:59 +0000] "GET /shop/ HTTP/1.1" 200 34800 "https://autozone.com.sa/our-offers/" "Mozilla/5.0 (Windows NT 10.0; Win64; x64) AppleWebKit/537.36 (KHTML, like Gecko) Chrome/148.0.0.0 Safari/537.36"
2a02:ce0:2002:8cab:80da:ba33:f9e7:4261 - - [28/May/2026:13:58:01 +0000] "POST /?wc-ajax=get_refreshed_fragments HTTP/1.1" 200 858 "https://autozone.com.sa/shop/" "Mozilla/5.0 (Windows NT 10.0; Win64; x64) AppleWebKit/537.36 (KHTML, like Gecko) Chrome/148.0.0.0 Safari/537.36"
2a02:ce0:2002:8cab:80da:ba33:f9e7:4261 - - [28/May/2026:13:58:01 +0000] "POST /wp-json/iawp/search HTTP/1.1" 200 36 "https://autozone.com.sa/shop/" "Mozilla/5.0 (Windows NT 10.0; Win64; x64) AppleWebKit/537.36 (KHTML, like Gecko) Chrome/148.0.0.0 Safari/537.36"
2a02:ce0:2002:8cab:80da:ba33:f9e7:4261 - - [28/May/2026:13:58:05 +0000] "GET /wp-content/uploads/2026/01/BGC_5738-copy-24-300x300.webp HTTP/1.1" 200 11677 "https://autozone.com.sa/shop/" "Mozilla/5.0 (Windows NT 10.0; Win64; x64) AppleWebKit/537.36 (KHTML, like Gecko) Chrome/148.0.0.0 Safari/537.36"
2a02:ce0:2002:8cab:80da:ba33:f9e7:4261 - - [28/May/2026:13:58:05 +0000] "GET /wp-content/uploads/2026/01/BGC_5738-copy-23-300x300.webp HTTP/1.1" 200 11341 "https://autozone.com.sa/shop/" "Mozilla/5.0 (Windows NT 10.0; Win64; x64) AppleWebKit/537.36 (KHTML, like Gecko) Chrome/148.0.0.0 Safari/537.36"
