2001:16a2:c171:580b:3834:acdb:ce4a:1a95 - - [28/Mar/2026:17:13:30 +0000] "GET /wp-content/uploads/2026/01/18XLIBack.webp HTTP/1.1" 200 403762 "https://autozone.com.sa/product/%d8%aa%d9%88%d9%8a%d9%88%d8%aa%d8%a7-%d9%83%d9%88%d8%b1%d9%88%d9%84%d8%a7-%d8%a7%d9%83%d8%b3-%d8%a7%d9%84-%d8%a7%d9%8a-%d8%a7%d9%83%d8%b3%d9%83%d8%aa%d9%8a%d9%81-2026-%d9%86%d8%b3%d8%ae%d8%a9/" "Mozilla/5.0 (Linux; Android 10; K) AppleWebKit/537.36 (KHTML, like Gecko) Chrome/145.0.0.0 Mobile Safari/537.36"
2001:16a2:c171:580b:3834:acdb:ce4a:1a95 - - [28/Mar/2026:17:13:30 +0000] "GET /wp-content/uploads/2026/01/18XLISide-100x100.webp HTTP/1.1" 200 1551 "https://autozone.com.sa/product/%d8%aa%d9%88%d9%8a%d9%88%d8%aa%d8%a7-%d9%83%d9%88%d8%b1%d9%88%d9%84%d8%a7-%d8%a7%d9%83%d8%b3-%d8%a7%d9%84-%d8%a7%d9%8a-%d8%a7%d9%83%d8%b3%d9%83%d8%aa%d9%8a%d9%81-2026-%d9%86%d8%b3%d8%ae%d8%a9/" "Mozilla/5.0 (Linux; Android 10; K) AppleWebKit/537.36 (KHTML, like Gecko) Chrome/145.0.0.0 Mobile Safari/537.36"
2001:16a2:c171:580b:3834:acdb:ce4a:1a95 - - [28/Mar/2026:17:13:30 +0000] "GET /wp-content/uploads/2026/01/18XLISide.webp HTTP/1.1" 200 369186 "https://autozone.com.sa/product/%d8%aa%d9%88%d9%8a%d9%88%d8%aa%d8%a7-%d9%83%d9%88%d8%b1%d9%88%d9%84%d8%a7-%d8%a7%d9%83%d8%b3-%d8%a7%d9%84-%d8%a7%d9%8a-%d8%a7%d9%83%d8%b3%d9%83%d8%aa%d9%8a%d9%81-2026-%d9%86%d8%b3%d8%ae%d8%a9/" "Mozilla/5.0 (Linux; Android 10; K) AppleWebKit/537.36 (KHTML, like Gecko) Chrome/145.0.0.0 Mobile Safari/537.36"
2001:16a2:c171:580b:3834:acdb:ce4a:1a95 - - [28/Mar/2026:17:13:30 +0000] "GET /wp-content/uploads/2026/01/18XLISide-768x576.webp HTTP/1.1" 200 25477 "https://autozone.com.sa/product/%d8%aa%d9%88%d9%8a%d9%88%d8%aa%d8%a7-%d9%83%d9%88%d8%b1%d9%88%d9%84%d8%a7-%d8%a7%d9%83%d8%b3-%d8%a7%d9%84-%d8%a7%d9%8a-%d8%a7%d9%83%d8%b3%d9%83%d8%aa%d9%8a%d9%81-2026-%d9%86%d8%b3%d8%ae%d8%a9/" "Mozilla/5.0 (Linux; Android 10; K) AppleWebKit/537.36 (KHTML, like Gecko) Chrome/145.0.0.0 Mobile Safari/537.36"
2001:16a2:c171:580b:3834:acdb:ce4a:1a95 - - [28/Mar/2026:17:13:30 +0000] "GET /wp-content/uploads/2026/01/18XLIBack-300x300.webp HTTP/1.1" 200 7017 "https://autozone.com.sa/product/%d8%aa%d9%88%d9%8a%d9%88%d8%aa%d8%a7-%d9%83%d9%88%d8%b1%d9%88%d9%84%d8%a7-%d8%a7%d9%83%d8%b3-%d8%a7%d9%84-%d8%a7%d9%8a-%d8%a7%d9%83%d8%b3%d9%83%d8%aa%d9%8a%d9%81-2026-%d9%86%d8%b3%d8%ae%d8%a9/" "Mozilla/5.0 (Linux; Android 10; K) AppleWebKit/537.36 (KHTML, like Gecko) Chrome/145.0.0.0 Mobile Safari/537.36"
66.249.93.11 - - [28/Mar/2026:17:13:28 +0000] "GET /product/%D8%AA%D9%88%D9%8A%D9%88%D8%AA%D8%A7-%D9%83%D9%88%D8%B1%D9%88%D9%84%D8%A7-%D8%A7%D9%83%D8%B3-%D8%A7%D9%84-%D8%A7%D9%8A-%D8%A7%D9%83%D8%B3%D9%83%D8%AA%D9%8A%D9%81-2026-%D9%86%D8%B3%D8%AE%D8%A9/ HTTP/1.1" 200 129662 "-" "Mozilla/5.0 (Linux; Android 10; K) AppleWebKit/537.36 (KHTML, like Gecko) Chrome/138.0.0.0 Mobile Safari/537.36 (compatible; Google-Read-Aloud; +https://support.google.com/webmasters/answer/1061943)"
40.77.167.57 - - [28/Mar/2026:17:13:31 +0000] "GET /en/product/toyota-corolla-xli-executive-2026-2/feed/ HTTP/1.1" 200 486 "-" "Mozilla/5.0 AppleWebKit/537.36 (KHTML, like Gecko; compatible; bingbot/2.0; +http://www.bing.com/bingbot.htm) Chrome/116.0.1938.76 Safari/537.36"
74.125.210.201 - - [28/Mar/2026:17:13:32 +0000] "GET /product/%D8%AA%D9%88%D9%8A%D9%88%D8%AA%D8%A7-%D9%83%D9%88%D8%B1%D9%88%D9%84%D8%A7-%D8%A7%D9%83%D8%B3-%D8%A7%D9%84-%D8%A7%D9%8A-%D8%A7%D9%83%D8%B3%D9%83%D8%AA%D9%8A%D9%81-2026-%D9%86%D8%B3%D8%AE%D8%A9/ HTTP/1.1" 200 129652 "-" "Mozilla/5.0 (Linux; Android 10; K) AppleWebKit/537.36 (KHTML, like Gecko) Chrome/138.0.0.0 Mobile Safari/537.36 (compatible; Google-Read-Aloud; +https://support.google.com/webmasters/answer/1061943)"
74.125.210.195 - - [28/Mar/2026:17:13:32 +0000] "GET /product/%D8%AA%D9%88%D9%8A%D9%88%D8%AA%D8%A7-%D9%83%D9%88%D8%B1%D9%88%D9%84%D8%A7-%D8%A7%D9%83%D8%B3-%D8%A7%D9%84-%D8%A7%D9%8A-%D8%A7%D9%83%D8%B3%D9%83%D8%AA%D9%8A%D9%81-2026-%D9%86%D8%B3%D8%AE%D8%A9/ HTTP/1.1" 200 129656 "-" "Mozilla/5.0 (Linux; Android 10; K) AppleWebKit/537.36 (KHTML, like Gecko) Chrome/138.0.0.0 Mobile Safari/537.36 (compatible; Google-Read-Aloud; +https://support.google.com/webmasters/answer/1061943)"
2001:16a2:c171:580b:3834:acdb:ce4a:1a95 - - [28/Mar/2026:17:13:35 +0000] "GET /wp-content/uploads/2026/01/18XLIBack-300x225.webp HTTP/1.1" 200 4775 "https://autozone.com.sa/product/%d8%aa%d9%88%d9%8a%d9%88%d8%aa%d8%a7-%d9%83%d9%88%d8%b1%d9%88%d9%84%d8%a7-%d8%a7%d9%83%d8%b3-%d8%a7%d9%84-%d8%a7%d9%8a-%d8%a7%d9%83%d8%b3%d9%83%d8%aa%d9%8a%d9%81-2026-%d9%86%d8%b3%d8%ae%d8%a9/" "Mozilla/5.0 (Linux; Android 10; K) AppleWebKit/537.36 (KHTML, like Gecko) Chrome/145.0.0.0 Mobile Safari/537.36"
2001:16a2:c171:580b:3834:acdb:ce4a:1a95 - - [28/Mar/2026:17:13:39 +0000] "GET /wp-content/uploads/2026/01/18XLICarPlay1-300x225.webp HTTP/1.1" 200 11337 "https://autozone.com.sa/product/%d8%aa%d9%88%d9%8a%d9%88%d8%aa%d8%a7-%d9%83%d9%88%d8%b1%d9%88%d9%84%d8%a7-%d8%a7%d9%83%d8%b3-%d8%a7%d9%84-%d8%a7%d9%8a-%d8%a7%d9%83%d8%b3%d9%83%d8%aa%d9%8a%d9%81-2026-%d9%86%d8%b3%d8%ae%d8%a9/" "Mozilla/5.0 (Linux; Android 10; K) AppleWebKit/537.36 (KHTML, like Gecko) Chrome/145.0.0.0 Mobile Safari/537.36"
2001:16a2:c171:580b:3834:acdb:ce4a:1a95 - - [28/Mar/2026:17:13:39 +0000] "GET /wp-content/uploads/2026/01/18XLIQuarterBack-300x225.webp HTTP/1.1" 200 6403 "https://autozone.com.sa/product/%d8%aa%d9%88%d9%8a%d9%88%d8%aa%d8%a7-%d9%83%d9%88%d8%b1%d9%88%d9%84%d8%a7-%d8%a7%d9%83%d8%b3-%d8%a7%d9%84-%d8%a7%d9%8a-%d8%a7%d9%83%d8%b3%d9%83%d8%aa%d9%8a%d9%81-2026-%d9%86%d8%b3%d8%ae%d8%a9/" "Mozilla/5.0 (Linux; Android 10; K) AppleWebKit/537.36 (KHTML, like Gecko) Chrome/145.0.0.0 Mobile Safari/537.36"
2001:16a2:c171:580b:3834:acdb:ce4a:1a95 - - [28/Mar/2026:17:13:40 +0000] "GET /wp-content/uploads/2026/01/18XLISide-300x225.webp HTTP/1.1" 200 5823 "https://autozone.com.sa/product/%d8%aa%d9%88%d9%8a%d9%88%d8%aa%d8%a7-%d9%83%d9%88%d8%b1%d9%88%d9%84%d8%a7-%d8%a7%d9%83%d8%b3-%d8%a7%d9%84-%d8%a7%d9%8a-%d8%a7%d9%83%d8%b3%d9%83%d8%aa%d9%8a%d9%81-2026-%d9%86%d8%b3%d8%ae%d8%a9/" "Mozilla/5.0 (Linux; Android 10; K) AppleWebKit/537.36 (KHTML, like Gecko) Chrome/145.0.0.0 Mobile Safari/537.36"
2001:16a2:c171:580b:3834:acdb:ce4a:1a95 - - [28/Mar/2026:17:13:40 +0000] "GET /wp-content/uploads/2026/01/18XLIQuarterFront-300x225.webp HTTP/1.1" 200 7547 "https://autozone.com.sa/product/%d8%aa%d9%88%d9%8a%d9%88%d8%aa%d8%a7-%d9%83%d9%88%d8%b1%d9%88%d9%84%d8%a7-%d8%a7%d9%83%d8%b3-%d8%a7%d9%84-%d8%a7%d9%8a-%d8%a7%d9%83%d8%b3%d9%83%d8%aa%d9%8a%d9%81-2026-%d9%86%d8%b3%d8%ae%d8%a9/" "Mozilla/5.0 (Linux; Android 10; K) AppleWebKit/537.36 (KHTML, like Gecko) Chrome/145.0.0.0 Mobile Safari/537.36"
51.68.107.137 - - [28/Mar/2026:17:13:42 +0000] "GET / HTTP/1.1" 200 163841 "-" "Mozilla/5.0 (compatible; MJ12bot/v2.0.5; http://mj12bot.com/)"
2001:16a2:c171:580b:3834:acdb:ce4a:1a95 - - [28/Mar/2026:17:13:50 +0000] "GET /financial-calculator/ HTTP/1.1" 200 117131 "https://autozone.com.sa/product/%d8%aa%d9%88%d9%8a%d9%88%d8%aa%d8%a7-%d9%83%d9%88%d8%b1%d9%88%d9%84%d8%a7-%d8%a7%d9%83%d8%b3-%d8%a7%d9%84-%d8%a7%d9%8a-%d8%a7%d9%83%d8%b3%d9%83%d8%aa%d9%8a%d9%81-2026-%d9%86%d8%b3%d8%ae%d8%a9/" "Mozilla/5.0 (Linux; Android 10; K) AppleWebKit/537.36 (KHTML, like Gecko) Chrome/145.0.0.0 Mobile Safari/537.36"
2001:16a2:c171:580b:3834:acdb:ce4a:1a95 - - [28/Mar/2026:17:13:53 +0000] "GET /wp-content/plugins/fluentform/assets/css/fluent-forms-public-rtl.css?ver=6.1.19 HTTP/1.1" 200 5870 "https://autozone.com.sa/financial-calculator/" "Mozilla/5.0 (Linux; Android 10; K) AppleWebKit/537.36 (KHTML, like Gecko) Chrome/145.0.0.0 Mobile Safari/537.36"
2001:16a2:c171:580b:3834:acdb:ce4a:1a95 - - [28/Mar/2026:17:13:53 +0000] "GET /wp-content/plugins/fluentform/assets/css/fluentform-public-default-rtl.css?ver=6.1.19 HTTP/1.1" 200 1206 "https://autozone.com.sa/financial-calculator/" "Mozilla/5.0 (Linux; Android 10; K) AppleWebKit/537.36 (KHTML, like Gecko) Chrome/145.0.0.0 Mobile Safari/537.36"
2001:16a2:c171:580b:3834:acdb:ce4a:1a95 - - [28/Mar/2026:17:13:53 +0000] "GET /wp-content/uploads/elementor/css/post-1123.css?ver=1774682622 HTTP/1.1" 200 1682 "https://autozone.com.sa/financial-calculator/" "Mozilla/5.0 (Linux; Android 10; K) AppleWebKit/537.36 (KHTML, like Gecko) Chrome/145.0.0.0 Mobile Safari/537.36"
2001:16a2:c171:580b:3834:acdb:ce4a:1a95 - - [28/Mar/2026:17:13:53 +0000] "GET /wp-content/plugins/fluentformpro/public/libs/intl-tel-input/css/intlTelInput-rtl.min.css?ver=24.2.0 HTTP/1.1" 200 2970 "https://autozone.com.sa/financial-calculator/" "Mozilla/5.0 (Linux; Android 10; K) AppleWebKit/537.36 (KHTML, like Gecko) Chrome/145.0.0.0 Mobile Safari/537.36"
2001:16a2:c171:580b:3834:acdb:ce4a:1a95 - - [28/Mar/2026:17:13:53 +0000] "GET /wp-content/uploads/2024/12/az-new-logo-bg-2.jpg HTTP/1.1" 304 - "https://autozone.com.sa/wp-content/uploads/elementor/css/post-1123.css?ver=1774682622" "Mozilla/5.0 (Linux; Android 10; K) AppleWebKit/537.36 (KHTML, like Gecko) Chrome/145.0.0.0 Mobile Safari/537.36"
2001:16a2:c171:580b:3834:acdb:ce4a:1a95 - - [28/Mar/2026:17:13:53 +0000] "GET /wp-content/plugins/fluentform/assets/js/form-submission.js?ver=6.1.19 HTTP/1.1" 200 8505 "-" "Mozilla/5.0 (Linux; Android 10; K) AppleWebKit/537.36 (KHTML, like Gecko) Chrome/145.0.0.0 Mobile Safari/537.36"
2001:16a2:c171:580b:3834:acdb:ce4a:1a95 - - [28/Mar/2026:17:13:53 +0000] "GET /wp-content/plugins/fluentform/assets/js/fluentform-advanced.js?ver=6.1.19 HTTP/1.1" 200 14489 "-" "Mozilla/5.0 (Linux; Android 10; K) AppleWebKit/537.36 (KHTML, like Gecko) Chrome/145.0.0.0 Mobile Safari/537.36"
2001:16a2:c171:580b:3834:acdb:ce4a:1a95 - - [28/Mar/2026:17:13:53 +0000] "GET /wp-content/plugins/fluentformpro/public/libs/intl-tel-input/js/intlTelInputWithUtils.min.js?ver=25.5.2 HTTP/1.1" 200 72088 "-" "Mozilla/5.0 (Linux; Android 10; K) AppleWebKit/537.36 (KHTML, like Gecko) Chrome/145.0.0.0 Mobile Safari/537.36"
2001:16a2:c171:580b:3834:acdb:ce4a:1a95 - - [28/Mar/2026:17:13:53 +0000] "GET /wp-content/plugins/fluentformpro/public/libs/math-expression.min.js?ver=1.2.17 HTTP/1.1" 200 4172 "-" "Mozilla/5.0 (Linux; Android 10; K) AppleWebKit/537.36 (KHTML, like Gecko) Chrome/145.0.0.0 Mobile Safari/537.36"
2001:16a2:c171:580b:3834:acdb:ce4a:1a95 - - [28/Mar/2026:17:13:56 +0000] "GET /wp-content/plugins/fluentformpro/public/libs/intl-tel-input/img/flags@2x.webp HTTP/1.1" 200 66479 "https://autozone.com.sa/wp-content/plugins/fluentformpro/public/libs/intl-tel-input/css/intlTelInput-rtl.min.css?ver=24.2.0" "Mozilla/5.0 (Linux; Android 10; K) AppleWebKit/537.36 (KHTML, like Gecko) Chrome/145.0.0.0 Mobile Safari/537.36"
2001:16a2:c171:580b:3834:acdb:ce4a:1a95 - - [28/Mar/2026:17:13:56 +0000] "POST /?wc-ajax=get_refreshed_fragments HTTP/1.1" 200 999 "https://autozone.com.sa/financial-calculator/" "Mozilla/5.0 (Linux; Android 10; K) AppleWebKit/537.36 (KHTML, like Gecko) Chrome/145.0.0.0 Mobile Safari/537.36"
2001:16a2:c171:580b:3834:acdb:ce4a:1a95 - - [28/Mar/2026:17:13:55 +0000] "POST /wp-json/iawp/search HTTP/1.1" 200 36 "https://autozone.com.sa/financial-calculator/" "Mozilla/5.0 (Linux; Android 10; K) AppleWebKit/537.36 (KHTML, like Gecko) Chrome/145.0.0.0 Mobile Safari/537.36"
20.215.220.103 - - [28/Mar/2026:17:14:11 +0000] "GET /en/product/jetour-t1-2025/ HTTP/1.1" 200 85794 "-" "Mozilla/5.0 AppleWebKit/537.36 (KHTML, like Gecko); compatible; ChatGPT-User/1.0; +https://openai.com/bot"
168.119.96.239 - - [28/Mar/2026:17:14:17 +0000] "HEAD / HTTP/1.1" 200 - "https://autozone.com.sa/" "Mozilla/5.0+(compatible; UptimeRobot/2.0; http://www.uptimerobot.com/)"
2001:16a2:c171:580b:3834:acdb:ce4a:1a95 - - [28/Mar/2026:17:14:20 +0000] "GET /our-offers/ HTTP/1.1" 200 113281 "https://autozone.com.sa/financial-calculator/" "Mozilla/5.0 (Linux; Android 10; K) AppleWebKit/537.36 (KHTML, like Gecko) Chrome/145.0.0.0 Mobile Safari/537.36"
2001:16a2:c171:580b:3834:acdb:ce4a:1a95 - - [28/Mar/2026:17:14:23 +0000] "GET /wp-content/uploads/elementor/css/post-756.css?ver=1774675943 HTTP/1.1" 200 1478 "https://autozone.com.sa/our-offers/" "Mozilla/5.0 (Linux; Android 10; K) AppleWebKit/537.36 (KHTML, like Gecko) Chrome/145.0.0.0 Mobile Safari/537.36"
172.105.42.26 - - [28/Mar/2026:17:14:28 +0000] "POST /wp-cron.php?doing_wp_cron=1774718068.0095000267028808593750 HTTP/1.1" 200 20 "-" "WordPress/6.9.4; https://autozone.com.sa"
2001:16a2:c171:580b:3834:acdb:ce4a:1a95 - - [28/Mar/2026:17:14:26 +0000] "POST /?wc-ajax=get_refreshed_fragments HTTP/1.1" 200 999 "https://autozone.com.sa/our-offers/" "Mozilla/5.0 (Linux; Android 10; K) AppleWebKit/537.36 (KHTML, like Gecko) Chrome/145.0.0.0 Mobile Safari/537.36"
172.105.42.26 - - [28/Mar/2026:17:14:28 +0000] "POST /wp-cron.php?doing_wp_cron=1774718068.3564040660858154296875 HTTP/1.1" 200 20 "-" "WordPress/6.9.4; https://autozone.com.sa"
2001:16a2:c171:580b:3834:acdb:ce4a:1a95 - - [28/Mar/2026:17:14:26 +0000] "POST /wp-json/iawp/search HTTP/1.1" 200 36 "https://autozone.com.sa/our-offers/" "Mozilla/5.0 (Linux; Android 10; K) AppleWebKit/537.36 (KHTML, like Gecko) Chrome/145.0.0.0 Mobile Safari/537.36"
172.105.42.26 - - [28/Mar/2026:17:14:43 +0000] "POST /wp-cron.php?doing_wp_cron=1774718083.5149660110473632812500 HTTP/1.1" 200 20 "-" "WordPress/6.9.4; https://autozone.com.sa"
2001:16a2:c171:580b:3834:acdb:ce4a:1a95 - - [28/Mar/2026:17:14:41 +0000] "GET /news/ HTTP/1.1" 200 111431 "https://autozone.com.sa/our-offers/" "Mozilla/5.0 (Linux; Android 10; K) AppleWebKit/537.36 (KHTML, like Gecko) Chrome/145.0.0.0 Mobile Safari/537.36"
2001:16a2:c171:580b:3834:acdb:ce4a:1a95 - - [28/Mar/2026:17:14:44 +0000] "GET /shop/ HTTP/1.1" 200 148564 "https://autozone.com.sa/our-offers/" "Mozilla/5.0 (Linux; Android 10; K) AppleWebKit/537.36 (KHTML, like Gecko) Chrome/145.0.0.0 Mobile Safari/537.36"
2001:16a2:c171:580b:3834:acdb:ce4a:1a95 - - [28/Mar/2026:17:14:47 +0000] "GET /shop/ HTTP/1.1" 200 148548 "https://autozone.com.sa/our-offers/" "Mozilla/5.0 (Linux; Android 10; K) AppleWebKit/537.36 (KHTML, like Gecko) Chrome/145.0.0.0 Mobile Safari/537.36"
2001:16a2:c171:580b:3834:acdb:ce4a:1a95 - - [28/Mar/2026:17:14:53 +0000] "POST /?wc-ajax=get_refreshed_fragments HTTP/1.1" 200 999 "https://autozone.com.sa/shop/" "Mozilla/5.0 (Linux; Android 10; K) AppleWebKit/537.36 (KHTML, like Gecko) Chrome/145.0.0.0 Mobile Safari/537.36"
2001:16a2:c171:580b:3834:acdb:ce4a:1a95 - - [28/Mar/2026:17:14:53 +0000] "POST /wp-json/iawp/search HTTP/1.1" 200 36 "https://autozone.com.sa/shop/" "Mozilla/5.0 (Linux; Android 10; K) AppleWebKit/537.36 (KHTML, like Gecko) Chrome/145.0.0.0 Mobile Safari/537.36"
2001:16a4:215:5cbf:1834:a80d:c172:f3c9 - - [28/Mar/2026:17:15:09 +0000] "GET /?utm_medium=paid&utm_source=fb&utm_id=120242719968570023&utm_content=120242720134680023&utm_term=120242719968590023&utm_campaign=120242719968570023&fbclid=IwY2xjawQ06-1leHRuA2FlbQIxMABicmlkETFVVkppT2I2bm1CaWhnMDVDc3J0YwZhcHBfaWQQMjIyMDM5MTc4ODIwMDg5MgABHgekGCllVJTGzskuAWgwfIzY4_YA7y9MH_HCAFbGUYGMuQGRq0zMq5Mi8N-7_aem_Ksz8y54713A8jTcroyntZw HTTP/1.1" 200 164383 "https://l.facebook.com/" "Mozilla/5.0 (Macintosh; Intel Mac OS X 10_15_7) AppleWebKit/537.36 (KHTML, like Gecko) Chrome/146.0.0.0 Safari/537.36"
2001:16a4:215:5cbf:1834:a80d:c172:f3c9 - - [28/Mar/2026:17:15:14 +0000] "GET /wp-content/uploads/al_opt_content/IMAGE/autozone.com.sa/wp-content/uploads/2026/03/CS-35-Web-Banner.webp.bv.webp?bv_host=autozone.com.sa HTTP/1.1" 200 507793 "https://autozone.com.sa/?utm_medium=paid&utm_source=fb&utm_id=120242719968570023&utm_content=120242720134680023&utm_term=120242719968590023&utm_campaign=120242719968570023&fbclid=IwY2xjawQ06-1leHRuA2FlbQIxMABicmlkETFVVkppT2I2bm1CaWhnMDVDc3J0YwZhcHBfaWQQMjIyMDM5MTc4ODIwMDg5MgABHgekGCllVJTGzskuAWgwfIzY4_YA7y9MH_HCAFbGUYGMuQGRq0zMq5Mi8N-7_aem_Ksz8y54713A8jTcroyntZw" "Mozilla/5.0 (Macintosh; Intel Mac OS X 10_15_7) AppleWebKit/537.36 (KHTML, like Gecko) Chrome/146.0.0.0 Safari/537.36"
2001:16a4:215:5cbf:1834:a80d:c172:f3c9 - - [28/Mar/2026:17:15:14 +0000] "GET /wp-content/uploads/al_opt_content/IMAGE/autozone.com.sa/wp-content/uploads/2026/03/Uni-T-Web-Banner.webp.bv.webp?bv_host=autozone.com.sa HTTP/1.1" 200 507324 "https://autozone.com.sa/?utm_medium=paid&utm_source=fb&utm_id=120242719968570023&utm_content=120242720134680023&utm_term=120242719968590023&utm_campaign=120242719968570023&fbclid=IwY2xjawQ06-1leHRuA2FlbQIxMABicmlkETFVVkppT2I2bm1CaWhnMDVDc3J0YwZhcHBfaWQQMjIyMDM5MTc4ODIwMDg5MgABHgekGCllVJTGzskuAWgwfIzY4_YA7y9MH_HCAFbGUYGMuQGRq0zMq5Mi8N-7_aem_Ksz8y54713A8jTcroyntZw" "Mozilla/5.0 (Macintosh; Intel Mac OS X 10_15_7) AppleWebKit/537.36 (KHTML, like Gecko) Chrome/146.0.0.0 Safari/537.36"
2001:16a4:215:5cbf:1834:a80d:c172:f3c9 - - [28/Mar/2026:17:15:15 +0000] "GET /wp-content/uploads/2025/01/cropped-Logo-Without-Text-small-2-32x32.png HTTP/1.1" 304 - "https://autozone.com.sa/?utm_medium=paid&utm_source=fb&utm_id=120242719968570023&utm_content=120242720134680023&utm_term=120242719968590023&utm_campaign=120242719968570023&fbclid=IwY2xjawQ06-1leHRuA2FlbQIxMABicmlkETFVVkppT2I2bm1CaWhnMDVDc3J0YwZhcHBfaWQQMjIyMDM5MTc4ODIwMDg5MgABHgekGCllVJTGzskuAWgwfIzY4_YA7y9MH_HCAFbGUYGMuQGRq0zMq5Mi8N-7_aem_Ksz8y54713A8jTcroyntZw" "Mozilla/5.0 (Macintosh; Intel Mac OS X 10_15_7) AppleWebKit/537.36 (KHTML, like Gecko) Chrome/146.0.0.0 Safari/537.36"
2001:16a4:215:5cbf:1834:a80d:c172:f3c9 - - [28/Mar/2026:17:15:17 +0000] "POST /wp-json/iawp/search HTTP/1.1" 200 36 "https://autozone.com.sa/?utm_medium=paid&utm_source=fb&utm_id=120242719968570023&utm_content=120242720134680023&utm_term=120242719968590023&utm_campaign=120242719968570023&fbclid=IwY2xjawQ06-1leHRuA2FlbQIxMABicmlkETFVVkppT2I2bm1CaWhnMDVDc3J0YwZhcHBfaWQQMjIyMDM5MTc4ODIwMDg5MgABHgekGCllVJTGzskuAWgwfIzY4_YA7y9MH_HCAFbGUYGMuQGRq0zMq5Mi8N-7_aem_Ksz8y54713A8jTcroyntZw" "Mozilla/5.0 (Macintosh; Intel Mac OS X 10_15_7) AppleWebKit/537.36 (KHTML, like Gecko) Chrome/146.0.0.0 Safari/537.36"
2001:16a4:215:5cbf:1834:a80d:c172:f3c9 - - [28/Mar/2026:17:15:18 +0000] "POST /?wc-ajax=get_refreshed_fragments HTTP/1.1" 200 999 "https://autozone.com.sa/?utm_medium=paid&utm_source=fb&utm_id=120242719968570023&utm_content=120242720134680023&utm_term=120242719968590023&utm_campaign=120242719968570023&fbclid=IwY2xjawQ06-1leHRuA2FlbQIxMABicmlkETFVVkppT2I2bm1CaWhnMDVDc3J0YwZhcHBfaWQQMjIyMDM5MTc4ODIwMDg5MgABHgekGCllVJTGzskuAWgwfIzY4_YA7y9MH_HCAFbGUYGMuQGRq0zMq5Mi8N-7_aem_Ksz8y54713A8jTcroyntZw" "Mozilla/5.0 (Macintosh; Intel Mac OS X 10_15_7) AppleWebKit/537.36 (KHTML, like Gecko) Chrome/146.0.0.0 Safari/537.36"
2001:16a4:215:5cbf:1834:a80d:c172:f3c9 - - [28/Mar/2026:17:15:18 +0000] "POST /?wc-ajax=get_refreshed_fragments HTTP/1.1" 200 999 "https://autozone.com.sa/?utm_medium=paid&utm_source=fb&utm_id=120242719968570023&utm_content=120242720134680023&utm_term=120242719968590023&utm_campaign=120242719968570023&fbclid=IwY2xjawQ06-1leHRuA2FlbQIxMABicmlkETFVVkppT2I2bm1CaWhnMDVDc3J0YwZhcHBfaWQQMjIyMDM5MTc4ODIwMDg5MgABHgekGCllVJTGzskuAWgwfIzY4_YA7y9MH_HCAFbGUYGMuQGRq0zMq5Mi8N-7_aem_Ksz8y54713A8jTcroyntZw" "Mozilla/5.0 (Macintosh; Intel Mac OS X 10_15_7) AppleWebKit/537.36 (KHTML, like Gecko) Chrome/146.0.0.0 Safari/537.36"
114.119.139.220 - - [28/Mar/2026:17:15:28 +0000] "GET /en/special-offers/new-sm-en_s-offer-750x540-copy-2-min HTTP/1.1" 301 20 "https://www.autozone.com.sa/special-offers/new-sm-en_s-offer-750x540-copy-2-min-2" "Mozilla/5.0 (Linux; Android 7.0;) AppleWebKit/537.36 (KHTML, like Gecko) Mobile Safari/537.36 (compatible; PetalBot;+https://webmaster.petalsearch.com/site/petalbot)"
172.105.42.26 - - [28/Mar/2026:17:15:29 +0000] "POST /wp-cron.php?doing_wp_cron=1774718129.1371679306030273437500 HTTP/1.1" 200 20 "-" "WordPress/6.9.4; https://autozone.com.sa"
2001:16a2:c171:580b:3834:acdb:ce4a:1a95 - - [28/Mar/2026:17:15:27 +0000] "POST /wp-admin/admin-ajax.php HTTP/1.1" 200 626 "https://autozone.com.sa/shop/" "Mozilla/5.0 (Linux; Android 10; K) AppleWebKit/537.36 (KHTML, like Gecko) Chrome/145.0.0.0 Mobile Safari/537.36"
2001:16a2:c171:580b:3834:acdb:ce4a:1a95 - - [28/Mar/2026:17:15:27 +0000] "POST /wp-admin/admin-ajax.php HTTP/1.1" 200 9416 "https://autozone.com.sa/shop/" "Mozilla/5.0 (Linux; Android 10; K) AppleWebKit/537.36 (KHTML, like Gecko) Chrome/145.0.0.0 Mobile Safari/537.36"
2001:16a2:c171:580b:3834:acdb:ce4a:1a95 - - [28/Mar/2026:17:15:30 +0000] "GET /wp-content/uploads/2026/01/BGC_5738-copy-17-scaled.webp HTTP/1.1" 200 63447 "https://autozone.com.sa/shop/" "Mozilla/5.0 (Linux; Android 10; K) AppleWebKit/537.36 (KHTML, like Gecko) Chrome/145.0.0.0 Mobile Safari/537.36"
2001:16a2:c171:580b:3834:acdb:ce4a:1a95 - - [28/Mar/2026:17:15:30 +0000] "GET /wp-content/uploads/2026/01/BGC_5738-copy-16-scaled.webp HTTP/1.1" 200 80684 "https://autozone.com.sa/shop/" "Mozilla/5.0 (Linux; Android 10; K) AppleWebKit/537.36 (KHTML, like Gecko) Chrome/145.0.0.0 Mobile Safari/537.36"
2001:16a2:c171:580b:3834:acdb:ce4a:1a95 - - [28/Mar/2026:17:15:30 +0000] "GET /wp-content/uploads/2026/01/BGC_5738-copy-20-scaled.webp HTTP/1.1" 200 66270 "https://autozone.com.sa/shop/" "Mozilla/5.0 (Linux; Android 10; K) AppleWebKit/537.36 (KHTML, like Gecko) Chrome/145.0.0.0 Mobile Safari/537.36"
2001:16a2:c171:580b:3834:acdb:ce4a:1a95 - - [28/Mar/2026:17:15:30 +0000] "GET /wp-content/uploads/2026/01/BGC_5738-copy-18-scaled.webp HTTP/1.1" 200 49271 "https://autozone.com.sa/shop/" "Mozilla/5.0 (Linux; Android 10; K) AppleWebKit/537.36 (KHTML, like Gecko) Chrome/145.0.0.0 Mobile Safari/537.36"
2001:16a4:215:5cbf:1834:a80d:c172:f3c9 - - [28/Mar/2026:17:15:35 +0000] "GET /wp-content/uploads/al_opt_content/IMAGE/autozone.com.sa/wp-content/uploads/2026/01/BGC_5738-copy-27-scaled.webp.bv_resized_desktop.webp.bv.webp?bv_host=autozone.com.sa HTTP/1.1" 200 83632 "https://autozone.com.sa/?utm_medium=paid&utm_source=fb&utm_id=120242719968570023&utm_content=120242720134680023&utm_term=120242719968590023&utm_campaign=120242719968570023&fbclid=IwY2xjawQ06-1leHRuA2FlbQIxMABicmlkETFVVkppT2I2bm1CaWhnMDVDc3J0YwZhcHBfaWQQMjIyMDM5MTc4ODIwMDg5MgABHgekGCllVJTGzskuAWgwfIzY4_YA7y9MH_HCAFbGUYGMuQGRq0zMq5Mi8N-7_aem_Ksz8y54713A8jTcroyntZw" "Mozilla/5.0 (Macintosh; Intel Mac OS X 10_15_7) AppleWebKit/537.36 (KHTML, like Gecko) Chrome/146.0.0.0 Safari/537.36"
2001:16a4:215:5cbf:1834:a80d:c172:f3c9 - - [28/Mar/2026:17:15:35 +0000] "GET /wp-content/uploads/al_opt_content/IMAGE/autozone.com.sa/wp-content/uploads/2026/01/BGC_5738-copy-26-scaled.webp.bv_resized_desktop.webp.bv.webp?bv_host=autozone.com.sa HTTP/1.1" 200 81095 "https://autozone.com.sa/?utm_medium=paid&utm_source=fb&utm_id=120242719968570023&utm_content=120242720134680023&utm_term=120242719968590023&utm_campaign=120242719968570023&fbclid=IwY2xjawQ06-1leHRuA2FlbQIxMABicmlkETFVVkppT2I2bm1CaWhnMDVDc3J0YwZhcHBfaWQQMjIyMDM5MTc4ODIwMDg5MgABHgekGCllVJTGzskuAWgwfIzY4_YA7y9MH_HCAFbGUYGMuQGRq0zMq5Mi8N-7_aem_Ksz8y54713A8jTcroyntZw" "Mozilla/5.0 (Macintosh; Intel Mac OS X 10_15_7) AppleWebKit/537.36 (KHTML, like Gecko) Chrome/146.0.0.0 Safari/537.36"
2001:16a4:215:5cbf:1834:a80d:c172:f3c9 - - [28/Mar/2026:17:15:35 +0000] "GET /wp-content/uploads/al_opt_content/IMAGE/autozone.com.sa/wp-content/uploads/2024/12/webstdy_1675071343%D8%B9%D8%A8%D8%AF%D8%A7%D9%84%D9%84%D8%B7%D9%8A%D9%81%D8%AC%D9%85%D9%8A%D9%84-1024x1024.webp.bv.webp?bv_host=autozone.com.sa HTTP/1.1" 200 10703 "https://autozone.com.sa/?utm_medium=paid&utm_source=fb&utm_id=120242719968570023&utm_content=120242720134680023&utm_term=120242719968590023&utm_campaign=120242719968570023&fbclid=IwY2xjawQ06-1leHRuA2FlbQIxMABicmlkETFVVkppT2I2bm1CaWhnMDVDc3J0YwZhcHBfaWQQMjIyMDM5MTc4ODIwMDg5MgABHgekGCllVJTGzskuAWgwfIzY4_YA7y9MH_HCAFbGUYGMuQGRq0zMq5Mi8N-7_aem_Ksz8y54713A8jTcroyntZw" "Mozilla/5.0 (Macintosh; Intel Mac OS X 10_15_7) AppleWebKit/537.36 (KHTML, like Gecko) Chrome/146.0.0.0 Safari/537.36"
2001:16a4:215:5cbf:1834:a80d:c172:f3c9 - - [28/Mar/2026:17:15:35 +0000] "GET /wp-content/uploads/al_opt_content/IMAGE/autozone.com.sa/wp-content/uploads/2024/12/webstdy_1675070438%D8%A7%D9%84%D8%A8%D9%86%D9%83%D8%A7%D9%84%D8%A7%D9%87%D9%84%D9%8A%D8%A7%D9%84%D8%B3%D8%B9%D9%88%D8%AF%D9%8A-1024x1024.webp.bv.webp?bv_host=autozone.com.sa HTTP/1.1" 200 12975 "https://autozone.com.sa/?utm_medium=paid&utm_source=fb&utm_id=120242719968570023&utm_content=120242720134680023&utm_term=120242719968590023&utm_campaign=120242719968570023&fbclid=IwY2xjawQ06-1leHRuA2FlbQIxMABicmlkETFVVkppT2I2bm1CaWhnMDVDc3J0YwZhcHBfaWQQMjIyMDM5MTc4ODIwMDg5MgABHgekGCllVJTGzskuAWgwfIzY4_YA7y9MH_HCAFbGUYGMuQGRq0zMq5Mi8N-7_aem_Ksz8y54713A8jTcroyntZw" "Mozilla/5.0 (Macintosh; Intel Mac OS X 10_15_7) AppleWebKit/537.36 (KHTML, like Gecko) Chrome/146.0.0.0 Safari/537.36"
2001:16a4:215:5cbf:1834:a80d:c172:f3c9 - - [28/Mar/2026:17:15:35 +0000] "GET /wp-content/uploads/al_opt_content/IMAGE/autozone.com.sa/wp-content/uploads/2024/12/webstdy_1675070394%D9%85%D8%B5%D8%B1%D9%81%D8%A7%D9%84%D8%B1%D8%A7%D8%AC%D8%AD%D9%8A-1024x1024.webp.bv.webp?bv_host=autozone.com.sa HTTP/1.1" 200 17409 "https://autozone.com.sa/?utm_medium=paid&utm_source=fb&utm_id=120242719968570023&utm_content=120242720134680023&utm_term=120242719968590023&utm_campaign=120242719968570023&fbclid=IwY2xjawQ06-1leHRuA2FlbQIxMABicmlkETFVVkppT2I2bm1CaWhnMDVDc3J0YwZhcHBfaWQQMjIyMDM5MTc4ODIwMDg5MgABHgekGCllVJTGzskuAWgwfIzY4_YA7y9MH_HCAFbGUYGMuQGRq0zMq5Mi8N-7_aem_Ksz8y54713A8jTcroyntZw" "Mozilla/5.0 (Macintosh; Intel Mac OS X 10_15_7) AppleWebKit/537.36 (KHTML, like Gecko) Chrome/146.0.0.0 Safari/537.36"
2001:16a4:215:5cbf:1834:a80d:c172:f3c9 - - [28/Mar/2026:17:15:35 +0000] "GET /wp-content/uploads/al_opt_content/IMAGE/autozone.com.sa/wp-content/uploads/2024/12/webstdy_1675071526%D8%B4%D8%B1%D9%83%D8%A9%D8%AA%D8%A3%D8%AC%D9%8A%D8%B1-1024x1024.webp.bv.webp?bv_host=autozone.com.sa HTTP/1.1" 200 9379 "https://autozone.com.sa/?utm_medium=paid&utm_source=fb&utm_id=120242719968570023&utm_content=120242720134680023&utm_term=120242719968590023&utm_campaign=120242719968570023&fbclid=IwY2xjawQ06-1leHRuA2FlbQIxMABicmlkETFVVkppT2I2bm1CaWhnMDVDc3J0YwZhcHBfaWQQMjIyMDM5MTc4ODIwMDg5MgABHgekGCllVJTGzskuAWgwfIzY4_YA7y9MH_HCAFbGUYGMuQGRq0zMq5Mi8N-7_aem_Ksz8y54713A8jTcroyntZw" "Mozilla/5.0 (Macintosh; Intel Mac OS X 10_15_7) AppleWebKit/537.36 (KHTML, like Gecko) Chrome/146.0.0.0 Safari/537.36"
2001:16a4:215:5cbf:1834:a80d:c172:f3c9 - - [28/Mar/2026:17:15:35 +0000] "GET /wp-content/uploads/al_opt_content/IMAGE/autozone.com.sa/wp-content/uploads/2026/01/BGC_5738-copy-1-scaled.webp.bv_resized_desktop.webp.bv.webp?bv_host=autozone.com.sa HTTP/1.1" 200 51930 "https://autozone.com.sa/?utm_medium=paid&utm_source=fb&utm_id=120242719968570023&utm_content=120242720134680023&utm_term=120242719968590023&utm_campaign=120242719968570023&fbclid=IwY2xjawQ06-1leHRuA2FlbQIxMABicmlkETFVVkppT2I2bm1CaWhnMDVDc3J0YwZhcHBfaWQQMjIyMDM5MTc4ODIwMDg5MgABHgekGCllVJTGzskuAWgwfIzY4_YA7y9MH_HCAFbGUYGMuQGRq0zMq5Mi8N-7_aem_Ksz8y54713A8jTcroyntZw" "Mozilla/5.0 (Macintosh; Intel Mac OS X 10_15_7) AppleWebKit/537.36 (KHTML, like Gecko) Chrome/146.0.0.0 Safari/537.36"
2001:16a4:215:5cbf:1834:a80d:c172:f3c9 - - [28/Mar/2026:17:15:35 +0000] "GET /wp-content/uploads/al_opt_content/IMAGE/autozone.com.sa/wp-content/uploads/2024/12/webstdy_1675070626%D8%A7%D9%84%D8%A8%D9%86%D9%83%D8%A7%D9%84%D8%B9%D8%B1%D8%A8%D9%8A-1024x1024.webp.bv.webp?bv_host=autozone.com.sa HTTP/1.1" 200 10227 "https://autozone.com.sa/?utm_medium=paid&utm_source=fb&utm_id=120242719968570023&utm_content=120242720134680023&utm_term=120242719968590023&utm_campaign=120242719968570023&fbclid=IwY2xjawQ06-1leHRuA2FlbQIxMABicmlkETFVVkppT2I2bm1CaWhnMDVDc3J0YwZhcHBfaWQQMjIyMDM5MTc4ODIwMDg5MgABHgekGCllVJTGzskuAWgwfIzY4_YA7y9MH_HCAFbGUYGMuQGRq0zMq5Mi8N-7_aem_Ksz8y54713A8jTcroyntZw" "Mozilla/5.0 (Macintosh; Intel Mac OS X 10_15_7) AppleWebKit/537.36 (KHTML, like Gecko) Chrome/146.0.0.0 Safari/537.36"
2001:16a4:215:5cbf:1834:a80d:c172:f3c9 - - [28/Mar/2026:17:15:35 +0000] "GET /wp-content/uploads/al_opt_content/IMAGE/autozone.com.sa/wp-content/uploads/2024/12/webstdy_1675070697%D8%A8%D9%86%D9%83%D8%A7%D9%84%D8%A8%D9%84%D8%A7%D8%AF-1024x1024.webp.bv.webp?bv_host=autozone.com.sa HTTP/1.1" 200 16991 "https://autozone.com.sa/?utm_medium=paid&utm_source=fb&utm_id=120242719968570023&utm_content=120242720134680023&utm_term=120242719968590023&utm_campaign=120242719968570023&fbclid=IwY2xjawQ06-1leHRuA2FlbQIxMABicmlkETFVVkppT2I2bm1CaWhnMDVDc3J0YwZhcHBfaWQQMjIyMDM5MTc4ODIwMDg5MgABHgekGCllVJTGzskuAWgwfIzY4_YA7y9MH_HCAFbGUYGMuQGRq0zMq5Mi8N-7_aem_Ksz8y54713A8jTcroyntZw" "Mozilla/5.0 (Macintosh; Intel Mac OS X 10_15_7) AppleWebKit/537.36 (KHTML, like Gecko) Chrome/146.0.0.0 Safari/537.36"
2001:16a4:215:5cbf:1834:a80d:c172:f3c9 - - [28/Mar/2026:17:15:35 +0000] "GET /wp-content/uploads/al_opt_content/IMAGE/autozone.com.sa/wp-content/uploads/2024/12/webstdy_1675071243%D8%B1%D8%A7%D9%8A%D8%A9%D9%84%D9%84%D8%AA%D9%85%D9%88%D9%8A%D9%84-1024x1024.webp.bv.webp?bv_host=autozone.com.sa HTTP/1.1" 200 18651 "https://autozone.com.sa/?utm_medium=paid&utm_source=fb&utm_id=120242719968570023&utm_content=120242720134680023&utm_term=120242719968590023&utm_campaign=120242719968570023&fbclid=IwY2xjawQ06-1leHRuA2FlbQIxMABicmlkETFVVkppT2I2bm1CaWhnMDVDc3J0YwZhcHBfaWQQMjIyMDM5MTc4ODIwMDg5MgABHgekGCllVJTGzskuAWgwfIzY4_YA7y9MH_HCAFbGUYGMuQGRq0zMq5Mi8N-7_aem_Ksz8y54713A8jTcroyntZw" "Mozilla/5.0 (Macintosh; Intel Mac OS X 10_15_7) AppleWebKit/537.36 (KHTML, like Gecko) Chrome/146.0.0.0 Safari/537.36"
2001:16a4:215:5cbf:1834:a80d:c172:f3c9 - - [28/Mar/2026:17:15:35 +0000] "GET /wp-content/uploads/al_opt_content/IMAGE/autozone.com.sa/wp-content/uploads/2024/12/webstdy_1675070763%D8%A8%D9%86%D9%83%D8%A7%D9%84%D8%A7%D9%85%D8%A7%D8%B1%D8%A7%D8%AA-1024x1024.webp.bv.webp?bv_host=autozone.com.sa HTTP/1.1" 200 9921 "https://autozone.com.sa/?utm_medium=paid&utm_source=fb&utm_id=120242719968570023&utm_content=120242720134680023&utm_term=120242719968590023&utm_campaign=120242719968570023&fbclid=IwY2xjawQ06-1leHRuA2FlbQIxMABicmlkETFVVkppT2I2bm1CaWhnMDVDc3J0YwZhcHBfaWQQMjIyMDM5MTc4ODIwMDg5MgABHgekGCllVJTGzskuAWgwfIzY4_YA7y9MH_HCAFbGUYGMuQGRq0zMq5Mi8N-7_aem_Ksz8y54713A8jTcroyntZw" "Mozilla/5.0 (Macintosh; Intel Mac OS X 10_15_7) AppleWebKit/537.36 (KHTML, like Gecko) Chrome/146.0.0.0 Safari/537.36"
2001:16a4:215:5cbf:1834:a80d:c172:f3c9 - - [28/Mar/2026:17:15:36 +0000] "GET /wp-content/uploads/al_opt_content/IMAGE/autozone.com.sa/wp-content/uploads/2024/12/webstdy_1675070516%D8%A8%D9%86%D9%83%D8%A7%D9%84%D8%B1%D9%8A%D8%A7%D8%B6-1024x1024.webp.bv.webp?bv_host=autozone.com.sa HTTP/1.1" 200 11629 "https://autozone.com.sa/?utm_medium=paid&utm_source=fb&utm_id=120242719968570023&utm_content=120242720134680023&utm_term=120242719968590023&utm_campaign=120242719968570023&fbclid=IwY2xjawQ06-1leHRuA2FlbQIxMABicmlkETFVVkppT2I2bm1CaWhnMDVDc3J0YwZhcHBfaWQQMjIyMDM5MTc4ODIwMDg5MgABHgekGCllVJTGzskuAWgwfIzY4_YA7y9MH_HCAFbGUYGMuQGRq0zMq5Mi8N-7_aem_Ksz8y54713A8jTcroyntZw" "Mozilla/5.0 (Macintosh; Intel Mac OS X 10_15_7) AppleWebKit/537.36 (KHTML, like Gecko) Chrome/146.0.0.0 Safari/537.36"
172.105.42.26 - - [28/Mar/2026:17:15:44 +0000] "POST /wp-cron.php?doing_wp_cron=1774718144.2028939723968505859375 HTTP/1.1" 200 20 "-" "WordPress/6.9.4; https://autozone.com.sa"
92.222.104.206 - - [28/Mar/2026:17:15:42 +0000] "GET /car-type/%D8%B4%D8%A7%D8%AD%D9%86%D8%A9-%D9%85%D8%AA%D9%88%D8%B3%D8%B7%D8%A9/feed/ HTTP/1.1" 200 1215 "-" "Mozilla/5.0 (compatible; AhrefsBot/7.0; +http://ahrefs.com/robot/)"
2001:16a4:215:5cbf:1834:a80d:c172:f3c9 - - [28/Mar/2026:17:15:44 +0000] "GET /wp-content/uploads/al_opt_content/IMAGE/autozone.com.sa/wp-content/uploads/2026/01/03-2-scaled.webp.bv_resized_desktop.webp.bv.webp?bv_host=autozone.com.sa HTTP/1.1" 200 73268 "https://autozone.com.sa/?utm_medium=paid&utm_source=fb&utm_id=120242719968570023&utm_content=120242720134680023&utm_term=120242719968590023&utm_campaign=120242719968570023&fbclid=IwY2xjawQ06-1leHRuA2FlbQIxMABicmlkETFVVkppT2I2bm1CaWhnMDVDc3J0YwZhcHBfaWQQMjIyMDM5MTc4ODIwMDg5MgABHgekGCllVJTGzskuAWgwfIzY4_YA7y9MH_HCAFbGUYGMuQGRq0zMq5Mi8N-7_aem_Ksz8y54713A8jTcroyntZw" "Mozilla/5.0 (Macintosh; Intel Mac OS X 10_15_7) AppleWebKit/537.36 (KHTML, like Gecko) Chrome/146.0.0.0 Safari/537.36"
2001:16a2:c171:580b:3834:acdb:ce4a:1a95 - - [28/Mar/2026:17:16:02 +0000] "POST /wp-admin/admin-ajax.php HTTP/1.1" 200 46 "https://autozone.com.sa/shop/" "Mozilla/5.0 (Linux; Android 10; K) AppleWebKit/537.36 (KHTML, like Gecko) Chrome/145.0.0.0 Mobile Safari/537.36"
2001:16a2:c171:580b:3834:acdb:ce4a:1a95 - - [28/Mar/2026:17:16:02 +0000] "POST /wp-admin/admin-ajax.php HTTP/1.1" 200 8137 "https://autozone.com.sa/shop/" "Mozilla/5.0 (Linux; Android 10; K) AppleWebKit/537.36 (KHTML, like Gecko) Chrome/145.0.0.0 Mobile Safari/537.36"
2001:16a2:c171:580b:3834:acdb:ce4a:1a95 - - [28/Mar/2026:17:16:04 +0000] "GET /shop/ HTTP/1.1" 200 148553 "https://autozone.com.sa/shop/" "Mozilla/5.0 (Linux; Android 10; K) AppleWebKit/537.36 (KHTML, like Gecko) Chrome/145.0.0.0 Mobile Safari/537.36"
2001:16a2:c171:580b:3834:acdb:ce4a:1a95 - - [28/Mar/2026:17:16:12 +0000] "GET /product/suzuki-carry-std-2025/ HTTP/1.1" 200 128965 "https://autozone.com.sa/shop/" "Mozilla/5.0 (Linux; Android 10; K) AppleWebKit/537.36 (KHTML, like Gecko) Chrome/145.0.0.0 Mobile Safari/537.36"
51.39.102.35 - - [28/Mar/2026:17:16:13 +0000] "GET /?utm_medium=paid&utm_source=fb&utm_id=120242719867940023&utm_content=120242720949290023&utm_term=120242719867960023&utm_campaign=120242719867940023 HTTP/1.1" 200 164092 "http://m.facebook.com" "Mozilla/5.0 (Linux; Android 13; SM-A515F Build/TP1A.220624.014; wv) AppleWebKit/537.36 (KHTML, like Gecko) Version/4.0 Chrome/146.0.7680.148 Mobile Safari/537.36 [FB_IAB/FB4A;FBAV/553.0.0.56.58;IABMV/1;]"
51.39.102.35 - - [28/Mar/2026:17:16:13 +0000] "GET /?utm_medium=paid&utm_source=fb&utm_id=120242719867940023&utm_content=120242720949290023&utm_term=120242719867960023&utm_campaign=120242719867940023 HTTP/1.1" 200 164085 "http://m.facebook.com/" "Mozilla/5.0 (Linux; Android 13; SM-A515F Build/TP1A.220624.014; wv) AppleWebKit/537.36 (KHTML, like Gecko) Version/4.0 Chrome/146.0.7680.148 Mobile Safari/537.36 [FB_IAB/FB4A;FBAV/553.0.0.56.58;IABMV/1;]"
51.39.102.35 - - [28/Mar/2026:17:16:26 +0000] "GET /wp-content/uploads/al_opt_content/IMAGE/autozone.com.sa/wp-content/uploads/2025/01/home-page-and-about-us-1-scaled-1.webp.bv_resized_ipad.webp.bv.webp?bv_host=autozone.com.sa HTTP/1.1" 200 31090 "https://autozone.com.sa/?utm_medium=paid&utm_source=fb&utm_id=120242719867940023&utm_content=120242720949290023&utm_term=120242719867960023&utm_campaign=120242719867940023" "Mozilla/5.0 (Linux; Android 13; SM-A515F Build/TP1A.220624.014; wv) AppleWebKit/537.36 (KHTML, like Gecko) Version/4.0 Chrome/146.0.7680.148 Mobile Safari/537.36 [FB_IAB/FB4A;FBAV/553.0.0.56.58;IABMV/1;]"
51.39.102.35 - - [28/Mar/2026:17:16:26 +0000] "POST /wp-json/iawp/search HTTP/1.1" 200 36 "https://autozone.com.sa/?utm_medium=paid&utm_source=fb&utm_id=120242719867940023&utm_content=120242720949290023&utm_term=120242719867960023&utm_campaign=120242719867940023" "Mozilla/5.0 (Linux; Android 13; SM-A515F Build/TP1A.220624.014; wv) AppleWebKit/537.36 (KHTML, like Gecko) Version/4.0 Chrome/146.0.7680.148 Mobile Safari/537.36 [FB_IAB/FB4A;FBAV/553.0.0.56.58;IABMV/1;] FBNV/500"
2001:16a2:c171:580b:3834:acdb:ce4a:1a95 - - [28/Mar/2026:17:16:32 +0000] "POST /wp-admin/admin-ajax.php HTTP/1.1" 200 1124 "https://autozone.com.sa/shop/" "Mozilla/5.0 (Linux; Android 10; K) AppleWebKit/537.36 (KHTML, like Gecko) Chrome/145.0.0.0 Mobile Safari/537.36"
2001:16a2:c171:580b:3834:acdb:ce4a:1a95 - - [28/Mar/2026:17:16:34 +0000] "POST /wp-admin/admin-ajax.php HTTP/1.1" 200 1130 "https://autozone.com.sa/shop/" "Mozilla/5.0 (Linux; Android 10; K) AppleWebKit/537.36 (KHTML, like Gecko) Chrome/145.0.0.0 Mobile Safari/537.36"
2001:16a2:c171:580b:3834:acdb:ce4a:1a95 - - [28/Mar/2026:17:16:38 +0000] "POST /wp-admin/admin-ajax.php HTTP/1.1" 200 1124 "https://autozone.com.sa/shop/" "Mozilla/5.0 (Linux; Android 10; K) AppleWebKit/537.36 (KHTML, like Gecko) Chrome/145.0.0.0 Mobile Safari/537.36"
2001:16a2:c171:580b:3834:acdb:ce4a:1a95 - - [28/Mar/2026:17:16:47 +0000] "POST /wp-admin/admin-ajax.php HTTP/1.1" 200 1133 "https://autozone.com.sa/shop/" "Mozilla/5.0 (Linux; Android 10; K) AppleWebKit/537.36 (KHTML, like Gecko) Chrome/145.0.0.0 Mobile Safari/537.36"
66.249.75.109 - - [28/Mar/2026:17:16:51 +0000] "GET /wp-content/uploads/2025/04/BGC_4771-150x150.webp HTTP/1.1" 200 3870 "-" "Googlebot-Image/1.0"
79.127.164.35 - - [28/Mar/2026:17:16:50 +0000] "GET /en/ HTTP/1.1" 200 94230 "https://www.google.com/" "Mozilla/5.0 (Macintosh; Intel Mac OS X 10_15_7) AppleWebKit/605.1.15 (KHTML, like Gecko) Version/18.6 Safari/605.1.15"
2001:16a2:c171:580b:3834:acdb:ce4a:1a95 - - [28/Mar/2026:17:16:54 +0000] "POST /?wc-ajax=get_refreshed_fragments HTTP/1.1" 200 999 "https://autozone.com.sa/shop/" "Mozilla/5.0 (Linux; Android 10; K) AppleWebKit/537.36 (KHTML, like Gecko) Chrome/145.0.0.0 Mobile Safari/537.36"
2001:16a2:c171:580b:3834:acdb:ce4a:1a95 - - [28/Mar/2026:17:16:54 +0000] "POST /wp-json/iawp/search HTTP/1.1" 200 36 "https://autozone.com.sa/shop/" "Mozilla/5.0 (Linux; Android 10; K) AppleWebKit/537.36 (KHTML, like Gecko) Chrome/145.0.0.0 Mobile Safari/537.36"
79.127.164.35 - - [28/Mar/2026:17:17:05 +0000] "POST /en/?wc-ajax=get_refreshed_fragments HTTP/1.1" 200 1002 "https://autozone.com.sa/en/" "Mozilla/5.0 (Macintosh; Intel Mac OS X 10_15_7) AppleWebKit/605.1.15 (KHTML, like Gecko) Version/18.6 Safari/605.1.15"
79.127.164.35 - - [28/Mar/2026:17:17:05 +0000] "POST /en/?wc-ajax=get_refreshed_fragments HTTP/1.1" 200 1002 "https://autozone.com.sa/en/" "Mozilla/5.0 (Macintosh; Intel Mac OS X 10_15_7) AppleWebKit/605.1.15 (KHTML, like Gecko) Version/18.6 Safari/605.1.15"
79.127.164.35 - - [28/Mar/2026:17:17:05 +0000] "POST /en/wp-json/iawp/search HTTP/1.1" 200 36 "https://autozone.com.sa/en/" "Mozilla/5.0 (Macintosh; Intel Mac OS X 10_15_7) AppleWebKit/605.1.15 (KHTML, like Gecko) Version/18.6 Safari/605.1.15"
2001:16a2:c171:580b:3834:acdb:ce4a:1a95 - - [28/Mar/2026:17:17:06 +0000] "POST /wp-admin/admin-ajax.php HTTP/1.1" 200 626 "https://autozone.com.sa/shop/" "Mozilla/5.0 (Linux; Android 10; K) AppleWebKit/537.36 (KHTML, like Gecko) Chrome/145.0.0.0 Mobile Safari/537.36"
2001:16a2:c171:580b:3834:acdb:ce4a:1a95 - - [28/Mar/2026:17:17:07 +0000] "POST /wp-admin/admin-ajax.php HTTP/1.1" 200 9416 "https://autozone.com.sa/shop/" "Mozilla/5.0 (Linux; Android 10; K) AppleWebKit/537.36 (KHTML, like Gecko) Chrome/145.0.0.0 Mobile Safari/537.36"
2001:16a2:c171:580b:3834:acdb:ce4a:1a95 - - [28/Mar/2026:17:17:10 +0000] "POST /wp-admin/admin-ajax.php HTTP/1.1" 200 46 "https://autozone.com.sa/shop/" "Mozilla/5.0 (Linux; Android 10; K) AppleWebKit/537.36 (KHTML, like Gecko) Chrome/145.0.0.0 Mobile Safari/537.36"
2001:16a2:c171:580b:3834:acdb:ce4a:1a95 - - [28/Mar/2026:17:17:10 +0000] "POST /wp-admin/admin-ajax.php HTTP/1.1" 200 8139 "https://autozone.com.sa/shop/" "Mozilla/5.0 (Linux; Android 10; K) AppleWebKit/537.36 (KHTML, like Gecko) Chrome/145.0.0.0 Mobile Safari/537.36"
2001:16a2:c171:580b:3834:acdb:ce4a:1a95 - - [28/Mar/2026:17:17:14 +0000] "GET /product/suzuki-baleno-glx-2025/ HTTP/1.1" 200 127658 "https://autozone.com.sa/shop/" "Mozilla/5.0 (Linux; Android 10; K) AppleWebKit/537.36 (KHTML, like Gecko) Chrome/145.0.0.0 Mobile Safari/537.36"
172.105.42.26 - - [28/Mar/2026:17:17:21 +0000] "POST /wp-cron.php?doing_wp_cron=1774718241.9468379020690917968750 HTTP/1.1" 200 20 "-" "WordPress/6.9.4; https://autozone.com.sa/en/"
79.127.164.35 - - [28/Mar/2026:17:17:20 +0000] "POST /wp-admin/admin-ajax.php HTTP/1.1" 200 584 "https://autozone.com.sa/en/" "Mozilla/5.0 (Macintosh; Intel Mac OS X 10_15_7) AppleWebKit/605.1.15 (KHTML, like Gecko) Version/18.6 Safari/605.1.15"
143.244.161.123 - - [28/Mar/2026:17:17:31 +0000] "GET /.env HTTP/1.1" 403 1660 "-" "Mozilla/5.0 (Macintosh; Intel Mac OS X 10_15_7) AppleWebKit/605.1.15 (KHTML, like Gecko) Version/26.0 Safari/605.1.15"
2001:16a4:b4:7353:ec8f:402b:f3ce:e379 - - [28/Mar/2026:17:17:57 +0000] "GET /wp-content/uploads/2025/04/BGC_7166-scaled.webp HTTP/1.1" 200 242923 "https://www.google.com/" "Mozilla/5.0 (Linux; Android 10; VOG-L29 Build/HUAWEIVOG-L29; wv) AppleWebKit/537.36 (KHTML, like Gecko) Version/4.0 Chrome/146.0.7680.164 Mobile Safari/537.36 GoogleApp/17.6.59.ve.arm64 GoogleLens"
49.13.130.29 - - [28/Mar/2026:17:19:23 +0000] "HEAD / HTTP/1.1" 200 - "https://autozone.com.sa/" "Mozilla/5.0+(compatible; UptimeRobot/2.0; http://www.uptimerobot.com/)"
47.82.11.164 - - [28/Mar/2026:17:20:55 +0000] "GET /?shopdetail/17047106 HTTP/1.1" 301 20 "https://www.autozone.com.sa/" "Mozilla/5.0 (Windows NT 10.0; Win64; x64) AppleWebKit/537.36 (KHTML, like Gecko) Chrome/135.0.0.0 Safari/537.36"
47.82.11.164 - - [28/Mar/2026:17:20:56 +0000] "GET /?shopdetail/17047106 HTTP/1.1" 301 20 "https://www.autozone.com.sa/" "Mozilla/5.0 (Windows NT 10.0; Win64; x64) AppleWebKit/537.36 (KHTML, like Gecko) Chrome/135.0.0.0 Safari/537.36"
47.82.11.137 - - [28/Mar/2026:17:21:05 +0000] "GET /?shopdetail/67482105 HTTP/1.1" 301 20 "https://autozone.com.sa/" "Mozilla/5.0 (Windows NT 10.0; Win64; x64) AppleWebKit/537.36 (KHTML, like Gecko) Chrome/134.0.0.0 Safari/537.36"
47.82.11.137 - - [28/Mar/2026:17:21:06 +0000] "GET /?shopdetail/67482105 HTTP/1.1" 301 20 "https://autozone.com.sa/" "Mozilla/5.0 (Windows NT 10.0; Win64; x64) AppleWebKit/537.36 (KHTML, like Gecko) Chrome/134.0.0.0 Safari/537.36"
172.105.42.26 - - [28/Mar/2026:17:22:23 +0000] "POST /wp-cron.php?doing_wp_cron=1774718543.7115619182586669921875 HTTP/1.1" 200 20 "-" "WordPress/6.9.4; https://autozone.com.sa"
2a03:2880:f802:14:: - - [28/Mar/2026:17:22:20 +0000] "GET /model/2025-jeep-wrangler-sport-s-4-door-2-0l-turbo-4wd-petrol-a-t/ HTTP/1.1" 200 61535 "-" "meta-externalagent/1.1 (+https://developers.facebook.com/docs/sharing/webmasters/crawler)"
69.167.152.123 - - [28/Mar/2026:17:22:25 +0000] "GET /wp-login.php HTTP/1.1" 403 1093 "-" "Mozilla/5.0 (Windows NT 6.3; WOW64; Trident/7.0; Touch; MASMJS; rv:11.0) like Gecko"
69.167.152.123 - - [28/Mar/2026:17:22:29 +0000] "POST /wp-login.php HTTP/1.1" 403 1093 "https://autozone.com.sa/wp-login.php" "Mozilla/5.0 (Windows NT 6.3; WOW64; Trident/7.0; Touch; MASMJS; rv:11.0) like Gecko"
185.150.28.13 - - [28/Mar/2026:17:22:54 +0000] "GET / HTTP/1.1" 200 163865 "-" "Mozilla/5.0 (iPhone; CPU iPhone OS 26_3_1 like Mac OS X) AppleWebKit/605.1.15 (KHTML, like Gecko) CriOS/146.0.7680.40 Mobile/15E148 Safari/604.1"
171.25.193.132 - - [28/Mar/2026:17:23:00 +0000] "GET / HTTP/1.1" 200 163875 "-" "Mozilla/5.0 (iPhone; CPU iPhone OS 26_3_1 like Mac OS X) AppleWebKit/605.1.15 (KHTML, like Gecko) CriOS/146.0.7680.40 Mobile/15E148 Safari/604.1"
2620:121:5042:50:f954::3 - - [28/Mar/2026:17:23:08 +0000] "GET /special-offers/ HTTP/1.1" 404 30894 "-" "Snap URL Preview Service; bot; snapchat; https://developers.snap.com/robots"
3.252.26.97 - - [28/Mar/2026:17:23:11 +0000] "GET /special-offers/ HTTP/1.1" 404 30900 "-" "Mozilla/5.0 (iPhone; CPU iPhone OS 13_3_3 like Mac OS X) AppleWebKit/555.2.47 (KHTML, like Gecko) Version/13.3 Mobile/15E148 Snapchat/11.34.0.13 (like Safari/555.2, panda)"
66.249.75.109 - - [28/Mar/2026:17:23:36 +0000] "GET /wp-content/uploads/2025/07/BGC_7569-scaled.webp HTTP/1.1" 200 191836 "-" "Googlebot-Image/1.0"
172.105.42.26 - - [28/Mar/2026:17:23:49 +0000] "POST /wp-cron.php?doing_wp_cron=1774718628.9831969738006591796875 HTTP/1.1" 200 20 "-" "WordPress/6.9.4; https://autozone.com.sa"
47.82.11.120 - - [28/Mar/2026:17:23:47 +0000] "GET /?shopdetail/35254594 HTTP/1.1" 301 20 "https://autozone.com.sa/" "Mozilla/5.0 (Macintosh; Intel Mac OS X 10_15_7) AppleWebKit/605.1.15 (KHTML, like Gecko) Version/18.3.1 Safari/605.1.15"
47.82.11.120 - - [28/Mar/2026:17:23:49 +0000] "GET /?shopdetail/35254594 HTTP/1.1" 301 20 "https://autozone.com.sa/" "Mozilla/5.0 (Macintosh; Intel Mac OS X 10_15_7) AppleWebKit/605.1.15 (KHTML, like Gecko) Version/18.3.1 Safari/605.1.15"
216.73.216.14 - - [28/Mar/2026:17:24:18 +0000] "GET /sitemap.xml HTTP/1.1" 301 20 "-" "Mozilla/5.0 AppleWebKit/537.36 (KHTML, like Gecko; compatible; ClaudeBot/1.0; +claudebot@anthropic.com)"
216.73.216.14 - - [28/Mar/2026:17:24:19 +0000] "GET /sitemap_index.xml HTTP/1.1" 200 438 "https://autozone.com.sa/sitemap.xml" "Mozilla/5.0 AppleWebKit/537.36 (KHTML, like Gecko; compatible; ClaudeBot/1.0; +claudebot@anthropic.com)"
216.73.216.14 - - [28/Mar/2026:17:24:18 +0000] "GET /sitemap-5.xml HTTP/1.1" 404 30896 "-" "Mozilla/5.0 AppleWebKit/537.36 (KHTML, like Gecko; compatible; ClaudeBot/1.0; +claudebot@anthropic.com)"
66.249.75.108 - - [28/Mar/2026:17:24:21 +0000] "GET /wp-content/uploads/al_opt_content/IMAGE/autozone.com.sa/wp-content/uploads/2026/01/BGC_5738-copy-27-scaled.webp.bv_resized_mobile.webp.bv.webp?bv_host=autozone.com.sa HTTP/1.1" 200 14652 "-" "Googlebot-Image/1.0"
3.79.134.69 - - [28/Mar/2026:17:24:29 +0000] "HEAD / HTTP/1.1" 200 - "https://autozone.com.sa/" "Mozilla/5.0+(compatible; UptimeRobot/2.0; http://www.uptimerobot.com/)"
172.105.42.26 - - [28/Mar/2026:17:25:04 +0000] "POST /wp-cron.php?doing_wp_cron=1774718704.7885720729827880859375 HTTP/1.1" 200 20 "-" "WordPress/6.9.4; https://autozone.com.sa"
2a03:2880:27ff:4:: - - [28/Mar/2026:17:25:02 +0000] "GET /ramadan-0-profit-campaign-lp-b27/?utm_source=INSTAGRAM&utm_medium=CPC&utm_campaign=Ramadan_0_Profit_Feb_24&utm_id=Ramadan_0_Profit_Feb_24 HTTP/1.1" 404 31050 "-" "facebookexternalhit/1.1 (+http://www.facebook.com/externalhit_uatext.php)"
2001:16a4:b4:6e36:8416:52ed:129f:cb3f - - [28/Mar/2026:17:25:26 +0000] "GET /product/haval-jolion-pro-active-plus-2025/ HTTP/1.1" 200 71754 "android-app://com.google.android.googlequicksearchbox/" "Mozilla/5.0 (Linux; Android 10; K) AppleWebKit/537.36 (KHTML, like Gecko) SamsungBrowser/29.0 Chrome/136.0.0.0 Mobile Safari/537.36"
40.77.167.57 - - [28/Mar/2026:17:25:31 +0000] "GET /shopdetail/43880086 HTTP/1.1" 301 20 "-" "Mozilla/5.0 AppleWebKit/537.36 (KHTML, like Gecko; compatible; bingbot/2.0; +http://www.bing.com/bingbot.htm) Chrome/116.0.1938.76 Safari/537.36"
94.23.188.206 - - [28/Mar/2026:17:25:38 +0000] "GET /en/product/kia-k4-gl-2026/feed/ HTTP/1.1" 200 463 "-" "Mozilla/5.0 (compatible; AhrefsBot/7.0; +http://ahrefs.com/robot/)"
2001:16a2:c130:9a86:7c5a:c203:5c8c:1a00 - - [28/Mar/2026:17:25:51 +0000] "GET /favicon.ico HTTP/1.1" 302 20 "-" "NetworkingExtension/8623.2.7.10.4 Network/5569.82.5 iOS/26.3.1"
2001:16a2:c130:9a86:7c5a:c203:5c8c:1a00 - - [28/Mar/2026:17:25:50 +0000] "GET /apple-touch-icon.png HTTP/1.1" 404 30901 "-" "NetworkingExtension/8623.2.7.10.4 Network/5569.82.5 iOS/26.3.1"
2001:16a2:c130:9a86:7c5a:c203:5c8c:1a00 - - [28/Mar/2026:17:25:50 +0000] "GET /apple-touch-icon-precomposed.png HTTP/1.1" 404 30910 "-" "NetworkingExtension/8623.2.7.10.4 Network/5569.82.5 iOS/26.3.1"
2001:16a2:c130:9a86:7c5a:c203:5c8c:1a00 - - [28/Mar/2026:17:25:50 +0000] "GET / HTTP/1.1" 200 163861 "-" "Mozilla/5.0 (Macintosh; Intel Mac OS X 10_11_1) AppleWebKit/601.2.4 (KHTML, like Gecko) Version/9.0.1 Safari/601.2.4 facebookexternalhit/1.1 Facebot Twitterbot/1.0"
2001:16a2:c130:9a86:7c5a:c203:5c8c:1a00 - - [28/Mar/2026:17:26:09 +0000] "GET /wp-content/uploads/2025/01/1.webp HTTP/1.1" 200 6701 "-" "NetworkingExtension/8623.2.7.10.4 Network/5569.82.5 iOS/26.3.1"
2001:16a2:c130:9a86:7c5a:c203:5c8c:1a00 - - [28/Mar/2026:17:26:09 +0000] "GET /wp-content/uploads/2025/01/cropped-Logo-Without-Text-small-2-192x192.png HTTP/1.1" 304 - "-" "NetworkingExtension/8623.2.7.10.4 Network/5569.82.5 iOS/26.3.1"
172.105.42.26 - - [28/Mar/2026:17:26:12 +0000] "POST /wp-cron.php?doing_wp_cron=1774718771.8878660202026367187500 HTTP/1.1" 200 20 "-" "WordPress/6.9.4; https://autozone.com.sa"
216.73.216.14 - - [28/Mar/2026:17:26:09 +0000] "GET /sitemap-4.xml HTTP/1.1" 404 30898 "-" "Mozilla/5.0 AppleWebKit/537.36 (KHTML, like Gecko; compatible; ClaudeBot/1.0; +claudebot@anthropic.com)"
172.105.42.26 - - [28/Mar/2026:17:27:06 +0000] "POST /wp-cron.php?doing_wp_cron=1774718826.7071540355682373046875 HTTP/1.1" 200 20 "-" "WordPress/6.9.4; https://autozone.com.sa"
34.75.167.170 - - [28/Mar/2026:17:27:06 +0000] "GET /wp-login.php HTTP/1.1" 403 1092 "-" "Mozilla/5.0 (Windows NT 10.0; WOW64) AppleWebKit/537.36 (KHTML, like Gecko) Chrome/66.0.3359.117 Safari/537.36"
34.75.167.170 - - [28/Mar/2026:17:27:07 +0000] "POST /wp-login.php HTTP/1.1" 403 1092 "https://autozone.com.sa/wp-login.php" "Mozilla/5.0 (Windows NT 10.0; WOW64) AppleWebKit/537.36 (KHTML, like Gecko) Chrome/66.0.3359.117 Safari/537.36"
114.119.159.26 - - [28/Mar/2026:17:27:33 +0000] "GET /mg-logo-3-2 HTTP/1.1" 301 20 "https://www.autozone.com.sa/en/mg-logo-3" "Mozilla/5.0 (Linux; Android 7.0;) AppleWebKit/537.36 (KHTML, like Gecko) Mobile Safari/537.36 (compatible; PetalBot;+https://webmaster.petalsearch.com/site/petalbot)"
114.119.159.26 - - [28/Mar/2026:17:27:37 +0000] "GET /mg-logo-3-2 HTTP/1.1" 404 30903 "https://www.autozone.com.sa/en/mg-logo-3" "Mozilla/5.0 (Linux; Android 7.0;) AppleWebKit/537.36 (KHTML, like Gecko) Mobile Safari/537.36 (compatible; PetalBot;+https://webmaster.petalsearch.com/site/petalbot)"
172.105.42.26 - - [28/Mar/2026:17:27:44 +0000] "POST /wp-cron.php?doing_wp_cron=1774718863.9900031089782714843750 HTTP/1.1" 200 20 "-" "WordPress/6.9.4; https://autozone.com.sa"
47.82.11.242 - - [28/Mar/2026:17:27:42 +0000] "GET /?shopdetail/57227350 HTTP/1.1" 301 20 "https://autozone.com.sa/" "Mozilla/5.0 (Windows NT 10.0; Win64; x64) AppleWebKit/537.36 (KHTML, like Gecko) Chrome/135.0.0.0 Safari/537.36"
5.161.250.15 - - [28/Mar/2026:17:27:45 +0000] "POST /wp-load.php?0c9751=83030 HTTP/1.1" 200 249521 "-" "BlogVault/1.0 (+https://blogvault.net)"
47.82.11.242 - - [28/Mar/2026:17:27:44 +0000] "GET /?shopdetail/57227350 HTTP/1.1" 301 20 "https://autozone.com.sa/" "Mozilla/5.0 (Windows NT 10.0; Win64; x64) AppleWebKit/537.36 (KHTML, like Gecko) Chrome/135.0.0.0 Safari/537.36"
5.161.69.178 - - [28/Mar/2026:17:27:55 +0000] "POST /wp-load.php?98f80b=40609 HTTP/1.1" 200 3533 "https://autozone.com.sa/" "BlogVault/1.0 (+https://blogvault.net)"
172.105.42.26 - - [28/Mar/2026:17:28:46 +0000] "POST /wp-cron.php?doing_wp_cron=1774718926.1808640956878662109375 HTTP/1.1" 200 20 "-" "WordPress/6.9.4; https://autozone.com.sa"
