89.147.1.101 - - [28/Mar/2026:14:03:42 +0000] "GET /offers/from-eid-to-eid-non-stop-deals-changan-cs35-with-no-tax/ HTTP/1.1" 200 138778 "https://autozone.com.sa/our-offers/" "Mozilla/5.0 (Windows NT 10.0; Win64; x64) AppleWebKit/537.36 (KHTML, like Gecko) Chrome/145.0.0.0 Safari/537.36 Edg/145.0.0.0"
2a02:9b0:4048:fdd9:b826:4fff:fe22:4b7d - - [28/Mar/2026:14:03:43 +0000] "GET /car-type/%d9%85%d9%8a%d9%86%d9%8a-%d9%81%d8%a7%d9%86/ HTTP/1.1" 200 62667 "https://autozone.com.sa/" "Mozilla/5.0 (Linux; Android 10; K) AppleWebKit/537.36 (KHTML, like Gecko) Chrome/146.0.0.0 Mobile Safari/537.36"
89.147.1.101 - - [28/Mar/2026:14:03:46 +0000] "GET /wp-content/plugins/elementor/assets/css/widget-nested-accordion-rtl.min.css?ver=3.35.4 HTTP/1.1" 200 798 "https://autozone.com.sa/offers/from-eid-to-eid-non-stop-deals-changan-cs35-with-no-tax/" "Mozilla/5.0 (Windows NT 10.0; Win64; x64) AppleWebKit/537.36 (KHTML, like Gecko) Chrome/145.0.0.0 Safari/537.36 Edg/145.0.0.0"
89.147.1.101 - - [28/Mar/2026:14:03:46 +0000] "GET /wp-content/uploads/elementor/css/post-5022.css?ver=1774680536 HTTP/1.1" 200 1195 "https://autozone.com.sa/offers/from-eid-to-eid-non-stop-deals-changan-cs35-with-no-tax/" "Mozilla/5.0 (Windows NT 10.0; Win64; x64) AppleWebKit/537.36 (KHTML, like Gecko) Chrome/145.0.0.0 Safari/537.36 Edg/145.0.0.0"
89.147.1.101 - - [28/Mar/2026:14:03:46 +0000] "GET /wp-content/uploads/elementor/css/post-839.css?ver=1774680536 HTTP/1.1" 200 2634 "https://autozone.com.sa/offers/from-eid-to-eid-non-stop-deals-changan-cs35-with-no-tax/" "Mozilla/5.0 (Windows NT 10.0; Win64; x64) AppleWebKit/537.36 (KHTML, like Gecko) Chrome/145.0.0.0 Safari/537.36 Edg/145.0.0.0"
89.147.1.101 - - [28/Mar/2026:14:03:47 +0000] "POST /?wc-ajax=get_refreshed_fragments HTTP/1.1" 200 999 "https://autozone.com.sa/offers/from-eid-to-eid-non-stop-deals-changan-cs35-with-no-tax/" "Mozilla/5.0 (Windows NT 10.0; Win64; x64) AppleWebKit/537.36 (KHTML, like Gecko) Chrome/145.0.0.0 Safari/537.36 Edg/145.0.0.0"
89.147.1.101 - - [28/Mar/2026:14:03:47 +0000] "POST /wp-json/iawp/search HTTP/1.1" 200 36 "https://autozone.com.sa/offers/from-eid-to-eid-non-stop-deals-changan-cs35-with-no-tax/" "Mozilla/5.0 (Windows NT 10.0; Win64; x64) AppleWebKit/537.36 (KHTML, like Gecko) Chrome/145.0.0.0 Safari/537.36 Edg/145.0.0.0"
2a02:9b0:4048:fdd9:b826:4fff:fe22:4b7d - - [28/Mar/2026:14:03:46 +0000] "GET /%D8%A7%D9%84%D9%85%D8%A7%D8%B1%D9%83%D8%A9/%d9%83%d9%8a%d8%a7/ HTTP/1.1" 200 63850 "https://autozone.com.sa/" "Mozilla/5.0 (Linux; Android 10; K) AppleWebKit/537.36 (KHTML, like Gecko) Chrome/146.0.0.0 Mobile Safari/537.36"
2a02:9b0:4048:fdd9:b826:4fff:fe22:4b7d - - [28/Mar/2026:14:03:49 +0000] "GET /%D8%A7%D9%84%D9%85%D8%A7%D8%B1%D9%83%D8%A9/%d8%ac%d9%8a%d9%84%d9%8a/ HTTP/1.1" 200 63520 "https://autozone.com.sa/" "Mozilla/5.0 (Linux; Android 10; K) AppleWebKit/537.36 (KHTML, like Gecko) Chrome/146.0.0.0 Mobile Safari/537.36"
2a02:9b0:4048:fdd9:b826:4fff:fe22:4b7d - - [28/Mar/2026:14:04:00 +0000] "GET /our-offers/ HTTP/1.1" 200 113290 "https://autozone.com.sa/" "Mozilla/5.0 (Linux; Android 10; K) AppleWebKit/537.36 (KHTML, like Gecko) Chrome/146.0.0.0 Mobile Safari/537.36"
2a02:9b0:4048:fdd9:b826:4fff:fe22:4b7d - - [28/Mar/2026:14:04:03 +0000] "GET /fleet/ HTTP/1.1" 200 125536 "https://autozone.com.sa/" "Mozilla/5.0 (Linux; Android 10; K) AppleWebKit/537.36 (KHTML, like Gecko) Chrome/146.0.0.0 Mobile Safari/537.36"
74.7.241.33 - - [28/Mar/2026:14:04:04 +0000] "GET /listings/%D9%87%D9%8A%D9%88%D9%86%D8%AF%D8%A7%D9%8A-%D8%A7%D9%83%D8%B3%D9%86%D8%AA-gl-1-4-%D8%B3%D9%85%D8%A7%D8%B1%D8%AA-2021-2/ HTTP/1.1" 404 30974 "https://khalidcrm.core3.agency" "Mozilla/5.0 AppleWebKit/537.36 (KHTML, like Gecko; compatible; GPTBot/1.3; +https://openai.com/gptbot)"
172.105.42.26 - - [28/Mar/2026:14:04:48 +0000] "POST /wp-cron.php?doing_wp_cron=1774706688.2527229785919189453125 HTTP/1.1" 200 20 "-" "WordPress/6.9.4; https://autozone.com.sa"
129.226.217.89 - - [28/Mar/2026:14:04:43 +0000] "GET / HTTP/1.1" 200 163883 "-" "Sogou web spider/4.0(+http://www.sogou.com/docs/help/webmasters.htm#07)"
89.147.1.101 - - [28/Mar/2026:14:05:16 +0000] "GET /our-offers/ HTTP/1.1" 200 113292 "https://autozone.com.sa/offers/from-eid-to-eid-non-stop-deals-changan-cs35-with-no-tax/" "Mozilla/5.0 (Windows NT 10.0; Win64; x64) AppleWebKit/537.36 (KHTML, like Gecko) Chrome/145.0.0.0 Safari/537.36 Edg/145.0.0.0"
172.105.42.26 - - [28/Mar/2026:14:05:21 +0000] "POST /wp-cron.php?doing_wp_cron=1774706721.6733019351959228515625 HTTP/1.1" 200 20 "-" "WordPress/6.9.4; https://autozone.com.sa"
89.147.1.101 - - [28/Mar/2026:14:05:20 +0000] "POST /?wc-ajax=get_refreshed_fragments HTTP/1.1" 200 999 "https://autozone.com.sa/our-offers/" "Mozilla/5.0 (Windows NT 10.0; Win64; x64) AppleWebKit/537.36 (KHTML, like Gecko) Chrome/145.0.0.0 Safari/537.36 Edg/145.0.0.0"
89.147.1.101 - - [28/Mar/2026:14:05:20 +0000] "POST /wp-json/iawp/search HTTP/1.1" 200 36 "https://autozone.com.sa/our-offers/" "Mozilla/5.0 (Windows NT 10.0; Win64; x64) AppleWebKit/537.36 (KHTML, like Gecko) Chrome/145.0.0.0 Safari/537.36 Edg/145.0.0.0"
89.147.1.101 - - [28/Mar/2026:14:05:27 +0000] "GET /showroom/ HTTP/1.1" 200 110378 "https://autozone.com.sa/our-offers/" "Mozilla/5.0 (Windows NT 10.0; Win64; x64) AppleWebKit/537.36 (KHTML, like Gecko) Chrome/145.0.0.0 Safari/537.36 Edg/145.0.0.0"
89.147.1.101 - - [28/Mar/2026:14:05:30 +0000] "GET /wp-content/uploads/2024/12/az-new-logo-bg-2-1.jpg HTTP/1.1" 304 - "https://autozone.com.sa/wp-content/uploads/elementor/css/post-665.css?ver=1774677505" "Mozilla/5.0 (Windows NT 10.0; Win64; x64) AppleWebKit/537.36 (KHTML, like Gecko) Chrome/145.0.0.0 Safari/537.36 Edg/145.0.0.0"
89.147.1.101 - - [28/Mar/2026:14:05:35 +0000] "POST /?wc-ajax=get_refreshed_fragments HTTP/1.1" 200 999 "https://autozone.com.sa/showroom/" "Mozilla/5.0 (Windows NT 10.0; Win64; x64) AppleWebKit/537.36 (KHTML, like Gecko) Chrome/145.0.0.0 Safari/537.36 Edg/145.0.0.0"
89.147.1.101 - - [28/Mar/2026:14:05:35 +0000] "POST /wp-json/iawp/search HTTP/1.1" 200 36 "https://autozone.com.sa/showroom/" "Mozilla/5.0 (Windows NT 10.0; Win64; x64) AppleWebKit/537.36 (KHTML, like Gecko) Chrome/145.0.0.0 Safari/537.36 Edg/145.0.0.0"
172.105.42.26 - - [28/Mar/2026:14:05:45 +0000] "POST /wp-cron.php?doing_wp_cron=1774706745.9140579700469970703125 HTTP/1.1" 200 20 "-" "WordPress/6.9.4; https://autozone.com.sa"
49.13.164.148 - - [28/Mar/2026:14:05:44 +0000] "HEAD / HTTP/1.1" 200 - "https://autozone.com.sa/" "Mozilla/5.0+(compatible; UptimeRobot/2.0; http://www.uptimerobot.com/)"
89.147.1.101 - - [28/Mar/2026:14:05:52 +0000] "GET /showroom/ HTTP/1.1" 200 110351 "https://autozone.com.sa/showroom/" "Mozilla/5.0 (Windows NT 10.0; Win64; x64) AppleWebKit/537.36 (KHTML, like Gecko) Chrome/145.0.0.0 Safari/537.36 Edg/145.0.0.0"
89.147.1.101 - - [28/Mar/2026:14:05:55 +0000] "POST /?wc-ajax=get_refreshed_fragments HTTP/1.1" 200 999 "https://autozone.com.sa/showroom/" "Mozilla/5.0 (Windows NT 10.0; Win64; x64) AppleWebKit/537.36 (KHTML, like Gecko) Chrome/145.0.0.0 Safari/537.36 Edg/145.0.0.0"
89.147.1.101 - - [28/Mar/2026:14:05:55 +0000] "POST /wp-json/iawp/search HTTP/1.1" 200 36 "https://autozone.com.sa/showroom/" "Mozilla/5.0 (Windows NT 10.0; Win64; x64) AppleWebKit/537.36 (KHTML, like Gecko) Chrome/145.0.0.0 Safari/537.36 Edg/145.0.0.0"
52.167.144.216 - - [28/Mar/2026:14:06:22 +0000] "GET /shopdetail/75907969 HTTP/1.1" 301 20 "-" "Mozilla/5.0 AppleWebKit/537.36 (KHTML, like Gecko; compatible; bingbot/2.0; +http://www.bing.com/bingbot.htm) Chrome/116.0.1938.76 Safari/537.36"
74.7.241.33 - - [28/Mar/2026:14:06:36 +0000] "GET /wp-content/uploads/al_opt_content/SCRIPT/ HTTP/1.1" 200 7943 "https://autozone.com.sa/wp-content/uploads/al_opt_content/SCRIPT/autozone.com.sa/" "Mozilla/5.0 AppleWebKit/537.36 (KHTML, like Gecko; compatible; GPTBot/1.3; +https://openai.com/gptbot)"
89.147.1.101 - - [28/Mar/2026:14:06:43 +0000] "GET /wp-content/uploads/al_opt_content/IMAGE/autozone.com.sa/wp-content/uploads/2025/01/1.webp.bv.webp?bv_host=autozone.com.sa HTTP/1.1" 200 6701 "https://autozone.com.sa/" "Mozilla/5.0 (Windows NT 10.0; Win64; x64) AppleWebKit/537.36 (KHTML, like Gecko) Chrome/145.0.0.0 Safari/537.36 Edg/145.0.0.0"
89.147.1.101 - - [28/Mar/2026:14:06:43 +0000] "GET /wp-content/uploads/al_opt_content/IMAGE/autozone.com.sa/wp-content/uploads/2025/01/2.webp.bv.webp?bv_host=autozone.com.sa HTTP/1.1" 200 6845 "https://autozone.com.sa/" "Mozilla/5.0 (Windows NT 10.0; Win64; x64) AppleWebKit/537.36 (KHTML, like Gecko) Chrome/145.0.0.0 Safari/537.36 Edg/145.0.0.0"
89.147.1.101 - - [28/Mar/2026:14:06:43 +0000] "GET /wp-content/uploads/al_opt_content/IMAGE/autozone.com.sa/wp-content/uploads/2025/01/3.webp.bv.webp?bv_host=autozone.com.sa HTTP/1.1" 200 5820 "https://autozone.com.sa/" "Mozilla/5.0 (Windows NT 10.0; Win64; x64) AppleWebKit/537.36 (KHTML, like Gecko) Chrome/145.0.0.0 Safari/537.36 Edg/145.0.0.0"
40.83.88.195 - - [28/Mar/2026:14:08:39 +0000] "GET /outlet/wp-content/uploads/2018/10/odyssey-side-798x466.jpg HTTP/1.1" 301 20 "-" "Mozilla/5.0 (compatible; BingIndexCrawler/1.0)"
40.83.88.195 - - [28/Mar/2026:14:08:40 +0000] "GET /outlet/wp-content/uploads/2018/10/odyssey-side-798x466.jpg HTTP/1.1" 404 30955 "-" "Mozilla/5.0 (compatible; BingIndexCrawler/1.0)"
74.7.241.33 - - [28/Mar/2026:14:09:01 +0000] "GET /wp-content/uploads/cache/wpml/twig/2d/2d0daccc28bf51a50eedadc7d96ab9776b5a7699fbd5e84867db54735c31a7f6.php HTTP/1.1" 500 20 "https://autozone.com.sa/wp-content/uploads/cache/wpml/twig/2d/" "Mozilla/5.0 AppleWebKit/537.36 (KHTML, like Gecko; compatible; GPTBot/1.3; +https://openai.com/gptbot)"
74.7.241.33 - - [28/Mar/2026:14:09:47 +0000] "GET /wp-content/uploads/cache/wpml/twig/a3/a3061f91766b08a4cd91850885ac7ed4e78af9bbb92ccdce49c9d2fe6e6f5261.php HTTP/1.1" 500 20 "https://autozone.com.sa/wp-content/uploads/cache/wpml/twig/a3/" "Mozilla/5.0 AppleWebKit/537.36 (KHTML, like Gecko; compatible; GPTBot/1.3; +https://openai.com/gptbot)"
172.105.42.26 - - [28/Mar/2026:14:10:24 +0000] "POST /wp-cron.php?doing_wp_cron=1774707024.6190218925476074218750 HTTP/1.1" 200 20 "-" "WordPress/6.9.4; https://autozone.com.sa"
34.209.124.163 - - [28/Mar/2026:14:10:23 +0000] "GET /feed/ HTTP/1.1" 200 588 "-" "UniversalFeedParser/5.2.1 +https://code.google.com/p/feedparser/"
172.105.42.26 - - [28/Mar/2026:14:10:27 +0000] "POST /wp-cron.php?doing_wp_cron=1774707027.2454171180725097656250 HTTP/1.1" 200 20 "-" "WordPress/6.9.4; https://autozone.com.sa/en/"
2001:4860:7:1528::ff - - [28/Mar/2026:14:10:23 +0000] "GET /en/ HTTP/1.1" 200 94215 "https://www.google.com/" "Mozilla/5.0 (Windows NT 10.0; Win64; x64) AppleWebKit/537.36 (KHTML, like Gecko) Chrome/146.0.0.0 Safari/537.36"
45.190.158.194 - - [28/Mar/2026:14:10:28 +0000] "GET /en/feed/ HTTP/1.1" 200 887 "-" "Mozilla/5.0 (Macintosh; U; Intel Mac OS X 10_5_4; rv:1.9.5.20) Gecko/2355-05-25 20:41:11.319328 Firefox/3.8"
116.118.2.113 - - [28/Mar/2026:14:10:35 +0000] "GET /wp-login.php HTTP/1.1" 403 1091 "-" "Mozilla/5.0 (Windows NT 6.3) AppleWebKit/537.36 (KHTML, like Gecko) Chrome/66.0.3359.139 Safari/537.36"
116.118.2.113 - - [28/Mar/2026:14:10:36 +0000] "POST /wp-login.php HTTP/1.1" 403 1091 "https://autozone.com.sa/wp-login.php" "Mozilla/5.0 (Windows NT 6.3) AppleWebKit/537.36 (KHTML, like Gecko) Chrome/66.0.3359.139 Safari/537.36"
78.46.190.63 - - [28/Mar/2026:14:10:51 +0000] "HEAD / HTTP/1.1" 200 - "https://autozone.com.sa/" "Mozilla/5.0+(compatible; UptimeRobot/2.0; http://www.uptimerobot.com/)"
178.156.128.204 - - [28/Mar/2026:14:11:14 +0000] "POST /wp-load.php?d39322=84735 HTTP/1.1" 200 247325 "-" "BlogVault/1.0 (+https://blogvault.net)"
5.161.201.188 - - [28/Mar/2026:14:11:28 +0000] "POST /wp-load.php?40d913=30323 HTTP/1.1" 200 11422 "https://autozone.com.sa/" "BlogVault/1.0 (+https://blogvault.net)"
172.105.42.26 - - [28/Mar/2026:14:11:37 +0000] "POST /wp-cron.php?doing_wp_cron=1774707097.3918468952178955078125 HTTP/1.1" 200 20 "-" "WordPress/6.9.4; https://autozone.com.sa"
94.23.188.220 - - [28/Mar/2026:14:11:35 +0000] "GET /sitemap-1.xml HTTP/1.1" 404 30897 "-" "Mozilla/5.0 (compatible; AhrefsBot/7.0; +http://ahrefs.com/robot/)"
74.7.241.33 - - [28/Mar/2026:14:11:53 +0000] "GET /wp-content/uploads/al_opt_content/IMAGE/autozone.com.sa/ HTTP/1.1" 200 379 "https://autozone.com.sa/wp-content/uploads/al_opt_content/IMAGE/" "Mozilla/5.0 AppleWebKit/537.36 (KHTML, like Gecko; compatible; GPTBot/1.3; +https://openai.com/gptbot)"
168.149.71.46 - - [28/Mar/2026:14:12:23 +0000] "GET /wp-content/uploads/al_opt_content/CSS//22234b0db4f393682eb52b1c9f8d4925.css HTTP/1.1" 200 34885 "-" "Mozilla/5.0 (Linux; Android 10; K) AppleWebKit/537.36 (KHTML, like Gecko) Chrome/146.0.0.0 Mobile Safari/537.36"
172.105.42.26 - - [28/Mar/2026:14:12:26 +0000] "POST /wp-cron.php?doing_wp_cron=1774707146.8449139595031738281250 HTTP/1.1" 200 20 "-" "WordPress/6.9.4; https://autozone.com.sa"
47.82.11.183 - - [28/Mar/2026:14:12:25 +0000] "GET /?shopdetail/86139904 HTTP/1.1" 301 20 "https://www.autozone.com.sa/" "Mozilla/5.0 (X11; CrOS x86_64 14541.0.0) AppleWebKit/537.36 (KHTML, like Gecko) Chrome/134.0.0.0 Safari/537.36"
168.149.71.46 - - [28/Mar/2026:14:12:23 +0000] "GET / HTTP/1.1" 200 163889 "https://www.google.com/" "Mozilla/5.0 (Linux; Android 10; K) AppleWebKit/537.36 (KHTML, like Gecko) Chrome/146.0.0.0 Mobile Safari/537.36"
47.82.11.183 - - [28/Mar/2026:14:12:27 +0000] "GET /?shopdetail/86139904 HTTP/1.1" 301 20 "https://www.autozone.com.sa/" "Mozilla/5.0 (X11; CrOS x86_64 14541.0.0) AppleWebKit/537.36 (KHTML, like Gecko) Chrome/134.0.0.0 Safari/537.36"
168.149.71.46 - - [28/Mar/2026:14:12:31 +0000] "GET /financial-calculator/ HTTP/1.1" 200 117134 "https://www.google.com/" "Mozilla/5.0 (Linux; Android 10; K) AppleWebKit/537.36 (KHTML, like Gecko) Chrome/146.0.0.0 Mobile Safari/537.36"
168.149.71.46 - - [28/Mar/2026:14:12:34 +0000] "GET /wp-content/uploads/2024/12/bg.webp HTTP/1.1" 200 82268 "https://autozone.com.sa/wp-content/uploads/elementor/css/post-1123.css?ver=1774682622" "Mozilla/5.0 (Linux; Android 10; K) AppleWebKit/537.36 (KHTML, like Gecko) Chrome/146.0.0.0 Mobile Safari/537.36"
168.149.71.46 - - [28/Mar/2026:14:12:36 +0000] "GET /wp-content/plugins/fluentformpro/public/libs/intl-tel-input/img/flags@2x.webp HTTP/1.1" 200 66479 "https://autozone.com.sa/wp-content/plugins/fluentformpro/public/libs/intl-tel-input/css/intlTelInput-rtl.min.css?ver=24.2.0" "Mozilla/5.0 (Linux; Android 10; K) AppleWebKit/537.36 (KHTML, like Gecko) Chrome/146.0.0.0 Mobile Safari/537.36"
168.149.71.46 - - [28/Mar/2026:14:12:36 +0000] "POST /?wc-ajax=get_refreshed_fragments HTTP/1.1" 200 999 "https://autozone.com.sa/financial-calculator/" "Mozilla/5.0 (Linux; Android 10; K) AppleWebKit/537.36 (KHTML, like Gecko) Chrome/146.0.0.0 Mobile Safari/537.36"
168.149.71.46 - - [28/Mar/2026:14:12:36 +0000] "POST /wp-json/iawp/search HTTP/1.1" 200 36 "https://autozone.com.sa/financial-calculator/" "Mozilla/5.0 (Linux; Android 10; K) AppleWebKit/537.36 (KHTML, like Gecko) Chrome/146.0.0.0 Mobile Safari/537.36"
168.149.71.46 - - [28/Mar/2026:14:12:36 +0000] "POST /?wc-ajax=get_refreshed_fragments HTTP/1.1" 200 999 "https://autozone.com.sa/financial-calculator/" "Mozilla/5.0 (Linux; Android 10; K) AppleWebKit/537.36 (KHTML, like Gecko) Chrome/146.0.0.0 Mobile Safari/537.36"
172.105.42.26 - - [28/Mar/2026:14:12:43 +0000] "POST /wp-cron.php?doing_wp_cron=1774707163.7161231040954589843750 HTTP/1.1" 200 20 "-" "WordPress/6.9.4; https://autozone.com.sa"
89.147.1.101 - - [28/Mar/2026:14:12:41 +0000] "GET /our-offers/ HTTP/1.1" 200 113283 "https://autozone.com.sa/" "Mozilla/5.0 (Windows NT 10.0; Win64; x64) AppleWebKit/537.36 (KHTML, like Gecko) Chrome/145.0.0.0 Safari/537.36 Edg/145.0.0.0"
89.147.1.101 - - [28/Mar/2026:14:12:46 +0000] "POST /?wc-ajax=get_refreshed_fragments HTTP/1.1" 200 999 "https://autozone.com.sa/our-offers/" "Mozilla/5.0 (Windows NT 10.0; Win64; x64) AppleWebKit/537.36 (KHTML, like Gecko) Chrome/145.0.0.0 Safari/537.36 Edg/145.0.0.0"
89.147.1.101 - - [28/Mar/2026:14:12:46 +0000] "POST /?wc-ajax=get_refreshed_fragments HTTP/1.1" 200 999 "https://autozone.com.sa/our-offers/" "Mozilla/5.0 (Windows NT 10.0; Win64; x64) AppleWebKit/537.36 (KHTML, like Gecko) Chrome/145.0.0.0 Safari/537.36 Edg/145.0.0.0"
89.147.1.101 - - [28/Mar/2026:14:12:46 +0000] "POST /wp-json/iawp/search HTTP/1.1" 200 36 "https://autozone.com.sa/our-offers/" "Mozilla/5.0 (Windows NT 10.0; Win64; x64) AppleWebKit/537.36 (KHTML, like Gecko) Chrome/145.0.0.0 Safari/537.36 Edg/145.0.0.0"
168.149.71.46 - - [28/Mar/2026:14:12:48 +0000] "GET /our-offers/ HTTP/1.1" 200 113299 "https://autozone.com.sa/financial-calculator/" "Mozilla/5.0 (Linux; Android 10; K) AppleWebKit/537.36 (KHTML, like Gecko) Chrome/146.0.0.0 Mobile Safari/537.36"
168.149.71.46 - - [28/Mar/2026:14:12:53 +0000] "POST /?wc-ajax=get_refreshed_fragments HTTP/1.1" 200 999 "https://autozone.com.sa/our-offers/" "Mozilla/5.0 (Linux; Android 10; K) AppleWebKit/537.36 (KHTML, like Gecko) Chrome/146.0.0.0 Mobile Safari/537.36"
168.149.71.46 - - [28/Mar/2026:14:12:53 +0000] "POST /wp-json/iawp/search HTTP/1.1" 200 36 "https://autozone.com.sa/our-offers/" "Mozilla/5.0 (Linux; Android 10; K) AppleWebKit/537.36 (KHTML, like Gecko) Chrome/146.0.0.0 Mobile Safari/537.36"
74.7.241.33 - - [28/Mar/2026:14:12:55 +0000] "GET /wp-content/uploads/al_opt_content/FONT/d41f55a78e6f49a5512878df1737e58a.ttf HTTP/1.1" 200 969 "https://autozone.com.sa/wp-content/uploads/al_opt_content/FONT/" "Mozilla/5.0 AppleWebKit/537.36 (KHTML, like Gecko; compatible; GPTBot/1.3; +https://openai.com/gptbot)"
168.149.71.46 - - [28/Mar/2026:14:12:59 +0000] "GET /financial-calculator/ HTTP/1.1" 200 117118 "https://autozone.com.sa/our-offers/" "Mozilla/5.0 (Linux; Android 10; K) AppleWebKit/537.36 (KHTML, like Gecko) Chrome/146.0.0.0 Mobile Safari/537.36"
2a03:2880:f802:27:: - - [28/Mar/2026:14:13:00 +0000] "GET /product/toyota-camry-le-2025/ HTTP/1.1" 200 128762 "-" "meta-externalagent/1.1 (+https://developers.facebook.com/docs/sharing/webmasters/crawler)"
2001:16a4:2f0:5f0:4dcb:6d:a8b2:5fe5 - - [28/Mar/2026:14:13:05 +0000] "GET /product/jetour-dashing-2025/ HTTP/1.1" 200 130784 "https://www.google.com/" "Mozilla/5.0 (iPhone; CPU iPhone OS 18_7 like Mac OS X) AppleWebKit/605.1.15 (KHTML, like Gecko) Version/26.3 Mobile/15E148 Safari/604.1"
89.147.1.101 - - [28/Mar/2026:14:13:07 +0000] "GET /offers/from-eid-to-eid-non-stop-deals-changan-cs35-with-no-tax/ HTTP/1.1" 200 138762 "https://autozone.com.sa/our-offers/" "Mozilla/5.0 (Windows NT 10.0; Win64; x64) AppleWebKit/537.36 (KHTML, like Gecko) Chrome/145.0.0.0 Safari/537.36 Edg/145.0.0.0"
168.149.71.46 - - [28/Mar/2026:14:13:07 +0000] "GET /shop/ HTTP/1.1" 200 148568 "https://autozone.com.sa/our-offers/" "Mozilla/5.0 (Linux; Android 10; K) AppleWebKit/537.36 (KHTML, like Gecko) Chrome/146.0.0.0 Mobile Safari/537.36"
89.147.1.101 - - [28/Mar/2026:14:13:09 +0000] "GET /offers/from-eid-to-eid-non-stop-deals-changan-cs35-with-no-tax/ HTTP/1.1" 200 138780 "https://autozone.com.sa/our-offers/" "Mozilla/5.0 (Windows NT 10.0; Win64; x64) AppleWebKit/537.36 (KHTML, like Gecko) Chrome/145.0.0.0 Safari/537.36 Edg/145.0.0.0"
168.149.71.46 - - [28/Mar/2026:14:13:13 +0000] "POST /?wc-ajax=get_refreshed_fragments HTTP/1.1" 200 999 "https://autozone.com.sa/shop/" "Mozilla/5.0 (Linux; Android 10; K) AppleWebKit/537.36 (KHTML, like Gecko) Chrome/146.0.0.0 Mobile Safari/537.36"
168.149.71.46 - - [28/Mar/2026:14:13:12 +0000] "POST /wp-json/iawp/search HTTP/1.1" 200 36 "https://autozone.com.sa/shop/" "Mozilla/5.0 (Linux; Android 10; K) AppleWebKit/537.36 (KHTML, like Gecko) Chrome/146.0.0.0 Mobile Safari/537.36"
147.185.132.108 - - [28/Mar/2026:14:13:11 +0000] "GET / HTTP/1.1" 200 163862 "-" "Hello from Palo Alto Networks, find out more about our scans in https://docs-cortex.paloaltonetworks.com/r/1/Cortex-Xpanse/Scanning-activity"
172.105.42.26 - - [28/Mar/2026:14:13:22 +0000] "POST /wp-cron.php?doing_wp_cron=1774707202.0138940811157226562500 HTTP/1.1" 200 20 "-" "WordPress/6.9.4; https://autozone.com.sa"
168.149.71.46 - - [28/Mar/2026:14:13:20 +0000] "POST /wp-admin/admin-ajax.php HTTP/1.1" 200 626 "https://autozone.com.sa/shop/" "Mozilla/5.0 (Linux; Android 10; K) AppleWebKit/537.36 (KHTML, like Gecko) Chrome/146.0.0.0 Mobile Safari/537.36"
172.105.42.26 - - [28/Mar/2026:14:13:23 +0000] "POST /wp-cron.php?doing_wp_cron=1774707203.3382101058959960937500 HTTP/1.1" 200 20 "-" "WordPress/6.9.4; https://autozone.com.sa"
168.149.71.46 - - [28/Mar/2026:14:13:20 +0000] "POST /wp-admin/admin-ajax.php HTTP/1.1" 200 9416 "https://autozone.com.sa/shop/" "Mozilla/5.0 (Linux; Android 10; K) AppleWebKit/537.36 (KHTML, like Gecko) Chrome/146.0.0.0 Mobile Safari/537.36"
89.147.1.101 - - [28/Mar/2026:14:13:22 +0000] "POST /?wc-ajax=get_refreshed_fragments HTTP/1.1" 200 999 "https://autozone.com.sa/offers/from-eid-to-eid-non-stop-deals-changan-cs35-with-no-tax/" "Mozilla/5.0 (Windows NT 10.0; Win64; x64) AppleWebKit/537.36 (KHTML, like Gecko) Chrome/145.0.0.0 Safari/537.36 Edg/145.0.0.0"
89.147.1.101 - - [28/Mar/2026:14:13:22 +0000] "POST /wp-json/iawp/search HTTP/1.1" 200 36 "https://autozone.com.sa/offers/from-eid-to-eid-non-stop-deals-changan-cs35-with-no-tax/" "Mozilla/5.0 (Windows NT 10.0; Win64; x64) AppleWebKit/537.36 (KHTML, like Gecko) Chrome/145.0.0.0 Safari/537.36 Edg/145.0.0.0"
2.189.5.218 - - [28/Mar/2026:14:13:22 +0000] "GET / HTTP/1.1" 200 163877 "-" "Mozilla/5.0 (X11; Ubuntu; Linux x86_64; rv:109.0) Gecko/20100101 Firefox/118.0"
74.7.241.33 - - [28/Mar/2026:14:13:53 +0000] "GET /wp-content/uploads/al_opt_content/FONT/1e37a8a1c2f7de7cb1afd8fba108875a.ttf HTTP/1.1" 200 32467 "https://autozone.com.sa/wp-content/uploads/al_opt_content/FONT/" "Mozilla/5.0 AppleWebKit/537.36 (KHTML, like Gecko; compatible; GPTBot/1.3; +https://openai.com/gptbot)"
74.7.241.33 - - [28/Mar/2026:14:14:43 +0000] "GET /wp-content/uploads/al_opt_content/FONT/f97e3bbf73254b0112091d0192f17aec.svg%23slick HTTP/1.1" 200 916 "https://autozone.com.sa/wp-content/uploads/al_opt_content/FONT/" "Mozilla/5.0 AppleWebKit/537.36 (KHTML, like Gecko; compatible; GPTBot/1.3; +https://openai.com/gptbot)"
172.105.42.26 - - [28/Mar/2026:14:15:18 +0000] "POST /wp-cron.php?doing_wp_cron=1774707318.2190148830413818359375 HTTP/1.1" 200 20 "-" "WordPress/6.9.4; https://autozone.com.sa"
66.249.87.160 - - [28/Mar/2026:14:15:15 +0000] "GET /offers/from-eid-to-eid-non-stop-deals-changan-uni-t-elite-2026-with-no-tax/ HTTP/1.1" 200 138732 "-" "Mozilla/5.0 (Linux; Android 6.0.1; Nexus 5X Build/MMB29P) AppleWebKit/537.36 (KHTML, like Gecko) Chrome/146.0.7680.153 Mobile Safari/537.36 (compatible; AdsBot-Google-Mobile; +http://www.google.com/mobile/adsbot.html)"
74.7.241.33 - - [28/Mar/2026:14:15:27 +0000] "GET /wp-content/uploads/al_opt_content/FONT/d34e1a3e778ff0cb40e991522d2f59f6.eot HTTP/1.1" 200 32547 "https://autozone.com.sa/wp-content/uploads/al_opt_content/FONT/" "Mozilla/5.0 AppleWebKit/537.36 (KHTML, like Gecko; compatible; GPTBot/1.3; +https://openai.com/gptbot)"
128.140.41.193 - - [28/Mar/2026:14:15:56 +0000] "HEAD / HTTP/1.1" 200 - "https://autozone.com.sa/" "Mozilla/5.0+(compatible; UptimeRobot/2.0; http://www.uptimerobot.com/)"
74.7.241.33 - - [28/Mar/2026:14:16:09 +0000] "GET /wp-content/uploads/al_opt_content/SCRIPT/6705f9e5315eea309178c362eae6d8d0.js HTTP/1.1" 200 17777 "https://autozone.com.sa/wp-content/uploads/al_opt_content/SCRIPT/" "Mozilla/5.0 AppleWebKit/537.36 (KHTML, like Gecko; compatible; GPTBot/1.3; +https://openai.com/gptbot)"
66.249.75.109 - - [28/Mar/2026:14:16:14 +0000] "GET /item.php???11965914724 HTTP/1.1" 301 20 "-" "Mozilla/5.0 (Linux; Android 6.0.1; Nexus 5X Build/MMB29P) AppleWebKit/537.36 (KHTML, like Gecko) Chrome/146.0.7680.153 Mobile Safari/537.36 (compatible; Googlebot/2.1; +http://www.google.com/bot.html)"
66.249.75.109 - - [28/Mar/2026:14:16:19 +0000] "GET /?shopdetail/25071353&nocache=1774445021&jet_blog_ajax=1 HTTP/1.1" 301 20 "-" "Mozilla/5.0 (Linux; Android 6.0.1; Nexus 5X Build/MMB29P) AppleWebKit/537.36 (KHTML, like Gecko) Chrome/146.0.7680.153 Mobile Safari/537.36 (compatible; Googlebot/2.1; +http://www.google.com/bot.html)"
172.105.42.26 - - [28/Mar/2026:14:16:26 +0000] "POST /wp-cron.php?doing_wp_cron=1774707386.2932670116424560546875 HTTP/1.1" 200 20 "-" "WordPress/6.9.4; https://autozone.com.sa"
66.249.75.109 - - [28/Mar/2026:14:16:24 +0000] "GET /item.php?11965914724 HTTP/1.1" 404 30917 "-" "Mozilla/5.0 (Linux; Android 6.0.1; Nexus 5X Build/MMB29P) AppleWebKit/537.36 (KHTML, like Gecko) Chrome/146.0.7680.153 Mobile Safari/537.36 (compatible; Googlebot/2.1; +http://www.google.com/bot.html)"
172.105.42.26 - - [28/Mar/2026:14:16:28 +0000] "POST /wp-cron.php?doing_wp_cron=1774707388.1333889961242675781250 HTTP/1.1" 200 20 "-" "WordPress/6.9.4; https://autozone.com.sa"
51.36.103.152 - - [28/Mar/2026:14:16:23 +0000] "GET / HTTP/1.1" 200 163886 "https://www.google.com/" "Mozilla/5.0 (iPhone; CPU iPhone OS 18_7 like Mac OS X) AppleWebKit/605.1.15 (KHTML, like Gecko) Version/26.3 Mobile/15E148 Safari/604.1"
51.36.103.152 - - [28/Mar/2026:14:16:29 +0000] "GET /wp-content/uploads/al_opt_content/SCRIPT/83e9b29f0086bba50d653f1cb8dedc3c.js?ver=8.4.5 HTTP/1.1" 200 39695 "-" "Mozilla/5.0 (iPhone; CPU iPhone OS 18_7 like Mac OS X) AppleWebKit/605.1.15 (KHTML, like Gecko) Version/26.3 Mobile/15E148 Safari/604.1"
51.36.103.152 - - [28/Mar/2026:14:16:29 +0000] "GET /wp-content/uploads/al_opt_content/CSS/37a9b58561dff74ac08aa7600e2ecf4e.css HTTP/1.1" 200 5105 "-" "Mozilla/5.0 (iPhone; CPU iPhone OS 18_7 like Mac OS X) AppleWebKit/605.1.15 (KHTML, like Gecko) Version/26.3 Mobile/15E148 Safari/604.1"
66.249.75.109 - - [28/Mar/2026:14:16:26 +0000] "GET /?shopdetail%2F25071353&nocache=1774445021&jet_blog_ajax=1 HTTP/1.1" 200 163954 "-" "Mozilla/5.0 (Linux; Android 6.0.1; Nexus 5X Build/MMB29P) AppleWebKit/537.36 (KHTML, like Gecko) Chrome/146.0.7680.153 Mobile Safari/537.36 (compatible; Googlebot/2.1; +http://www.google.com/bot.html)"
20.215.220.110 - - [28/Mar/2026:14:16:27 +0000] "GET / HTTP/1.1" 200 163855 "-" "Mozilla/5.0 AppleWebKit/537.36 (KHTML, like Gecko); compatible; ChatGPT-User/1.0; +https://openai.com/bot"
51.36.103.152 - - [28/Mar/2026:14:16:31 +0000] "POST /wp-json/iawp/search HTTP/1.1" 200 36 "https://autozone.com.sa/" "Mozilla/5.0 (iPhone; CPU iPhone OS 18_7 like Mac OS X) AppleWebKit/605.1.15 (KHTML, like Gecko) Version/26.3 Mobile/15E148 Safari/604.1"
51.36.103.152 - - [28/Mar/2026:14:16:31 +0000] "POST /?wc-ajax=get_refreshed_fragments HTTP/1.1" 200 999 "https://autozone.com.sa/" "Mozilla/5.0 (iPhone; CPU iPhone OS 18_7 like Mac OS X) AppleWebKit/605.1.15 (KHTML, like Gecko) Version/26.3 Mobile/15E148 Safari/604.1"
51.36.103.152 - - [28/Mar/2026:14:16:32 +0000] "POST /?wc-ajax=get_refreshed_fragments HTTP/1.1" 200 999 "https://autozone.com.sa/" "Mozilla/5.0 (iPhone; CPU iPhone OS 18_7 like Mac OS X) AppleWebKit/605.1.15 (KHTML, like Gecko) Version/26.3 Mobile/15E148 Safari/604.1"
51.36.103.152 - - [28/Mar/2026:14:16:35 +0000] "GET /wp-content/uploads/al_opt_content/IMAGE/autozone.com.sa/wp-content/uploads/2025/01/1.webp?bv_host=autozone.com.sa&bv-resized-infos=bv_resized_mobile%3A480%2A480%3Bbv_resized_ipad%3A820%2A820%3Bbv_resized_desktop%3A1080%2A1080 HTTP/1.1" 200 6701 "https://autozone.com.sa/" "Mozilla/5.0 (iPhone; CPU iPhone OS 18_7 like Mac OS X) AppleWebKit/605.1.15 (KHTML, like Gecko) Version/26.3 Mobile/15E148 Safari/604.1"
51.36.103.152 - - [28/Mar/2026:14:16:36 +0000] "GET /wp-content/uploads/al_opt_content/IMAGE/autozone.com.sa/wp-content/uploads/2025/01/2.webp?bv_host=autozone.com.sa&bv-resized-infos=bv_resized_mobile%3A480%2A480%3Bbv_resized_ipad%3A820%2A820%3Bbv_resized_desktop%3A1080%2A1080 HTTP/1.1" 200 6845 "https://autozone.com.sa/" "Mozilla/5.0 (iPhone; CPU iPhone OS 18_7 like Mac OS X) AppleWebKit/605.1.15 (KHTML, like Gecko) Version/26.3 Mobile/15E148 Safari/604.1"
51.36.103.152 - - [28/Mar/2026:14:16:37 +0000] "GET /wp-content/uploads/al_opt_content/IMAGE/autozone.com.sa/wp-content/uploads/2025/01/3.webp?bv_host=autozone.com.sa&bv-resized-infos=bv_resized_mobile%3A480%2A480%3Bbv_resized_ipad%3A820%2A820%3Bbv_resized_desktop%3A1080%2A1080 HTTP/1.1" 200 5820 "https://autozone.com.sa/" "Mozilla/5.0 (iPhone; CPU iPhone OS 18_7 like Mac OS X) AppleWebKit/605.1.15 (KHTML, like Gecko) Version/26.3 Mobile/15E148 Safari/604.1"
51.36.103.152 - - [28/Mar/2026:14:16:37 +0000] "GET /wp-content/uploads/al_opt_content/IMAGE/autozone.com.sa/wp-content/uploads/2024/12/bg.webp?bv_host=autozone.com.sa HTTP/1.1" 200 82268 "https://autozone.com.sa/" "Mozilla/5.0 (iPhone; CPU iPhone OS 18_7 like Mac OS X) AppleWebKit/605.1.15 (KHTML, like Gecko) Version/26.3 Mobile/15E148 Safari/604.1"
51.36.103.152 - - [28/Mar/2026:14:16:37 +0000] "GET /wp-content/uploads/al_opt_content/IMAGE/autozone.com.sa/wp-content/uploads/2025/04/Go1-11.webp?bv_host=autozone.com.sa&bv-resized-infos=bv_resized_mobile%3A480%2A193%3Bbv_resized_ipad%3A820%2A330%3Bbv_resized_desktop%3A1536%2A617 HTTP/1.1" 200 76706 "https://autozone.com.sa/" "Mozilla/5.0 (iPhone; CPU iPhone OS 18_7 like Mac OS X) AppleWebKit/605.1.15 (KHTML, like Gecko) Version/26.3 Mobile/15E148 Safari/604.1"
51.36.103.152 - - [28/Mar/2026:14:16:42 +0000] "POST /wp-admin/admin-ajax.php HTTP/1.1" 200 659 "https://autozone.com.sa/" "Mozilla/5.0 (iPhone; CPU iPhone OS 18_7 like Mac OS X) AppleWebKit/605.1.15 (KHTML, like Gecko) Version/26.3 Mobile/15E148 Safari/604.1"
74.7.241.33 - - [28/Mar/2026:14:16:46 +0000] "GET /wp-content/uploads/al_opt_content/FONT/ced611daf7709cc778da928fec876475.eot HTTP/1.1" 200 1019 "https://autozone.com.sa/wp-content/uploads/al_opt_content/FONT/" "Mozilla/5.0 AppleWebKit/537.36 (KHTML, like Gecko; compatible; GPTBot/1.3; +https://openai.com/gptbot)"
74.7.241.33 - - [28/Mar/2026:14:17:19 +0000] "GET /wp-content/uploads/al_opt_content/FONT/a30cf8235b50f8a2dcc2ade71eebaa15.ttf HTTP/1.1" 200 7854 "https://autozone.com.sa/wp-content/uploads/al_opt_content/FONT/" "Mozilla/5.0 AppleWebKit/537.36 (KHTML, like Gecko; compatible; GPTBot/1.3; +https://openai.com/gptbot)"
172.105.42.26 - - [28/Mar/2026:14:17:33 +0000] "POST /wp-cron.php?doing_wp_cron=1774707453.3076500892639160156250 HTTP/1.1" 200 20 "-" "WordPress/6.9.4; https://autozone.com.sa"
212.237.121.195 - - [28/Mar/2026:14:17:31 +0000] "GET /listings/hyundai-elantra-2019-gl-2-0-l/ HTTP/1.1" 404 30930 "-" "Mozilla/5.0 (Macintosh; U; Intel Mac OS X; en-us) AppleWebKit/419.2.1 (KHTML, like Gecko) Safari/419.3"
66.249.75.109 - - [28/Mar/2026:14:17:36 +0000] "GET /?outlet/en/?wordfence_lh=1&hid=942C62B3E1DA12E9A02C33143C71231E&nocache=1774178124&jet_blog_ajax=1 HTTP/1.1" 301 20 "-" "Mozilla/5.0 (Linux; Android 6.0.1; Nexus 5X Build/MMB29P) AppleWebKit/537.36 (KHTML, like Gecko) Chrome/146.0.7680.153 Mobile Safari/537.36 (compatible; Googlebot/2.1; +http://www.google.com/bot.html)"
66.249.75.109 - - [28/Mar/2026:14:17:38 +0000] "GET /?outlet%2Fen%2F%3Fwordfence_lh=1&hid=942C62B3E1DA12E9A02C33143C71231E&nocache=1774178124&jet_blog_ajax=1 HTTP/1.1" 200 164064 "-" "Mozilla/5.0 (Linux; Android 6.0.1; Nexus 5X Build/MMB29P) AppleWebKit/537.36 (KHTML, like Gecko) Chrome/146.0.7680.153 Mobile Safari/537.36 (compatible; Googlebot/2.1; +http://www.google.com/bot.html)"
74.7.241.33 - - [28/Mar/2026:14:17:50 +0000] "GET /wp-content/uploads/al_opt_content/SCRIPT/38138624913c71687848075fe120ec9e.js HTTP/1.1" 200 23490 "https://autozone.com.sa/wp-content/uploads/al_opt_content/SCRIPT/" "Mozilla/5.0 AppleWebKit/537.36 (KHTML, like Gecko; compatible; GPTBot/1.3; +https://openai.com/gptbot)"
172.105.42.26 - - [28/Mar/2026:14:18:15 +0000] "POST /wp-cron.php?doing_wp_cron=1774707495.1188030242919921875000 HTTP/1.1" 200 20 "-" "WordPress/6.9.4; https://autozone.com.sa"
208.109.188.137 - - [28/Mar/2026:14:18:14 +0000] "GET /wp-login.php HTTP/1.1" 403 1092 "-" "Mozilla/5.0 (Macintosh; Intel Mac OS X 10_12_6) AppleWebKit/537.36 (KHTML, like Gecko) Chrome/67.0.3396.62 Safari/537.36"
208.109.188.137 - - [28/Mar/2026:14:18:15 +0000] "POST /wp-login.php HTTP/1.1" 403 1092 "https://autozone.com.sa/wp-login.php" "Mozilla/5.0 (Macintosh; Intel Mac OS X 10_12_6) AppleWebKit/537.36 (KHTML, like Gecko) Chrome/67.0.3396.62 Safari/537.36"
74.7.241.33 - - [28/Mar/2026:14:18:18 +0000] "GET /wp-content/uploads/al_opt_content/SCRIPT/b8e6d98206280b4d1c13251179738175.js HTTP/1.1" 200 598 "https://autozone.com.sa/wp-content/uploads/al_opt_content/SCRIPT/" "Mozilla/5.0 AppleWebKit/537.36 (KHTML, like Gecko; compatible; GPTBot/1.3; +https://openai.com/gptbot)"
74.7.241.33 - - [28/Mar/2026:14:18:42 +0000] "GET /wp-content/uploads/al_opt_content/SCRIPT/33e42218323d415964b5930c32e4c956.js HTTP/1.1" 200 11916 "https://autozone.com.sa/wp-content/uploads/al_opt_content/SCRIPT/" "Mozilla/5.0 AppleWebKit/537.36 (KHTML, like Gecko; compatible; GPTBot/1.3; +https://openai.com/gptbot)"
172.105.42.26 - - [28/Mar/2026:14:18:50 +0000] "POST /wp-cron.php?doing_wp_cron=1774707530.1573328971862792968750 HTTP/1.1" 200 20 "-" "WordPress/6.9.4; https://autozone.com.sa"
51.107.70.206 - - [28/Mar/2026:14:18:45 +0000] "GET / HTTP/1.1" 200 163863 "-" "Mozilla/5.0 AppleWebKit/537.36 (KHTML, like Gecko); compatible; ChatGPT-User/1.0; +https://openai.com/bot"
74.7.241.33 - - [28/Mar/2026:14:19:05 +0000] "GET /wp-content/uploads/al_opt_content/SCRIPT/4872f7035d856a5540727c7f9b920233.js HTTP/1.1" 200 11929 "https://autozone.com.sa/wp-content/uploads/al_opt_content/SCRIPT/" "Mozilla/5.0 AppleWebKit/537.36 (KHTML, like Gecko; compatible; GPTBot/1.3; +https://openai.com/gptbot)"
2001:16a4:430:26be:41ff:306f:f6e7:654a - - [28/Mar/2026:14:19:09 +0000] "GET /en/product/ford-taurus-titanium-2026/?utm_source=chatgpt.com HTTP/1.1" 200 66753 "-" "Mozilla/5.0 (iPhone; CPU iPhone OS 18_7 like Mac OS X) AppleWebKit/605.1.15 (KHTML, like Gecko) Version/26.3 Mobile/15E148 Safari/604.1"
2001:16a4:430:26be:41ff:306f:f6e7:654a - - [28/Mar/2026:14:19:13 +0000] "GET /wp-content/plugins/bdthemes-element-pack/assets/css/ep-advanced-button.css?ver=9.1.1 HTTP/1.1" 200 973 "https://autozone.com.sa/en/product/ford-taurus-titanium-2026/?utm_source=chatgpt.com" "Mozilla/5.0 (iPhone; CPU iPhone OS 18_7 like Mac OS X) AppleWebKit/605.1.15 (KHTML, like Gecko) Version/26.3 Mobile/15E148 Safari/604.1"
2001:16a4:430:26be:41ff:306f:f6e7:654a - - [28/Mar/2026:14:19:13 +0000] "GET /wp-content/uploads/elementor/css/custom-widget-image-gallery.min.css?ver=1774675933 HTTP/1.1" 200 358 "https://autozone.com.sa/en/product/ford-taurus-titanium-2026/?utm_source=chatgpt.com" "Mozilla/5.0 (iPhone; CPU iPhone OS 18_7 like Mac OS X) AppleWebKit/605.1.15 (KHTML, like Gecko) Version/26.3 Mobile/15E148 Safari/604.1"
2001:16a4:430:26be:41ff:306f:f6e7:654a - - [28/Mar/2026:14:19:13 +0000] "GET /wp-content/plugins/elementor-pro/assets/css/widget-woocommerce-product-images.min.css?ver=3.35.1 HTTP/1.1" 200 243 "https://autozone.com.sa/en/product/ford-taurus-titanium-2026/?utm_source=chatgpt.com" "Mozilla/5.0 (iPhone; CPU iPhone OS 18_7 like Mac OS X) AppleWebKit/605.1.15 (KHTML, like Gecko) Version/26.3 Mobile/15E148 Safari/604.1"
2001:16a4:430:26be:41ff:306f:f6e7:654a - - [28/Mar/2026:14:19:13 +0000] "GET /wp-content/uploads/elementor/css/post-4999.css?ver=1774676201 HTTP/1.1" 200 1140 "https://autozone.com.sa/en/product/ford-taurus-titanium-2026/?utm_source=chatgpt.com" "Mozilla/5.0 (iPhone; CPU iPhone OS 18_7 like Mac OS X) AppleWebKit/605.1.15 (KHTML, like Gecko) Version/26.3 Mobile/15E148 Safari/604.1"
2001:16a4:430:26be:41ff:306f:f6e7:654a - - [28/Mar/2026:14:19:13 +0000] "GET /wp-content/uploads/elementor/css/custom-widget-icon-box.min.css?ver=1774675933 HTTP/1.1" 200 442 "https://autozone.com.sa/en/product/ford-taurus-titanium-2026/?utm_source=chatgpt.com" "Mozilla/5.0 (iPhone; CPU iPhone OS 18_7 like Mac OS X) AppleWebKit/605.1.15 (KHTML, like Gecko) Version/26.3 Mobile/15E148 Safari/604.1"
2001:16a4:430:26be:41ff:306f:f6e7:654a - - [28/Mar/2026:14:19:13 +0000] "GET /wp-content/uploads/elementor/css/post-819.css?ver=1774676201 HTTP/1.1" 200 6793 "https://autozone.com.sa/en/product/ford-taurus-titanium-2026/?utm_source=chatgpt.com" "Mozilla/5.0 (iPhone; CPU iPhone OS 18_7 like Mac OS X) AppleWebKit/605.1.15 (KHTML, like Gecko) Version/26.3 Mobile/15E148 Safari/604.1"
2001:16a4:430:26be:41ff:306f:f6e7:654a - - [28/Mar/2026:14:19:13 +0000] "GET /wp-content/plugins/elementor-pro/assets/css/widget-share-buttons.min.css?ver=3.35.1 HTTP/1.1" 200 2285 "https://autozone.com.sa/en/product/ford-taurus-titanium-2026/?utm_source=chatgpt.com" "Mozilla/5.0 (iPhone; CPU iPhone OS 18_7 like Mac OS X) AppleWebKit/605.1.15 (KHTML, like Gecko) Version/26.3 Mobile/15E148 Safari/604.1"
2001:16a4:430:26be:41ff:306f:f6e7:654a - - [28/Mar/2026:14:19:13 +0000] "GET /wp-content/plugins/jet-elements/assets/css/skin/jet-button.css?ver=2.8.1.1 HTTP/1.1" 200 215 "https://autozone.com.sa/en/product/ford-taurus-titanium-2026/?utm_source=chatgpt.com" "Mozilla/5.0 (iPhone; CPU iPhone OS 18_7 like Mac OS X) AppleWebKit/605.1.15 (KHTML, like Gecko) Version/26.3 Mobile/15E148 Safari/604.1"
2001:16a4:430:26be:41ff:306f:f6e7:654a - - [28/Mar/2026:14:19:13 +0000] "GET /wp-content/plugins/jet-elements/assets/css/addons/jet-button.css?ver=2.8.1.1 HTTP/1.1" 200 1449 "https://autozone.com.sa/en/product/ford-taurus-titanium-2026/?utm_source=chatgpt.com" "Mozilla/5.0 (iPhone; CPU iPhone OS 18_7 like Mac OS X) AppleWebKit/605.1.15 (KHTML, like Gecko) Version/26.3 Mobile/15E148 Safari/604.1"
2001:16a4:430:26be:41ff:306f:f6e7:654a - - [28/Mar/2026:14:19:13 +0000] "GET /wp-content/uploads/elementor/css/custom-pro-widget-woocommerce-product-add-to-cart.min.css?ver=1774675933 HTTP/1.1" 200 2158 "https://autozone.com.sa/en/product/ford-taurus-titanium-2026/?utm_source=chatgpt.com" "Mozilla/5.0 (iPhone; CPU iPhone OS 18_7 like Mac OS X) AppleWebKit/605.1.15 (KHTML, like Gecko) Version/26.3 Mobile/15E148 Safari/604.1"
2001:16a4:430:26be:41ff:306f:f6e7:654a - - [28/Mar/2026:14:19:14 +0000] "GET /wp-content/uploads/2025/04/BGC_0008-scaled-copy-1536x1024.webp HTTP/1.1" 200 144162 "https://autozone.com.sa/en/product/ford-taurus-titanium-2026/?utm_source=chatgpt.com" "Mozilla/5.0 (iPhone; CPU iPhone OS 18_7 like Mac OS X) AppleWebKit/605.1.15 (KHTML, like Gecko) Version/26.3 Mobile/15E148 Safari/604.1"
2001:16a4:430:26be:41ff:306f:f6e7:654a - - [28/Mar/2026:14:19:15 +0000] "GET /wp-content/uploads/al_opt_content/IMAGE/autozone.com.sa/wp-content/uploads/2025/01/AZ_Original_EN.png?bv_host=autozone.com.sa&bv-resized-infos=bv_resized_mobile%3A480%2A139%3Bbv_resized_ipad%3A820%2A237%3Bbv_resized_desktop%3A872%2A252 HTTP/1.1" 304 - "https://autozone.com.sa/en/product/ford-taurus-titanium-2026/?utm_source=chatgpt.com" "Mozilla/5.0 (iPhone; CPU iPhone OS 18_7 like Mac OS X) AppleWebKit/605.1.15 (KHTML, like Gecko) Version/26.3 Mobile/15E148 Safari/604.1"
2001:4860:7:1528::ff - - [28/Mar/2026:14:19:11 +0000] "GET /en/ HTTP/1.1" 200 94237 "https://www.google.com/" "Mozilla/5.0 (Windows NT 10.0; Win64; x64) AppleWebKit/537.36 (KHTML, like Gecko) Chrome/146.0.0.0 Safari/537.36"
2001:16a4:430:26be:41ff:306f:f6e7:654a - - [28/Mar/2026:14:19:16 +0000] "GET /wp-content/plugins/elementor/assets/js/lightbox.d1799e507b570f6b0496.bundle.min.js HTTP/1.1" 200 9477 "https://autozone.com.sa/en/product/ford-taurus-titanium-2026/?utm_source=chatgpt.com" "Mozilla/5.0 (iPhone; CPU iPhone OS 18_7 like Mac OS X) AppleWebKit/605.1.15 (KHTML, like Gecko) Version/26.3 Mobile/15E148 Safari/604.1"
2001:16a4:430:26be:41ff:306f:f6e7:654a - - [28/Mar/2026:14:19:16 +0000] "GET /wp-content/plugins/elementor/assets/css/conditionals/dialog.min.css?ver=3.35.4 HTTP/1.1" 200 1578 "https://autozone.com.sa/en/product/ford-taurus-titanium-2026/?utm_source=chatgpt.com" "Mozilla/5.0 (iPhone; CPU iPhone OS 18_7 like Mac OS X) AppleWebKit/605.1.15 (KHTML, like Gecko) Version/26.3 Mobile/15E148 Safari/604.1"
2001:16a4:430:26be:41ff:306f:f6e7:654a - - [28/Mar/2026:14:19:16 +0000] "GET /wp-content/uploads/elementor/css/custom-lightbox.min.css?ver=3.35.4 HTTP/1.1" 200 1963 "https://autozone.com.sa/en/product/ford-taurus-titanium-2026/?utm_source=chatgpt.com" "Mozilla/5.0 (iPhone; CPU iPhone OS 18_7 like Mac OS X) AppleWebKit/605.1.15 (KHTML, like Gecko) Version/26.3 Mobile/15E148 Safari/604.1"
2001:16a4:430:26be:41ff:306f:f6e7:654a - - [28/Mar/2026:14:19:16 +0000] "GET /wp-content/plugins/elementor/assets/lib/share-link/share-link.min.js?ver=3.35.4 HTTP/1.1" 200 1169 "https://autozone.com.sa/en/product/ford-taurus-titanium-2026/?utm_source=chatgpt.com" "Mozilla/5.0 (iPhone; CPU iPhone OS 18_7 like Mac OS X) AppleWebKit/605.1.15 (KHTML, like Gecko) Version/26.3 Mobile/15E148 Safari/604.1"
2001:16a4:430:26be:41ff:306f:f6e7:654a - - [28/Mar/2026:14:19:16 +0000] "GET /wp-content/uploads/al_opt_content/IMAGE/autozone.com.sa/wp-content/uploads/2025/04/BGC_0008-scaled-copy.webp?bv_host=autozone.com.sa&bv-resized-infos=bv_resized_mobile%3A480%2A320%3Bbv_resized_ipad%3A820%2A547%3Bbv_resized_desktop%3A1536%2A1024 HTTP/1.1" 200 1233469 "https://autozone.com.sa/en/product/ford-taurus-titanium-2026/?utm_source=chatgpt.com" "Mozilla/5.0 (iPhone; CPU iPhone OS 18_7 like Mac OS X) AppleWebKit/605.1.15 (KHTML, like Gecko) Version/26.3 Mobile/15E148 Safari/604.1"
2001:16a4:20a:c3b:40dd:322c:efe3:89f - - [28/Mar/2026:14:19:13 +0000] "GET /en/ HTTP/1.1" 200 94189 "https://www.google.com/" "Mozilla/5.0 (Windows NT 10.0; Win64; x64) AppleWebKit/537.36 (KHTML, like Gecko) Chrome/146.0.0.0 Safari/537.36"
2001:16a4:430:26be:41ff:306f:f6e7:654a - - [28/Mar/2026:14:19:16 +0000] "POST /en/?wc-ajax=get_default_gallery HTTP/1.1" 200 433 "https://autozone.com.sa/en/product/ford-taurus-titanium-2026/?utm_source=chatgpt.com" "Mozilla/5.0 (iPhone; CPU iPhone OS 18_7 like Mac OS X) AppleWebKit/605.1.15 (KHTML, like Gecko) Version/26.3 Mobile/15E148 Safari/604.1"
2001:16a4:430:26be:41ff:306f:f6e7:654a - - [28/Mar/2026:14:19:16 +0000] "POST /en/?wc-ajax=get_variation_gallery HTTP/1.1" 200 828 "https://autozone.com.sa/en/product/ford-taurus-titanium-2026/?utm_source=chatgpt.com" "Mozilla/5.0 (iPhone; CPU iPhone OS 18_7 like Mac OS X) AppleWebKit/605.1.15 (KHTML, like Gecko) Version/26.3 Mobile/15E148 Safari/604.1"
2001:16a4:430:26be:41ff:306f:f6e7:654a - - [28/Mar/2026:14:19:16 +0000] "POST /en/?wc-ajax=get_refreshed_fragments HTTP/1.1" 200 1002 "https://autozone.com.sa/en/product/ford-taurus-titanium-2026/?utm_source=chatgpt.com" "Mozilla/5.0 (iPhone; CPU iPhone OS 18_7 like Mac OS X) AppleWebKit/605.1.15 (KHTML, like Gecko) Version/26.3 Mobile/15E148 Safari/604.1"
2001:16a4:20a:c3b:40dd:322c:efe3:89f - - [28/Mar/2026:14:19:17 +0000] "GET /wp-content/plugins/elementor/assets/lib/animations/styles/fadeInLeft.min.css?ver=3.35.4 HTTP/1.1" 200 120 "https://autozone.com.sa/en/" "Mozilla/5.0 (Windows NT 10.0; Win64; x64) AppleWebKit/537.36 (KHTML, like Gecko) Chrome/146.0.0.0 Safari/537.36"
2001:16a4:20a:c3b:40dd:322c:efe3:89f - - [28/Mar/2026:14:19:17 +0000] "GET /wp-content/uploads/elementor/css/custom-pro-widget-slides.min.css?ver=1774675933 HTTP/1.1" 200 591 "https://autozone.com.sa/en/" "Mozilla/5.0 (Windows NT 10.0; Win64; x64) AppleWebKit/537.36 (KHTML, like Gecko) Chrome/146.0.0.0 Safari/537.36"
2001:16a4:20a:c3b:40dd:322c:efe3:89f - - [28/Mar/2026:14:19:17 +0000] "GET /wp-content/uploads/elementor/css/post-12.css?ver=1774678240 HTTP/1.1" 200 5125 "https://autozone.com.sa/en/" "Mozilla/5.0 (Windows NT 10.0; Win64; x64) AppleWebKit/537.36 (KHTML, like Gecko) Chrome/146.0.0.0 Safari/537.36"
2001:16a4:20a:c3b:40dd:322c:efe3:89f - - [28/Mar/2026:14:19:17 +0000] "GET /wp-content/uploads/elementor/css/post-77.css?ver=1774678240 HTTP/1.1" 200 736 "https://autozone.com.sa/en/" "Mozilla/5.0 (Windows NT 10.0; Win64; x64) AppleWebKit/537.36 (KHTML, like Gecko) Chrome/146.0.0.0 Safari/537.36"
2001:16a4:430:26be:41ff:306f:f6e7:654a - - [28/Mar/2026:14:19:16 +0000] "POST /en/?wc-ajax=get_refreshed_fragments HTTP/1.1" 200 1002 "https://autozone.com.sa/en/product/ford-taurus-titanium-2026/?utm_source=chatgpt.com" "Mozilla/5.0 (iPhone; CPU iPhone OS 18_7 like Mac OS X) AppleWebKit/605.1.15 (KHTML, like Gecko) Version/26.3 Mobile/15E148 Safari/604.1"
2001:16a4:430:26be:41ff:306f:f6e7:654a - - [28/Mar/2026:14:19:16 +0000] "POST /en/wp-json/iawp/search HTTP/1.1" 200 36 "https://autozone.com.sa/en/product/ford-taurus-titanium-2026/?utm_source=chatgpt.com" "Mozilla/5.0 (iPhone; CPU iPhone OS 18_7 like Mac OS X) AppleWebKit/605.1.15 (KHTML, like Gecko) Version/26.3 Mobile/15E148 Safari/604.1"
2001:16a4:430:26be:41ff:306f:f6e7:654a - - [28/Mar/2026:14:19:18 +0000] "GET /wp-content/uploads/2025/04/BGC_0008-scaled-copy-100x100.webp HTTP/1.1" 200 3743 "https://autozone.com.sa/en/product/ford-taurus-titanium-2026/?utm_source=chatgpt.com" "Mozilla/5.0 (iPhone; CPU iPhone OS 18_7 like Mac OS X) AppleWebKit/605.1.15 (KHTML, like Gecko) Version/26.3 Mobile/15E148 Safari/604.1"
2001:16a4:430:26be:41ff:306f:f6e7:654a - - [28/Mar/2026:14:19:18 +0000] "GET /wp-content/uploads/2025/04/BGC_9344-600x600.jpg HTTP/1.1" 304 - "https://autozone.com.sa/en/product/ford-taurus-titanium-2026/?utm_source=chatgpt.com" "Mozilla/5.0 (iPhone; CPU iPhone OS 18_7 like Mac OS X) AppleWebKit/605.1.15 (KHTML, like Gecko) Version/26.3 Mobile/15E148 Safari/604.1"
2001:16a4:430:26be:41ff:306f:f6e7:654a - - [28/Mar/2026:14:19:18 +0000] "GET /wp-content/uploads/2026/01/001-1-600x206.webp HTTP/1.1" 200 8273 "https://autozone.com.sa/en/product/ford-taurus-titanium-2026/?utm_source=chatgpt.com" "Mozilla/5.0 (iPhone; CPU iPhone OS 18_7 like Mac OS X) AppleWebKit/605.1.15 (KHTML, like Gecko) Version/26.3 Mobile/15E148 Safari/604.1"
2001:16a4:430:26be:41ff:306f:f6e7:654a - - [28/Mar/2026:14:19:18 +0000] "GET /wp-content/uploads/2025/04/BGC_9344-300x300.jpg HTTP/1.1" 304 - "https://autozone.com.sa/en/product/ford-taurus-titanium-2026/?utm_source=chatgpt.com" "Mozilla/5.0 (iPhone; CPU iPhone OS 18_7 like Mac OS X) AppleWebKit/605.1.15 (KHTML, like Gecko) Version/26.3 Mobile/15E148 Safari/604.1"
2001:16a4:430:26be:41ff:306f:f6e7:654a - - [28/Mar/2026:14:19:18 +0000] "GET /wp-content/uploads/2025/04/BGC_0008-scaled-copy-300x300.webp HTTP/1.1" 200 18232 "https://autozone.com.sa/en/product/ford-taurus-titanium-2026/?utm_source=chatgpt.com" "Mozilla/5.0 (iPhone; CPU iPhone OS 18_7 like Mac OS X) AppleWebKit/605.1.15 (KHTML, like Gecko) Version/26.3 Mobile/15E148 Safari/604.1"
2001:16a4:430:26be:41ff:306f:f6e7:654a - - [28/Mar/2026:14:19:18 +0000] "GET /wp-content/uploads/2025/04/BGC_9316-1536x1536.jpg HTTP/1.1" 304 - "https://autozone.com.sa/en/product/ford-taurus-titanium-2026/?utm_source=chatgpt.com" "Mozilla/5.0 (iPhone; CPU iPhone OS 18_7 like Mac OS X) AppleWebKit/605.1.15 (KHTML, like Gecko) Version/26.3 Mobile/15E148 Safari/604.1"
2001:16a4:430:26be:41ff:306f:f6e7:654a - - [28/Mar/2026:14:19:18 +0000] "GET /wp-content/uploads/2025/04/BGC_9344-scaled.jpg HTTP/1.1" 304 - "https://autozone.com.sa/en/product/ford-taurus-titanium-2026/?utm_source=chatgpt.com" "Mozilla/5.0 (iPhone; CPU iPhone OS 18_7 like Mac OS X) AppleWebKit/605.1.15 (KHTML, like Gecko) Version/26.3 Mobile/15E148 Safari/604.1"
2001:16a4:430:26be:41ff:306f:f6e7:654a - - [28/Mar/2026:14:19:18 +0000] "GET /wp-content/uploads/2025/04/BGC_0008-scaled-copy-600x400.webp HTTP/1.1" 200 39296 "https://autozone.com.sa/en/product/ford-taurus-titanium-2026/?utm_source=chatgpt.com" "Mozilla/5.0 (iPhone; CPU iPhone OS 18_7 like Mac OS X) AppleWebKit/605.1.15 (KHTML, like Gecko) Version/26.3 Mobile/15E148 Safari/604.1"
2001:16a4:430:26be:41ff:306f:f6e7:654a - - [28/Mar/2026:14:19:18 +0000] "GET /wp-content/uploads/2025/04/BGC_9316-600x600.jpg HTTP/1.1" 304 - "https://autozone.com.sa/en/product/ford-taurus-titanium-2026/?utm_source=chatgpt.com" "Mozilla/5.0 (iPhone; CPU iPhone OS 18_7 like Mac OS X) AppleWebKit/605.1.15 (KHTML, like Gecko) Version/26.3 Mobile/15E148 Safari/604.1"
2001:16a4:430:26be:41ff:306f:f6e7:654a - - [28/Mar/2026:14:19:18 +0000] "GET /wp-content/uploads/2025/04/BGC_9316-100x100.jpg HTTP/1.1" 304 - "https://autozone.com.sa/en/product/ford-taurus-titanium-2026/?utm_source=chatgpt.com" "Mozilla/5.0 (iPhone; CPU iPhone OS 18_7 like Mac OS X) AppleWebKit/605.1.15 (KHTML, like Gecko) Version/26.3 Mobile/15E148 Safari/604.1"
2001:16a4:430:26be:41ff:306f:f6e7:654a - - [28/Mar/2026:14:19:18 +0000] "GET /wp-content/uploads/2025/04/BGC_9323-300x300.jpg HTTP/1.1" 304 - "https://autozone.com.sa/en/product/ford-taurus-titanium-2026/?utm_source=chatgpt.com" "Mozilla/5.0 (iPhone; CPU iPhone OS 18_7 like Mac OS X) AppleWebKit/605.1.15 (KHTML, like Gecko) Version/26.3 Mobile/15E148 Safari/604.1"
2001:16a4:430:26be:41ff:306f:f6e7:654a - - [28/Mar/2026:14:19:18 +0000] "GET /wp-content/uploads/2025/04/BGC_9323-100x100.jpg HTTP/1.1" 304 - "https://autozone.com.sa/en/product/ford-taurus-titanium-2026/?utm_source=chatgpt.com" "Mozilla/5.0 (iPhone; CPU iPhone OS 18_7 like Mac OS X) AppleWebKit/605.1.15 (KHTML, like Gecko) Version/26.3 Mobile/15E148 Safari/604.1"
2001:16a4:20a:c3b:40dd:322c:efe3:89f - - [28/Mar/2026:14:19:18 +0000] "GET /wp-content/plugins/bdthemes-element-pack/assets/css/ep-animated-card.css?ver=9.1.1 HTTP/1.1" 200 828 "https://autozone.com.sa/en/" "Mozilla/5.0 (Windows NT 10.0; Win64; x64) AppleWebKit/537.36 (KHTML, like Gecko) Chrome/146.0.0.0 Safari/537.36"
2001:16a4:430:26be:41ff:306f:f6e7:654a - - [28/Mar/2026:14:19:18 +0000] "GET /wp-content/uploads/2025/04/BGC_9316-scaled.jpg HTTP/1.1" 304 - "https://autozone.com.sa/en/product/ford-taurus-titanium-2026/?utm_source=chatgpt.com" "Mozilla/5.0 (iPhone; CPU iPhone OS 18_7 like Mac OS X) AppleWebKit/605.1.15 (KHTML, like Gecko) Version/26.3 Mobile/15E148 Safari/604.1"
2001:16a4:430:26be:41ff:306f:f6e7:654a - - [28/Mar/2026:14:19:18 +0000] "GET /wp-content/uploads/2026/01/001-1-100x100.webp HTTP/1.1" 200 2019 "https://autozone.com.sa/en/product/ford-taurus-titanium-2026/?utm_source=chatgpt.com" "Mozilla/5.0 (iPhone; CPU iPhone OS 18_7 like Mac OS X) AppleWebKit/605.1.15 (KHTML, like Gecko) Version/26.3 Mobile/15E148 Safari/604.1"
