103.215.126.100 - - [28/May/2026:12:30:55 +0000] "GET /wp-content/uploads/al_opt_content/SCRIPT/autozone.com.sa/wp-includes/js/jquery/6a1780a75612b793c363005e/6a1780a75612b793c363005e-9ffeb32e2d9efbf8f70caabded242267_jquery-migrate.min.js?ver=3.4.1 HTTP/1.1" 200 4872 "-" "Mozilla/5.0 (Windows NT 10.0; Win64; x64) AppleWebKit/537.36 (KHTML, like Gecko) Chrome/148.0.0.0 Safari/537.36"
103.215.126.100 - - [28/May/2026:12:30:55 +0000] "GET /wp-content/uploads/al_opt_content/SCRIPT/autozone.com.sa/wp-content/plugins/woocommerce/assets/js/jquery-blockui/6a1780a75612b793c363005e/6a1780a75612b793c363005e-ef56117d1bb5cc41aa6bd127a49c7640_jquery.blockUI.min.js?ver=2.7.0-wc.10.8.0 HTTP/1.1" 200 3537 "-" "Mozilla/5.0 (Windows NT 10.0; Win64; x64) AppleWebKit/537.36 (KHTML, like Gecko) Chrome/148.0.0.0 Safari/537.36"
103.215.126.100 - - [28/May/2026:12:30:55 +0000] "GET /wp-content/uploads/al_opt_content/SCRIPT/autozone.com.sa/wp-content/plugins/jet-elements/assets/js/lib/anime-js/6a1780a75612b793c363005e/6a1780a75612b793c363005e-7b7d9c2344ec7bb776c95e6d9144470f_anime.min.js?ver=2.2.0 HTTP/1.1" 200 6057 "-" "Mozilla/5.0 (Windows NT 10.0; Win64; x64) AppleWebKit/537.36 (KHTML, like Gecko) Chrome/148.0.0.0 Safari/537.36"
103.215.126.100 - - [28/May/2026:12:30:55 +0000] "GET /wp-content/uploads/al_opt_content/SCRIPT/autozone.com.sa/wp-content/plugins/jet-tricks/assets/js/lib/tippy/6a1780a75612b793c363005e/6a1780a75612b793c363005e-b586d1460aad676dc4673760b21727f0_tippy-bundle.js?ver=6.3.7 HTTP/1.1" 200 14513 "-" "Mozilla/5.0 (Windows NT 10.0; Win64; x64) AppleWebKit/537.36 (KHTML, like Gecko) Chrome/148.0.0.0 Safari/537.36"
103.215.126.100 - - [28/May/2026:12:30:55 +0000] "GET /wp-content/uploads/al_opt_content/SCRIPT/autozone.com.sa/wp-content/plugins/jet-tricks/assets/js/6a1780a75612b793c363005e/6a1780a75612b793c363005e-fe80a700e636965d3083ed128737a1ed_jet-tricks-frontend.js?ver=1.5.10 HTTP/1.1" 200 8281 "-" "Mozilla/5.0 (Windows NT 10.0; Win64; x64) AppleWebKit/537.36 (KHTML, like Gecko) Chrome/148.0.0.0 Safari/537.36"
103.215.126.100 - - [28/May/2026:12:30:55 +0000] "GET /wp-content/uploads/al_opt_content/SCRIPT/autozone.com.sa/wp-content/plugins/jet-elements/assets/js/addons/6a1780a75612b793c363005e/6a1780a75612b793c363005e-df67f377a9336736a55a9a4614538941_jet-countdown-timer.min.js?ver=2.8.1.1 HTTP/1.1" 200 988 "-" "Mozilla/5.0 (Windows NT 10.0; Win64; x64) AppleWebKit/537.36 (KHTML, like Gecko) Chrome/148.0.0.0 Safari/537.36"
103.215.126.100 - - [28/May/2026:12:30:55 +0000] "GET /wp-content/uploads/al_opt_content/SCRIPT/autozone.com.sa/wp-content/plugins/jet-tricks/assets/js/lib/ts-particles/1.18.11/6a1780a75612b793c363005e/6a1780a75612b793c363005e-fdd6f7d0e809e719153d1d5b93708211_tsparticles.min.js?ver=1.18.11 HTTP/1.1" 200 34623 "-" "Mozilla/5.0 (Windows NT 10.0; Win64; x64) AppleWebKit/537.36 (KHTML, like Gecko) Chrome/148.0.0.0 Safari/537.36"
103.215.126.100 - - [28/May/2026:12:30:55 +0000] "GET /wp-content/uploads/al_opt_content/SCRIPT/autozone.com.sa/wp-content/plugins/jet-blocks/assets/js/lib/jsticky/6a1780a75612b793c363005e/6a1780a75612b793c363005e-31179c7ad561a12763dd193320593440_jquery.jsticky.min.js?ver=1.1.0 HTTP/1.1" 200 623 "-" "Mozilla/5.0 (Windows NT 10.0; Win64; x64) AppleWebKit/537.36 (KHTML, like Gecko) Chrome/148.0.0.0 Safari/537.36"
103.215.126.100 - - [28/May/2026:12:30:55 +0000] "GET /wp-content/uploads/al_opt_content/SCRIPT/autozone.com.sa/wp-content/plugins/jet-blocks/assets/js/6a1780a75612b793c363005e/6a1780a75612b793c363005e-804edf8aaee54552a29b50e63f950255_jet-blocks.min.js?ver=1.4.0 HTTP/1.1" 200 6964 "-" "Mozilla/5.0 (Windows NT 10.0; Win64; x64) AppleWebKit/537.36 (KHTML, like Gecko) Chrome/148.0.0.0 Safari/537.36"
103.215.126.100 - - [28/May/2026:12:30:56 +0000] "GET /wp-content/uploads/al_opt_content/SCRIPT/autozone.com.sa/wp-content/plugins/jet-compare-wishlist/assets/js/dist/6a1780a75612b793c363005e/6a1780a75612b793c363005e-698fec8ff147d68358a50b1774f33565_frontend.js?ver=1.5.12.2 HTTP/1.1" 200 1933 "-" "Mozilla/5.0 (Windows NT 10.0; Win64; x64) AppleWebKit/537.36 (KHTML, like Gecko) Chrome/148.0.0.0 Safari/537.36"
103.215.126.100 - - [28/May/2026:12:30:56 +0000] "GET /wp-content/uploads/al_opt_content/SCRIPT/autozone.com.sa/wp-content/plugins/pixelyoursite/dist/scripts/6a1780a75612b793c363005e/6a1780a75612b793c363005e-ff9016c99f73c592c2648319ea6d2074_jquery.bind-first-0.2.3.min.js?ver=0.2.3 HTTP/1.1" 200 689 "-" "Mozilla/5.0 (Windows NT 10.0; Win64; x64) AppleWebKit/537.36 (KHTML, like Gecko) Chrome/148.0.0.0 Safari/537.36"
103.215.126.100 - - [28/May/2026:12:30:56 +0000] "GET /wp-content/uploads/al_opt_content/SCRIPT/autozone.com.sa/wp-content/plugins/pixelyoursite/dist/scripts/6a1780a75612b793c363005e/6a1780a75612b793c363005e-fbaff6df5010e82fec77e88acd359eb5_js.cookie-2.1.3.min.js?ver=2.1.3 HTTP/1.1" 200 874 "-" "Mozilla/5.0 (Windows NT 10.0; Win64; x64) AppleWebKit/537.36 (KHTML, like Gecko) Chrome/148.0.0.0 Safari/537.36"
103.215.126.100 - - [28/May/2026:12:30:56 +0000] "GET /wp-content/uploads/al_opt_content/SCRIPT/autozone.com.sa/wp-content/plugins/pixelyoursite/dist/scripts/6a1780a75612b793c363005e/6a1780a75612b793c363005e-602b7e34f2b2dccf867a691ddd6992a6_public.js?ver=11.2.0.6 HTTP/1.1" 200 17923 "-" "Mozilla/5.0 (Windows NT 10.0; Win64; x64) AppleWebKit/537.36 (KHTML, like Gecko) Chrome/148.0.0.0 Safari/537.36"
103.215.126.100 - - [28/May/2026:12:30:56 +0000] "GET /wp-content/uploads/al_opt_content/SCRIPT/autozone.com.sa/wp-content/plugins/pixelyoursite/dist/scripts/6a1780a75612b793c363005e/6a1780a75612b793c363005e-35a22bea641003807bc6e7ee80eb14eb_tld.min.js?ver=2.3.1 HTTP/1.1" 200 40644 "-" "Mozilla/5.0 (Windows NT 10.0; Win64; x64) AppleWebKit/537.36 (KHTML, like Gecko) Chrome/148.0.0.0 Safari/537.36"
103.215.126.100 - - [28/May/2026:12:30:56 +0000] "GET /wp-content/uploads/al_opt_content/SCRIPT/autozone.com.sa/wp-content/plugins/jet-popup/includes/elementor/assets/js/6a1780a75612b793c363005e/6a1780a75612b793c363005e-3f09ea3cee04647df66535f6cbd1b0c1_jet-popup-elementor-frontend.js?ver=2.0.21.1 HTTP/1.1" 200 2342 "-" "Mozilla/5.0 (Windows NT 10.0; Win64; x64) AppleWebKit/537.36 (KHTML, like Gecko) Chrome/148.0.0.0 Safari/537.36"
103.215.126.100 - - [28/May/2026:12:30:56 +0000] "GET /wp-content/plugins/sitepress-multilingual-cms/res/flags/ar.svg HTTP/1.1" 200 452 "https://autozone.com.sa/?utm_source=chatgpt.com" "Mozilla/5.0 (Windows NT 10.0; Win64; x64) AppleWebKit/537.36 (KHTML, like Gecko) Chrome/148.0.0.0 Safari/537.36"
103.215.126.100 - - [28/May/2026:12:30:56 +0000] "GET /wp-content/plugins/sitepress-multilingual-cms/res/flags/en.svg HTTP/1.1" 200 568 "https://autozone.com.sa/?utm_source=chatgpt.com" "Mozilla/5.0 (Windows NT 10.0; Win64; x64) AppleWebKit/537.36 (KHTML, like Gecko) Chrome/148.0.0.0 Safari/537.36"
103.215.126.100 - - [28/May/2026:12:30:57 +0000] "GET /wp-content/plugins/elementor/assets/js/shared-frontend-handlers.03caa53373b56d3bab67.bundle.min.js HTTP/1.1" 200 2644 "https://autozone.com.sa/?utm_source=chatgpt.com" "Mozilla/5.0 (Windows NT 10.0; Win64; x64) AppleWebKit/537.36 (KHTML, like Gecko) Chrome/148.0.0.0 Safari/537.36"
103.215.126.100 - - [28/May/2026:12:30:56 +0000] "POST /?wc-ajax=get_refreshed_fragments HTTP/1.1" 200 858 "https://autozone.com.sa/?utm_source=chatgpt.com" "Mozilla/5.0 (Windows NT 10.0; Win64; x64) AppleWebKit/537.36 (KHTML, like Gecko) Chrome/148.0.0.0 Safari/537.36"
103.215.126.100 - - [28/May/2026:12:30:56 +0000] "POST /?wc-ajax=get_refreshed_fragments HTTP/1.1" 200 858 "https://autozone.com.sa/?utm_source=chatgpt.com" "Mozilla/5.0 (Windows NT 10.0; Win64; x64) AppleWebKit/537.36 (KHTML, like Gecko) Chrome/148.0.0.0 Safari/537.36"
103.215.126.100 - - [28/May/2026:12:30:58 +0000] "GET /wp-content/plugins/elementor/assets/js/text-editor.45609661e409413f1cef.bundle.min.js HTTP/1.1" 200 648 "https://autozone.com.sa/?utm_source=chatgpt.com" "Mozilla/5.0 (Windows NT 10.0; Win64; x64) AppleWebKit/537.36 (KHTML, like Gecko) Chrome/148.0.0.0 Safari/537.36"
103.215.126.100 - - [28/May/2026:12:30:56 +0000] "POST /wp-json/iawp/search HTTP/1.1" 200 36 "https://autozone.com.sa/?utm_source=chatgpt.com" "Mozilla/5.0 (Windows NT 10.0; Win64; x64) AppleWebKit/537.36 (KHTML, like Gecko) Chrome/148.0.0.0 Safari/537.36"
103.215.126.100 - - [28/May/2026:12:30:58 +0000] "GET /wp-content/plugins/elementor/assets/js/nested-tabs.a2401356d329f179475e.bundle.min.js HTTP/1.1" 200 3285 "https://autozone.com.sa/?utm_source=chatgpt.com" "Mozilla/5.0 (Windows NT 10.0; Win64; x64) AppleWebKit/537.36 (KHTML, like Gecko) Chrome/148.0.0.0 Safari/537.36"
103.215.126.100 - - [28/May/2026:12:30:58 +0000] "GET /wp-includes/js/wp-emoji-release.min.js?ver=7.0 HTTP/1.1" 200 5375 "https://autozone.com.sa/?utm_source=chatgpt.com" "Mozilla/5.0 (Windows NT 10.0; Win64; x64) AppleWebKit/537.36 (KHTML, like Gecko) Chrome/148.0.0.0 Safari/537.36"
103.215.126.100 - - [28/May/2026:12:30:58 +0000] "GET /wp-content/plugins/elementor/assets/js/nested-title-keyboard-handler.2a67d3cc630e11815acc.bundle.min.js HTTP/1.1" 200 1506 "https://autozone.com.sa/?utm_source=chatgpt.com" "Mozilla/5.0 (Windows NT 10.0; Win64; x64) AppleWebKit/537.36 (KHTML, like Gecko) Chrome/148.0.0.0 Safari/537.36"
2a00:5400:e050:70e:eccc:564f:6118:5cf0 - - [28/May/2026:12:31:03 +0000] "GET /shop/?orderby=price&paged=1 HTTP/1.1" 301 20 "https://autozone.com.sa/shop/" "Mozilla/5.0 (iPhone; CPU iPhone OS 26_3_1 like Mac OS X) AppleWebKit/605.1.15 (KHTML, like Gecko) GSA/420.4.909430193 Mobile/15E148 Safari/604.1"
103.215.126.100 - - [28/May/2026:12:31:02 +0000] "GET /en/ HTTP/1.1" 200 62079 "https://autozone.com.sa/?utm_source=chatgpt.com" "Mozilla/5.0 (Windows NT 10.0; Win64; x64) AppleWebKit/537.36 (KHTML, like Gecko) Chrome/148.0.0.0 Safari/537.36"
2a00:5400:e050:70e:eccc:564f:6118:5cf0 - - [28/May/2026:12:31:05 +0000] "GET /shop/?orderby=price HTTP/1.1" 200 34810 "https://autozone.com.sa/shop/" "Mozilla/5.0 (iPhone; CPU iPhone OS 26_3_1 like Mac OS X) AppleWebKit/605.1.15 (KHTML, like Gecko) GSA/420.4.909430193 Mobile/15E148 Safari/604.1"
103.215.126.100 - - [28/May/2026:12:31:06 +0000] "GET /wp-content/plugins/woocommerce/assets/css/woocommerce-layout.css?ver=10.8.0 HTTP/1.1" 200 3423 "https://autozone.com.sa/en/" "Mozilla/5.0 (Windows NT 10.0; Win64; x64) AppleWebKit/537.36 (KHTML, like Gecko) Chrome/148.0.0.0 Safari/537.36"
103.215.126.100 - - [28/May/2026:12:31:06 +0000] "GET /wp-content/uploads/elementor/css/custom-jet-blocks.css?ver=1779946114&ver=1.4.0 HTTP/1.1" 200 5869 "https://autozone.com.sa/en/" "Mozilla/5.0 (Windows NT 10.0; Win64; x64) AppleWebKit/537.36 (KHTML, like Gecko) Chrome/148.0.0.0 Safari/537.36"
103.215.126.100 - - [28/May/2026:12:31:06 +0000] "GET /wp-content/plugins/elementor/assets/css/widget-heading.min.css?ver=4.0.4 HTTP/1.1" 200 160 "https://autozone.com.sa/en/" "Mozilla/5.0 (Windows NT 10.0; Win64; x64) AppleWebKit/537.36 (KHTML, like Gecko) Chrome/148.0.0.0 Safari/537.36"
103.215.126.100 - - [28/May/2026:12:31:07 +0000] "GET /wp-content/plugins/elementor/assets/css/widget-spacer.min.css?ver=4.0.4 HTTP/1.1" 200 338 "https://autozone.com.sa/en/" "Mozilla/5.0 (Windows NT 10.0; Win64; x64) AppleWebKit/537.36 (KHTML, like Gecko) Chrome/148.0.0.0 Safari/537.36"
103.215.126.100 - - [28/May/2026:12:31:07 +0000] "GET /wp-content/plugins/bdthemes-element-pack/assets/css/bdt-uikit.css?ver=3.21.7 HTTP/1.1" 200 16518 "https://autozone.com.sa/en/" "Mozilla/5.0 (Windows NT 10.0; Win64; x64) AppleWebKit/537.36 (KHTML, like Gecko) Chrome/148.0.0.0 Safari/537.36"
103.215.126.100 - - [28/May/2026:12:31:07 +0000] "GET /wp-content/plugins/elementor/assets/lib/animations/styles/fadeInLeft.min.css?ver=4.0.4 HTTP/1.1" 200 120 "https://autozone.com.sa/en/" "Mozilla/5.0 (Windows NT 10.0; Win64; x64) AppleWebKit/537.36 (KHTML, like Gecko) Chrome/148.0.0.0 Safari/537.36"
103.215.126.100 - - [28/May/2026:12:31:07 +0000] "GET /wp-content/uploads/elementor/css/custom-widget-nested-tabs.min.css?ver=1779946113 HTTP/1.1" 200 1867 "https://autozone.com.sa/en/" "Mozilla/5.0 (Windows NT 10.0; Win64; x64) AppleWebKit/537.36 (KHTML, like Gecko) Chrome/148.0.0.0 Safari/537.36"
103.215.126.100 - - [28/May/2026:12:31:07 +0000] "GET /wp-content/plugins/elementor/assets/css/widget-image.min.css?ver=4.0.4 HTTP/1.1" 200 135 "https://autozone.com.sa/en/" "Mozilla/5.0 (Windows NT 10.0; Win64; x64) AppleWebKit/537.36 (KHTML, like Gecko) Chrome/148.0.0.0 Safari/537.36"
103.215.126.100 - - [28/May/2026:12:31:07 +0000] "GET /wp-content/plugins/woocommerce/assets/css/woocommerce.css?ver=10.8.0 HTTP/1.1" 200 11128 "https://autozone.com.sa/en/" "Mozilla/5.0 (Windows NT 10.0; Win64; x64) AppleWebKit/537.36 (KHTML, like Gecko) Chrome/148.0.0.0 Safari/537.36"
103.215.126.100 - - [28/May/2026:12:31:07 +0000] "GET /wp-content/uploads/elementor/css/post-12.css?ver=1779947319 HTTP/1.1" 200 4348 "https://autozone.com.sa/en/" "Mozilla/5.0 (Windows NT 10.0; Win64; x64) AppleWebKit/537.36 (KHTML, like Gecko) Chrome/148.0.0.0 Safari/537.36"
103.215.126.100 - - [28/May/2026:12:31:07 +0000] "GET /wp-content/uploads/elementor/css/post-77.css?ver=1779947319 HTTP/1.1" 200 736 "https://autozone.com.sa/en/" "Mozilla/5.0 (Windows NT 10.0; Win64; x64) AppleWebKit/537.36 (KHTML, like Gecko) Chrome/148.0.0.0 Safari/537.36"
2a00:5400:e050:70e:eccc:564f:6118:5cf0 - - [28/May/2026:12:31:07 +0000] "GET /wp-content/uploads/2025/04/1-2-300x300.webp HTTP/1.1" 200 10003 "https://autozone.com.sa/shop/?orderby=price" "Mozilla/5.0 (iPhone; CPU iPhone OS 26_3_1 like Mac OS X) AppleWebKit/605.1.15 (KHTML, like Gecko) GSA/420.4.909430193 Mobile/15E148 Safari/604.1"
2a00:5400:e050:70e:eccc:564f:6118:5cf0 - - [28/May/2026:12:31:07 +0000] "GET /wp-content/uploads/2025/02/hr-v-feature-300x300.webp HTTP/1.1" 200 10493 "https://autozone.com.sa/shop/?orderby=price" "Mozilla/5.0 (iPhone; CPU iPhone OS 26_3_1 like Mac OS X) AppleWebKit/605.1.15 (KHTML, like Gecko) GSA/420.4.909430193 Mobile/15E148 Safari/604.1"
2a00:5400:e050:70e:eccc:564f:6118:5cf0 - - [28/May/2026:12:31:07 +0000] "GET /wp-content/uploads/2025/04/BGC_5738-300x300.webp HTTP/1.1" 200 16539 "https://autozone.com.sa/shop/?orderby=price" "Mozilla/5.0 (iPhone; CPU iPhone OS 26_3_1 like Mac OS X) AppleWebKit/605.1.15 (KHTML, like Gecko) GSA/420.4.909430193 Mobile/15E148 Safari/604.1"
2a00:5400:e050:70e:eccc:564f:6118:5cf0 - - [28/May/2026:12:31:07 +0000] "GET /wp-content/uploads/2025/02/haval-jolion-feature-300x300.webp HTTP/1.1" 200 18078 "https://autozone.com.sa/shop/?orderby=price" "Mozilla/5.0 (iPhone; CPU iPhone OS 26_3_1 like Mac OS X) AppleWebKit/605.1.15 (KHTML, like Gecko) GSA/420.4.909430193 Mobile/15E148 Safari/604.1"
103.215.126.100 - - [28/May/2026:12:31:07 +0000] "GET /wp-content/uploads/elementor/css/post-80.css?ver=1779947319 HTTP/1.1" 200 1809 "https://autozone.com.sa/en/" "Mozilla/5.0 (Windows NT 10.0; Win64; x64) AppleWebKit/537.36 (KHTML, like Gecko) Chrome/148.0.0.0 Safari/537.36"
103.215.126.100 - - [28/May/2026:12:31:07 +0000] "GET /wp-content/uploads/elementor/css/post-79.css?ver=1779946481 HTTP/1.1" 200 1397 "https://autozone.com.sa/en/" "Mozilla/5.0 (Windows NT 10.0; Win64; x64) AppleWebKit/537.36 (KHTML, like Gecko) Chrome/148.0.0.0 Safari/537.36"
103.215.126.100 - - [28/May/2026:12:31:07 +0000] "GET /wp-content/plugins/bdthemes-prime-slider-lite/assets/css/prime-slider-site.css?ver=4.1.12 HTTP/1.1" 200 2963 "https://autozone.com.sa/en/" "Mozilla/5.0 (Windows NT 10.0; Win64; x64) AppleWebKit/537.36 (KHTML, like Gecko) Chrome/148.0.0.0 Safari/537.36"
103.215.126.100 - - [28/May/2026:12:31:07 +0000] "GET /wp-content/plugins/ultimate-post-kit/assets/css/upk-site.css?ver=4.1.5 HTTP/1.1" 200 5628 "https://autozone.com.sa/en/" "Mozilla/5.0 (Windows NT 10.0; Win64; x64) AppleWebKit/537.36 (KHTML, like Gecko) Chrome/148.0.0.0 Safari/537.36"
103.215.126.100 - - [28/May/2026:12:31:07 +0000] "GET /wp-content/plugins/jet-elements/assets/css/skin/jet-countdown-timer.css?ver=2.8.1.1 HTTP/1.1" 200 100 "https://autozone.com.sa/en/" "Mozilla/5.0 (Windows NT 10.0; Win64; x64) AppleWebKit/537.36 (KHTML, like Gecko) Chrome/148.0.0.0 Safari/537.36"
103.215.126.100 - - [28/May/2026:12:31:07 +0000] "GET /wp-content/plugins/woocommerce/assets/client/blocks/wc-blocks.css?ver=wc-10.8.0 HTTP/1.1" 200 2618 "https://autozone.com.sa/en/" "Mozilla/5.0 (Windows NT 10.0; Win64; x64) AppleWebKit/537.36 (KHTML, like Gecko) Chrome/148.0.0.0 Safari/537.36"
103.215.126.100 - - [28/May/2026:12:31:07 +0000] "GET /wp-content/plugins/jet-elements/assets/css/jet-elements.css?ver=2.8.1.1 HTTP/1.1" 200 3124 "https://autozone.com.sa/en/" "Mozilla/5.0 (Windows NT 10.0; Win64; x64) AppleWebKit/537.36 (KHTML, like Gecko) Chrome/148.0.0.0 Safari/537.36"
103.215.126.100 - - [28/May/2026:12:31:07 +0000] "GET /wp-content/plugins/jet-elements/assets/css/addons/jet-countdown-timer.css?ver=2.8.1.1 HTTP/1.1" 200 281 "https://autozone.com.sa/en/" "Mozilla/5.0 (Windows NT 10.0; Win64; x64) AppleWebKit/537.36 (KHTML, like Gecko) Chrome/148.0.0.0 Safari/537.36"
103.215.126.100 - - [28/May/2026:12:31:07 +0000] "GET /wp-content/plugins/elementor/assets/css/widget-divider.min.css?ver=4.0.4 HTTP/1.1" 200 741 "https://autozone.com.sa/en/" "Mozilla/5.0 (Windows NT 10.0; Win64; x64) AppleWebKit/537.36 (KHTML, like Gecko) Chrome/148.0.0.0 Safari/537.36"
103.215.126.100 - - [28/May/2026:12:31:08 +0000] "GET /wp-content/plugins/woocommerce/assets/css/woocommerce-smallscreen.css?ver=10.8.0 HTTP/1.1" 200 1406 "https://autozone.com.sa/en/" "Mozilla/5.0 (Windows NT 10.0; Win64; x64) AppleWebKit/537.36 (KHTML, like Gecko) Chrome/148.0.0.0 Safari/537.36"
2a00:5400:e050:70e:eccc:564f:6118:5cf0 - - [28/May/2026:12:31:07 +0000] "POST /?wc-ajax=get_refreshed_fragments HTTP/1.1" 200 858 "https://autozone.com.sa/shop/?orderby=price" "Mozilla/5.0 (iPhone; CPU iPhone OS 26_3_1 like Mac OS X) AppleWebKit/605.1.15 (KHTML, like Gecko) GSA/420.4.909430193 Mobile/15E148 Safari/604.1"
2a00:5400:e050:70e:eccc:564f:6118:5cf0 - - [28/May/2026:12:31:07 +0000] "POST /wp-json/iawp/search HTTP/1.1" 200 36 "https://autozone.com.sa/shop/?orderby=price" "Mozilla/5.0 (iPhone; CPU iPhone OS 26_3_1 like Mac OS X) AppleWebKit/605.1.15 (KHTML, like Gecko) GSA/420.4.909430193 Mobile/15E148 Safari/604.1"
2a00:5400:e050:70e:eccc:564f:6118:5cf0 - - [28/May/2026:12:31:11 +0000] "GET /wp-content/uploads/2025/04/BGC_2554-300x300.webp HTTP/1.1" 200 16459 "https://autozone.com.sa/shop/?orderby=price" "Mozilla/5.0 (iPhone; CPU iPhone OS 26_3_1 like Mac OS X) AppleWebKit/605.1.15 (KHTML, like Gecko) GSA/420.4.909430193 Mobile/15E148 Safari/604.1"
2a00:5400:e050:70e:eccc:564f:6118:5cf0 - - [28/May/2026:12:31:11 +0000] "GET /wp-content/uploads/2025/04/4-2-300x300.webp HTTP/1.1" 200 11090 "https://autozone.com.sa/shop/?orderby=price" "Mozilla/5.0 (iPhone; CPU iPhone OS 26_3_1 like Mac OS X) AppleWebKit/605.1.15 (KHTML, like Gecko) GSA/420.4.909430193 Mobile/15E148 Safari/604.1"
103.215.126.100 - - [28/May/2026:12:31:11 +0000] "POST /en/?wc-ajax=get_refreshed_fragments HTTP/1.1" 200 862 "https://autozone.com.sa/en/" "Mozilla/5.0 (Windows NT 10.0; Win64; x64) AppleWebKit/537.36 (KHTML, like Gecko) Chrome/148.0.0.0 Safari/537.36"
103.215.126.100 - - [28/May/2026:12:31:11 +0000] "POST /en/wp-json/iawp/search HTTP/1.1" 200 36 "https://autozone.com.sa/en/" "Mozilla/5.0 (Windows NT 10.0; Win64; x64) AppleWebKit/537.36 (KHTML, like Gecko) Chrome/148.0.0.0 Safari/537.36"
2a00:5400:e050:70e:eccc:564f:6118:5cf0 - - [28/May/2026:12:31:14 +0000] "GET /wp-content/uploads/2025/02/uni-k-feature-300x300.webp HTTP/1.1" 200 16769 "https://autozone.com.sa/shop/?orderby=price" "Mozilla/5.0 (iPhone; CPU iPhone OS 26_3_1 like Mac OS X) AppleWebKit/605.1.15 (KHTML, like Gecko) GSA/420.4.909430193 Mobile/15E148 Safari/604.1"
2a00:5400:e050:70e:eccc:564f:6118:5cf0 - - [28/May/2026:12:31:14 +0000] "GET /wp-content/uploads/2025/04/BGC_6303-300x300.webp HTTP/1.1" 200 16365 "https://autozone.com.sa/shop/?orderby=price" "Mozilla/5.0 (iPhone; CPU iPhone OS 26_3_1 like Mac OS X) AppleWebKit/605.1.15 (KHTML, like Gecko) GSA/420.4.909430193 Mobile/15E148 Safari/604.1"
2a00:5400:e050:70e:eccc:564f:6118:5cf0 - - [28/May/2026:12:31:14 +0000] "GET /wp-content/uploads/2025/04/BGC_6217-300x300.webp HTTP/1.1" 200 16978 "https://autozone.com.sa/shop/?orderby=price" "Mozilla/5.0 (iPhone; CPU iPhone OS 26_3_1 like Mac OS X) AppleWebKit/605.1.15 (KHTML, like Gecko) GSA/420.4.909430193 Mobile/15E148 Safari/604.1"
2a00:5400:e050:70e:eccc:564f:6118:5cf0 - - [28/May/2026:12:31:16 +0000] "GET /wp-content/uploads/2025/02/tiggo-7-feature-300x300.webp HTTP/1.1" 200 16621 "https://autozone.com.sa/shop/?orderby=price" "Mozilla/5.0 (iPhone; CPU iPhone OS 26_3_1 like Mac OS X) AppleWebKit/605.1.15 (KHTML, like Gecko) GSA/420.4.909430193 Mobile/15E148 Safari/604.1"
2a00:5400:e050:70e:eccc:564f:6118:5cf0 - - [28/May/2026:12:31:16 +0000] "GET /wp-content/uploads/2025/04/BGC_5111-300x300.webp HTTP/1.1" 200 16722 "https://autozone.com.sa/shop/?orderby=price" "Mozilla/5.0 (iPhone; CPU iPhone OS 26_3_1 like Mac OS X) AppleWebKit/605.1.15 (KHTML, like Gecko) GSA/420.4.909430193 Mobile/15E148 Safari/604.1"
2a00:5400:e050:70e:eccc:564f:6118:5cf0 - - [28/May/2026:12:31:17 +0000] "GET /wp-content/uploads/2025/02/arrizo-8-feature-300x300.webp HTTP/1.1" 200 17822 "https://autozone.com.sa/shop/?orderby=price" "Mozilla/5.0 (iPhone; CPU iPhone OS 26_3_1 like Mac OS X) AppleWebKit/605.1.15 (KHTML, like Gecko) GSA/420.4.909430193 Mobile/15E148 Safari/604.1"
2a00:5400:e050:70e:eccc:564f:6118:5cf0 - - [28/May/2026:12:31:17 +0000] "GET /wp-content/uploads/2025/02/arrizo-5-feature-300x300.webp HTTP/1.1" 200 14645 "https://autozone.com.sa/shop/?orderby=price" "Mozilla/5.0 (iPhone; CPU iPhone OS 26_3_1 like Mac OS X) AppleWebKit/605.1.15 (KHTML, like Gecko) GSA/420.4.909430193 Mobile/15E148 Safari/604.1"
103.215.126.100 - - [28/May/2026:12:31:15 +0000] "GET /en/our-fleet/ HTTP/1.1" 200 43358 "https://autozone.com.sa/en/" "Mozilla/5.0 (Windows NT 10.0; Win64; x64) AppleWebKit/537.36 (KHTML, like Gecko) Chrome/148.0.0.0 Safari/537.36"
103.215.126.100 - - [28/May/2026:12:31:18 +0000] "GET /wp-content/plugins/elementor/assets/lib/animations/styles/slideInRight.min.css?ver=4.0.4 HTTP/1.1" 200 123 "https://autozone.com.sa/en/our-fleet/" "Mozilla/5.0 (Windows NT 10.0; Win64; x64) AppleWebKit/537.36 (KHTML, like Gecko) Chrome/148.0.0.0 Safari/537.36"
103.215.126.100 - - [28/May/2026:12:31:18 +0000] "GET /wp-content/plugins/bdthemes-element-pack/assets/css/ep-animated-link.css?ver=9.3.0 HTTP/1.1" 200 1791 "https://autozone.com.sa/en/our-fleet/" "Mozilla/5.0 (Windows NT 10.0; Win64; x64) AppleWebKit/537.36 (KHTML, like Gecko) Chrome/148.0.0.0 Safari/537.36"
103.215.126.100 - - [28/May/2026:12:31:18 +0000] "GET /wp-content/uploads/elementor/css/post-7051.css?ver=1779957936 HTTP/1.1" 200 3038 "https://autozone.com.sa/en/our-fleet/" "Mozilla/5.0 (Windows NT 10.0; Win64; x64) AppleWebKit/537.36 (KHTML, like Gecko) Chrome/148.0.0.0 Safari/537.36"
103.215.126.100 - - [28/May/2026:12:31:18 +0000] "GET /wp-content/plugins/elementor/assets/lib/animations/styles/fadeInRight.min.css?ver=4.0.4 HTTP/1.1" 200 120 "https://autozone.com.sa/en/our-fleet/" "Mozilla/5.0 (Windows NT 10.0; Win64; x64) AppleWebKit/537.36 (KHTML, like Gecko) Chrome/148.0.0.0 Safari/537.36"
103.215.126.100 - - [28/May/2026:12:31:18 +0000] "GET /wp-content/uploads/2025/01/aerial-view-a-lot-of-new-car-for-import-and-export-2023-11-27-04-52-14-utc.webp HTTP/1.1" 200 72874 "https://autozone.com.sa/wp-content/uploads/elementor/css/post-7051.css?ver=1779957936" "Mozilla/5.0 (Windows NT 10.0; Win64; x64) AppleWebKit/537.36 (KHTML, like Gecko) Chrome/148.0.0.0 Safari/537.36"
103.215.126.100 - - [28/May/2026:12:31:18 +0000] "GET /wp-content/uploads/2025/01/aerial-view-of-many-colorful-cars-parked-on-dealer-2023-11-27-04-52-58-utc.webp HTTP/1.1" 200 663957 "https://autozone.com.sa/wp-content/uploads/elementor/css/post-7051.css?ver=1779957936" "Mozilla/5.0 (Windows NT 10.0; Win64; x64) AppleWebKit/537.36 (KHTML, like Gecko) Chrome/148.0.0.0 Safari/537.36"
2a00:5400:e050:70e:eccc:564f:6118:5cf0 - - [28/May/2026:12:31:18 +0000] "GET /wp-content/uploads/2025/04/BGC_9911-300x300.jpg HTTP/1.1" 200 20057 "https://autozone.com.sa/shop/?orderby=price" "Mozilla/5.0 (iPhone; CPU iPhone OS 26_3_1 like Mac OS X) AppleWebKit/605.1.15 (KHTML, like Gecko) GSA/420.4.909430193 Mobile/15E148 Safari/604.1"
103.215.126.100 - - [28/May/2026:12:31:20 +0000] "GET /wp-content/plugins/elementor/assets/js/section-frontend-handlers.d85ab872da118940910d.bundle.min.js HTTP/1.1" 200 269 "https://autozone.com.sa/en/our-fleet/" "Mozilla/5.0 (Windows NT 10.0; Win64; x64) AppleWebKit/537.36 (KHTML, like Gecko) Chrome/148.0.0.0 Safari/537.36"
103.215.126.100 - - [28/May/2026:12:31:20 +0000] "POST /en/?wc-ajax=get_refreshed_fragments HTTP/1.1" 200 862 "https://autozone.com.sa/en/our-fleet/" "Mozilla/5.0 (Windows NT 10.0; Win64; x64) AppleWebKit/537.36 (KHTML, like Gecko) Chrome/148.0.0.0 Safari/537.36"
103.215.126.100 - - [28/May/2026:12:31:20 +0000] "POST /en/wp-json/iawp/search HTTP/1.1" 200 36 "https://autozone.com.sa/en/our-fleet/" "Mozilla/5.0 (Windows NT 10.0; Win64; x64) AppleWebKit/537.36 (KHTML, like Gecko) Chrome/148.0.0.0 Safari/537.36"
103.215.126.100 - - [28/May/2026:12:31:22 +0000] "GET /wp-content/uploads/2025/01/trackc.webp HTTP/1.1" 200 30942 "https://autozone.com.sa/en/our-fleet/" "Mozilla/5.0 (Windows NT 10.0; Win64; x64) AppleWebKit/537.36 (KHTML, like Gecko) Chrome/148.0.0.0 Safari/537.36"
2a00:5400:e050:70e:eccc:564f:6118:5cf0 - - [28/May/2026:12:31:24 +0000] "GET /shop/page/2/?orderby=price HTTP/1.1" 200 35129 "https://autozone.com.sa/shop/?orderby=price" "Mozilla/5.0 (iPhone; CPU iPhone OS 26_3_1 like Mac OS X) AppleWebKit/605.1.15 (KHTML, like Gecko) GSA/420.4.909430193 Mobile/15E148 Safari/604.1"
2a00:5400:e050:70e:eccc:564f:6118:5cf0 - - [28/May/2026:12:31:27 +0000] "GET /wp-content/uploads/al_opt_content/IMAGE/autozone.com.sa/wp-content/uploads/2025/04/BGC_0008-scaled-copy-300x300.webp?bv_host=autozone.com.sa&bv-resized-infos=bv_resized_mobile%3A300%2A300%3Bbv_resized_ipad%3A300%2A300%3Bbv_resized_desktop%3A300%2A300 HTTP/1.1" 200 18232 "https://autozone.com.sa/shop/page/2/?orderby=price" "Mozilla/5.0 (iPhone; CPU iPhone OS 26_3_1 like Mac OS X) AppleWebKit/605.1.15 (KHTML, like Gecko) GSA/420.4.909430193 Mobile/15E148 Safari/604.1"
2a00:5400:e050:70e:eccc:564f:6118:5cf0 - - [28/May/2026:12:31:27 +0000] "GET /wp-content/uploads/2025/07/BGC_5036-300x300.webp HTTP/1.1" 200 9535 "https://autozone.com.sa/shop/page/2/?orderby=price" "Mozilla/5.0 (iPhone; CPU iPhone OS 26_3_1 like Mac OS X) AppleWebKit/605.1.15 (KHTML, like Gecko) GSA/420.4.909430193 Mobile/15E148 Safari/604.1"
2a00:5400:e050:70e:eccc:564f:6118:5cf0 - - [28/May/2026:12:31:29 +0000] "GET /wp-content/uploads/2025/04/BGC_0008-300x300.jpg HTTP/1.1" 304 - "https://autozone.com.sa/shop/page/2/?orderby=price" "Mozilla/5.0 (iPhone; CPU iPhone OS 26_3_1 like Mac OS X) AppleWebKit/605.1.15 (KHTML, like Gecko) GSA/420.4.909430193 Mobile/15E148 Safari/604.1"
2a00:5400:e050:70e:eccc:564f:6118:5cf0 - - [28/May/2026:12:31:29 +0000] "GET /wp-content/uploads/2025/07/BGC_2335-300x300.webp HTTP/1.1" 200 9993 "https://autozone.com.sa/shop/page/2/?orderby=price" "Mozilla/5.0 (iPhone; CPU iPhone OS 26_3_1 like Mac OS X) AppleWebKit/605.1.15 (KHTML, like Gecko) GSA/420.4.909430193 Mobile/15E148 Safari/604.1"
2a00:5400:e050:70e:eccc:564f:6118:5cf0 - - [28/May/2026:12:31:29 +0000] "POST /?wc-ajax=get_refreshed_fragments HTTP/1.1" 200 858 "https://autozone.com.sa/shop/page/2/?orderby=price" "Mozilla/5.0 (iPhone; CPU iPhone OS 26_3_1 like Mac OS X) AppleWebKit/605.1.15 (KHTML, like Gecko) GSA/420.4.909430193 Mobile/15E148 Safari/604.1"
2a00:5400:e050:70e:eccc:564f:6118:5cf0 - - [28/May/2026:12:31:29 +0000] "POST /wp-json/iawp/search HTTP/1.1" 200 36 "https://autozone.com.sa/shop/page/2/?orderby=price" "Mozilla/5.0 (iPhone; CPU iPhone OS 26_3_1 like Mac OS X) AppleWebKit/605.1.15 (KHTML, like Gecko) GSA/420.4.909430193 Mobile/15E148 Safari/604.1"
103.215.126.100 - - [28/May/2026:12:31:31 +0000] "GET /wp-content/uploads/2025/01/truck-fleet2.webp HTTP/1.1" 200 87691 "https://autozone.com.sa/en/our-fleet/" "Mozilla/5.0 (Windows NT 10.0; Win64; x64) AppleWebKit/537.36 (KHTML, like Gecko) Chrome/148.0.0.0 Safari/537.36"
103.215.126.100 - - [28/May/2026:12:31:33 +0000] "GET /wp-content/uploads/2025/01/amuilance.webp HTTP/1.1" 200 60965 "https://autozone.com.sa/en/our-fleet/" "Mozilla/5.0 (Windows NT 10.0; Win64; x64) AppleWebKit/537.36 (KHTML, like Gecko) Chrome/148.0.0.0 Safari/537.36"
2a00:5400:e050:70e:eccc:564f:6118:5cf0 - - [28/May/2026:12:31:34 +0000] "GET /wp-content/uploads/2025/04/BGC_0008-scaled-copy-1-300x300.webp HTTP/1.1" 200 16139 "https://autozone.com.sa/shop/page/2/?orderby=price" "Mozilla/5.0 (iPhone; CPU iPhone OS 26_3_1 like Mac OS X) AppleWebKit/605.1.15 (KHTML, like Gecko) GSA/420.4.909430193 Mobile/15E148 Safari/604.1"
2a00:5400:e050:70e:eccc:564f:6118:5cf0 - - [28/May/2026:12:31:34 +0000] "GET /wp-content/uploads/2025/04/1BGC_0008-scaled-copy-300x300.webp HTTP/1.1" 200 16089 "https://autozone.com.sa/shop/page/2/?orderby=price" "Mozilla/5.0 (iPhone; CPU iPhone OS 26_3_1 like Mac OS X) AppleWebKit/605.1.15 (KHTML, like Gecko) GSA/420.4.909430193 Mobile/15E148 Safari/604.1"
103.215.126.100 - - [28/May/2026:12:31:36 +0000] "GET /wp-content/uploads/al_opt_content/IMAGE/autozone.com.sa/wp-content/uploads/2025/04/Go1-07.webp.bv.webp?bv_host=autozone.com.sa HTTP/1.1" 200 157540 "https://autozone.com.sa/en/our-fleet/" "Mozilla/5.0 (Windows NT 10.0; Win64; x64) AppleWebKit/537.36 (KHTML, like Gecko) Chrome/148.0.0.0 Safari/537.36"
103.215.126.100 - - [28/May/2026:12:31:36 +0000] "GET /wp-content/uploads/al_opt_content/IMAGE/autozone.com.sa/wp-content/uploads/2025/04/Go1-02-1.webp.bv.webp?bv_host=autozone.com.sa HTTP/1.1" 200 126740 "https://autozone.com.sa/en/our-fleet/" "Mozilla/5.0 (Windows NT 10.0; Win64; x64) AppleWebKit/537.36 (KHTML, like Gecko) Chrome/148.0.0.0 Safari/537.36"
103.215.126.100 - - [28/May/2026:12:31:36 +0000] "GET /wp-content/uploads/al_opt_content/IMAGE/autozone.com.sa/wp-content/uploads/2025/04/Go1-10.webp.bv.webp?bv_host=autozone.com.sa HTTP/1.1" 200 123364 "https://autozone.com.sa/en/our-fleet/" "Mozilla/5.0 (Windows NT 10.0; Win64; x64) AppleWebKit/537.36 (KHTML, like Gecko) Chrome/148.0.0.0 Safari/537.36"
103.215.126.100 - - [28/May/2026:12:31:36 +0000] "GET /wp-content/uploads/al_opt_content/IMAGE/autozone.com.sa/wp-content/uploads/2025/04/Go1-04.webp.bv.webp?bv_host=autozone.com.sa HTTP/1.1" 200 110047 "https://autozone.com.sa/en/our-fleet/" "Mozilla/5.0 (Windows NT 10.0; Win64; x64) AppleWebKit/537.36 (KHTML, like Gecko) Chrome/148.0.0.0 Safari/537.36"
103.215.126.100 - - [28/May/2026:12:31:36 +0000] "GET /wp-content/uploads/al_opt_content/IMAGE/autozone.com.sa/wp-content/uploads/2025/04/Go1-11.webp.bv.webp?bv_host=autozone.com.sa HTTP/1.1" 200 76706 "https://autozone.com.sa/en/our-fleet/" "Mozilla/5.0 (Windows NT 10.0; Win64; x64) AppleWebKit/537.36 (KHTML, like Gecko) Chrome/148.0.0.0 Safari/537.36"
103.215.126.100 - - [28/May/2026:12:31:36 +0000] "GET /wp-content/uploads/al_opt_content/IMAGE/autozone.com.sa/wp-content/uploads/2025/04/Go1-03-1.webp.bv.webp?bv_host=autozone.com.sa HTTP/1.1" 200 72874 "https://autozone.com.sa/en/our-fleet/" "Mozilla/5.0 (Windows NT 10.0; Win64; x64) AppleWebKit/537.36 (KHTML, like Gecko) Chrome/148.0.0.0 Safari/537.36"
103.215.126.100 - - [28/May/2026:12:31:37 +0000] "GET /wp-content/uploads/al_opt_content/IMAGE/autozone.com.sa/wp-content/uploads/2025/04/Go1-01-1.webp.bv.webp?bv_host=autozone.com.sa HTTP/1.1" 200 126723 "https://autozone.com.sa/en/our-fleet/" "Mozilla/5.0 (Windows NT 10.0; Win64; x64) AppleWebKit/537.36 (KHTML, like Gecko) Chrome/148.0.0.0 Safari/537.36"
103.215.126.100 - - [28/May/2026:12:31:37 +0000] "GET /wp-content/uploads/al_opt_content/IMAGE/autozone.com.sa/wp-content/uploads/2025/04/Go1-08.webp.bv.webp?bv_host=autozone.com.sa HTTP/1.1" 200 95671 "https://autozone.com.sa/en/our-fleet/" "Mozilla/5.0 (Windows NT 10.0; Win64; x64) AppleWebKit/537.36 (KHTML, like Gecko) Chrome/148.0.0.0 Safari/537.36"
103.215.126.100 - - [28/May/2026:12:31:37 +0000] "GET /wp-content/uploads/al_opt_content/IMAGE/autozone.com.sa/wp-content/uploads/2024/12/webstdy_1675070516%D8%A8%D9%86%D9%83%D8%A7%D9%84%D8%B1%D9%8A%D8%A7%D8%B6-1024x1024.webp.bv.webp?bv_host=autozone.com.sa HTTP/1.1" 200 11629 "https://autozone.com.sa/en/our-fleet/" "Mozilla/5.0 (Windows NT 10.0; Win64; x64) AppleWebKit/537.36 (KHTML, like Gecko) Chrome/148.0.0.0 Safari/537.36"
103.215.126.100 - - [28/May/2026:12:31:37 +0000] "GET /wp-content/uploads/al_opt_content/IMAGE/autozone.com.sa/wp-content/uploads/2024/12/webstdy_1675070438%D8%A7%D9%84%D8%A8%D9%86%D9%83%D8%A7%D9%84%D8%A7%D9%87%D9%84%D9%8A%D8%A7%D9%84%D8%B3%D8%B9%D9%88%D8%AF%D9%8A-1024x1024.webp.bv.webp?bv_host=autozone.com.sa HTTP/1.1" 200 12975 "https://autozone.com.sa/en/our-fleet/" "Mozilla/5.0 (Windows NT 10.0; Win64; x64) AppleWebKit/537.36 (KHTML, like Gecko) Chrome/148.0.0.0 Safari/537.36"
103.215.126.100 - - [28/May/2026:12:31:37 +0000] "GET /wp-content/uploads/al_opt_content/IMAGE/autozone.com.sa/wp-content/uploads/2025/04/Go1-06.webp.bv.webp?bv_host=autozone.com.sa HTTP/1.1" 200 103002 "https://autozone.com.sa/en/our-fleet/" "Mozilla/5.0 (Windows NT 10.0; Win64; x64) AppleWebKit/537.36 (KHTML, like Gecko) Chrome/148.0.0.0 Safari/537.36"
103.215.126.100 - - [28/May/2026:12:31:37 +0000] "GET /wp-content/uploads/al_opt_content/IMAGE/autozone.com.sa/wp-content/uploads/2024/12/webstdy_1675071243%D8%B1%D8%A7%D9%8A%D8%A9%D9%84%D9%84%D8%AA%D9%85%D9%88%D9%8A%D9%84-1024x1024.webp.bv.webp?bv_host=autozone.com.sa HTTP/1.1" 200 18651 "https://autozone.com.sa/en/our-fleet/" "Mozilla/5.0 (Windows NT 10.0; Win64; x64) AppleWebKit/537.36 (KHTML, like Gecko) Chrome/148.0.0.0 Safari/537.36"
2a00:5400:e050:70e:eccc:564f:6118:5cf0 - - [28/May/2026:12:31:38 +0000] "GET /wp-content/uploads/al_opt_content/IMAGE/autozone.com.sa/wp-content/uploads/2025/04/BGC_5923-300x300.jpg?bv_host=autozone.com.sa&bv-resized-infos=bv_resized_mobile%3A300%2A300%3Bbv_resized_ipad%3A300%2A300%3Bbv_resized_desktop%3A300%2A300 HTTP/1.1" 304 - "https://autozone.com.sa/shop/page/2/?orderby=price" "Mozilla/5.0 (iPhone; CPU iPhone OS 26_3_1 like Mac OS X) AppleWebKit/605.1.15 (KHTML, like Gecko) GSA/420.4.909430193 Mobile/15E148 Safari/604.1"
2a00:5400:e050:70e:eccc:564f:6118:5cf0 - - [28/May/2026:12:31:38 +0000] "GET /wp-content/uploads/al_opt_content/IMAGE/autozone.com.sa/wp-content/uploads/2025/04/3BGC_0008-scaled-copy-300x300.webp?bv_host=autozone.com.sa&bv-resized-infos=bv_resized_mobile%3A300%2A300%3Bbv_resized_ipad%3A300%2A300%3Bbv_resized_desktop%3A300%2A300 HTTP/1.1" 200 16190 "https://autozone.com.sa/shop/page/2/?orderby=price" "Mozilla/5.0 (iPhone; CPU iPhone OS 26_3_1 like Mac OS X) AppleWebKit/605.1.15 (KHTML, like Gecko) GSA/420.4.909430193 Mobile/15E148 Safari/604.1"
103.215.126.100 - - [28/May/2026:12:31:38 +0000] "GET /wp-content/uploads/al_opt_content/IMAGE/autozone.com.sa/wp-content/uploads/2024/12/webstdy_1675070763%D8%A8%D9%86%D9%83%D8%A7%D9%84%D8%A7%D9%85%D8%A7%D8%B1%D8%A7%D8%AA-1024x1024.webp.bv.webp?bv_host=autozone.com.sa HTTP/1.1" 200 9921 "https://autozone.com.sa/en/our-fleet/" "Mozilla/5.0 (Windows NT 10.0; Win64; x64) AppleWebKit/537.36 (KHTML, like Gecko) Chrome/148.0.0.0 Safari/537.36"
103.215.126.100 - - [28/May/2026:12:31:38 +0000] "GET /wp-content/uploads/al_opt_content/IMAGE/autozone.com.sa/wp-content/uploads/2024/12/webstdy_1675071343%D8%B9%D8%A8%D8%AF%D8%A7%D9%84%D9%84%D8%B7%D9%8A%D9%81%D8%AC%D9%85%D9%8A%D9%84-1024x1024.webp.bv.webp?bv_host=autozone.com.sa HTTP/1.1" 200 10703 "https://autozone.com.sa/en/our-fleet/" "Mozilla/5.0 (Windows NT 10.0; Win64; x64) AppleWebKit/537.36 (KHTML, like Gecko) Chrome/148.0.0.0 Safari/537.36"
2a00:5400:e050:70e:eccc:564f:6118:5cf0 - - [28/May/2026:12:31:39 +0000] "GET /wp-content/uploads/2025/07/BGC_5205-300x300.webp HTTP/1.1" 200 8553 "https://autozone.com.sa/shop/page/2/?orderby=price" "Mozilla/5.0 (iPhone; CPU iPhone OS 26_3_1 like Mac OS X) AppleWebKit/605.1.15 (KHTML, like Gecko) GSA/420.4.909430193 Mobile/15E148 Safari/604.1"
2a00:5400:e050:70e:eccc:564f:6118:5cf0 - - [28/May/2026:12:31:39 +0000] "GET /wp-content/uploads/al_opt_content/IMAGE/autozone.com.sa/wp-content/uploads/2025/07/BGC_6080-300x300.webp?bv_host=autozone.com.sa&bv-resized-infos=bv_resized_mobile%3A300%2A300%3Bbv_resized_ipad%3A300%2A300%3Bbv_resized_desktop%3A300%2A300 HTTP/1.1" 200 11475 "https://autozone.com.sa/shop/page/2/?orderby=price" "Mozilla/5.0 (iPhone; CPU iPhone OS 26_3_1 like Mac OS X) AppleWebKit/605.1.15 (KHTML, like Gecko) GSA/420.4.909430193 Mobile/15E148 Safari/604.1"
2a00:5400:e050:70e:eccc:564f:6118:5cf0 - - [28/May/2026:12:31:41 +0000] "GET /wp-content/uploads/2025/04/BGC_1517-300x300.jpg HTTP/1.1" 304 - "https://autozone.com.sa/shop/page/2/?orderby=price" "Mozilla/5.0 (iPhone; CPU iPhone OS 26_3_1 like Mac OS X) AppleWebKit/605.1.15 (KHTML, like Gecko) GSA/420.4.909430193 Mobile/15E148 Safari/604.1"
2a00:5400:e050:70e:eccc:564f:6118:5cf0 - - [28/May/2026:12:31:41 +0000] "GET /wp-content/uploads/2025/04/be40c6bc-6068-486c-856b-1cb7cfd66e78-300x300.png HTTP/1.1" 304 - "https://autozone.com.sa/shop/page/2/?orderby=price" "Mozilla/5.0 (iPhone; CPU iPhone OS 26_3_1 like Mac OS X) AppleWebKit/605.1.15 (KHTML, like Gecko) GSA/420.4.909430193 Mobile/15E148 Safari/604.1"
2a00:5400:e050:70e:eccc:564f:6118:5cf0 - - [28/May/2026:12:31:43 +0000] "GET /wp-content/uploads/2025/04/2BGC_0008-scaled-copy-300x300.webp HTTP/1.1" 200 16376 "https://autozone.com.sa/shop/page/2/?orderby=price" "Mozilla/5.0 (iPhone; CPU iPhone OS 26_3_1 like Mac OS X) AppleWebKit/605.1.15 (KHTML, like Gecko) GSA/420.4.909430193 Mobile/15E148 Safari/604.1"
103.215.126.100 - - [28/May/2026:12:31:44 +0000] "GET /en/car-type/mid-suv/ HTTP/1.1" 200 33477 "https://autozone.com.sa/en/our-fleet/" "Mozilla/5.0 (Windows NT 10.0; Win64; x64) AppleWebKit/537.36 (KHTML, like Gecko) Chrome/148.0.0.0 Safari/537.36"
103.215.126.100 - - [28/May/2026:12:31:47 +0000] "GET /wp-content/uploads/2025/07/BGC_5036-300x300.webp HTTP/1.1" 200 9535 "https://autozone.com.sa/en/car-type/mid-suv/" "Mozilla/5.0 (Windows NT 10.0; Win64; x64) AppleWebKit/537.36 (KHTML, like Gecko) Chrome/148.0.0.0 Safari/537.36"
103.215.126.100 - - [28/May/2026:12:31:47 +0000] "GET /wp-content/uploads/2025/04/BGC_2554-300x300.webp HTTP/1.1" 200 16459 "https://autozone.com.sa/en/car-type/mid-suv/" "Mozilla/5.0 (Windows NT 10.0; Win64; x64) AppleWebKit/537.36 (KHTML, like Gecko) Chrome/148.0.0.0 Safari/537.36"
103.215.126.100 - - [28/May/2026:12:31:47 +0000] "GET /wp-content/uploads/2025/02/haval-jolion-feature-300x300.webp HTTP/1.1" 200 18078 "https://autozone.com.sa/en/car-type/mid-suv/" "Mozilla/5.0 (Windows NT 10.0; Win64; x64) AppleWebKit/537.36 (KHTML, like Gecko) Chrome/148.0.0.0 Safari/537.36"
103.215.126.100 - - [28/May/2026:12:31:47 +0000] "GET /wp-content/uploads/2025/04/BGC_9911-300x300.jpg HTTP/1.1" 304 - "https://autozone.com.sa/en/car-type/mid-suv/" "Mozilla/5.0 (Windows NT 10.0; Win64; x64) AppleWebKit/537.36 (KHTML, like Gecko) Chrome/148.0.0.0 Safari/537.36"
2a00:5400:e050:70e:eccc:564f:6118:5cf0 - - [28/May/2026:12:31:45 +0000] "GET /shop/page/3/?orderby=price HTTP/1.1" 200 35183 "https://autozone.com.sa/shop/page/2/?orderby=price" "Mozilla/5.0 (iPhone; CPU iPhone OS 26_3_1 like Mac OS X) AppleWebKit/605.1.15 (KHTML, like Gecko) GSA/420.4.909430193 Mobile/15E148 Safari/604.1"
2a00:5400:e050:70e:eccc:564f:6118:5cf0 - - [28/May/2026:12:31:48 +0000] "GET /wp-content/uploads/2025/07/BGC_7118-300x300.webp HTTP/1.1" 200 8015 "https://autozone.com.sa/shop/page/3/?orderby=price" "Mozilla/5.0 (iPhone; CPU iPhone OS 26_3_1 like Mac OS X) AppleWebKit/605.1.15 (KHTML, like Gecko) GSA/420.4.909430193 Mobile/15E148 Safari/604.1"
2a00:5400:e050:70e:eccc:564f:6118:5cf0 - - [28/May/2026:12:31:48 +0000] "GET /wp-content/uploads/2025/07/BGC_7943-300x300.webp HTTP/1.1" 200 9615 "https://autozone.com.sa/shop/page/3/?orderby=price" "Mozilla/5.0 (iPhone; CPU iPhone OS 26_3_1 like Mac OS X) AppleWebKit/605.1.15 (KHTML, like Gecko) GSA/420.4.909430193 Mobile/15E148 Safari/604.1"
172.105.42.26 - - [28/May/2026:12:31:49 +0000] "POST /wp-cron.php?doing_wp_cron=1779971509.6939480304718017578125 HTTP/1.1" 200 20 "-" "WordPress/7.0; https://autozone.com.sa/en/"
103.215.126.100 - - [28/May/2026:12:31:48 +0000] "POST /en/?wc-ajax=get_refreshed_fragments HTTP/1.1" 200 862 "https://autozone.com.sa/en/car-type/mid-suv/" "Mozilla/5.0 (Windows NT 10.0; Win64; x64) AppleWebKit/537.36 (KHTML, like Gecko) Chrome/148.0.0.0 Safari/537.36"
103.215.126.100 - - [28/May/2026:12:31:49 +0000] "GET /wp-content/uploads/2025/02/hr-v-feature-300x300.webp HTTP/1.1" 200 10493 "https://autozone.com.sa/en/car-type/mid-suv/" "Mozilla/5.0 (Windows NT 10.0; Win64; x64) AppleWebKit/537.36 (KHTML, like Gecko) Chrome/148.0.0.0 Safari/537.36"
103.215.126.100 - - [28/May/2026:12:31:50 +0000] "GET /wp-content/uploads/al_opt_content/IMAGE/autozone.com.sa/wp-content/uploads/2026/04/02-300x300.webp.bv.webp?bv_host=autozone.com.sa HTTP/1.1" 200 13751 "https://autozone.com.sa/en/car-type/mid-suv/" "Mozilla/5.0 (Windows NT 10.0; Win64; x64) AppleWebKit/537.36 (KHTML, like Gecko) Chrome/148.0.0.0 Safari/537.36"
172.105.42.26 - - [28/May/2026:12:31:49 +0000] "POST /wp-cron.php?doing_wp_cron=1779971509.9374940395355224609375 HTTP/1.1" 200 20 "-" "WordPress/7.0; https://autozone.com.sa/en/"
103.215.126.100 - - [28/May/2026:12:31:48 +0000] "POST /en/wp-json/iawp/search HTTP/1.1" 200 36 "https://autozone.com.sa/en/car-type/mid-suv/" "Mozilla/5.0 (Windows NT 10.0; Win64; x64) AppleWebKit/537.36 (KHTML, like Gecko) Chrome/148.0.0.0 Safari/537.36"
2a00:5400:e050:70e:eccc:564f:6118:5cf0 - - [28/May/2026:12:31:50 +0000] "GET /wp-content/uploads/2025/07/BGC_7613-300x300.webp HTTP/1.1" 200 7521 "https://autozone.com.sa/shop/page/3/?orderby=price" "Mozilla/5.0 (iPhone; CPU iPhone OS 26_3_1 like Mac OS X) AppleWebKit/605.1.15 (KHTML, like Gecko) GSA/420.4.909430193 Mobile/15E148 Safari/604.1"
2a00:5400:e050:70e:eccc:564f:6118:5cf0 - - [28/May/2026:12:31:49 +0000] "POST /?wc-ajax=get_refreshed_fragments HTTP/1.1" 200 858 "https://autozone.com.sa/shop/page/3/?orderby=price" "Mozilla/5.0 (iPhone; CPU iPhone OS 26_3_1 like Mac OS X) AppleWebKit/605.1.15 (KHTML, like Gecko) GSA/420.4.909430193 Mobile/15E148 Safari/604.1"
2a00:5400:e050:70e:eccc:564f:6118:5cf0 - - [28/May/2026:12:31:51 +0000] "GET /wp-content/uploads/2025/07/BGC_5281-300x300.webp HTTP/1.1" 200 16125 "https://autozone.com.sa/shop/page/3/?orderby=price" "Mozilla/5.0 (iPhone; CPU iPhone OS 26_3_1 like Mac OS X) AppleWebKit/605.1.15 (KHTML, like Gecko) GSA/420.4.909430193 Mobile/15E148 Safari/604.1"
2a00:5400:e050:70e:eccc:564f:6118:5cf0 - - [28/May/2026:12:31:49 +0000] "POST /wp-json/iawp/search HTTP/1.1" 200 36 "https://autozone.com.sa/shop/page/3/?orderby=price" "Mozilla/5.0 (iPhone; CPU iPhone OS 26_3_1 like Mac OS X) AppleWebKit/605.1.15 (KHTML, like Gecko) GSA/420.4.909430193 Mobile/15E148 Safari/604.1"
103.215.126.100 - - [28/May/2026:12:31:52 +0000] "GET /wp-content/uploads/al_opt_content/IMAGE/autozone.com.sa/wp-content/uploads/2025/04/BGC_5923-300x300.jpg.bv.webp?bv_host=autozone.com.sa HTTP/1.1" 200 16767 "https://autozone.com.sa/en/car-type/mid-suv/" "Mozilla/5.0 (Windows NT 10.0; Win64; x64) AppleWebKit/537.36 (KHTML, like Gecko) Chrome/148.0.0.0 Safari/537.36"
103.215.126.100 - - [28/May/2026:12:31:52 +0000] "GET /wp-content/uploads/al_opt_content/IMAGE/autozone.com.sa/wp-content/uploads/2026/02/BGC_7090-copy-300x300.webp.bv.webp?bv_host=autozone.com.sa HTTP/1.1" 200 24723 "https://autozone.com.sa/en/car-type/mid-suv/" "Mozilla/5.0 (Windows NT 10.0; Win64; x64) AppleWebKit/537.36 (KHTML, like Gecko) Chrome/148.0.0.0 Safari/537.36"
172.105.42.26 - - [28/May/2026:12:32:01 +0000] "POST /wp-cron.php?doing_wp_cron=1779971521.6314609050750732421875 HTTP/1.1" 200 20 "-" "WordPress/7.0; https://autozone.com.sa"
2a00:5400:e050:70e:eccc:564f:6118:5cf0 - - [28/May/2026:12:31:59 +0000] "GET /shop/page/4/?orderby=price HTTP/1.1" 200 35113 "https://autozone.com.sa/shop/page/3/?orderby=price" "Mozilla/5.0 (iPhone; CPU iPhone OS 26_3_1 like Mac OS X) AppleWebKit/605.1.15 (KHTML, like Gecko) GSA/420.4.909430193 Mobile/15E148 Safari/604.1"
172.105.42.26 - - [28/May/2026:12:32:06 +0000] "POST /wp-cron.php?doing_wp_cron=1779971526.6583158969879150390625 HTTP/1.1" 200 20 "-" "WordPress/7.0; https://autozone.com.sa"
2a00:5400:e050:70e:eccc:564f:6118:5cf0 - - [28/May/2026:12:32:05 +0000] "POST /?wc-ajax=get_refreshed_fragments HTTP/1.1" 200 858 "https://autozone.com.sa/shop/page/4/?orderby=price" "Mozilla/5.0 (iPhone; CPU iPhone OS 26_3_1 like Mac OS X) AppleWebKit/605.1.15 (KHTML, like Gecko) GSA/420.4.909430193 Mobile/15E148 Safari/604.1"
2a00:5400:e050:70e:eccc:564f:6118:5cf0 - - [28/May/2026:12:32:05 +0000] "POST /wp-json/iawp/search HTTP/1.1" 200 36 "https://autozone.com.sa/shop/page/4/?orderby=price" "Mozilla/5.0 (iPhone; CPU iPhone OS 26_3_1 like Mac OS X) AppleWebKit/605.1.15 (KHTML, like Gecko) GSA/420.4.909430193 Mobile/15E148 Safari/604.1"
2a00:5400:e050:70e:eccc:564f:6118:5cf0 - - [28/May/2026:12:32:07 +0000] "GET /wp-content/uploads/2026/01/BGC_5738-copy-300x300.webp HTTP/1.1" 200 11601 "https://autozone.com.sa/shop/page/4/?orderby=price" "Mozilla/5.0 (iPhone; CPU iPhone OS 26_3_1 like Mac OS X) AppleWebKit/605.1.15 (KHTML, like Gecko) GSA/420.4.909430193 Mobile/15E148 Safari/604.1"
2a00:5400:e050:70e:eccc:564f:6118:5cf0 - - [28/May/2026:12:32:10 +0000] "GET /wp-content/uploads/al_opt_content/IMAGE/autozone.com.sa/wp-content/uploads/2026/01/03-300x300.webp?bv_host=autozone.com.sa&bv-resized-infos=bv_resized_mobile%3A300%2A300%3Bbv_resized_ipad%3A300%2A300%3Bbv_resized_desktop%3A300%2A300 HTTP/1.1" 200 12255 "https://autozone.com.sa/shop/page/4/?orderby=price" "Mozilla/5.0 (iPhone; CPU iPhone OS 26_3_1 like Mac OS X) AppleWebKit/605.1.15 (KHTML, like Gecko) GSA/420.4.909430193 Mobile/15E148 Safari/604.1"
2a03:2880:f802:15:: - - [28/May/2026:12:32:11 +0000] "GET /model/suzuki-carry-pickup-1-5l-rwd-petrol-m-t-s-c-2026/ HTTP/1.1" 200 32738 "-" "meta-externalagent/1.1 (+https://developers.facebook.com/docs/sharing/webmasters/crawler)"
78.46.190.63 - - [28/May/2026:12:32:17 +0000] "HEAD / HTTP/1.1" 200 - "https://autozone.com.sa/" "Mozilla/5.0+(compatible; UptimeRobot/2.0; http://www.uptimerobot.com/)"
2a02:c207:2331:3956::1 - - [28/May/2026:12:32:26 +0000] "GET /wp-content/uploads/2016/05/peugeot-3008-2017-7.jpg?5c9186 HTTP/1.1" 301 20 "-" "Mozilla/5.0 (Macintosh; Intel Mac OS X 10_15_7) AppleWebKit/605.1.15 (KHTML, like Gecko) Version/17.1 Safari/605.1.15"
2a02:c207:2331:3956::1 - - [28/May/2026:12:32:28 +0000] "GET /wp-content/uploads/2016/05/peugeot-3008-2017-7.jpg?5c9186 HTTP/1.1" 404 16949 "-" "Mozilla/5.0 (Macintosh; Intel Mac OS X 10_15_7) AppleWebKit/605.1.15 (KHTML, like Gecko) Version/17.1 Safari/605.1.15"
216.73.216.51 - - [28/May/2026:12:32:32 +0000] "GET /sitemap.xml HTTP/1.1" 301 20 "-" "Mozilla/5.0 AppleWebKit/537.36 (KHTML, like Gecko; compatible; ClaudeBot/1.0; +claudebot@anthropic.com)"
216.73.216.51 - - [28/May/2026:12:32:32 +0000] "GET /sitemap-1.xml HTTP/1.1" 404 16891 "-" "Mozilla/5.0 AppleWebKit/537.36 (KHTML, like Gecko; compatible; ClaudeBot/1.0; +claudebot@anthropic.com)"
216.73.216.51 - - [28/May/2026:12:32:34 +0000] "GET /wp-sitemap.xml HTTP/1.1" 200 278 "https://autozone.com.sa/sitemap.xml" "Mozilla/5.0 AppleWebKit/537.36 (KHTML, like Gecko; compatible; ClaudeBot/1.0; +claudebot@anthropic.com)"
198.244.242.128 - - [28/May/2026:12:32:59 +0000] "GET /sitemap-3.xml HTTP/1.1" 404 16893 "-" "Mozilla/5.0 (compatible; AhrefsBot/7.0; +http://ahrefs.com/robot/)"
172.105.42.26 - - [28/May/2026:12:33:03 +0000] "POST /wp-cron.php?doing_wp_cron=1779971583.1787049770355224609375 HTTP/1.1" 200 20 "-" "WordPress/7.0; https://autozone.com.sa"
2a02:c207:2331:5302::1 - - [28/May/2026:12:32:59 +0000] "GET /wp-content/uploads/2021/02/7-1.jpg HTTP/1.1" 404 16926 "-" "Mozilla/5.0 (Windows NT 10.0; Win64; x64) AppleWebKit/537.36 (KHTML, like Gecko) Chrome/120.0.0.0 Safari/537.36"
216.73.216.51 - - [28/May/2026:12:33:19 +0000] "GET /sitemap-2.xml HTTP/1.1" 404 16891 "-" "Mozilla/5.0 AppleWebKit/537.36 (KHTML, like Gecko; compatible; ClaudeBot/1.0; +claudebot@anthropic.com)"
157.55.39.16 - - [28/May/2026:12:33:21 +0000] "GET /wp-includes/IXR/class-IXR-message.php HTTP/1.1" 200 20 "-" "Mozilla/5.0 AppleWebKit/537.36 (KHTML, like Gecko; compatible; bingbot/2.0; +http://www.bing.com/bingbot.htm) Chrome/116.0.1938.76 Safari/537.36"
40.77.167.18 - - [28/May/2026:12:33:22 +0000] "GET /model/kia-k5-lx-d015-2-5l-fwd-petrol-at-2025/?9yudg2=gLVWnygKUF&method=ajax HTTP/1.1" 200 111 "-" "Mozilla/5.0 AppleWebKit/537.36 (KHTML, like Gecko; compatible; bingbot/2.0; +http://www.bing.com/bingbot.htm) Chrome/116.0.1938.76 Safari/537.36"
157.55.39.16 - - [28/May/2026:12:33:22 +0000] "GET /toyota-new/fortuner-1-798x466-2/ HTTP/1.1" 404 16919 "-" "Mozilla/5.0 AppleWebKit/537.36 (KHTML, like Gecko; compatible; bingbot/2.0; +http://www.bing.com/bingbot.htm) Chrome/116.0.1938.76 Safari/537.36"
40.77.167.18 - - [28/May/2026:12:33:26 +0000] "GET /?s=%E6%A8%A1%E6%8B%9F%E5%9F%8E%E5%B8%82+%E6%88%91%E6%98%AF%E5%B8%82%E9%95%BF%E5%A4%96%E6%8C%82%E7%89%88+ HTTP/1.1" 200 17247 "-" "Mozilla/5.0 AppleWebKit/537.36 (KHTML, like Gecko; compatible; bingbot/2.0; +http://www.bing.com/bingbot.htm) Chrome/116.0.1938.76 Safari/537.36"
172.105.42.26 - - [28/May/2026:12:33:44 +0000] "POST /wp-cron.php?doing_wp_cron=1779971624.6955211162567138671875 HTTP/1.1" 200 20 "-" "WordPress/7.0; https://autozone.com.sa"
17.246.19.80 - - [28/May/2026:12:33:43 +0000] "POST /?wc-ajax=get_refreshed_fragments HTTP/1.1" 200 858 "https://autozone.com.sa/end-of-year-2022-offer/07-s-offer-2/" "Mozilla/5.0 (Macintosh; Intel Mac OS X 10_15_7) AppleWebKit/605.1.15 (KHTML, like Gecko) Version/17.4 Safari/605.1.15 (Applebot/0.1; +http://www.apple.com/go/applebot)"
