37.106.144.158 - - [28/Mar/2026:13:01:26 +0000] "GET /wp-content/uploads/2025/07/BGC_6084-scaled.webp HTTP/1.1" 200 126985 "https://autozone.com.sa/product/jetour-x70-2025/" "Mozilla/5.0 (Windows NT 10.0; Win64; x64) AppleWebKit/537.36 (KHTML, like Gecko) Chrome/146.0.0.0 Safari/537.36"
37.106.144.158 - - [28/Mar/2026:13:01:26 +0000] "GET /wp-content/uploads/2025/07/BGC_6142-100x100.webp HTTP/1.1" 200 2069 "https://autozone.com.sa/product/jetour-x70-2025/" "Mozilla/5.0 (Windows NT 10.0; Win64; x64) AppleWebKit/537.36 (KHTML, like Gecko) Chrome/146.0.0.0 Safari/537.36"
37.106.144.158 - - [28/Mar/2026:13:01:26 +0000] "GET /wp-content/uploads/2025/07/BGC_6080-100x100.webp HTTP/1.1" 200 2009 "https://autozone.com.sa/product/jetour-x70-2025/" "Mozilla/5.0 (Windows NT 10.0; Win64; x64) AppleWebKit/537.36 (KHTML, like Gecko) Chrome/146.0.0.0 Safari/537.36"
37.106.144.158 - - [28/Mar/2026:13:01:26 +0000] "GET /wp-content/uploads/2025/07/BGC_6080-2048x1365.webp HTTP/1.1" 200 105669 "https://autozone.com.sa/product/jetour-x70-2025/" "Mozilla/5.0 (Windows NT 10.0; Win64; x64) AppleWebKit/537.36 (KHTML, like Gecko) Chrome/146.0.0.0 Safari/537.36"
37.106.144.158 - - [28/Mar/2026:13:01:26 +0000] "GET /wp-content/uploads/2025/07/BGC_6080-300x300.webp HTTP/1.1" 200 11475 "https://autozone.com.sa/product/jetour-x70-2025/" "Mozilla/5.0 (Windows NT 10.0; Win64; x64) AppleWebKit/537.36 (KHTML, like Gecko) Chrome/146.0.0.0 Safari/537.36"
37.106.144.158 - - [28/Mar/2026:13:01:26 +0000] "GET /wp-content/uploads/2025/07/BGC_6142-300x300.webp HTTP/1.1" 200 10905 "https://autozone.com.sa/product/jetour-x70-2025/" "Mozilla/5.0 (Windows NT 10.0; Win64; x64) AppleWebKit/537.36 (KHTML, like Gecko) Chrome/146.0.0.0 Safari/537.36"
66.249.75.109 - - [28/Mar/2026:13:01:28 +0000] "GET /item.php??13263400410 HTTP/1.1" 301 20 "-" "Mozilla/5.0 (Linux; Android 6.0.1; Nexus 5X Build/MMB29P) AppleWebKit/537.36 (KHTML, like Gecko) Chrome/146.0.7680.153 Mobile Safari/537.36 (compatible; Googlebot/2.1; +http://www.google.com/bot.html)"
66.249.75.109 - - [28/Mar/2026:13:01:30 +0000] "GET /?new-year-offer-2023/?utm_source=Facebook&utm_medium=Paid_Traffic&utm_campaign=NY_23_JAN_01&utm_id=AC_0011_02&nocache=1774194488&jet_blog_ajax=1 HTTP/1.1" 301 20 "-" "Mozilla/5.0 (Linux; Android 6.0.1; Nexus 5X Build/MMB29P) AppleWebKit/537.36 (KHTML, like Gecko) Chrome/146.0.7680.153 Mobile Safari/537.36 (compatible; Googlebot/2.1; +http://www.google.com/bot.html)"
66.249.75.109 - - [28/Mar/2026:13:01:32 +0000] "GET /item.php?13263400410 HTTP/1.1" 404 30919 "-" "Mozilla/5.0 (Linux; Android 6.0.1; Nexus 5X Build/MMB29P) AppleWebKit/537.36 (KHTML, like Gecko) Chrome/146.0.7680.153 Mobile Safari/537.36 (compatible; Googlebot/2.1; +http://www.google.com/bot.html)"
66.249.75.109 - - [28/Mar/2026:13:01:34 +0000] "GET /wp-content/uploads/2025/04/BGC_5738-100x100.webp HTTP/1.1" 200 3472 "-" "GoogleOther-Image/1.0"
37.106.144.158 - - [28/Mar/2026:13:01:37 +0000] "GET /wp-content/uploads/2025/04/BGC_6119-scaled.jpg HTTP/1.1" 200 311175 "https://autozone.com.sa/product/jetour-x70-2025/" "Mozilla/5.0 (Windows NT 10.0; Win64; x64) AppleWebKit/537.36 (KHTML, like Gecko) Chrome/146.0.0.0 Safari/537.36"
37.106.144.158 - - [28/Mar/2026:13:01:37 +0000] "GET /wp-content/uploads/2025/04/BGC_6128-scaled.jpg HTTP/1.1" 200 302914 "https://autozone.com.sa/product/jetour-x70-2025/" "Mozilla/5.0 (Windows NT 10.0; Win64; x64) AppleWebKit/537.36 (KHTML, like Gecko) Chrome/146.0.0.0 Safari/537.36"
37.106.144.158 - - [28/Mar/2026:13:01:37 +0000] "GET /wp-content/uploads/2025/04/BGC_6121-scaled.jpg HTTP/1.1" 200 325474 "https://autozone.com.sa/product/jetour-x70-2025/" "Mozilla/5.0 (Windows NT 10.0; Win64; x64) AppleWebKit/537.36 (KHTML, like Gecko) Chrome/146.0.0.0 Safari/537.36"
37.106.144.158 - - [28/Mar/2026:13:01:41 +0000] "GET /wp-content/uploads/2025/04/BGC_6129-scaled.jpg HTTP/1.1" 200 330136 "https://autozone.com.sa/product/jetour-x70-2025/" "Mozilla/5.0 (Windows NT 10.0; Win64; x64) AppleWebKit/537.36 (KHTML, like Gecko) Chrome/146.0.0.0 Safari/537.36"
172.105.42.26 - - [28/Mar/2026:13:01:43 +0000] "POST /wp-cron.php?doing_wp_cron=1774702903.4805879592895507812500 HTTP/1.1" 200 20 "-" "WordPress/6.9.4; https://autozone.com.sa"
66.249.75.109 - - [28/Mar/2026:13:01:39 +0000] "GET /?new-year-offer-2023%2F%3Futm_source=Facebook&utm_medium=Paid_Traffic&utm_campaign=NY_23_JAN_01&utm_id=AC_0011_02&nocache=1774194488&jet_blog_ajax=1 HTTP/1.1" 200 164127 "-" "Mozilla/5.0 (Linux; Android 6.0.1; Nexus 5X Build/MMB29P) AppleWebKit/537.36 (KHTML, like Gecko) Chrome/146.0.7680.153 Mobile Safari/537.36 (compatible; Googlebot/2.1; +http://www.google.com/bot.html)"
74.7.241.33 - - [28/Mar/2026:13:01:53 +0000] "GET /wp-content/uploads/cache/wpml/twig/3b/3b64bae642a1aad834561a17143cac388fa0098b3b821c673e2c7cb3f7edd923.php HTTP/1.1" 500 20 "https://autozone.com.sa/wp-content/uploads/cache/wpml/twig/3b/" "Mozilla/5.0 AppleWebKit/537.36 (KHTML, like Gecko; compatible; GPTBot/1.3; +https://openai.com/gptbot)"
172.105.42.26 - - [28/Mar/2026:13:02:24 +0000] "POST /wp-cron.php?doing_wp_cron=1774702944.1073720455169677734375 HTTP/1.1" 200 20 "-" "WordPress/6.9.4; https://autozone.com.sa"
37.106.144.158 - - [28/Mar/2026:13:02:21 +0000] "GET /financial-calculator/ HTTP/1.1" 200 117121 "https://accessories.autozone.com.sa/" "Mozilla/5.0 (Windows NT 10.0; Win64; x64) AppleWebKit/537.36 (KHTML, like Gecko) Chrome/146.0.0.0 Safari/537.36"
37.106.144.158 - - [28/Mar/2026:13:02:24 +0000] "GET /wp-content/plugins/fluentform/assets/css/fluentform-public-default-rtl.css?ver=6.1.19 HTTP/1.1" 200 1206 "https://autozone.com.sa/financial-calculator/" "Mozilla/5.0 (Windows NT 10.0; Win64; x64) AppleWebKit/537.36 (KHTML, like Gecko) Chrome/146.0.0.0 Safari/537.36"
37.106.144.158 - - [28/Mar/2026:13:02:24 +0000] "GET /wp-content/plugins/fluentformpro/public/libs/intl-tel-input/css/intlTelInput-rtl.min.css?ver=24.2.0 HTTP/1.1" 200 2970 "https://autozone.com.sa/financial-calculator/" "Mozilla/5.0 (Windows NT 10.0; Win64; x64) AppleWebKit/537.36 (KHTML, like Gecko) Chrome/146.0.0.0 Safari/537.36"
37.106.144.158 - - [28/Mar/2026:13:02:24 +0000] "GET /wp-content/uploads/elementor/css/post-1123.css?ver=1774682622 HTTP/1.1" 200 1682 "https://autozone.com.sa/financial-calculator/" "Mozilla/5.0 (Windows NT 10.0; Win64; x64) AppleWebKit/537.36 (KHTML, like Gecko) Chrome/146.0.0.0 Safari/537.36"
37.106.144.158 - - [28/Mar/2026:13:02:24 +0000] "GET /wp-content/plugins/fluentform/assets/css/fluent-forms-public-rtl.css?ver=6.1.19 HTTP/1.1" 200 5870 "https://autozone.com.sa/financial-calculator/" "Mozilla/5.0 (Windows NT 10.0; Win64; x64) AppleWebKit/537.36 (KHTML, like Gecko) Chrome/146.0.0.0 Safari/537.36"
47.82.11.242 - - [28/Mar/2026:13:02:23 +0000] "GET /?shopdetail/37930177 HTTP/1.1" 301 20 "https://autozone.com.sa/" "Mozilla/5.0 (Windows NT 10.0; Win64; x64) AppleWebKit/537.36 (KHTML, like Gecko) Chrome/135.0.0.0 Safari/537.36 Edg/135.0.0.0"
37.106.144.158 - - [28/Mar/2026:13:02:25 +0000] "GET /wp-content/uploads/2024/12/az-new-logo-bg-2.jpg HTTP/1.1" 304 - "https://autozone.com.sa/wp-content/uploads/elementor/css/post-1123.css?ver=1774682622" "Mozilla/5.0 (Windows NT 10.0; Win64; x64) AppleWebKit/537.36 (KHTML, like Gecko) Chrome/146.0.0.0 Safari/537.36"
37.106.144.158 - - [28/Mar/2026:13:02:25 +0000] "GET /wp-content/plugins/fluentform/assets/js/form-submission.js?ver=6.1.19 HTTP/1.1" 200 8505 "-" "Mozilla/5.0 (Windows NT 10.0; Win64; x64) AppleWebKit/537.36 (KHTML, like Gecko) Chrome/146.0.0.0 Safari/537.36"
37.106.144.158 - - [28/Mar/2026:13:02:25 +0000] "GET /wp-content/plugins/fluentformpro/public/libs/math-expression.min.js?ver=1.2.17 HTTP/1.1" 200 4172 "-" "Mozilla/5.0 (Windows NT 10.0; Win64; x64) AppleWebKit/537.36 (KHTML, like Gecko) Chrome/146.0.0.0 Safari/537.36"
37.106.144.158 - - [28/Mar/2026:13:02:25 +0000] "GET /wp-content/plugins/fluentformpro/public/libs/intl-tel-input/js/intlTelInputWithUtils.min.js?ver=25.5.2 HTTP/1.1" 200 72088 "-" "Mozilla/5.0 (Windows NT 10.0; Win64; x64) AppleWebKit/537.36 (KHTML, like Gecko) Chrome/146.0.0.0 Safari/537.36"
37.106.144.158 - - [28/Mar/2026:13:02:25 +0000] "GET /wp-content/plugins/fluentform/assets/js/fluentform-advanced.js?ver=6.1.19 HTTP/1.1" 200 14489 "-" "Mozilla/5.0 (Windows NT 10.0; Win64; x64) AppleWebKit/537.36 (KHTML, like Gecko) Chrome/146.0.0.0 Safari/537.36"
37.106.144.158 - - [28/Mar/2026:13:02:26 +0000] "GET /wp-content/plugins/fluentformpro/public/libs/intl-tel-input/img/flags.webp HTTP/1.1" 200 28209 "https://autozone.com.sa/wp-content/plugins/fluentformpro/public/libs/intl-tel-input/css/intlTelInput-rtl.min.css?ver=24.2.0" "Mozilla/5.0 (Windows NT 10.0; Win64; x64) AppleWebKit/537.36 (KHTML, like Gecko) Chrome/146.0.0.0 Safari/537.36"
47.82.11.242 - - [28/Mar/2026:13:02:24 +0000] "GET /?shopdetail/37930177 HTTP/1.1" 301 20 "https://autozone.com.sa/" "Mozilla/5.0 (Windows NT 10.0; Win64; x64) AppleWebKit/537.36 (KHTML, like Gecko) Chrome/135.0.0.0 Safari/537.36 Edg/135.0.0.0"
37.106.144.158 - - [28/Mar/2026:13:02:26 +0000] "POST /?wc-ajax=get_refreshed_fragments HTTP/1.1" 200 999 "https://autozone.com.sa/financial-calculator/" "Mozilla/5.0 (Windows NT 10.0; Win64; x64) AppleWebKit/537.36 (KHTML, like Gecko) Chrome/146.0.0.0 Safari/537.36"
37.106.144.158 - - [28/Mar/2026:13:02:25 +0000] "POST /wp-json/iawp/search HTTP/1.1" 200 36 "https://autozone.com.sa/financial-calculator/" "Mozilla/5.0 (Windows NT 10.0; Win64; x64) AppleWebKit/537.36 (KHTML, like Gecko) Chrome/146.0.0.0 Safari/537.36"
47.82.11.226 - - [28/Mar/2026:13:02:33 +0000] "GET /?shopdetail/16058706 HTTP/1.1" 301 20 "https://autozone.com.sa/" "Mozilla/5.0 (Macintosh; Intel Mac OS X 10_15_7) AppleWebKit/537.36 (KHTML, like Gecko) Chrome/134.0.0.0 Safari/537.36"
47.82.11.226 - - [28/Mar/2026:13:02:34 +0000] "GET /?shopdetail/16058706 HTTP/1.1" 301 20 "https://autozone.com.sa/" "Mozilla/5.0 (Macintosh; Intel Mac OS X 10_15_7) AppleWebKit/537.36 (KHTML, like Gecko) Chrome/134.0.0.0 Safari/537.36"
2001:4860:7:1528::fa - - [28/Mar/2026:13:02:34 +0000] "GET / HTTP/1.1" 200 163873 "https://www.google.com/" "Mozilla/5.0 (Windows NT 10.0; Win64; x64) AppleWebKit/537.36 (KHTML, like Gecko) Chrome/146.0.0.0 Safari/537.36"
74.7.241.33 - - [28/Mar/2026:13:02:58 +0000] "GET /wp-content/uploads/cache/wpml/twig/08/08c32ae4beba1778ca0ebae3137f1195cef3a908d42a90ab6a1a2e85649a3b00.php HTTP/1.1" 500 20 "https://autozone.com.sa/wp-content/uploads/cache/wpml/twig/08/" "Mozilla/5.0 AppleWebKit/537.36 (KHTML, like Gecko; compatible; GPTBot/1.3; +https://openai.com/gptbot)"
172.105.42.26 - - [28/Mar/2026:13:03:18 +0000] "POST /wp-cron.php?doing_wp_cron=1774702998.7976880073547363281250 HTTP/1.1" 200 20 "-" "WordPress/6.9.4; https://autozone.com.sa"
94.23.188.217 - - [28/Mar/2026:13:03:16 +0000] "GET /sitemap-2.xml HTTP/1.1" 404 30898 "-" "Mozilla/5.0 (compatible; AhrefsBot/7.0; +http://ahrefs.com/robot/)"
74.7.241.33 - - [28/Mar/2026:13:04:01 +0000] "GET /wp-content/uploads/cache/wpml/twig/e6/e609f65b37fd328006fdde3c3d5c1fc209ff0d19ab1670a41556b36eb17a327e.php HTTP/1.1" 500 20 "https://autozone.com.sa/wp-content/uploads/cache/wpml/twig/e6/" "Mozilla/5.0 AppleWebKit/537.36 (KHTML, like Gecko; compatible; GPTBot/1.3; +https://openai.com/gptbot)"
172.105.42.26 - - [28/Mar/2026:13:04:01 +0000] "POST /wp-cron.php?doing_wp_cron=1774703041.6210711002349853515625 HTTP/1.1" 200 20 "-" "WordPress/6.9.4; https://autozone.com.sa/en/"
103.89.14.11 - - [28/Mar/2026:13:03:59 +0000] "GET /en/careers HTTP/1.1" 404 28952 "-" "Mozilla/5.0 (Windows NT 6.1; Win64; x64) AppleWebKit/537.36 (KHTML, like Gecko) Chrome/106.0.0.0 Safari/537.36"
103.89.14.11 - - [28/Mar/2026:13:03:59 +0000] "GET /en/mg-vehicles HTTP/1.1" 404 28952 "-" "Mozilla/5.0 (Windows NT 6.1; Win64; x64) AppleWebKit/537.36 (KHTML, like Gecko) Chrome/106.0.0.0 Safari/537.36"
172.105.42.26 - - [28/Mar/2026:13:04:27 +0000] "POST /wp-cron.php?doing_wp_cron=1774703067.1661269664764404296875 HTTP/1.1" 200 20 "-" "WordPress/6.9.4; https://autozone.com.sa"
40.77.167.56 - - [28/Mar/2026:13:04:26 +0000] "GET /?shopdetail/25270994 HTTP/1.1" 301 20 "-" "Mozilla/5.0 AppleWebKit/537.36 (KHTML, like Gecko; compatible; bingbot/2.0; +http://www.bing.com/bingbot.htm) Chrome/116.0.1938.76 Safari/537.36"
88.99.80.227 - - [28/Mar/2026:13:04:35 +0000] "HEAD / HTTP/1.1" 200 - "https://autozone.com.sa/" "Mozilla/5.0+(compatible; UptimeRobot/2.0; http://www.uptimerobot.com/)"
172.105.42.26 - - [28/Mar/2026:13:05:02 +0000] "POST /wp-cron.php?doing_wp_cron=1774703102.7485110759735107421875 HTTP/1.1" 200 20 "-" "WordPress/6.9.4; https://autozone.com.sa"
39.49.67.10 - - [28/Mar/2026:13:05:00 +0000] "GET /listings/hyundai-accent-2020-std-1-4-l/accent-01-min/ HTTP/1.1" 404 30944 "-" "Mozilla/5.0 (Windows NT 10.0; Win64; x64) AppleWebKit/537.36 (KHTML, like Gecko) Chrome/126.0.6478.55 Safari/537.36"
74.7.241.33 - - [28/Mar/2026:13:05:02 +0000] "GET /wp-content/uploads/cache/wpml/twig/03/03b2504aff454bbdb88c39aa205b23808ce67ce41a08b14dd7bcff65b2b6a162.php HTTP/1.1" 500 20 "https://autozone.com.sa/wp-content/uploads/cache/wpml/twig/03/" "Mozilla/5.0 AppleWebKit/537.36 (KHTML, like Gecko; compatible; GPTBot/1.3; +https://openai.com/gptbot)"
103.89.14.11 - - [28/Mar/2026:13:05:32 +0000] "GET /en/mg-vehicles HTTP/1.1" 404 28951 "-" "Mozilla/5.0 (Windows NT 6.1; Win64; x64) AppleWebKit/537.36 (KHTML, like Gecko) Chrome/106.0.0.0 Safari/537.36"
172.105.42.26 - - [28/Mar/2026:13:05:34 +0000] "POST /wp-cron.php?doing_wp_cron=1774703134.7102780342102050781250 HTTP/1.1" 200 20 "-" "WordPress/6.9.4; https://autozone.com.sa/en/"
103.89.14.11 - - [28/Mar/2026:13:05:32 +0000] "GET /en/careers HTTP/1.1" 404 28948 "-" "Mozilla/5.0 (Windows NT 6.1; Win64; x64) AppleWebKit/537.36 (KHTML, like Gecko) Chrome/106.0.0.0 Safari/537.36"
47.82.11.199 - - [28/Mar/2026:13:05:48 +0000] "GET /?shopdetail/15142251 HTTP/1.1" 301 20 "https://autozone.com.sa/" "Mozilla/5.0 (Windows NT 10.0; Win64; x64) AppleWebKit/537.36 (KHTML, like Gecko) Chrome/135.0.0.0 Safari/537.36"
47.82.11.199 - - [28/Mar/2026:13:05:49 +0000] "GET /?shopdetail/15142251 HTTP/1.1" 301 20 "https://autozone.com.sa/" "Mozilla/5.0 (Windows NT 10.0; Win64; x64) AppleWebKit/537.36 (KHTML, like Gecko) Chrome/135.0.0.0 Safari/537.36"
185.2.31.101 - - [28/Mar/2026:13:05:51 +0000] "GET /wp-login.php HTTP/1.1" 403 1091 "-" "Mozilla/5.0 (Windows NT 6.1; WOW64; Trident/7.0; studenthousing.com; rv:11.0) like Gecko"
185.2.31.101 - - [28/Mar/2026:13:05:52 +0000] "POST /wp-login.php HTTP/1.1" 403 1091 "https://autozone.com.sa/wp-login.php" "Mozilla/5.0 (Windows NT 6.1; WOW64; Trident/7.0; studenthousing.com; rv:11.0) like Gecko"
74.7.241.33 - - [28/Mar/2026:13:06:08 +0000] "GET /wp-content/uploads/cache/wpml/twig/ae/ae7429f388c4719649a276fa7f796186bbefb3ece3d3ef4439899befef1ddf00.php HTTP/1.1" 500 20 "https://autozone.com.sa/wp-content/uploads/cache/wpml/twig/ae/" "Mozilla/5.0 AppleWebKit/537.36 (KHTML, like Gecko; compatible; GPTBot/1.3; +https://openai.com/gptbot)"
47.82.10.6 - - [28/Mar/2026:13:06:08 +0000] "GET /?shopdetail/72085290 HTTP/1.1" 301 20 "https://autozone.com.sa/" "Mozilla/5.0 (Macintosh; Intel Mac OS X 10.13; rv:109.0) Gecko/20100101 Firefox/115.0"
47.82.10.6 - - [28/Mar/2026:13:06:09 +0000] "GET /?shopdetail/72085290 HTTP/1.1" 301 20 "https://autozone.com.sa/" "Mozilla/5.0 (Macintosh; Intel Mac OS X 10.13; rv:109.0) Gecko/20100101 Firefox/115.0"
2a02:c207:3018:3349::1 - - [28/Mar/2026:13:06:39 +0000] "GET /robots.txt HTTP/1.1" 200 104 "-" "Mozilla/5.0 (compatible; MJ12bot/v1.4.8; http://mj12bot.com/)"
172.105.42.26 - - [28/Mar/2026:13:06:43 +0000] "POST /wp-cron.php?doing_wp_cron=1774703203.3150808811187744140625 HTTP/1.1" 200 20 "-" "WordPress/6.9.4; https://autozone.com.sa"
2a02:c207:3018:3349::1 - - [28/Mar/2026:13:06:41 +0000] "GET /ar/car-type/%D8%A7%D8%B3-%D9%8A%D9%88-%D9%81%D9%8A-%D9%85%D8%AA%D9%88%D8%B3%D8%B7/ HTTP/1.1" 404 30957 "-" "Mozilla/5.0 (compatible; MJ12bot/v1.4.8; http://mj12bot.com/)"
2a02:c207:3018:3349::1 - - [28/Mar/2026:13:06:45 +0000] "GET /ar/car-type/%D8%B3%D9%8A%D8%AF%D8%A7%D9%86-%D8%B5%D8%BA%D9%8A%D8%B1/ HTTP/1.1" 404 30954 "-" "Mozilla/5.0 (compatible; MJ12bot/v1.4.8; http://mj12bot.com/)"
2a02:c207:3018:3349::1 - - [28/Mar/2026:13:06:49 +0000] "GET /ar/car-type/%D8%B3%D9%8A%D8%AF%D8%A7%D9%86-%D9%85%D8%AA%D9%88%D8%B3%D8%B7/ HTTP/1.1" 404 30956 "-" "Mozilla/5.0 (compatible; MJ12bot/v1.4.8; http://mj12bot.com/)"
2a02:c207:3018:3349::1 - - [28/Mar/2026:13:06:53 +0000] "GET /ar/%D8%A7%D9%84%D9%85%D8%A7%D8%B1%D9%83%D8%A9/%D8%AC%D9%8A%D9%84%D9%8A/ HTTP/1.1" 404 30950 "-" "Mozilla/5.0 (compatible; MJ12bot/v1.4.8; http://mj12bot.com/)"
2a02:c207:3018:3349::1 - - [28/Mar/2026:13:06:57 +0000] "GET /ar/%D8%A7%D9%84%D9%85%D8%A7%D8%B1%D9%83%D8%A9/%D8%B4%D8%A7%D9%86%D8%AC%D8%A7%D9%86/ HTTP/1.1" 404 30958 "-" "Mozilla/5.0 (compatible; MJ12bot/v1.4.8; http://mj12bot.com/)"
47.82.11.180 - - [28/Mar/2026:13:07:02 +0000] "GET /?shopdetail/26130713 HTTP/1.1" 301 20 "https://autozone.com.sa/" "Mozilla/5.0 (Macintosh; Intel Mac OS X 10_15_7) AppleWebKit/605.1.15 (KHTML, like Gecko) Version/16.4 Safari/605.1.15"
47.82.11.180 - - [28/Mar/2026:13:07:03 +0000] "GET /?shopdetail/26130713 HTTP/1.1" 301 20 "https://autozone.com.sa/" "Mozilla/5.0 (Macintosh; Intel Mac OS X 10_15_7) AppleWebKit/605.1.15 (KHTML, like Gecko) Version/16.4 Safari/605.1.15"
2a02:c207:3018:3349::1 - - [28/Mar/2026:13:07:03 +0000] "GET /ar/%D8%A7%D9%84%D9%85%D8%A7%D8%B1%D9%83%D8%A9/%D8%B4%D9%8A%D8%B1%D9%8A/ HTTP/1.1" 404 30949 "-" "Mozilla/5.0 (compatible; MJ12bot/v1.4.8; http://mj12bot.com/)"
2a02:c207:3018:3349::1 - - [28/Mar/2026:13:07:08 +0000] "GET /ar/%D8%A7%D9%84%D9%85%D8%A7%D8%B1%D9%83%D8%A9/%D9%81%D9%88%D8%B1%D8%AF/ HTTP/1.1" 404 30952 "-" "Mozilla/5.0 (compatible; MJ12bot/v1.4.8; http://mj12bot.com/)"
2a02:c207:3018:3349::1 - - [28/Mar/2026:13:07:12 +0000] "GET /ar/%D8%A7%D9%84%D9%85%D8%A7%D8%B1%D9%83%D8%A9/%D9%83%D9%8A%D8%A7/ HTTP/1.1" 404 30949 "-" "Mozilla/5.0 (compatible; MJ12bot/v1.4.8; http://mj12bot.com/)"
2a02:c207:3018:3349::1 - - [28/Mar/2026:13:07:16 +0000] "GET /ar/%D8%A7%D9%84%D9%85%D8%A7%D8%B1%D9%83%D8%A9/%D9%86%D9%8A%D8%B3%D8%A7%D9%86/ HTTP/1.1" 404 30954 "-" "Mozilla/5.0 (compatible; MJ12bot/v1.4.8; http://mj12bot.com/)"
172.105.42.26 - - [28/Mar/2026:13:07:22 +0000] "POST /wp-cron.php?doing_wp_cron=1774703242.8619439601898193359375 HTTP/1.1" 200 20 "-" "WordPress/6.9.4; https://autozone.com.sa"
2a02:c207:3018:3349::1 - - [28/Mar/2026:13:07:20 +0000] "GET /ar/%D8%A7%D9%84%D9%85%D8%A7%D8%B1%D9%83%D8%A9/%D9%87%D9%88%D9%86%D8%AF%D8%A7/ HTTP/1.1" 404 30955 "-" "Mozilla/5.0 (compatible; MJ12bot/v1.4.8; http://mj12bot.com/)"
2a02:c207:3018:3349::1 - - [28/Mar/2026:13:07:24 +0000] "GET /car-type/%D8%A7%D8%B3-%D9%8A%D9%88-%D9%81%D9%89-%D9%83%D8%A8%D9%8A%D8%B1/feed/ HTTP/1.1" 200 1686 "-" "Mozilla/5.0 (compatible; MJ12bot/v1.4.8; http://mj12bot.com/)"
2a02:c207:3018:3349::1 - - [28/Mar/2026:13:07:27 +0000] "GET /car-type/%D8%A7%D8%B3-%D9%8A%D9%88-%D9%81%D9%89-%D9%83%D8%A8%D9%8A%D8%B1/ HTTP/1.1" 200 67898 "-" "Mozilla/5.0 (compatible; MJ12bot/v1.4.8; http://mj12bot.com/)"
103.89.14.11 - - [28/Mar/2026:13:07:32 +0000] "GET /en/careers HTTP/1.1" 404 28951 "-" "Mozilla/5.0 (Windows NT 6.1; Win64; x64) AppleWebKit/537.36 (KHTML, like Gecko) Chrome/106.0.0.0 Safari/537.36"
103.89.14.11 - - [28/Mar/2026:13:07:32 +0000] "GET /en/mg-vehicles HTTP/1.1" 404 28953 "-" "Mozilla/5.0 (Windows NT 6.1; Win64; x64) AppleWebKit/537.36 (KHTML, like Gecko) Chrome/106.0.0.0 Safari/537.36"
2a02:c207:3018:3349::1 - - [28/Mar/2026:13:07:33 +0000] "GET /product/%D8%AC%D9%8A%D8%AA%D9%88%D8%B1-%D8%A7%D9%83%D8%B3-70-%D8%A8%D9%84%D8%B3-%D9%83%D9%88%D9%85%D9%81%D9%88%D8%B1%D8%AA-2025-%D9%86%D8%B3%D8%AE%D8%A9/feed/ HTTP/1.1" 200 602 "-" "Mozilla/5.0 (compatible; MJ12bot/v1.4.8; http://mj12bot.com/)"
2a02:c207:3018:3349::1 - - [28/Mar/2026:13:07:36 +0000] "GET /product/%D8%AC%D9%8A%D8%AA%D9%88%D8%B1-%D8%AA%D9%8A-%D8%AA%D9%88-%D9%84%D9%83%D8%AC%D8%B1%D9%8A-2025-%D9%86%D8%B3%D8%AE%D8%A9/feed/ HTTP/1.1" 200 580 "-" "Mozilla/5.0 (compatible; MJ12bot/v1.4.8; http://mj12bot.com/)"
2a02:c207:3018:3349::1 - - [28/Mar/2026:13:07:39 +0000] "GET /product/%D8%B4%D8%A7%D9%86%D8%AC%D8%A7%D9%86-%D8%A7%D9%8A%D8%AF%D9%88-%D8%A8%D9%84%D8%B3-%D9%84%D9%8A%D9%85%D9%8A%D8%AA%D9%8A%D8%AF-2026-%D9%86%D8%B3%D8%AE%D8%A9/ HTTP/1.1" 200 130571 "-" "Mozilla/5.0 (compatible; MJ12bot/v1.4.8; http://mj12bot.com/)"
2a02:c207:3018:3349::1 - - [28/Mar/2026:13:07:44 +0000] "GET /product/%D9%81%D9%88%D8%B1%D8%AF-%D8%AA%D9%88%D8%B1%D8%B3-%D8%AA%D9%8A%D8%AA%D8%A7%D9%86%D9%8A%D9%88%D9%85-2025-%D9%86%D8%B3%D8%AE%D8%A9/ HTTP/1.1" 200 70651 "-" "Mozilla/5.0 (compatible; MJ12bot/v1.4.8; http://mj12bot.com/)"
172.105.42.26 - - [28/Mar/2026:13:07:48 +0000] "POST /wp-cron.php?doing_wp_cron=1774703268.1559770107269287109375 HTTP/1.1" 200 20 "-" "WordPress/6.9.4; https://autozone.com.sa"
52.167.144.206 - - [28/Mar/2026:13:07:47 +0000] "GET /shopdetail/81999588 HTTP/1.1" 301 20 "-" "Mozilla/5.0 AppleWebKit/537.36 (KHTML, like Gecko; compatible; bingbot/2.0; +http://www.bing.com/bingbot.htm) Chrome/116.0.1938.76 Safari/537.36"
2a02:c207:3018:3349::1 - - [28/Mar/2026:13:07:49 +0000] "GET /product/%D8%AC%D9%8A%D8%AA%D9%88%D8%B1-%D8%A7%D9%83%D8%B3-70-%D8%A8%D9%84%D8%B3-%D9%83%D9%88%D9%85%D9%81%D9%88%D8%B1%D8%AA-2025-%D9%86%D8%B3%D8%AE%D8%A9/ HTTP/1.1" 200 132087 "-" "Mozilla/5.0 (compatible; MJ12bot/v1.4.8; http://mj12bot.com/)"
2a02:c207:3018:3349::1 - - [28/Mar/2026:13:07:55 +0000] "GET /product/%D8%AC%D9%8A%D8%AA%D9%88%D8%B1-%D8%AA%D9%8A-%D8%AA%D9%88-%D9%84%D9%83%D8%AC%D8%B1%D9%8A-2025-%D9%86%D8%B3%D8%AE%D8%A9/ HTTP/1.1" 200 132400 "-" "Mozilla/5.0 (compatible; MJ12bot/v1.4.8; http://mj12bot.com/)"
74.7.241.33 - - [28/Mar/2026:13:08:11 +0000] "GET /wp-content/uploads/cache/wpml/twig/a4/a4be31d38286016ca973fa2261e6b67a5e35716b45e3e60d80e1cd03cdb2d9dd.php HTTP/1.1" 500 20 "https://autozone.com.sa/wp-content/uploads/cache/wpml/twig/a4/" "Mozilla/5.0 AppleWebKit/537.36 (KHTML, like Gecko; compatible; GPTBot/1.3; +https://openai.com/gptbot)"
74.7.241.33 - - [28/Mar/2026:13:09:16 +0000] "GET /wp-content/uploads/cache/wpml/twig/b7/b731ff4ebdfe9700d284de4bb82d53d3994d10c3bea31763cb52ab0d2bb446e2.php HTTP/1.1" 500 20 "https://autozone.com.sa/wp-content/uploads/cache/wpml/twig/b7/" "Mozilla/5.0 AppleWebKit/537.36 (KHTML, like Gecko; compatible; GPTBot/1.3; +https://openai.com/gptbot)"
172.105.42.26 - - [28/Mar/2026:13:09:40 +0000] "POST /wp-cron.php?doing_wp_cron=1774703380.8467700481414794921875 HTTP/1.1" 200 20 "-" "WordPress/6.9.4; https://autozone.com.sa"
78.47.173.76 - - [28/Mar/2026:13:09:39 +0000] "HEAD / HTTP/1.1" 200 - "https://autozone.com.sa/" "Mozilla/5.0+(compatible; UptimeRobot/2.0; http://www.uptimerobot.com/)"
74.7.241.33 - - [28/Mar/2026:13:10:19 +0000] "GET /wp-content/uploads/cache/wpml/twig/89/8995ee733658bb2acfb527dbf17da1616a90c483a8e5afe281c15afbee459a0f.php HTTP/1.1" 500 20 "https://autozone.com.sa/wp-content/uploads/cache/wpml/twig/89/" "Mozilla/5.0 AppleWebKit/537.36 (KHTML, like Gecko; compatible; GPTBot/1.3; +https://openai.com/gptbot)"
172.105.42.26 - - [28/Mar/2026:13:10:28 +0000] "POST /wp-cron.php?doing_wp_cron=1774703428.6513540744781494140625 HTTP/1.1" 200 20 "-" "WordPress/6.9.4; https://autozone.com.sa"
47.82.11.19 - - [28/Mar/2026:13:10:27 +0000] "GET /?shopdetail/63190314 HTTP/1.1" 301 20 "https://autozone.com.sa/" "Mozilla/5.0 (Macintosh; Intel Mac OS X 10_15_7) AppleWebKit/537.36 (KHTML, like Gecko) Chrome/134.0.0.0 Safari/537.36"
47.82.11.19 - - [28/Mar/2026:13:10:28 +0000] "GET /?shopdetail/63190314 HTTP/1.1" 301 20 "https://autozone.com.sa/" "Mozilla/5.0 (Macintosh; Intel Mac OS X 10_15_7) AppleWebKit/537.36 (KHTML, like Gecko) Chrome/134.0.0.0 Safari/537.36"
5.161.201.188 - - [28/Mar/2026:13:10:44 +0000] "POST /wp-load.php?ef91a0=40779 HTTP/1.1" 200 192977 "-" "BlogVault/1.0 (+https://blogvault.net)"
45.89.60.68 - - [28/Mar/2026:13:10:46 +0000] "GET /txets.php HTTP/1.1" 403 6635 "www.google.com" "Mozlila/5.0 (Linux; Android 7.0; SM-G892A Bulid/NRD90M; wv) AppleWebKit/537.36 (KHTML, like Gecko) Version/4.0 Chrome/60.0.3112.107 Moblie Safari/537.36"
45.89.60.68 - - [28/Mar/2026:13:10:47 +0000] "GET /wp-content/txets.php HTTP/1.1" 403 6634 "www.google.com" "Mozlila/5.0 (Linux; Android 7.0; SM-G892A Bulid/NRD90M; wv) AppleWebKit/537.36 (KHTML, like Gecko) Version/4.0 Chrome/60.0.3112.107 Moblie Safari/537.36"
172.105.42.26 - - [28/Mar/2026:13:10:47 +0000] "POST /wp-cron.php?doing_wp_cron=1774703447.1989510059356689453125 HTTP/1.1" 200 20 "-" "WordPress/6.9.4; https://autozone.com.sa"
172.105.42.26 - - [28/Mar/2026:13:10:46 +0000] "POST /?wordfence_syncAttackData=1774703446.6315 HTTP/1.1" 200 20 "-" "WordPress/6.9.4; https://autozone.com.sa"
5.161.106.94 - - [28/Mar/2026:13:10:55 +0000] "POST /wp-load.php?116316=95890 HTTP/1.1" 200 4367 "https://autozone.com.sa/" "BlogVault/1.0 (+https://blogvault.net)"
172.105.42.26 - - [28/Mar/2026:13:11:07 +0000] "POST /?wordfence_syncAttackData=1774703467.7201 HTTP/1.1" 200 20 "-" "WordPress/6.9.4; https://autozone.com.sa"
47.82.11.218 - - [28/Mar/2026:13:11:07 +0000] "GET /?shopdetail/37132957 HTTP/1.1" 301 20 "https://autozone.com.sa/" "Mozilla/5.0 (Windows NT 10.0; Win64; x64) AppleWebKit/537.36 (KHTML, like Gecko) Chrome/135.0.0.0 Safari/537.36"
47.82.11.218 - - [28/Mar/2026:13:11:09 +0000] "GET /?shopdetail/37132957 HTTP/1.1" 301 20 "https://autozone.com.sa/" "Mozilla/5.0 (Windows NT 10.0; Win64; x64) AppleWebKit/537.36 (KHTML, like Gecko) Chrome/135.0.0.0 Safari/537.36"
74.7.241.33 - - [28/Mar/2026:13:11:20 +0000] "GET /wp-content/uploads/cache/wpml/twig/d1/d1125008cd8e053b33493ff3b5a3a6d2b33c5b950f1cfaf08cf21ae6ce9ce412.php HTTP/1.1" 500 20 "https://autozone.com.sa/wp-content/uploads/cache/wpml/twig/d1/" "Mozilla/5.0 AppleWebKit/537.36 (KHTML, like Gecko; compatible; GPTBot/1.3; +https://openai.com/gptbot)"
172.105.42.26 - - [28/Mar/2026:13:12:18 +0000] "POST /wp-cron.php?doing_wp_cron=1774703538.1540689468383789062500 HTTP/1.1" 200 20 "-" "WordPress/6.9.4; https://autozone.com.sa"
47.82.11.199 - - [28/Mar/2026:13:12:17 +0000] "GET /?shopdetail/36090124 HTTP/1.1" 301 20 "https://autozone.com.sa/" "Mozilla/5.0 (Windows NT 10.0; Win64; x64) AppleWebKit/537.36 (KHTML, like Gecko) Chrome/135.0.0.0 Safari/537.36 Edg/135.0.0.0"
47.82.11.199 - - [28/Mar/2026:13:12:18 +0000] "GET /?shopdetail/36090124 HTTP/1.1" 301 20 "https://autozone.com.sa/" "Mozilla/5.0 (Windows NT 10.0; Win64; x64) AppleWebKit/537.36 (KHTML, like Gecko) Chrome/135.0.0.0 Safari/537.36 Edg/135.0.0.0"
74.7.241.33 - - [28/Mar/2026:13:12:24 +0000] "GET /wp-content/uploads/cache/wpml/twig/51/51fa689e029be1d239cbc7a568d3ff5d718cd839da89b33e76d3f795fbed7d3c.php HTTP/1.1" 500 20 "https://autozone.com.sa/wp-content/uploads/cache/wpml/twig/51/" "Mozilla/5.0 AppleWebKit/537.36 (KHTML, like Gecko; compatible; GPTBot/1.3; +https://openai.com/gptbot)"
17.241.227.248 - - [28/Mar/2026:13:12:25 +0000] "GET /wp-content/uploads/2026/01/HIAC_CV_1903-1008.webp HTTP/1.1" 200 346538 "-" "Mozilla/5.0 (Macintosh; Intel Mac OS X 10_15_7) AppleWebKit/605.1.15 (KHTML, like Gecko) Version/17.4 Safari/605.1.15 (Applebot/0.1; +http://www.apple.com/go/applebot)"
172.105.42.26 - - [28/Mar/2026:13:12:35 +0000] "POST /wp-cron.php?doing_wp_cron=1774703555.2336730957031250000000 HTTP/1.1" 200 20 "-" "WordPress/6.9.4; https://autozone.com.sa"
47.82.11.199 - - [28/Mar/2026:13:12:34 +0000] "GET /?shopdetail/63579342 HTTP/1.1" 301 20 "https://autozone.com.sa/" "Mozilla/5.0 (X11; Linux x86_64; rv:125.0) Gecko/20100101 Firefox/125.0"
47.82.11.199 - - [28/Mar/2026:13:12:35 +0000] "GET /?shopdetail/63579342 HTTP/1.1" 301 20 "https://autozone.com.sa/" "Mozilla/5.0 (X11; Linux x86_64; rv:125.0) Gecko/20100101 Firefox/125.0"
47.82.10.71 - - [28/Mar/2026:13:12:40 +0000] "GET /?shopdetail/37725265 HTTP/1.1" 301 20 "https://autozone.com.sa/" "Mozilla/5.0 (Windows NT 10.0; Win64; x64; rv:137.0) Gecko/20100101 Firefox/137.0"
47.82.10.71 - - [28/Mar/2026:13:12:41 +0000] "GET /?shopdetail/37725265 HTTP/1.1" 301 20 "https://autozone.com.sa/" "Mozilla/5.0 (Windows NT 10.0; Win64; x64; rv:137.0) Gecko/20100101 Firefox/137.0"
172.105.42.26 - - [28/Mar/2026:13:12:53 +0000] "POST /wp-cron.php?doing_wp_cron=1774703573.2080180644989013671875 HTTP/1.1" 200 20 "-" "WordPress/6.9.4; https://autozone.com.sa"
2a03:2880:10ff:53:: - - [28/Mar/2026:13:12:50 +0000] "GET /ramadan-0-profit-campaign-lp-tbk/?utm_source=INSTAGRAM&utm_medium=CPC&utm_campaign=Ramadan_0_Profit_Feb_24&utm_id=Ramadan_0_Profit_Feb_24 HTTP/1.1" 404 31051 "-" "facebookexternalhit/1.1 (+http://www.facebook.com/externalhit_uatext.php)"
2001:16a2:fdab:4f00:118b:55c0:d853:38f3 - - [28/Mar/2026:13:13:00 +0000] "GET / HTTP/1.1" 200 163876 "-" "Mozilla/5.0 (Windows NT 10.0; Win64; x64) AppleWebKit/537.36 (KHTML, like Gecko) Chrome/146.0.0.0 Safari/537.36"
2001:16a2:fdab:4f00:118b:55c0:d853:38f3 - - [28/Mar/2026:13:13:09 +0000] "GET /wp-content/uploads/al_opt_content/IMAGE/autozone.com.sa/wp-content/uploads/2025/01/AZ_Original_EN.png.bv_resized_desktop.png.bv.webp?bv_host=autozone.com.sa HTTP/1.1" 200 10751 "https://autozone.com.sa/" "Mozilla/5.0 (Windows NT 10.0; Win64; x64) AppleWebKit/537.36 (KHTML, like Gecko) Chrome/146.0.0.0 Safari/537.36"
2001:16a2:fdab:4f00:118b:55c0:d853:38f3 - - [28/Mar/2026:13:13:09 +0000] "GET /wp-content/uploads/al_opt_content/IMAGE/autozone.com.sa/wp-content/uploads/2025/01/AZ_Original_AR.png.bv_resized_desktop.png.bv.webp?bv_host=autozone.com.sa HTTP/1.1" 200 10929 "https://autozone.com.sa/" "Mozilla/5.0 (Windows NT 10.0; Win64; x64) AppleWebKit/537.36 (KHTML, like Gecko) Chrome/146.0.0.0 Safari/537.36"
40.77.167.151 - - [28/Mar/2026:13:13:07 +0000] "GET /en/car-type/small-suv/?nocache=1769309707 HTTP/1.1" 200 62779 "-" "Mozilla/5.0 AppleWebKit/537.36 (KHTML, like Gecko; compatible; bingbot/2.0; +http://www.bing.com/bingbot.htm) Chrome/116.0.1938.76 Safari/537.36"
74.7.241.33 - - [28/Mar/2026:13:13:28 +0000] "GET /wp-content/uploads/cache/wpml/twig/52/52a8ce61aa9d45c54c435f6543f2fdae92dccbcadaea7dfa65782d8151580757.php HTTP/1.1" 500 20 "https://autozone.com.sa/wp-content/uploads/cache/wpml/twig/52/" "Mozilla/5.0 AppleWebKit/537.36 (KHTML, like Gecko; compatible; GPTBot/1.3; +https://openai.com/gptbot)"
172.105.42.26 - - [28/Mar/2026:13:13:45 +0000] "POST /wp-cron.php?doing_wp_cron=1774703625.8447370529174804687500 HTTP/1.1" 200 20 "-" "WordPress/6.9.4; https://autozone.com.sa"
66.249.75.108 - - [28/Mar/2026:13:13:41 +0000] "GET / HTTP/1.1" 200 163882 "-" "Mozilla/5.0 (Linux; Android 6.0.1; Nexus 5X Build/MMB29P) AppleWebKit/537.36 (KHTML, like Gecko) Chrome/146.0.7680.153 Mobile Safari/537.36 (compatible; Googlebot/2.1; +http://www.google.com/bot.html)"
2a03:2880:31ff:18:: - - [28/Mar/2026:13:13:53 +0000] "GET /saudi-national-day-5050-offer-lp/?utm_source=Instagram&utm_medium=CPC&utm_campaign=HondaSND&utm_id=Autozone HTTP/1.1" 404 31038 "-" "facebookexternalhit/1.1 (+http://www.facebook.com/externalhit_uatext.php)"
185.2.31.101 - - [28/Mar/2026:13:14:08 +0000] "GET /wp-login.php HTTP/1.1" 403 1091 "-" "Mozilla/5.0 (Macintosh; Intel Mac OS X 10_13_4) AppleWebKit/537.36 (KHTML, like Gecko) Chrome/66.0.3359.170 Safari/537.36"
185.2.31.101 - - [28/Mar/2026:13:14:09 +0000] "POST /wp-login.php HTTP/1.1" 403 1091 "https://autozone.com.sa/wp-login.php" "Mozilla/5.0 (Macintosh; Intel Mac OS X 10_13_4) AppleWebKit/537.36 (KHTML, like Gecko) Chrome/66.0.3359.170 Safari/537.36"
172.105.42.26 - - [28/Mar/2026:13:14:28 +0000] "POST /wp-cron.php?doing_wp_cron=1774703668.4493670463562011718750 HTTP/1.1" 200 20 "-" "WordPress/6.9.4; https://autozone.com.sa"
40.77.167.151 - - [28/Mar/2026:13:14:27 +0000] "GET /offers/ramadan-deals-from-autozone-are-on-3-installments-are-paid-for-you/?9yudg2=gLVWnygKUF&method=ajax HTTP/1.1" 200 111 "-" "Mozilla/5.0 AppleWebKit/537.36 (KHTML, like Gecko; compatible; bingbot/2.0; +http://www.bing.com/bingbot.htm) Chrome/116.0.1938.76 Safari/537.36"
74.7.241.33 - - [28/Mar/2026:13:14:30 +0000] "GET /wp-content/uploads/cache/wpml/twig/8b/8bcb44d48086876ebc2f7fa4d41a324cf98cd32a7d88dcd37e1f2c9e3f78515e.php HTTP/1.1" 500 20 "https://autozone.com.sa/wp-content/uploads/cache/wpml/twig/8b/" "Mozilla/5.0 AppleWebKit/537.36 (KHTML, like Gecko; compatible; GPTBot/1.3; +https://openai.com/gptbot)"
172.105.42.26 - - [28/Mar/2026:13:14:46 +0000] "POST /wp-cron.php?doing_wp_cron=1774703686.2181980609893798828125 HTTP/1.1" 200 20 "-" "WordPress/6.9.4; https://autozone.com.sa"
168.119.123.75 - - [28/Mar/2026:13:14:45 +0000] "HEAD / HTTP/1.1" 200 - "https://autozone.com.sa/" "Mozilla/5.0+(compatible; UptimeRobot/2.0; http://www.uptimerobot.com/)"
221.194.167.228 - - [28/Mar/2026:13:15:12 +0000] "GET /wp-content/uploads/2019/12/Mazda-6-03-min-350x205.jpg HTTP/1.1" 301 20 "-" "jinming-test-hf-dataset-to-hdfs/1.0"
221.194.167.226 - - [28/Mar/2026:13:15:15 +0000] "GET /wp-content/uploads/2019/12/Mazda-6-03-min-350x205.jpg HTTP/1.1" 404 30941 "-" "jinming-test-hf-dataset-to-hdfs/1.0"
40.77.167.151 - - [28/Mar/2026:13:15:17 +0000] "GET /en/car-type/small-suv/?nocache=1769309707 HTTP/1.1" 200 62733 "-" "Mozilla/5.0 AppleWebKit/537.36 (KHTML, like Gecko; compatible; bingbot/2.0; +http://www.bing.com/bingbot.htm) Chrome/116.0.1938.76 Safari/537.36"
74.7.241.33 - - [28/Mar/2026:13:15:35 +0000] "GET /wp-content/uploads/cache/wpml/twig/62/628ee2dd891d140a65d178a7c6f8f3fb1354b50af1dbbd084e2d1d5a146359dd.php HTTP/1.1" 500 20 "https://autozone.com.sa/wp-content/uploads/cache/wpml/twig/62/" "Mozilla/5.0 AppleWebKit/537.36 (KHTML, like Gecko; compatible; GPTBot/1.3; +https://openai.com/gptbot)"
172.105.42.26 - - [28/Mar/2026:13:15:40 +0000] "POST /wp-cron.php?doing_wp_cron=1774703740.7986629009246826171875 HTTP/1.1" 200 20 "-" "WordPress/6.9.4; https://autozone.com.sa"
74.7.241.33 - - [28/Mar/2026:13:16:36 +0000] "GET /wp-content/uploads/cache/wpml/twig/90/90beed1d30ba01aef2732307a4e247f3d9526a6224ad30fc876aedbd4a7099d3.php HTTP/1.1" 500 20 "https://autozone.com.sa/wp-content/uploads/cache/wpml/twig/90/" "Mozilla/5.0 AppleWebKit/537.36 (KHTML, like Gecko; compatible; GPTBot/1.3; +https://openai.com/gptbot)"
66.249.75.108 - - [28/Mar/2026:13:16:42 +0000] "GET /wp-content/uploads/2026/02/special-offer-3.jpg HTTP/1.1" 304 - "-" "Googlebot-Image/1.0"
45.41.166.207 - - [28/Mar/2026:13:17:33 +0000] "GET /wp-content/plugins/woocommerce/assets/css/woocommerce-rtl.css?ver=10.6.1 HTTP/1.1" 200 11135 "https://autozone.com.sa/faq/" "Mozilla/5.0 (Macintosh; Intel Mac OS X 10_15_7) AppleWebKit/537.36 (KHTML, like Gecko) Chrome/139.0.0.0 Safari/537.36"
45.41.166.207 - - [28/Mar/2026:13:17:33 +0000] "GET /wp-content/uploads/elementor/css/post-706.css?ver=1774687034 HTTP/1.1" 200 1936 "https://autozone.com.sa/faq/" "Mozilla/5.0 (Macintosh; Intel Mac OS X 10_15_7) AppleWebKit/537.36 (KHTML, like Gecko) Chrome/139.0.0.0 Safari/537.36"
45.41.166.207 - - [28/Mar/2026:13:17:33 +0000] "GET /wp-content/plugins/bdthemes-element-pack/assets/css/bdt-uikit.rtl.css?ver=3.21.7 HTTP/1.1" 200 16625 "https://autozone.com.sa/faq/" "Mozilla/5.0 (Macintosh; Intel Mac OS X 10_15_7) AppleWebKit/537.36 (KHTML, like Gecko) Chrome/139.0.0.0 Safari/537.36"
45.41.166.207 - - [28/Mar/2026:13:17:33 +0000] "GET /wp-content/plugins/elementor/assets/css/widget-image-rtl.min.css?ver=3.35.4 HTTP/1.1" 200 135 "https://autozone.com.sa/faq/" "Mozilla/5.0 (Macintosh; Intel Mac OS X 10_15_7) AppleWebKit/537.36 (KHTML, like Gecko) Chrome/139.0.0.0 Safari/537.36"
45.41.166.207 - - [28/Mar/2026:13:17:33 +0000] "GET /wp-content/plugins/elementor/assets/css/widget-heading-rtl.min.css?ver=3.35.4 HTTP/1.1" 200 160 "https://autozone.com.sa/faq/" "Mozilla/5.0 (Macintosh; Intel Mac OS X 10_15_7) AppleWebKit/537.36 (KHTML, like Gecko) Chrome/139.0.0.0 Safari/537.36"
45.41.166.207 - - [28/Mar/2026:13:17:33 +0000] "GET /wp-content/plugins/jet-blog/assets/css/jet-blog-rtl.css?ver=2.4.8 HTTP/1.1" 200 648 "https://autozone.com.sa/faq/" "Mozilla/5.0 (Macintosh; Intel Mac OS X 10_15_7) AppleWebKit/537.36 (KHTML, like Gecko) Chrome/139.0.0.0 Safari/537.36"
45.41.166.207 - - [28/Mar/2026:13:17:33 +0000] "GET /wp-content/plugins/jet-elements/assets/css/jet-elements-rtl.css?ver=2.8.1.1 HTTP/1.1" 200 3125 "https://autozone.com.sa/faq/" "Mozilla/5.0 (Macintosh; Intel Mac OS X 10_15_7) AppleWebKit/537.36 (KHTML, like Gecko) Chrome/139.0.0.0 Safari/537.36"
45.41.166.207 - - [28/Mar/2026:13:17:33 +0000] "GET /wp-content/plugins/elementor/assets/lib/animations/styles/fadeInUp.min.css?ver=3.35.4 HTTP/1.1" 200 117 "https://autozone.com.sa/faq/" "Mozilla/5.0 (Macintosh; Intel Mac OS X 10_15_7) AppleWebKit/537.36 (KHTML, like Gecko) Chrome/139.0.0.0 Safari/537.36"
45.41.166.207 - - [28/Mar/2026:13:17:33 +0000] "GET /wp-content/uploads/elementor/css/custom-jet-blocks-rtl.css?ver=1.3.22 HTTP/1.1" 200 5820 "https://autozone.com.sa/faq/" "Mozilla/5.0 (Macintosh; Intel Mac OS X 10_15_7) AppleWebKit/537.36 (KHTML, like Gecko) Chrome/139.0.0.0 Safari/537.36"
45.41.166.207 - - [28/Mar/2026:13:17:33 +0000] "GET /wp-content/plugins/woocommerce/assets/client/blocks/wc-blocks-rtl.css?ver=wc-10.6.1 HTTP/1.1" 200 2620 "https://autozone.com.sa/faq/" "Mozilla/5.0 (Macintosh; Intel Mac OS X 10_15_7) AppleWebKit/537.36 (KHTML, like Gecko) Chrome/139.0.0.0 Safari/537.36"
45.41.166.207 - - [28/Mar/2026:13:17:33 +0000] "GET /wp-content/plugins/ultimate-post-kit/assets/css/upk-site.rtl.css?ver=4.1.4 HTTP/1.1" 200 5633 "https://autozone.com.sa/faq/" "Mozilla/5.0 (Macintosh; Intel Mac OS X 10_15_7) AppleWebKit/537.36 (KHTML, like Gecko) Chrome/139.0.0.0 Safari/537.36"
45.41.166.207 - - [28/Mar/2026:13:17:33 +0000] "GET /wp-content/plugins/elementor/assets/css/widget-divider-rtl.min.css?ver=3.35.4 HTTP/1.1" 200 741 "https://autozone.com.sa/faq/" "Mozilla/5.0 (Macintosh; Intel Mac OS X 10_15_7) AppleWebKit/537.36 (KHTML, like Gecko) Chrome/139.0.0.0 Safari/537.36"
45.41.166.207 - - [28/Mar/2026:13:17:33 +0000] "GET /wp-includes/css/dist/block-library/style-rtl.min.css?ver=6.9.4 HTTP/1.1" 200 15851 "https://autozone.com.sa/faq/" "Mozilla/5.0 (Macintosh; Intel Mac OS X 10_15_7) AppleWebKit/537.36 (KHTML, like Gecko) Chrome/139.0.0.0 Safari/537.36"
45.41.166.207 - - [28/Mar/2026:13:17:33 +0000] "GET /wp-content/plugins/woocommerce/assets/css/woocommerce-smallscreen-rtl.css?ver=10.6.1 HTTP/1.1" 200 1280 "https://autozone.com.sa/faq/" "Mozilla/5.0 (Macintosh; Intel Mac OS X 10_15_7) AppleWebKit/537.36 (KHTML, like Gecko) Chrome/139.0.0.0 Safari/537.36"
45.41.166.207 - - [28/Mar/2026:13:17:33 +0000] "GET /wp-content/plugins/bdthemes-prime-slider-lite/assets/css/prime-slider-site.rtl.css?ver=4.1.10 HTTP/1.1" 200 2961 "https://autozone.com.sa/faq/" "Mozilla/5.0 (Macintosh; Intel Mac OS X 10_15_7) AppleWebKit/537.36 (KHTML, like Gecko) Chrome/139.0.0.0 Safari/537.36"
172.105.42.26 - - [28/Mar/2026:13:17:33 +0000] "POST /wp-cron.php?doing_wp_cron=1774703853.1925458908081054687500 HTTP/1.1" 200 20 "-" "WordPress/6.9.4; https://autozone.com.sa"
45.41.166.207 - - [28/Mar/2026:13:17:30 +0000] "GET /faq/ HTTP/1.1" 200 116541 "-" "Mozilla/5.0 (Macintosh; Intel Mac OS X 10_15_7) AppleWebKit/537.36 (KHTML, like Gecko) Chrome/139.0.0.0 Safari/537.36"
45.41.166.207 - - [28/Mar/2026:13:17:34 +0000] "GET /wp-content/uploads/al_opt_content/SCRIPT/9ffeb32e2d9efbf8f70caabded242267.js?ver=3.4.1 HTTP/1.1" 200 4872 "-" "Mozilla/5.0 (Macintosh; Intel Mac OS X 10_15_7) AppleWebKit/537.36 (KHTML, like Gecko) Chrome/139.0.0.0 Safari/537.36"
45.41.166.207 - - [28/Mar/2026:13:17:34 +0000] "GET /wp-content/uploads/al_opt_content/SCRIPT/58a4fc1dc987652b9cdfb9fdf7252062.js?ver=6.1.19 HTTP/1.1" 200 426 "-" "Mozilla/5.0 (Macintosh; Intel Mac OS X 10_15_7) AppleWebKit/537.36 (KHTML, like Gecko) Chrome/139.0.0.0 Safari/537.36"
45.41.166.207 - - [28/Mar/2026:13:17:34 +0000] "GET /wp-content/uploads/al_opt_content/SCRIPT/90e932bd9e62583fc494c00498cfe7f5.js?ver=dd5603f07f9220ed27f1 HTTP/1.1" 200 1941 "-" "Mozilla/5.0 (Macintosh; Intel Mac OS X 10_15_7) AppleWebKit/537.36 (KHTML, like Gecko) Chrome/139.0.0.0 Safari/537.36"
45.41.166.207 - - [28/Mar/2026:13:17:34 +0000] "GET /wp-content/uploads/al_opt_content/SCRIPT/16cb9084c573484b0cbcd8b282b41204.js?ver=3.7.1 HTTP/1.1" 200 30377 "-" "Mozilla/5.0 (Macintosh; Intel Mac OS X 10_15_7) AppleWebKit/537.36 (KHTML, like Gecko) Chrome/139.0.0.0 Safari/537.36"
45.41.166.207 - - [28/Mar/2026:13:17:34 +0000] "GET /wp-content/uploads/al_opt_content/SCRIPT/ef56117d1bb5cc41aa6bd127a49c7640.js?ver=2.7.0-wc.10.6.1 HTTP/1.1" 200 3537 "-" "Mozilla/5.0 (Macintosh; Intel Mac OS X 10_15_7) AppleWebKit/537.36 (KHTML, like Gecko) Chrome/139.0.0.0 Safari/537.36"
45.41.166.207 - - [28/Mar/2026:13:17:34 +0000] "GET /wp-content/uploads/al_opt_content/SCRIPT/7c9202d61cc00180acee3ce0c63a949b.js?ver=2.2.3 HTTP/1.1" 200 4963 "-" "Mozilla/5.0 (Macintosh; Intel Mac OS X 10_15_7) AppleWebKit/537.36 (KHTML, like Gecko) Chrome/139.0.0.0 Safari/537.36"
45.41.166.207 - - [28/Mar/2026:13:17:34 +0000] "GET /wp-content/uploads/al_opt_content/SCRIPT/3e9f1dcb9cc75169765265133fb815a7.js?ver=1.8.7 HTTP/1.1" 200 6685 "-" "Mozilla/5.0 (Macintosh; Intel Mac OS X 10_15_7) AppleWebKit/537.36 (KHTML, like Gecko) Chrome/139.0.0.0 Safari/537.36"
45.41.166.207 - - [28/Mar/2026:13:17:34 +0000] "GET /wp-content/uploads/al_opt_content/SCRIPT/15bb2b8491fc7e84137d65f610e1685a.js?ver=5.3.6 HTTP/1.1" 200 35491 "-" "Mozilla/5.0 (Macintosh; Intel Mac OS X 10_15_7) AppleWebKit/537.36 (KHTML, like Gecko) Chrome/139.0.0.0 Safari/537.36"
45.41.166.207 - - [28/Mar/2026:13:17:34 +0000] "GET /wp-content/uploads/al_opt_content/SCRIPT/81a7828241050d690febd92cf89f546f.js?ver=10.6.1 HTTP/1.1" 200 3940 "-" "Mozilla/5.0 (Macintosh; Intel Mac OS X 10_15_7) AppleWebKit/537.36 (KHTML, like Gecko) Chrome/139.0.0.0 Safari/537.36"
45.41.166.207 - - [28/Mar/2026:13:17:34 +0000] "GET /wp-content/uploads/al_opt_content/SCRIPT/f5b0f56ce106e724539210501091939e.js?ver=3.5.16.1 HTTP/1.1" 200 11751 "-" "Mozilla/5.0 (Macintosh; Intel Mac OS X 10_15_7) AppleWebKit/537.36 (KHTML, like Gecko) Chrome/139.0.0.0 Safari/537.36"
45.41.166.207 - - [28/Mar/2026:13:17:34 +0000] "GET /wp-content/uploads/al_opt_content/SCRIPT/ceb183b138eac316a5cb0741ec23696a.js?ver=3.35.4 HTTP/1.1" 200 10325 "-" "Mozilla/5.0 (Macintosh; Intel Mac OS X 10_15_7) AppleWebKit/537.36 (KHTML, like Gecko) Chrome/139.0.0.0 Safari/537.36"
45.41.166.207 - - [28/Mar/2026:13:17:34 +0000] "GET /wp-content/uploads/al_opt_content/SCRIPT/e06bdc38028726b6c7787379a78c1ac2.js?ver=2.11.8 HTTP/1.1" 200 7335 "-" "Mozilla/5.0 (Macintosh; Intel Mac OS X 10_15_7) AppleWebKit/537.36 (KHTML, like Gecko) Chrome/139.0.0.0 Safari/537.36"
45.41.166.207 - - [28/Mar/2026:13:17:34 +0000] "GET /wp-content/uploads/al_opt_content/SCRIPT/0b5dba9d604e291d473573c5bcebe889.js?ver=1748067894 HTTP/1.1" 200 4745 "-" "Mozilla/5.0 (Macintosh; Intel Mac OS X 10_15_7) AppleWebKit/537.36 (KHTML, like Gecko) Chrome/139.0.0.0 Safari/537.36"
45.41.166.207 - - [28/Mar/2026:13:17:34 +0000] "GET /wp-content/uploads/al_opt_content/SCRIPT/dadb3f410026822807858737cbc7b64c.js?ver=1.13.7 HTTP/1.1" 200 7317 "-" "Mozilla/5.0 (Macintosh; Intel Mac OS X 10_15_7) AppleWebKit/537.36 (KHTML, like Gecko) Chrome/139.0.0.0 Safari/537.36"
45.41.166.207 - - [28/Mar/2026:13:17:34 +0000] "GET /wp-content/uploads/al_opt_content/SCRIPT/01e9588ab46b7a3947aab8945549c7ea.js?ver=6.9.4 HTTP/1.1" 200 754 "-" "Mozilla/5.0 (Macintosh; Intel Mac OS X 10_15_7) AppleWebKit/537.36 (KHTML, like Gecko) Chrome/139.0.0.0 Safari/537.36"
45.41.166.207 - - [28/Mar/2026:13:17:34 +0000] "GET /wp-content/uploads/al_opt_content/SCRIPT/9e7c898d1649315173db5d2d8730fb75.js?ver=1.2.1 HTTP/1.1" 200 7087 "-" "Mozilla/5.0 (Macintosh; Intel Mac OS X 10_15_7) AppleWebKit/537.36 (KHTML, like Gecko) Chrome/139.0.0.0 Safari/537.36"
45.41.166.207 - - [28/Mar/2026:13:17:34 +0000] "GET /wp-content/uploads/al_opt_content/SCRIPT/271ad1f3a3e724e9f2620c09d616cb71.js?ver=1.0.0 HTTP/1.1" 200 2282 "-" "Mozilla/5.0 (Macintosh; Intel Mac OS X 10_15_7) AppleWebKit/537.36 (KHTML, like Gecko) Chrome/139.0.0.0 Safari/537.36"
45.41.166.207 - - [28/Mar/2026:13:17:34 +0000] "GET /wp-content/uploads/al_opt_content/SCRIPT/ffe8bdb3ec54f993c7e9baee9d1ed9a3.js?ver=9e178c9516d1222dc834 HTTP/1.1" 200 3856 "-" "Mozilla/5.0 (Macintosh; Intel Mac OS X 10_15_7) AppleWebKit/537.36 (KHTML, like Gecko) Chrome/139.0.0.0 Safari/537.36"
45.41.166.207 - - [28/Mar/2026:13:17:34 +0000] "GET /wp-content/uploads/al_opt_content/SCRIPT/41f51437bd5e8bef231a33ff6d27495e.js?ver=120e75a68931b79be3f4 HTTP/1.1" 200 375 "-" "Mozilla/5.0 (Macintosh; Intel Mac OS X 10_15_7) AppleWebKit/537.36 (KHTML, like Gecko) Chrome/139.0.0.0 Safari/537.36"
45.41.166.207 - - [28/Mar/2026:13:17:34 +0000] "GET /wp-content/uploads/al_opt_content/SCRIPT/4066c01fc4f55bd4da8e3b7f03a272fa.js?ver=4.1.10 HTTP/1.1" 200 982 "-" "Mozilla/5.0 (Macintosh; Intel Mac OS X 10_15_7) AppleWebKit/537.36 (KHTML, like Gecko) Chrome/139.0.0.0 Safari/537.36"
45.41.166.207 - - [28/Mar/2026:13:17:34 +0000] "GET /wp-content/uploads/al_opt_content/SCRIPT/8a32d558234aaf2a5a40d2084b2d7b68.js?ver=3.35.1 HTTP/1.1" 200 6434 "-" "Mozilla/5.0 (Macintosh; Intel Mac OS X 10_15_7) AppleWebKit/537.36 (KHTML, like Gecko) Chrome/139.0.0.0 Safari/537.36"
45.41.166.207 - - [28/Mar/2026:13:17:34 +0000] "GET /wp-content/uploads/al_opt_content/SCRIPT/6823120876c9afc8929418c9a6f8e343.js?ver=5.0.0 HTTP/1.1" 200 1803 "-" "Mozilla/5.0 (Macintosh; Intel Mac OS X 10_15_7) AppleWebKit/537.36 (KHTML, like Gecko) Chrome/139.0.0.0 Safari/537.36"
45.41.166.207 - - [28/Mar/2026:13:17:34 +0000] "GET /wp-content/uploads/al_opt_content/SCRIPT/ddeb638dbe370b1d0fb48e8d13b7af2b.js?ver=4.1.4 HTTP/1.1" 200 255 "-" "Mozilla/5.0 (Macintosh; Intel Mac OS X 10_15_7) AppleWebKit/537.36 (KHTML, like Gecko) Chrome/139.0.0.0 Safari/537.36"
45.41.166.207 - - [28/Mar/2026:13:17:34 +0000] "GET /wp-content/uploads/al_opt_content/SCRIPT/11287ad1edffec6fd95526dfcdb9f723.js?ver=3a4d9af2b423048b0dee HTTP/1.1" 200 2436 "-" "Mozilla/5.0 (Macintosh; Intel Mac OS X 10_15_7) AppleWebKit/537.36 (KHTML, like Gecko) Chrome/139.0.0.0 Safari/537.36"
45.41.166.207 - - [28/Mar/2026:13:17:34 +0000] "GET /wp-content/uploads/al_opt_content/SCRIPT/3a5838d1182eb0b11f5a58bfe26e2529.js?ver=c26c3dc7bed366793375 HTTP/1.1" 200 2229 "-" "Mozilla/5.0 (Macintosh; Intel Mac OS X 10_15_7) AppleWebKit/537.36 (KHTML, like Gecko) Chrome/139.0.0.0 Safari/537.36"
45.41.166.207 - - [28/Mar/2026:13:17:34 +0000] "GET /wp-content/uploads/al_opt_content/SCRIPT/46a816ff38bdd095e2118365ad4c618b.js?ver=10.6.1 HTTP/1.1" 200 1150 "-" "Mozilla/5.0 (Macintosh; Intel Mac OS X 10_15_7) AppleWebKit/537.36 (KHTML, like Gecko) Chrome/139.0.0.0 Safari/537.36"
45.41.166.207 - - [28/Mar/2026:13:17:34 +0000] "GET /wp-content/uploads/al_opt_content/SCRIPT/d6843fa9b6dfd1cae807f2c375830d09.js?ver=10.6.1 HTTP/1.1" 200 1439 "-" "Mozilla/5.0 (Macintosh; Intel Mac OS X 10_15_7) AppleWebKit/537.36 (KHTML, like Gecko) Chrome/139.0.0.0 Safari/537.36"
45.41.166.207 - - [28/Mar/2026:13:17:34 +0000] "GET /wp-content/uploads/al_opt_content/SCRIPT/881014cdbe31c3b3442a6721466d01df.js?ver=2.0.21.1 HTTP/1.1" 200 5347 "-" "Mozilla/5.0 (Macintosh; Intel Mac OS X 10_15_7) AppleWebKit/537.36 (KHTML, like Gecko) Chrome/139.0.0.0 Safari/537.36"
45.41.166.207 - - [28/Mar/2026:13:17:34 +0000] "GET /wp-content/uploads/al_opt_content/SCRIPT/31f70c27b0270bf2036ea46c1b69ea35.js?ver=2.0.2 HTTP/1.1" 200 38470 "-" "Mozilla/5.0 (Macintosh; Intel Mac OS X 10_15_7) AppleWebKit/537.36 (KHTML, like Gecko) Chrome/139.0.0.0 Safari/537.36"
45.41.166.207 - - [28/Mar/2026:13:17:34 +0000] "GET /wp-content/uploads/al_opt_content/SCRIPT/e40e89bb5b27a17c222921c3b422fb70.js?ver=6.9.4 HTTP/1.1" 200 590 "-" "Mozilla/5.0 (Macintosh; Intel Mac OS X 10_15_7) AppleWebKit/537.36 (KHTML, like Gecko) Chrome/139.0.0.0 Safari/537.36"
45.41.166.207 - - [28/Mar/2026:13:17:34 +0000] "GET /wp-content/uploads/al_opt_content/SCRIPT/b9a3f6f2eb439a49c5a5d3bddc9c1322.js?ver=3.21.7 HTTP/1.1" 200 49707 "-" "Mozilla/5.0 (Macintosh; Intel Mac OS X 10_15_7) AppleWebKit/537.36 (KHTML, like Gecko) Chrome/139.0.0.0 Safari/537.36"
45.41.166.207 - - [28/Mar/2026:13:17:34 +0000] "GET /wp-content/uploads/al_opt_content/SCRIPT/da215ae12b95b3aeeb2047667016c7f8.js?ver=1.13.3 HTTP/1.1" 200 7106 "-" "Mozilla/5.0 (Macintosh; Intel Mac OS X 10_15_7) AppleWebKit/537.36 (KHTML, like Gecko) Chrome/139.0.0.0 Safari/537.36"
45.41.166.207 - - [28/Mar/2026:13:17:34 +0000] "GET /wp-content/uploads/al_opt_content/SCRIPT/bcca4162426ebc5a6493fa8e031437b7.js?ver=3.35.1 HTTP/1.1" 200 2856 "-" "Mozilla/5.0 (Macintosh; Intel Mac OS X 10_15_7) AppleWebKit/537.36 (KHTML, like Gecko) Chrome/139.0.0.0 Safari/537.36"
45.41.166.207 - - [28/Mar/2026:13:17:34 +0000] "GET /wp-content/uploads/al_opt_content/SCRIPT/883a3e2185da852f4ac19d9dfe07980b.js?ver=3.35.4 HTTP/1.1" 200 2476 "-" "Mozilla/5.0 (Macintosh; Intel Mac OS X 10_15_7) AppleWebKit/537.36 (KHTML, like Gecko) Chrome/139.0.0.0 Safari/537.36"
45.41.166.207 - - [28/Mar/2026:13:17:34 +0000] "GET /wp-content/uploads/al_opt_content/SCRIPT/a196fc442165c7871d8623233601b2d5.js?ver=5.5.5 HTTP/1.1" 200 523 "-" "Mozilla/5.0 (Macintosh; Intel Mac OS X 10_15_7) AppleWebKit/537.36 (KHTML, like Gecko) Chrome/139.0.0.0 Safari/537.36"
45.41.166.207 - - [28/Mar/2026:13:17:34 +0000] "GET /wp-content/uploads/al_opt_content/SCRIPT/dabbecc533785696ce987e945347a559.js?ver=6e25adbbae5a5d1bb65e HTTP/1.1" 200 1661 "-" "Mozilla/5.0 (Macintosh; Intel Mac OS X 10_15_7) AppleWebKit/537.36 (KHTML, like Gecko) Chrome/139.0.0.0 Safari/537.36"
45.41.166.207 - - [28/Mar/2026:13:17:34 +0000] "GET /wp-content/uploads/al_opt_content/SCRIPT/fdd6f7d0e809e719153d1d5b93708211.js?ver=1.18.11 HTTP/1.1" 200 34623 "-" "Mozilla/5.0 (Macintosh; Intel Mac OS X 10_15_7) AppleWebKit/537.36 (KHTML, like Gecko) Chrome/139.0.0.0 Safari/537.36"
45.41.166.207 - - [28/Mar/2026:13:17:34 +0000] "GET /wp-content/uploads/al_opt_content/SCRIPT/4d77562cdc928384af12651d153de6f5.js?ver=1.3.22 HTTP/1.1" 200 6050 "-" "Mozilla/5.0 (Macintosh; Intel Mac OS X 10_15_7) AppleWebKit/537.36 (KHTML, like Gecko) Chrome/139.0.0.0 Safari/537.36"
