54.197.213.223 - - [28/Mar/2026:17:49:21 +0000] "GET / HTTP/1.1" 200 138888 "-" "axios/1.13.5"
66.249.75.98 - - [28/Mar/2026:17:49:29 +0000] "GET /showroom/?nocache=1769175288&jet_blog_ajax=1 HTTP/1.1" 200 85507 "-" "Mozilla/5.0 (Linux; Android 6.0.1; Nexus 5X Build/MMB29P) AppleWebKit/537.36 (KHTML, like Gecko) Chrome/146.0.7680.153 Mobile Safari/537.36 (compatible; Googlebot/2.1; +http://www.google.com/bot.html)"
46.153.51.50 - - [28/Mar/2026:17:49:35 +0000] "GET /product/changan-uni-v-sport-2025-2/?status=success HTTP/1.1" 200 131570 "https://autozone.com.sa/product/changan-uni-v-sport-2025-2/" "Mozilla/5.0 (iPhone; CPU iPhone OS 18_7 like Mac OS X) AppleWebKit/605.1.15 (KHTML, like Gecko) Version/26.3 Mobile/15E148 Safari/604.1"
216.73.216.14 - - [28/Mar/2026:17:49:38 +0000] "GET /sitemap-2.xml HTTP/1.1" 404 30899 "-" "Mozilla/5.0 AppleWebKit/537.36 (KHTML, like Gecko; compatible; ClaudeBot/1.0; +claudebot@anthropic.com)"
66.249.77.160 - - [28/Mar/2026:17:49:51 +0000] "GET /wp-content/uploads/2018/07/accord-interior-798x466.jpg HTTP/1.1" 301 20 "-" "Googlebot-Image/1.0"
66.249.75.98 - - [28/Mar/2026:17:49:53 +0000] "GET /wp-content/uploads/2018/07/accord-interior-798x466.jpg HTTP/1.1" 404 30939 "-" "Googlebot-Image/1.0"
168.119.96.239 - - [28/Mar/2026:17:49:56 +0000] "HEAD / HTTP/1.1" 200 - "https://autozone.com.sa/" "Mozilla/5.0+(compatible; UptimeRobot/2.0; http://www.uptimerobot.com/)"
2a03:2880:f802:42:: - - [28/Mar/2026:17:51:04 +0000] "GET /en/product/toyota-veloz-2025/ HTTP/1.1" 200 85061 "-" "meta-externalagent/1.1 (+https://developers.facebook.com/docs/sharing/webmasters/crawler)"
114.119.139.220 - - [28/Mar/2026:17:51:06 +0000] "GET /listings/mazda-6-at-lthr-f-o HTTP/1.1" 404 30920 "https://www.autozone.com.sa/listings/mazda-6-at-lthr-f-o/" "Mozilla/5.0 (Linux; Android 7.0;) AppleWebKit/537.36 (KHTML, like Gecko) Mobile Safari/537.36 (compatible; PetalBot;+https://webmaster.petalsearch.com/site/petalbot)"
18.205.231.47 - - [28/Mar/2026:17:52:04 +0000] "GET /wp-login.php HTTP/1.1" 403 1092 "-" "Mozilla/5.0 (compatible; MSIE 10.0; Windows NT 6.1; WOW64; Trident/7.0)"
85.208.96.199 - - [28/Mar/2026:17:52:08 +0000] "GET /robots.txt HTTP/1.1" 200 104 "-" "Mozilla/5.0 (compatible; SemrushBot/7~bl; +http://www.semrush.com/bot.html)"
18.205.231.47 - - [28/Mar/2026:17:52:08 +0000] "POST /wp-login.php HTTP/1.1" 403 1092 "https://autozone.com.sa/wp-login.php" "Mozilla/5.0 (compatible; MSIE 10.0; Windows NT 6.1; WOW64; Trident/7.0)"
185.191.171.17 - - [28/Mar/2026:17:52:08 +0000] "GET /outlet/eoyo-outlet-2020-a/ HTTP/1.1" 301 20 "-" "Mozilla/5.0 (compatible; SemrushBot/7~bl; +http://www.semrush.com/bot.html)"
85.208.96.208 - - [28/Mar/2026:17:52:10 +0000] "GET /outlet/eoyo-outlet-2020-a/ HTTP/1.1" 404 30916 "-" "Mozilla/5.0 (compatible; SemrushBot/7~bl; +http://www.semrush.com/bot.html)"
172.105.42.26 - - [28/Mar/2026:17:53:08 +0000] "POST /wp-cron.php?doing_wp_cron=1774720388.3896639347076416015625 HTTP/1.1" 200 20 "-" "WordPress/6.9.4; https://autozone.com.sa"
66.249.75.98 - - [28/Mar/2026:17:53:06 +0000] "GET /wp-content/uploads/2024/07/Web-Slider-Landing-FB-Special-Offer-03-1.jpg HTTP/1.1" 404 30949 "-" "Googlebot-Image/1.0"
172.105.42.26 - - [28/Mar/2026:17:53:24 +0000] "POST /wp-cron.php?doing_wp_cron=1774720404.6353960037231445312500 HTTP/1.1" 200 20 "-" "WordPress/6.9.4; https://autozone.com.sa"
195.3.220.88 - - [28/Mar/2026:17:53:22 +0000] "GET /buy.php HTTP/1.1" 404 30897 "-" "Mozilla/5.0 (Linux; Android 7.0; SM-G892A Build/NRD90M; wv) AppleWebKit/537.36 (KHTML, Gecko) Version/4.0 Chrome/60.0.3112.107 Mobile Safari/537.36"
195.3.220.88 - - [28/Mar/2026:17:53:25 +0000] "GET /wp-content/plugins/fix/up.php HTTP/1.1" 403 1660 "-" "Mozilla/5.0 (Linux; Android 7.0; SM-G892A Build/NRD90M; wv) AppleWebKit/537.36 (KHTML, Gecko) Version/4.0 Chrome/60.0.3112.107 Mobile Safari/537.36"
195.3.220.88 - - [28/Mar/2026:17:53:25 +0000] "GET /wp-content/index.php HTTP/1.1" 200 20 "-" "Mozilla/5.0 (Linux; Android 7.0; SM-G892A Build/NRD90M; wv) AppleWebKit/537.36 (KHTML, Gecko) Version/4.0 Chrome/60.0.3112.107 Mobile Safari/537.36"
195.3.220.88 - - [28/Mar/2026:17:53:25 +0000] "GET /wp-content/plugins/pwnd/pwnd.php HTTP/1.1" 403 1660 "-" "Mozilla/5.0 (Linux; Android 7.0; SM-G892A Build/NRD90M; wv) AppleWebKit/537.36 (KHTML, Gecko) Version/4.0 Chrome/60.0.3112.107 Mobile Safari/537.36"
195.3.220.88 - - [28/Mar/2026:17:53:26 +0000] "GET /wp-content/plugins/pwnd-1/pwnd.php HTTP/1.1" 403 1660 "-" "Mozilla/5.0 (Linux; Android 7.0; SM-G892A Build/NRD90M; wv) AppleWebKit/537.36 (KHTML, Gecko) Version/4.0 Chrome/60.0.3112.107 Mobile Safari/537.36"
195.3.220.88 - - [28/Mar/2026:17:53:26 +0000] "GET /wp-content/plugins/simple/simple.php HTTP/1.1" 403 1660 "-" "Mozilla/5.0 (Linux; Android 7.0; SM-G892A Build/NRD90M; wv) AppleWebKit/537.36 (KHTML, Gecko) Version/4.0 Chrome/60.0.3112.107 Mobile Safari/537.36"
195.3.220.88 - - [28/Mar/2026:17:53:26 +0000] "GET /worksec.php HTTP/1.1" 404 30898 "-" "Mozilla/5.0 (Linux; Android 7.0; SM-G892A Build/NRD90M; wv) AppleWebKit/537.36 (KHTML, Gecko) Version/4.0 Chrome/60.0.3112.107 Mobile Safari/537.36"
195.3.220.88 - - [28/Mar/2026:17:53:29 +0000] "GET /wp-content/worksec.php HTTP/1.1" 404 30900 "-" "Mozilla/5.0 (Linux; Android 7.0; SM-G892A Build/NRD90M; wv) AppleWebKit/537.36 (KHTML, Gecko) Version/4.0 Chrome/60.0.3112.107 Mobile Safari/537.36"
195.3.220.88 - - [28/Mar/2026:17:53:31 +0000] "GET /wp-content/themes/twentynineteen/404.php HTTP/1.1" 404 30931 "-" "Mozilla/5.0 (Linux; Android 7.0; SM-G892A Build/NRD90M; wv) AppleWebKit/537.36 (KHTML, Gecko) Version/4.0 Chrome/60.0.3112.107 Mobile Safari/537.36"
195.3.220.88 - - [28/Mar/2026:17:53:34 +0000] "GET /wp-content/cache/index.php HTTP/1.1" 301 20 "-" "Mozilla/5.0 (Linux; Android 7.0; SM-G892A Build/NRD90M; wv) AppleWebKit/537.36 (KHTML, Gecko) Version/4.0 Chrome/60.0.3112.107 Mobile Safari/537.36"
195.3.220.88 - - [28/Mar/2026:17:53:35 +0000] "GET /wp-content/cache/ HTTP/1.1" 200 314 "-" "Mozilla/5.0 (Linux; Android 7.0; SM-G892A Build/NRD90M; wv) AppleWebKit/537.36 (KHTML, Gecko) Version/4.0 Chrome/60.0.3112.107 Mobile Safari/537.36"
195.3.220.88 - - [28/Mar/2026:17:53:36 +0000] "GET /wp-content/index.php HTTP/1.1" 200 20 "-" "Mozilla/5.0 (Linux; Android 7.0; SM-G892A Build/NRD90M; wv) AppleWebKit/537.36 (KHTML, Gecko) Version/4.0 Chrome/60.0.3112.107 Mobile Safari/537.36"
195.3.220.88 - - [28/Mar/2026:17:53:36 +0000] "GET /wp-content/languages/index.php HTTP/1.1" 301 20 "-" "Mozilla/5.0 (Linux; Android 7.0; SM-G892A Build/NRD90M; wv) AppleWebKit/537.36 (KHTML, Gecko) Version/4.0 Chrome/60.0.3112.107 Mobile Safari/537.36"
195.3.220.88 - - [28/Mar/2026:17:53:37 +0000] "GET /wp-content/languages/ HTTP/1.1" 200 2366 "-" "Mozilla/5.0 (Linux; Android 7.0; SM-G892A Build/NRD90M; wv) AppleWebKit/537.36 (KHTML, Gecko) Version/4.0 Chrome/60.0.3112.107 Mobile Safari/537.36"
195.3.220.88 - - [28/Mar/2026:17:53:38 +0000] "GET /wp-content/plugins/index.php HTTP/1.1" 200 20 "-" "Mozilla/5.0 (Linux; Android 7.0; SM-G892A Build/NRD90M; wv) AppleWebKit/537.36 (KHTML, Gecko) Version/4.0 Chrome/60.0.3112.107 Mobile Safari/537.36"
195.3.220.88 - - [28/Mar/2026:17:53:38 +0000] "GET /wp-content/themes/index.php HTTP/1.1" 200 20 "-" "Mozilla/5.0 (Linux; Android 7.0; SM-G892A Build/NRD90M; wv) AppleWebKit/537.36 (KHTML, Gecko) Version/4.0 Chrome/60.0.3112.107 Mobile Safari/537.36"
2001:16a4:256:78c2:d52a:a6e3:c2d:ce20 - - [28/Mar/2026:17:53:36 +0000] "GET /changan-cs35-750-sar-offer/?utm_source=Snapchat&utm_medium=CPC&utm_campaign=Changan_CS35_PLUS_APR_2024&utm_id=Changan_CS35_PLUS_APR_2024&ScCid=5094a4dd-9743-4d04-83d9-bf0a1dca7e93 HTTP/1.1" 404 31130 "-" "Mozilla/5.0 (iPhone; CPU iPhone OS 18_7 like Mac OS X) AppleWebKit/605.1.15 (KHTML, like Gecko) Version/26.4 Mobile/15E148 Safari/604.1"
2001:16a4:256:78c2:d52a:a6e3:c2d:ce20 - - [28/Mar/2026:17:53:39 +0000] "GET /wp-content/plugins/woocommerce/assets/css/woocommerce-layout-rtl.css?ver=10.6.1 HTTP/1.1" 200 3413 "https://autozone.com.sa/changan-cs35-750-sar-offer/?utm_source=Snapchat&utm_medium=CPC&utm_campaign=Changan_CS35_PLUS_APR_2024&utm_id=Changan_CS35_PLUS_APR_2024&ScCid=5094a4dd-9743-4d04-83d9-bf0a1dca7e93" "Mozilla/5.0 (iPhone; CPU iPhone OS 18_7 like Mac OS X) AppleWebKit/605.1.15 (KHTML, like Gecko) Version/26.4 Mobile/15E148 Safari/604.1"
2001:16a4:256:78c2:d52a:a6e3:c2d:ce20 - - [28/Mar/2026:17:53:39 +0000] "GET /wp-content/uploads/elementor/css/post-6.css?ver=1774675857 HTTP/1.1" 200 878 "https://autozone.com.sa/changan-cs35-750-sar-offer/?utm_source=Snapchat&utm_medium=CPC&utm_campaign=Changan_CS35_PLUS_APR_2024&utm_id=Changan_CS35_PLUS_APR_2024&ScCid=5094a4dd-9743-4d04-83d9-bf0a1dca7e93" "Mozilla/5.0 (iPhone; CPU iPhone OS 18_7 like Mac OS X) AppleWebKit/605.1.15 (KHTML, like Gecko) Version/26.4 Mobile/15E148 Safari/604.1"
2001:16a4:256:78c2:d52a:a6e3:c2d:ce20 - - [28/Mar/2026:17:53:39 +0000] "GET /wp-content/uploads/elementor/css/custom-frontend.min.css?ver=1774675920 HTTP/1.1" 200 7325 "https://autozone.com.sa/changan-cs35-750-sar-offer/?utm_source=Snapchat&utm_medium=CPC&utm_campaign=Changan_CS35_PLUS_APR_2024&utm_id=Changan_CS35_PLUS_APR_2024&ScCid=5094a4dd-9743-4d04-83d9-bf0a1dca7e93" "Mozilla/5.0 (iPhone; CPU iPhone OS 18_7 like Mac OS X) AppleWebKit/605.1.15 (KHTML, like Gecko) Version/26.4 Mobile/15E148 Safari/604.1"
2001:16a4:256:78c2:d52a:a6e3:c2d:ce20 - - [28/Mar/2026:17:53:39 +0000] "GET /wp-content/uploads/elementor/css/custom-widget-icon-list-rtl.min.css?ver=1774675920 HTTP/1.1" 200 1032 "https://autozone.com.sa/changan-cs35-750-sar-offer/?utm_source=Snapchat&utm_medium=CPC&utm_campaign=Changan_CS35_PLUS_APR_2024&utm_id=Changan_CS35_PLUS_APR_2024&ScCid=5094a4dd-9743-4d04-83d9-bf0a1dca7e93" "Mozilla/5.0 (iPhone; CPU iPhone OS 18_7 like Mac OS X) AppleWebKit/605.1.15 (KHTML, like Gecko) Version/26.4 Mobile/15E148 Safari/604.1"
2001:16a4:256:78c2:d52a:a6e3:c2d:ce20 - - [28/Mar/2026:17:53:39 +0000] "GET /wp-content/plugins/elementor/assets/css/widget-social-icons-rtl.min.css?ver=3.35.4 HTTP/1.1" 200 1142 "https://autozone.com.sa/changan-cs35-750-sar-offer/?utm_source=Snapchat&utm_medium=CPC&utm_campaign=Changan_CS35_PLUS_APR_2024&utm_id=Changan_CS35_PLUS_APR_2024&ScCid=5094a4dd-9743-4d04-83d9-bf0a1dca7e93" "Mozilla/5.0 (iPhone; CPU iPhone OS 18_7 like Mac OS X) AppleWebKit/605.1.15 (KHTML, like Gecko) Version/26.4 Mobile/15E148 Safari/604.1"
2001:16a4:256:78c2:d52a:a6e3:c2d:ce20 - - [28/Mar/2026:17:53:39 +0000] "GET /wp-content/uploads/elementor/css/custom-apple-webkit.min.css?ver=1774675920 HTTP/1.1" 200 547 "https://autozone.com.sa/changan-cs35-750-sar-offer/?utm_source=Snapchat&utm_medium=CPC&utm_campaign=Changan_CS35_PLUS_APR_2024&utm_id=Changan_CS35_PLUS_APR_2024&ScCid=5094a4dd-9743-4d04-83d9-bf0a1dca7e93" "Mozilla/5.0 (iPhone; CPU iPhone OS 18_7 like Mac OS X) AppleWebKit/605.1.15 (KHTML, like Gecko) Version/26.4 Mobile/15E148 Safari/604.1"
2001:16a4:256:78c2:d52a:a6e3:c2d:ce20 - - [28/Mar/2026:17:53:39 +0000] "GET /wp-content/plugins/jet-theme-core/assets/css/frontend.css?ver=2.3.1.1 HTTP/1.1" 304 - "https://autozone.com.sa/changan-cs35-750-sar-offer/?utm_source=Snapchat&utm_medium=CPC&utm_campaign=Changan_CS35_PLUS_APR_2024&utm_id=Changan_CS35_PLUS_APR_2024&ScCid=5094a4dd-9743-4d04-83d9-bf0a1dca7e93" "Mozilla/5.0 (iPhone; CPU iPhone OS 18_7 like Mac OS X) AppleWebKit/605.1.15 (KHTML, like Gecko) Version/26.4 Mobile/15E148 Safari/604.1"
2001:16a4:256:78c2:d52a:a6e3:c2d:ce20 - - [28/Mar/2026:17:53:39 +0000] "GET /wp-content/uploads/elementor/css/custom-pro-widget-nav-menu-rtl.min.css?ver=1774675920 HTTP/1.1" 200 3422 "https://autozone.com.sa/changan-cs35-750-sar-offer/?utm_source=Snapchat&utm_medium=CPC&utm_campaign=Changan_CS35_PLUS_APR_2024&utm_id=Changan_CS35_PLUS_APR_2024&ScCid=5094a4dd-9743-4d04-83d9-bf0a1dca7e93" "Mozilla/5.0 (iPhone; CPU iPhone OS 18_7 like Mac OS X) AppleWebKit/605.1.15 (KHTML, like Gecko) Version/26.4 Mobile/15E148 Safari/604.1"
2001:16a4:256:78c2:d52a:a6e3:c2d:ce20 - - [28/Mar/2026:17:53:39 +0000] "GET /wp-content/plugins/jet-tabs/assets/css/jet-tabs-frontend.css?ver=2.2.10 HTTP/1.1" 200 4018 "https://autozone.com.sa/changan-cs35-750-sar-offer/?utm_source=Snapchat&utm_medium=CPC&utm_campaign=Changan_CS35_PLUS_APR_2024&utm_id=Changan_CS35_PLUS_APR_2024&ScCid=5094a4dd-9743-4d04-83d9-bf0a1dca7e93" "Mozilla/5.0 (iPhone; CPU iPhone OS 18_7 like Mac OS X) AppleWebKit/605.1.15 (KHTML, like Gecko) Version/26.4 Mobile/15E148 Safari/604.1"
2001:16a4:256:78c2:d52a:a6e3:c2d:ce20 - - [28/Mar/2026:17:53:39 +0000] "GET /wp-content/plugins/bdthemes-element-pack/assets/css/ep-helper.rtl.css?ver=9.1.1 HTTP/1.1" 200 6507 "https://autozone.com.sa/changan-cs35-750-sar-offer/?utm_source=Snapchat&utm_medium=CPC&utm_campaign=Changan_CS35_PLUS_APR_2024&utm_id=Changan_CS35_PLUS_APR_2024&ScCid=5094a4dd-9743-4d04-83d9-bf0a1dca7e93" "Mozilla/5.0 (iPhone; CPU iPhone OS 18_7 like Mac OS X) AppleWebKit/605.1.15 (KHTML, like Gecko) Version/26.4 Mobile/15E148 Safari/604.1"
2001:16a4:256:78c2:d52a:a6e3:c2d:ce20 - - [28/Mar/2026:17:53:39 +0000] "GET /wp-content/uploads/elementor/css/post-1038.css?ver=1774675857 HTTP/1.1" 200 1900 "https://autozone.com.sa/changan-cs35-750-sar-offer/?utm_source=Snapchat&utm_medium=CPC&utm_campaign=Changan_CS35_PLUS_APR_2024&utm_id=Changan_CS35_PLUS_APR_2024&ScCid=5094a4dd-9743-4d04-83d9-bf0a1dca7e93" "Mozilla/5.0 (iPhone; CPU iPhone OS 18_7 like Mac OS X) AppleWebKit/605.1.15 (KHTML, like Gecko) Version/26.4 Mobile/15E148 Safari/604.1"
2001:16a4:256:78c2:d52a:a6e3:c2d:ce20 - - [28/Mar/2026:17:53:39 +0000] "GET /wp-includes/css/dist/block-library/style-rtl.min.css?ver=6.9.4 HTTP/1.1" 200 15851 "https://autozone.com.sa/changan-cs35-750-sar-offer/?utm_source=Snapchat&utm_medium=CPC&utm_campaign=Changan_CS35_PLUS_APR_2024&utm_id=Changan_CS35_PLUS_APR_2024&ScCid=5094a4dd-9743-4d04-83d9-bf0a1dca7e93" "Mozilla/5.0 (iPhone; CPU iPhone OS 18_7 like Mac OS X) AppleWebKit/605.1.15 (KHTML, like Gecko) Version/26.4 Mobile/15E148 Safari/604.1"
2001:16a4:256:78c2:d52a:a6e3:c2d:ce20 - - [28/Mar/2026:17:53:39 +0000] "GET /wp-content/uploads/elementor/css/post-1014.css?ver=1774675857 HTTP/1.1" 200 3291 "https://autozone.com.sa/changan-cs35-750-sar-offer/?utm_source=Snapchat&utm_medium=CPC&utm_campaign=Changan_CS35_PLUS_APR_2024&utm_id=Changan_CS35_PLUS_APR_2024&ScCid=5094a4dd-9743-4d04-83d9-bf0a1dca7e93" "Mozilla/5.0 (iPhone; CPU iPhone OS 18_7 like Mac OS X) AppleWebKit/605.1.15 (KHTML, like Gecko) Version/26.4 Mobile/15E148 Safari/604.1"
2001:16a4:256:78c2:d52a:a6e3:c2d:ce20 - - [28/Mar/2026:17:53:39 +0000] "GET /wp-content/uploads/elementor/css/post-957.css?ver=1774675858 HTTP/1.1" 200 996 "https://autozone.com.sa/changan-cs35-750-sar-offer/?utm_source=Snapchat&utm_medium=CPC&utm_campaign=Changan_CS35_PLUS_APR_2024&utm_id=Changan_CS35_PLUS_APR_2024&ScCid=5094a4dd-9743-4d04-83d9-bf0a1dca7e93" "Mozilla/5.0 (iPhone; CPU iPhone OS 18_7 like Mac OS X) AppleWebKit/605.1.15 (KHTML, like Gecko) Version/26.4 Mobile/15E148 Safari/604.1"
2001:16a4:256:78c2:d52a:a6e3:c2d:ce20 - - [28/Mar/2026:17:53:39 +0000] "GET /wp-content/plugins/woocommerce/assets/css/photoswipe/photoswipe.min.css?ver=10.6.1 HTTP/1.1" 200 983 "https://autozone.com.sa/changan-cs35-750-sar-offer/?utm_source=Snapchat&utm_medium=CPC&utm_campaign=Changan_CS35_PLUS_APR_2024&utm_id=Changan_CS35_PLUS_APR_2024&ScCid=5094a4dd-9743-4d04-83d9-bf0a1dca7e93" "Mozilla/5.0 (iPhone; CPU iPhone OS 18_7 like Mac OS X) AppleWebKit/605.1.15 (KHTML, like Gecko) Version/26.4 Mobile/15E148 Safari/604.1"
2001:16a4:256:78c2:d52a:a6e3:c2d:ce20 - - [28/Mar/2026:17:53:39 +0000] "GET /wp-content/plugins/jetformbuilder/modules/blocks-v2/text-field/assets/build/frontend/field.css?ver=16395ed38b7c1e8808d6 HTTP/1.1" 200 243 "https://autozone.com.sa/changan-cs35-750-sar-offer/?utm_source=Snapchat&utm_medium=CPC&utm_campaign=Changan_CS35_PLUS_APR_2024&utm_id=Changan_CS35_PLUS_APR_2024&ScCid=5094a4dd-9743-4d04-83d9-bf0a1dca7e93" "Mozilla/5.0 (iPhone; CPU iPhone OS 18_7 like Mac OS X) AppleWebKit/605.1.15 (KHTML, like Gecko) Version/26.4 Mobile/15E148 Safari/604.1"
195.3.220.88 - - [28/Mar/2026:17:53:38 +0000] "GET /wp-content/upgrade/index.php HTTP/1.1" 301 20 "-" "Mozilla/5.0 (Linux; Android 7.0; SM-G892A Build/NRD90M; wv) AppleWebKit/537.36 (KHTML, Gecko) Version/4.0 Chrome/60.0.3112.107 Mobile Safari/537.36"
195.3.220.88 - - [28/Mar/2026:17:53:40 +0000] "GET /wp-content/upgrade/ HTTP/1.1" 200 315 "-" "Mozilla/5.0 (Linux; Android 7.0; SM-G892A Build/NRD90M; wv) AppleWebKit/537.36 (KHTML, Gecko) Version/4.0 Chrome/60.0.3112.107 Mobile Safari/537.36"
195.3.220.88 - - [28/Mar/2026:17:53:40 +0000] "GET /wp-content/uploads/index.php HTTP/1.1" 301 20 "-" "Mozilla/5.0 (Linux; Android 7.0; SM-G892A Build/NRD90M; wv) AppleWebKit/537.36 (KHTML, Gecko) Version/4.0 Chrome/60.0.3112.107 Mobile Safari/537.36"
2001:16a4:256:78c2:d52a:a6e3:c2d:ce20 - - [28/Mar/2026:17:53:41 +0000] "GET /wp-content/uploads/2024/12/1200-x-600-Pixel-min.webp HTTP/1.1" 200 233880 "https://autozone.com.sa/changan-cs35-750-sar-offer/?utm_source=Snapchat&utm_medium=CPC&utm_campaign=Changan_CS35_PLUS_APR_2024&utm_id=Changan_CS35_PLUS_APR_2024&ScCid=5094a4dd-9743-4d04-83d9-bf0a1dca7e93" "Mozilla/5.0 (iPhone; CPU iPhone OS 18_7 like Mac OS X) AppleWebKit/605.1.15 (KHTML, like Gecko) Version/26.4 Mobile/15E148 Safari/604.1"
2001:16a4:256:78c2:d52a:a6e3:c2d:ce20 - - [28/Mar/2026:17:53:41 +0000] "GET /wp-content/plugins/woocommerce/assets/css/photoswipe/default-skin/default-skin.png HTTP/1.1" 304 - "https://autozone.com.sa/changan-cs35-750-sar-offer/?utm_source=Snapchat&utm_medium=CPC&utm_campaign=Changan_CS35_PLUS_APR_2024&utm_id=Changan_CS35_PLUS_APR_2024&ScCid=5094a4dd-9743-4d04-83d9-bf0a1dca7e93" "Mozilla/5.0 (iPhone; CPU iPhone OS 18_7 like Mac OS X) AppleWebKit/605.1.15 (KHTML, like Gecko) Version/26.4 Mobile/15E148 Safari/604.1"
195.3.220.88 - - [28/Mar/2026:17:53:41 +0000] "GET /wp-content/uploads/ HTTP/1.1" 200 754 "-" "Mozilla/5.0 (Linux; Android 7.0; SM-G892A Build/NRD90M; wv) AppleWebKit/537.36 (KHTML, Gecko) Version/4.0 Chrome/60.0.3112.107 Mobile Safari/537.36"
172.105.42.26 - - [28/Mar/2026:17:53:43 +0000] "POST /wp-cron.php?doing_wp_cron=1774720423.4399371147155761718750 HTTP/1.1" 200 20 "-" "WordPress/6.9.4; https://autozone.com.sa"
195.3.220.88 - - [28/Mar/2026:17:53:42 +0000] "GET /wp-admin/index.php HTTP/1.1" 302 20 "-" "Mozilla/5.0 (Linux; Android 7.0; SM-G892A Build/NRD90M; wv) AppleWebKit/537.36 (KHTML, Gecko) Version/4.0 Chrome/60.0.3112.107 Mobile Safari/537.36"
2001:16a4:256:78c2:d52a:a6e3:c2d:ce20 - - [28/Mar/2026:17:53:42 +0000] "POST /?wc-ajax=get_refreshed_fragments HTTP/1.1" 200 999 "https://autozone.com.sa/changan-cs35-750-sar-offer/?utm_source=Snapchat&utm_medium=CPC&utm_campaign=Changan_CS35_PLUS_APR_2024&utm_id=Changan_CS35_PLUS_APR_2024&ScCid=5094a4dd-9743-4d04-83d9-bf0a1dca7e93" "Mozilla/5.0 (iPhone; CPU iPhone OS 18_7 like Mac OS X) AppleWebKit/605.1.15 (KHTML, like Gecko) Version/26.4 Mobile/15E148 Safari/604.1"
2001:16a4:256:78c2:d52a:a6e3:c2d:ce20 - - [28/Mar/2026:17:53:42 +0000] "POST /?wc-ajax=get_refreshed_fragments HTTP/1.1" 200 999 "https://autozone.com.sa/changan-cs35-750-sar-offer/?utm_source=Snapchat&utm_medium=CPC&utm_campaign=Changan_CS35_PLUS_APR_2024&utm_id=Changan_CS35_PLUS_APR_2024&ScCid=5094a4dd-9743-4d04-83d9-bf0a1dca7e93" "Mozilla/5.0 (iPhone; CPU iPhone OS 18_7 like Mac OS X) AppleWebKit/605.1.15 (KHTML, like Gecko) Version/26.4 Mobile/15E148 Safari/604.1"
2001:16a4:256:78c2:d52a:a6e3:c2d:ce20 - - [28/Mar/2026:17:53:42 +0000] "POST /wp-json/iawp/search HTTP/1.1" 200 36 "https://autozone.com.sa/changan-cs35-750-sar-offer/?utm_source=Snapchat&utm_medium=CPC&utm_campaign=Changan_CS35_PLUS_APR_2024&utm_id=Changan_CS35_PLUS_APR_2024&ScCid=5094a4dd-9743-4d04-83d9-bf0a1dca7e93" "Mozilla/5.0 (iPhone; CPU iPhone OS 18_7 like Mac OS X) AppleWebKit/605.1.15 (KHTML, like Gecko) Version/26.4 Mobile/15E148 Safari/604.1"
172.105.42.26 - - [28/Mar/2026:17:53:45 +0000] "POST /wp-cron.php?doing_wp_cron=1774720425.2952849864959716796875 HTTP/1.1" 200 20 "-" "WordPress/6.9.4; https://autozone.com.sa"
114.119.153.186 - - [28/Mar/2026:17:53:42 +0000] "GET /listings/hyundai-creta-gl-2wd-1-6l-2019/creta-seats-2 HTTP/1.1" 404 30953 "https://autozone.com.sa/listings/hyundai-creta-gl-2wd-1-6l-2019/creta-seats-2/" "Mozilla/5.0 (Linux; Android 7.0;) AppleWebKit/537.36 (KHTML, like Gecko) Mobile Safari/537.36 (compatible; PetalBot;+https://webmaster.petalsearch.com/site/petalbot)"
195.3.220.88 - - [28/Mar/2026:17:53:43 +0000] "GET /not_found/ HTTP/1.1" 404 30896 "-" "Mozilla/5.0 (Linux; Android 7.0; SM-G892A Build/NRD90M; wv) AppleWebKit/537.36 (KHTML, Gecko) Version/4.0 Chrome/60.0.3112.107 Mobile Safari/537.36"
195.3.220.88 - - [28/Mar/2026:17:53:46 +0000] "GET /wp-content/themes/Divi/404.php HTTP/1.1" 404 30920 "-" "Mozilla/5.0 (Linux; Android 7.0; SM-G892A Build/NRD90M; wv) AppleWebKit/537.36 (KHTML, Gecko) Version/4.0 Chrome/60.0.3112.107 Mobile Safari/537.36"
192.159.99.142 - - [28/Mar/2026:17:54:22 +0000] "GET /wp-content/themes/seotheme/db.php?u HTTP/1.1" 403 6635 "www.google.com" "Mozlila/5.0 (Linux; Android 7.0; SM-G892A Bulid/NRD90M; wv) AppleWebKit/537.36 (KHTML, like Gecko) Version/4.0 Chrome/60.0.3112.107 Moblie Safari/537.36"
172.105.42.26 - - [28/Mar/2026:17:54:22 +0000] "POST /?wordfence_syncAttackData=1774720462.1913 HTTP/1.1" 200 20 "-" "WordPress/6.9.4; https://autozone.com.sa"
192.159.99.142 - - [28/Mar/2026:17:54:25 +0000] "POST /wp-plain.php HTTP/1.1" 403 1660 "www.google.com" "Mozilla/5.0 (Linux; Android 7.0; SM-G892A Bulid/NRD90M; wv) AppleWebKit/537.36 (KHTML, like Gecko) Version/4.0 Chrome/60.0.3112.107 Moblie Safari/537.36"
192.159.99.142 - - [28/Mar/2026:17:54:25 +0000] "GET /zfvsbaja.php?Fox=d3wL7 HTTP/1.1" 404 30923 "www.google.com" "Mozilla/5.0 (Linux; Android 7.0; SM-G892A Bulid/NRD90M; wv) AppleWebKit/537.36 (KHTML, like Gecko) Version/4.0 Chrome/60.0.3112.107 Moblie Safari/537.36"
172.105.42.26 - - [28/Mar/2026:17:54:37 +0000] "POST /?wordfence_syncAttackData=1774720477.6527 HTTP/1.1" 200 20 "-" "WordPress/6.9.4; https://autozone.com.sa"
2a02:598:64:8a00::3100:18 - - [28/Mar/2026:17:54:40 +0000] "GET /product-sitemap.xml HTTP/1.1" 200 4084 "-" "Mozilla/5.0 (compatible; SeznamBot/4.0; +https://o-seznam.cz/napoveda/vyhledavani/en/seznambot-crawler/)"
2a02:9b0:400d:bf21:58f7:3aff:fe96:4a2f - - [28/Mar/2026:17:54:38 +0000] "GET / HTTP/1.1" 200 163856 "https://www.google.com/" "Mozilla/5.0 (Linux; Android 10; K) AppleWebKit/537.36 (KHTML, like Gecko) Chrome/146.0.0.0 Mobile Safari/537.36"
2001:4860:7:1428::ff - - [28/Mar/2026:17:54:37 +0000] "GET / HTTP/1.1" 200 163856 "https://www.google.com/" "Mozilla/5.0 (Linux; Android 10; K) AppleWebKit/537.36 (KHTML, like Gecko) Chrome/146.0.0.0 Mobile Safari/537.36"
2a02:9b0:400d:bf21:58f7:3aff:fe96:4a2f - - [28/Mar/2026:17:54:43 +0000] "GET /wp-content/uploads/al_opt_content/SCRIPT/6823120876c9afc8929418c9a6f8e343.js?ver=6.9.4 HTTP/1.1" 200 1803 "-" "Mozilla/5.0 (Linux; Android 10; K) AppleWebKit/537.36 (KHTML, like Gecko) Chrome/146.0.0.0 Mobile Safari/537.36"
2a02:9b0:400d:bf21:58f7:3aff:fe96:4a2f - - [28/Mar/2026:17:54:43 +0000] "GET /wp-content/uploads/al_opt_content/SCRIPT/41f51437bd5e8bef231a33ff6d27495e.js?ver=120e75a68931b79be3f4 HTTP/1.1" 200 375 "-" "Mozilla/5.0 (Linux; Android 10; K) AppleWebKit/537.36 (KHTML, like Gecko) Chrome/146.0.0.0 Mobile Safari/537.36"
2a02:9b0:400d:bf21:58f7:3aff:fe96:4a2f - - [28/Mar/2026:17:54:43 +0000] "GET /wp-content/uploads/al_opt_content/SCRIPT/d2747d97701d5257ead936eea4eab86c.js?ver=a8ff8d24b43df9ed7e99 HTTP/1.1" 200 12924 "-" "Mozilla/5.0 (Linux; Android 10; K) AppleWebKit/537.36 (KHTML, like Gecko) Chrome/146.0.0.0 Mobile Safari/537.36"
2a02:9b0:400d:bf21:58f7:3aff:fe96:4a2f - - [28/Mar/2026:17:54:43 +0000] "GET /wp-content/uploads/al_opt_content/SCRIPT/f09dd5e5ff8ea44f222fbc2801d191a5.js?ver=0edd78a6f12e2b918b82 HTTP/1.1" 200 752 "-" "Mozilla/5.0 (Linux; Android 10; K) AppleWebKit/537.36 (KHTML, like Gecko) Chrome/146.0.0.0 Mobile Safari/537.36"
2a02:9b0:400d:bf21:58f7:3aff:fe96:4a2f - - [28/Mar/2026:17:54:43 +0000] "GET /wp-content/uploads/al_opt_content/SCRIPT/dabbecc533785696ce987e945347a559.js?ver=6e25adbbae5a5d1bb65e HTTP/1.1" 200 1661 "-" "Mozilla/5.0 (Linux; Android 10; K) AppleWebKit/537.36 (KHTML, like Gecko) Chrome/146.0.0.0 Mobile Safari/537.36"
2a02:9b0:400d:bf21:58f7:3aff:fe96:4a2f - - [28/Mar/2026:17:54:43 +0000] "GET /wp-content/uploads/al_opt_content/SCRIPT/5dda2eae243c89f82274a1dd55df41f0.js?ver=3.5.6.3 HTTP/1.1" 200 3268 "-" "Mozilla/5.0 (Linux; Android 10; K) AppleWebKit/537.36 (KHTML, like Gecko) Chrome/146.0.0.0 Mobile Safari/537.36"
2a02:9b0:400d:bf21:58f7:3aff:fe96:4a2f - - [28/Mar/2026:17:54:43 +0000] "GET /wp-content/uploads/al_opt_content/SCRIPT/4df6430a356a193856227f4ee32f54f5.js?ver=16395ed38b7c1e8808d6 HTTP/1.1" 200 597 "-" "Mozilla/5.0 (Linux; Android 10; K) AppleWebKit/537.36 (KHTML, like Gecko) Chrome/146.0.0.0 Mobile Safari/537.36"
2a02:9b0:400d:bf21:58f7:3aff:fe96:4a2f - - [28/Mar/2026:17:54:44 +0000] "GET /wp-content/uploads/al_opt_content/SCRIPT/3f09ea3cee04647df66535f6cbd1b0c1.js?ver=2.0.21.1 HTTP/1.1" 200 2342 "-" "Mozilla/5.0 (Linux; Android 10; K) AppleWebKit/537.36 (KHTML, like Gecko) Chrome/146.0.0.0 Mobile Safari/537.36"
2a02:9b0:400d:bf21:58f7:3aff:fe96:4a2f - - [28/Mar/2026:17:54:44 +0000] "GET /wp-content/uploads/al_opt_content/CSS/2030176df39a8b78676e61a95e3589f2.css HTTP/1.1" 200 914 "-" "Mozilla/5.0 (Linux; Android 10; K) AppleWebKit/537.36 (KHTML, like Gecko) Chrome/146.0.0.0 Mobile Safari/537.36"
2a02:9b0:400d:bf21:58f7:3aff:fe96:4a2f - - [28/Mar/2026:17:54:44 +0000] "GET /wp-content/uploads/al_opt_content/CSS/c2106013305b7a155b95954db71e5304.css HTTP/1.1" 200 3412 "-" "Mozilla/5.0 (Linux; Android 10; K) AppleWebKit/537.36 (KHTML, like Gecko) Chrome/146.0.0.0 Mobile Safari/537.36"
2a02:9b0:400d:bf21:58f7:3aff:fe96:4a2f - - [28/Mar/2026:17:54:44 +0000] "GET /wp-content/uploads/al_opt_content/CSS/547c7a112d281a6cfc3ac19387d5e49e.css HTTP/1.1" 200 315 "-" "Mozilla/5.0 (Linux; Android 10; K) AppleWebKit/537.36 (KHTML, like Gecko) Chrome/146.0.0.0 Mobile Safari/537.36"
2a02:9b0:400d:bf21:58f7:3aff:fe96:4a2f - - [28/Mar/2026:17:54:44 +0000] "GET /wp-content/uploads/al_opt_content/CSS/c83ad3a4a85330993cd9157b8d64d641.css HTTP/1.1" 200 1312 "-" "Mozilla/5.0 (Linux; Android 10; K) AppleWebKit/537.36 (KHTML, like Gecko) Chrome/146.0.0.0 Mobile Safari/537.36"
2a02:9b0:400d:bf21:58f7:3aff:fe96:4a2f - - [28/Mar/2026:17:54:44 +0000] "GET /wp-content/uploads/al_opt_content/CSS/201e0e9358726c21d4ee7ab3b5a00ecc.css HTTP/1.1" 200 5657 "-" "Mozilla/5.0 (Linux; Android 10; K) AppleWebKit/537.36 (KHTML, like Gecko) Chrome/146.0.0.0 Mobile Safari/537.36"
2a02:9b0:400d:bf21:58f7:3aff:fe96:4a2f - - [28/Mar/2026:17:54:44 +0000] "GET /wp-content/uploads/al_opt_content/CSS/83ec0e0fcd43cbae253a8e0ddd52e08c.css HTTP/1.1" 200 4518 "-" "Mozilla/5.0 (Linux; Android 10; K) AppleWebKit/537.36 (KHTML, like Gecko) Chrome/146.0.0.0 Mobile Safari/537.36"
2a02:9b0:400d:bf21:58f7:3aff:fe96:4a2f - - [28/Mar/2026:17:54:44 +0000] "GET /wp-content/uploads/al_opt_content/CSS/cd84a6e0e1ac1d3a8bc4fd5d98a57bc6.css HTTP/1.1" 200 1045 "-" "Mozilla/5.0 (Linux; Android 10; K) AppleWebKit/537.36 (KHTML, like Gecko) Chrome/146.0.0.0 Mobile Safari/537.36"
2a02:9b0:400d:bf21:58f7:3aff:fe96:4a2f - - [28/Mar/2026:17:54:44 +0000] "GET /wp-content/uploads/al_opt_content/CSS/37637319d8c07f1bca23d91da9fcbb6a.css HTTP/1.1" 200 3064 "-" "Mozilla/5.0 (Linux; Android 10; K) AppleWebKit/537.36 (KHTML, like Gecko) Chrome/146.0.0.0 Mobile Safari/537.36"
2a02:9b0:400d:bf21:58f7:3aff:fe96:4a2f - - [28/Mar/2026:17:54:44 +0000] "GET /wp-content/uploads/al_opt_content/CSS/a480d2bf8c523da1c15b272e519f33f2.css HTTP/1.1" 200 1271 "-" "Mozilla/5.0 (Linux; Android 10; K) AppleWebKit/537.36 (KHTML, like Gecko) Chrome/146.0.0.0 Mobile Safari/537.36"
2a02:9b0:400d:bf21:58f7:3aff:fe96:4a2f - - [28/Mar/2026:17:54:44 +0000] "GET /wp-content/uploads/al_opt_content/CSS/af4b9638d69957103dc5ea259563873e.css HTTP/1.1" 200 1792 "-" "Mozilla/5.0 (Linux; Android 10; K) AppleWebKit/537.36 (KHTML, like Gecko) Chrome/146.0.0.0 Mobile Safari/537.36"
2a02:9b0:400d:bf21:58f7:3aff:fe96:4a2f - - [28/Mar/2026:17:54:44 +0000] "GET /wp-content/uploads/al_opt_content/CSS/86dbb47955bb9db9c74abc72efb0c6f6.css HTTP/1.1" 200 1423 "-" "Mozilla/5.0 (Linux; Android 10; K) AppleWebKit/537.36 (KHTML, like Gecko) Chrome/146.0.0.0 Mobile Safari/537.36"
2a02:9b0:400d:bf21:58f7:3aff:fe96:4a2f - - [28/Mar/2026:17:54:44 +0000] "GET /wp-content/uploads/al_opt_content/CSS/14fdf0d71a5607e1d6e9c64066c9dd7d.css HTTP/1.1" 200 7325 "-" "Mozilla/5.0 (Linux; Android 10; K) AppleWebKit/537.36 (KHTML, like Gecko) Chrome/146.0.0.0 Mobile Safari/537.36"
2a02:9b0:400d:bf21:58f7:3aff:fe96:4a2f - - [28/Mar/2026:17:54:44 +0000] "GET /wp-content/uploads/al_opt_content/CSS/259fad0953045f910c9e126b21e6a457.css HTTP/1.1" 200 730 "-" "Mozilla/5.0 (Linux; Android 10; K) AppleWebKit/537.36 (KHTML, like Gecko) Chrome/146.0.0.0 Mobile Safari/537.36"
2a02:9b0:400d:bf21:58f7:3aff:fe96:4a2f - - [28/Mar/2026:17:54:44 +0000] "GET /wp-content/uploads/al_opt_content/CSS/fe12a714ec08993034e5c08c53499cdb.css HTTP/1.1" 200 502 "-" "Mozilla/5.0 (Linux; Android 10; K) AppleWebKit/537.36 (KHTML, like Gecko) Chrome/146.0.0.0 Mobile Safari/537.36"
2a02:9b0:400d:bf21:58f7:3aff:fe96:4a2f - - [28/Mar/2026:17:54:44 +0000] "GET /wp-content/uploads/al_opt_content/CSS/ec603e4e4f99b8f3a2c9582b4754d63b.css HTTP/1.1" 200 871 "-" "Mozilla/5.0 (Linux; Android 10; K) AppleWebKit/537.36 (KHTML, like Gecko) Chrome/146.0.0.0 Mobile Safari/537.36"
2a02:9b0:400d:bf21:58f7:3aff:fe96:4a2f - - [28/Mar/2026:17:54:44 +0000] "GET /wp-content/uploads/al_opt_content/CSS/d171e55e14f3b2d20bc05a8f2d8ef104.css HTTP/1.1" 200 678 "-" "Mozilla/5.0 (Linux; Android 10; K) AppleWebKit/537.36 (KHTML, like Gecko) Chrome/146.0.0.0 Mobile Safari/537.36"
2a02:9b0:400d:bf21:58f7:3aff:fe96:4a2f - - [28/Mar/2026:17:54:44 +0000] "GET /wp-content/uploads/al_opt_content/CSS/d41d8cd98f00b204e9800998ecf8427e.css HTTP/1.1" 304 - "-" "Mozilla/5.0 (Linux; Android 10; K) AppleWebKit/537.36 (KHTML, like Gecko) Chrome/146.0.0.0 Mobile Safari/537.36"
2a02:9b0:400d:bf21:58f7:3aff:fe96:4a2f - - [28/Mar/2026:17:54:44 +0000] "GET /wp-content/uploads/al_opt_content/CSS/3bb23a88e1835e239965798d1c112d79.css HTTP/1.1" 200 618 "-" "Mozilla/5.0 (Linux; Android 10; K) AppleWebKit/537.36 (KHTML, like Gecko) Chrome/146.0.0.0 Mobile Safari/537.36"
2a02:9b0:400d:bf21:58f7:3aff:fe96:4a2f - - [28/Mar/2026:17:54:44 +0000] "GET /wp-content/uploads/al_opt_content/CSS/23f5e9bfc943830056db2052c42721da.css HTTP/1.1" 200 1032 "-" "Mozilla/5.0 (Linux; Android 10; K) AppleWebKit/537.36 (KHTML, like Gecko) Chrome/146.0.0.0 Mobile Safari/537.36"
2a02:9b0:400d:bf21:58f7:3aff:fe96:4a2f - - [28/Mar/2026:17:54:44 +0000] "GET /wp-content/uploads/al_opt_content/CSS/20eef5de2bd5991bbc01abfc5d796b9e.css HTTP/1.1" 200 3677 "-" "Mozilla/5.0 (Linux; Android 10; K) AppleWebKit/537.36 (KHTML, like Gecko) Chrome/146.0.0.0 Mobile Safari/537.36"
2a02:9b0:400d:bf21:58f7:3aff:fe96:4a2f - - [28/Mar/2026:17:54:44 +0000] "GET /wp-content/uploads/al_opt_content/CSS/12045858d487a8ae56337b554a5ee03c.css HTTP/1.1" 200 135 "-" "Mozilla/5.0 (Linux; Android 10; K) AppleWebKit/537.36 (KHTML, like Gecko) Chrome/146.0.0.0 Mobile Safari/537.36"
2a02:9b0:400d:bf21:58f7:3aff:fe96:4a2f - - [28/Mar/2026:17:54:44 +0000] "GET /wp-content/uploads/al_opt_content/CSS/c3be9e612baf8fc4af612de8af4c0864.css HTTP/1.1" 200 160 "-" "Mozilla/5.0 (Linux; Android 10; K) AppleWebKit/537.36 (KHTML, like Gecko) Chrome/146.0.0.0 Mobile Safari/537.36"
2a02:9b0:400d:bf21:58f7:3aff:fe96:4a2f - - [28/Mar/2026:17:54:44 +0000] "GET /wp-content/uploads/al_opt_content/CSS/f94a49c4961bc08d71abedf98d482d79.css HTTP/1.1" 200 547 "-" "Mozilla/5.0 (Linux; Android 10; K) AppleWebKit/537.36 (KHTML, like Gecko) Chrome/146.0.0.0 Mobile Safari/537.36"
2a02:9b0:400d:bf21:58f7:3aff:fe96:4a2f - - [28/Mar/2026:17:54:44 +0000] "GET /wp-content/uploads/al_opt_content/CSS/d026a17938c5380cc610572fdda43f40.css HTTP/1.1" 200 1142 "-" "Mozilla/5.0 (Linux; Android 10; K) AppleWebKit/537.36 (KHTML, like Gecko) Chrome/146.0.0.0 Mobile Safari/537.36"
2a02:9b0:400d:bf21:58f7:3aff:fe96:4a2f - - [28/Mar/2026:17:54:44 +0000] "GET /wp-content/uploads/al_opt_content/CSS/90e12d7c63f1362779b440a3528a98ce.css HTTP/1.1" 200 11004 "-" "Mozilla/5.0 (Linux; Android 10; K) AppleWebKit/537.36 (KHTML, like Gecko) Chrome/146.0.0.0 Mobile Safari/537.36"
2a02:9b0:400d:bf21:58f7:3aff:fe96:4a2f - - [28/Mar/2026:17:54:44 +0000] "GET /wp-content/uploads/al_opt_content/CSS/06d991cff81f66113e0ab5a2767cb029.css HTTP/1.1" 200 4038 "-" "Mozilla/5.0 (Linux; Android 10; K) AppleWebKit/537.36 (KHTML, like Gecko) Chrome/146.0.0.0 Mobile Safari/537.36"
2a02:9b0:400d:bf21:58f7:3aff:fe96:4a2f - - [28/Mar/2026:17:54:44 +0000] "GET /wp-content/uploads/al_opt_content/CSS/732400b1093f91f0c3fc2cb9bc0d108e.css HTTP/1.1" 200 2766 "-" "Mozilla/5.0 (Linux; Android 10; K) AppleWebKit/537.36 (KHTML, like Gecko) Chrome/146.0.0.0 Mobile Safari/537.36"
2a02:9b0:400d:bf21:58f7:3aff:fe96:4a2f - - [28/Mar/2026:17:54:44 +0000] "GET /wp-content/uploads/al_opt_content/CSS/18b6260305b3bdc5100c937971d28906.css HTTP/1.1" 200 117 "-" "Mozilla/5.0 (Linux; Android 10; K) AppleWebKit/537.36 (KHTML, like Gecko) Chrome/146.0.0.0 Mobile Safari/537.36"
2a02:9b0:400d:bf21:58f7:3aff:fe96:4a2f - - [28/Mar/2026:17:54:44 +0000] "GET /wp-content/uploads/al_opt_content/CSS/f8ab0c98754e13666d2cd378bd023dbb.css HTTP/1.1" 200 799 "-" "Mozilla/5.0 (Linux; Android 10; K) AppleWebKit/537.36 (KHTML, like Gecko) Chrome/146.0.0.0 Mobile Safari/537.36"
2a02:9b0:400d:bf21:58f7:3aff:fe96:4a2f - - [28/Mar/2026:17:54:44 +0000] "GET /wp-content/uploads/al_opt_content/CSS/e12323dff206361e584c1c4adab9e636.css HTTP/1.1" 200 591 "-" "Mozilla/5.0 (Linux; Android 10; K) AppleWebKit/537.36 (KHTML, like Gecko) Chrome/146.0.0.0 Mobile Safari/537.36"
2a02:9b0:400d:bf21:58f7:3aff:fe96:4a2f - - [28/Mar/2026:17:54:44 +0000] "GET /wp-content/uploads/al_opt_content/CSS/c329a1f8486b82d9b9c7cb4d7060f346.css HTTP/1.1" 200 338 "-" "Mozilla/5.0 (Linux; Android 10; K) AppleWebKit/537.36 (KHTML, like Gecko) Chrome/146.0.0.0 Mobile Safari/537.36"
2a02:9b0:400d:bf21:58f7:3aff:fe96:4a2f - - [28/Mar/2026:17:54:44 +0000] "GET /wp-content/uploads/al_opt_content/CSS/ddd253f56756de76a411d9f0c2e968e2.css HTTP/1.1" 200 16381 "-" "Mozilla/5.0 (Linux; Android 10; K) AppleWebKit/537.36 (KHTML, like Gecko) Chrome/146.0.0.0 Mobile Safari/537.36"
2a02:9b0:400d:bf21:58f7:3aff:fe96:4a2f - - [28/Mar/2026:17:54:44 +0000] "GET /wp-content/uploads/al_opt_content/CSS/a006a019fa982ad49f20d7bbeb9523db.css HTTP/1.1" 200 79 "-" "Mozilla/5.0 (Linux; Android 10; K) AppleWebKit/537.36 (KHTML, like Gecko) Chrome/146.0.0.0 Mobile Safari/537.36"
2a02:9b0:400d:bf21:58f7:3aff:fe96:4a2f - - [28/Mar/2026:17:54:44 +0000] "GET /wp-content/uploads/al_opt_content/CSS/afe9cdcb49820d6d193c3e50575e753c.css HTTP/1.1" 200 6490 "-" "Mozilla/5.0 (Linux; Android 10; K) AppleWebKit/537.36 (KHTML, like Gecko) Chrome/146.0.0.0 Mobile Safari/537.36"
2a02:9b0:400d:bf21:58f7:3aff:fe96:4a2f - - [28/Mar/2026:17:54:44 +0000] "GET /wp-content/uploads/al_opt_content/CSS/20ab658f5e5f37cddbf72660e3b1b7fd.css HTTP/1.1" 200 1867 "-" "Mozilla/5.0 (Linux; Android 10; K) AppleWebKit/537.36 (KHTML, like Gecko) Chrome/146.0.0.0 Mobile Safari/537.36"
2a02:9b0:400d:bf21:58f7:3aff:fe96:4a2f - - [28/Mar/2026:17:54:44 +0000] "GET /wp-content/uploads/al_opt_content/CSS/2727ad3a9c6921eb1000411f297b6531.css HTTP/1.1" 200 738 "-" "Mozilla/5.0 (Linux; Android 10; K) AppleWebKit/537.36 (KHTML, like Gecko) Chrome/146.0.0.0 Mobile Safari/537.36"
2a02:9b0:400d:bf21:58f7:3aff:fe96:4a2f - - [28/Mar/2026:17:54:44 +0000] "GET /wp-content/uploads/al_opt_content/CSS/60c28759decc2f7e8c9345d92925ba3d.css HTTP/1.1" 200 442 "-" "Mozilla/5.0 (Linux; Android 10; K) AppleWebKit/537.36 (KHTML, like Gecko) Chrome/146.0.0.0 Mobile Safari/537.36"
2a02:9b0:400d:bf21:58f7:3aff:fe96:4a2f - - [28/Mar/2026:17:54:44 +0000] "GET /wp-content/uploads/al_opt_content/CSS/b6fa9d2d351606825374296313d5618a.css HTTP/1.1" 200 1803 "-" "Mozilla/5.0 (Linux; Android 10; K) AppleWebKit/537.36 (KHTML, like Gecko) Chrome/146.0.0.0 Mobile Safari/537.36"
2a02:9b0:400d:bf21:58f7:3aff:fe96:4a2f - - [28/Mar/2026:17:54:44 +0000] "GET /wp-content/uploads/al_opt_content/CSS/d608a69565011a7b2049136a88ee4563.css HTTP/1.1" 200 3035 "-" "Mozilla/5.0 (Linux; Android 10; K) AppleWebKit/537.36 (KHTML, like Gecko) Chrome/146.0.0.0 Mobile Safari/537.36"
2a02:9b0:400d:bf21:58f7:3aff:fe96:4a2f - - [28/Mar/2026:17:54:44 +0000] "GET /wp-content/uploads/al_opt_content/CSS/f19a50b2a031b65c0243f60d7519ef5c.css HTTP/1.1" 200 10714 "-" "Mozilla/5.0 (Linux; Android 10; K) AppleWebKit/537.36 (KHTML, like Gecko) Chrome/146.0.0.0 Mobile Safari/537.36"
2a02:9b0:400d:bf21:58f7:3aff:fe96:4a2f - - [28/Mar/2026:17:54:44 +0000] "GET /wp-content/uploads/al_opt_content/CSS/48541c56d912e63a05928d9ac82a149b.css HTTP/1.1" 200 15851 "-" "Mozilla/5.0 (Linux; Android 10; K) AppleWebKit/537.36 (KHTML, like Gecko) Chrome/146.0.0.0 Mobile Safari/537.36"
2a02:9b0:400d:bf21:58f7:3aff:fe96:4a2f - - [28/Mar/2026:17:54:44 +0000] "GET /wp-content/uploads/al_opt_content/CSS/cc289423deb9cdf94703b329dc9e7f0f.css HTTP/1.1" 200 100 "-" "Mozilla/5.0 (Linux; Android 10; K) AppleWebKit/537.36 (KHTML, like Gecko) Chrome/146.0.0.0 Mobile Safari/537.36"
2a02:9b0:400d:bf21:58f7:3aff:fe96:4a2f - - [28/Mar/2026:17:54:44 +0000] "GET /wp-content/uploads/al_opt_content/CSS/61b022e9b5cf6a2c8a68739a3b55591a.css HTTP/1.1" 200 2234 "-" "Mozilla/5.0 (Linux; Android 10; K) AppleWebKit/537.36 (KHTML, like Gecko) Chrome/146.0.0.0 Mobile Safari/537.36"
2a02:9b0:400d:bf21:58f7:3aff:fe96:4a2f - - [28/Mar/2026:17:54:44 +0000] "GET /wp-content/uploads/al_opt_content/CSS/a8a6db5428026927a77e3c840819a6e8.css HTTP/1.1" 200 2515 "-" "Mozilla/5.0 (Linux; Android 10; K) AppleWebKit/537.36 (KHTML, like Gecko) Chrome/146.0.0.0 Mobile Safari/537.36"
2a02:9b0:400d:bf21:58f7:3aff:fe96:4a2f - - [28/Mar/2026:17:54:44 +0000] "GET /wp-content/uploads/al_opt_content/CSS/9335ce566252351d98c18719af4b01d1.css HTTP/1.1" 200 243 "-" "Mozilla/5.0 (Linux; Android 10; K) AppleWebKit/537.36 (KHTML, like Gecko) Chrome/146.0.0.0 Mobile Safari/537.36"
172.105.42.26 - - [28/Mar/2026:17:55:03 +0000] "POST /wp-cron.php?doing_wp_cron=1774720503.4327108860015869140625 HTTP/1.1" 200 20 "-" "WordPress/6.9.4; https://autozone.com.sa"
172.105.42.26 - - [28/Mar/2026:17:55:03 +0000] "POST /wp-cron.php?doing_wp_cron=1774720503.4969010353088378906250 HTTP/1.1" 200 20 "-" "WordPress/6.9.4; https://autozone.com.sa"
2a02:9b0:400d:bf21:58f7:3aff:fe96:4a2f - - [28/Mar/2026:17:55:01 +0000] "POST /wp-json/iawp/search HTTP/1.1" 200 36 "https://autozone.com.sa/" "Mozilla/5.0 (Linux; Android 10; K) AppleWebKit/537.36 (KHTML, like Gecko) Chrome/146.0.0.0 Mobile Safari/537.36"
2a02:9b0:400d:bf21:58f7:3aff:fe96:4a2f - - [28/Mar/2026:17:55:02 +0000] "POST /?wc-ajax=get_refreshed_fragments HTTP/1.1" 200 999 "https://autozone.com.sa/" "Mozilla/5.0 (Linux; Android 10; K) AppleWebKit/537.36 (KHTML, like Gecko) Chrome/146.0.0.0 Mobile Safari/537.36"
172.105.42.26 - - [28/Mar/2026:17:55:03 +0000] "POST /wp-cron.php?doing_wp_cron=1774720503.5461759567260742187500 HTTP/1.1" 200 20 "-" "WordPress/6.9.4; https://autozone.com.sa"
18.192.166.72 - - [28/Mar/2026:17:55:02 +0000] "HEAD / HTTP/1.1" 200 - "https://autozone.com.sa/" "Mozilla/5.0+(compatible; UptimeRobot/2.0; http://www.uptimerobot.com/)"
172.105.42.26 - - [28/Mar/2026:17:55:03 +0000] "POST /wp-cron.php?doing_wp_cron=1774720503.6496689319610595703125 HTTP/1.1" 200 20 "-" "WordPress/6.9.4; https://autozone.com.sa"
2a02:9b0:400d:bf21:58f7:3aff:fe96:4a2f - - [28/Mar/2026:17:55:02 +0000] "POST /?wc-ajax=get_refreshed_fragments HTTP/1.1" 200 999 "https://autozone.com.sa/" "Mozilla/5.0 (Linux; Android 10; K) AppleWebKit/537.36 (KHTML, like Gecko) Chrome/146.0.0.0 Mobile Safari/537.36"
2a02:9b0:400d:bf21:58f7:3aff:fe96:4a2f - - [28/Mar/2026:17:55:08 +0000] "GET /wp-content/plugins/elementor-pro/assets/js/slides.c0029640cbdb48199471.bundle.min.js HTTP/1.1" 200 1468 "https://autozone.com.sa/" "Mozilla/5.0 (Linux; Android 10; K) AppleWebKit/537.36 (KHTML, like Gecko) Chrome/146.0.0.0 Mobile Safari/537.36"
2a02:9b0:400d:bf21:58f7:3aff:fe96:4a2f - - [28/Mar/2026:17:55:10 +0000] "GET /wp-content/plugins/elementor/assets/js/nested-title-keyboard-handler.2a67d3cc630e11815acc.bundle.min.js HTTP/1.1" 200 1506 "https://autozone.com.sa/" "Mozilla/5.0 (Linux; Android 10; K) AppleWebKit/537.36 (KHTML, like Gecko) Chrome/146.0.0.0 Mobile Safari/537.36"
172.105.42.26 - - [28/Mar/2026:17:55:47 +0000] "POST /wp-cron.php?doing_wp_cron=1774720547.3767259120941162109375 HTTP/1.1" 200 20 "-" "WordPress/6.9.4; https://autozone.com.sa"
114.119.130.12 - - [28/Mar/2026:17:55:45 +0000] "GET /listings/chevrolet-tahoe-ls-5-3-l-2wd-2019/tahoe-02-min-2/ HTTP/1.1" 404 30954 "https://autozone.com.sa/listings/chevrolet-tahoe-ls-5-3-l-2wd-2019/tahoe-02-min-2" "Mozilla/5.0 (Linux; Android 7.0;) AppleWebKit/537.36 (KHTML, like Gecko) Mobile Safari/537.36 (compatible; PetalBot;+https://webmaster.petalsearch.com/site/petalbot)"
172.105.42.26 - - [28/Mar/2026:17:56:37 +0000] "POST /wp-cron.php?doing_wp_cron=1774720597.6276609897613525390625 HTTP/1.1" 200 20 "-" "WordPress/6.9.4; https://autozone.com.sa"
74.7.241.33 - - [28/Mar/2026:17:56:35 +0000] "GET /offers/%D9%82%D8%A7%D9%84%D9%88-%D9%84%D9%83-%D8%AE%D9%84%D8%B5%D8%AA%D8%9F-%D8%B9%D8%B1%D9%88%D8%B6-%D8%A7%D9%88%D8%AA%D9%88%D8%B2%D9%88%D9%86-%D9%85%D8%B3%D8%AA%D9%85%D8%B1%D8%A9/ HTTP/1.1" 404 30569 "https://khalidcrm.core3.agency" "Mozilla/5.0 AppleWebKit/537.36 (KHTML, like Gecko; compatible; GPTBot/1.3; +https://openai.com/gptbot)"
146.174.184.226 - - [28/Mar/2026:17:56:38 +0000] "GET /listings/changan-cs95-royal-2-0l-2020/ HTTP/1.1" 404 30930 "-" "Mozilla/5.0 (Macintosh; Intel Mac OS X 13.4; rv:126.0) Gecko/20100101 Firefox/126.0"
172.105.42.26 - - [28/Mar/2026:17:56:47 +0000] "POST /wp-cron.php?doing_wp_cron=1774720607.9161219596862792968750 HTTP/1.1" 200 20 "-" "WordPress/6.9.4; https://autozone.com.sa"
37.59.204.135 - - [28/Mar/2026:17:56:45 +0000] "GET /sitemap-1.xml HTTP/1.1" 404 30896 "-" "Mozilla/5.0 (compatible; AhrefsBot/7.0; +http://ahrefs.com/robot/)"
2a02:9b0:4055:5247:5174:dfd0:36ed:6e75 - - [28/Mar/2026:17:57:16 +0000] "GET /wp-content/uploads/2025/04/BGC_8383-scaled.webp HTTP/1.1" 200 261768 "-" "com.google.GoogleMobile/413.1 iPhone/26.3.1 hw/iPhone18_1"
172.105.42.26 - - [28/Mar/2026:17:57:27 +0000] "POST /wp-cron.php?doing_wp_cron=1774720647.0549449920654296875000 HTTP/1.1" 200 20 "-" "WordPress/6.9.4; https://autozone.com.sa"
185.2.31.101 - - [28/Mar/2026:17:57:26 +0000] "GET /wp-login.php HTTP/1.1" 403 1091 "-" "Mozilla/5.0 (Windows NT 6.1; WOW64; Trident/7.0; MATBJS; rv:11.0) like Gecko"
185.2.31.101 - - [28/Mar/2026:17:57:27 +0000] "POST /wp-login.php HTTP/1.1" 403 1091 "https://autozone.com.sa/wp-login.php" "Mozilla/5.0 (Windows NT 6.1; WOW64; Trident/7.0; MATBJS; rv:11.0) like Gecko"
5.161.250.15 - - [28/Mar/2026:17:57:55 +0000] "POST /wp-load.php?e46d9c=72859 HTTP/1.1" 200 54305 "-" "BlogVault/1.0 (+https://blogvault.net)"
172.105.42.26 - - [28/Mar/2026:17:57:56 +0000] "POST /wp-cron.php?doing_wp_cron=1774720675.6372110843658447265625 HTTP/1.1" 200 20 "-" "WordPress/6.9.4; https://autozone.com.sa/en/"
14.173.95.164 - - [28/Mar/2026:17:57:53 +0000] "GET /en/fleet/ HTTP/1.1" 200 78442 "-" "Mozilla/5.0 (Macintosh; PPC Mac OS X 10_10_0) AppleWebKit/533.0 (KHTML, like Gecko) Chrome/58.0.812.0 Safari/533.0"
20.215.220.108 - - [28/Mar/2026:17:57:58 +0000] "GET / HTTP/1.1" 200 163873 "-" "Mozilla/5.0 AppleWebKit/537.36 (KHTML, like Gecko); compatible; ChatGPT-User/1.0; +https://openai.com/bot"
66.42.61.105 - - [28/Mar/2026:17:58:08 +0000] "POST /wp-load.php?d08ded=12390 HTTP/1.1" 200 3091 "https://autozone.com.sa/" "BlogVault/1.0 (+https://blogvault.net)"
172.105.42.26 - - [28/Mar/2026:17:58:36 +0000] "POST /wp-cron.php?doing_wp_cron=1774720716.1244599819183349609375 HTTP/1.1" 200 20 "-" "WordPress/6.9.4; https://autozone.com.sa"
47.82.10.14 - - [28/Mar/2026:17:58:34 +0000] "GET /?shopdetail/46561931 HTTP/1.1" 301 20 "https://autozone.com.sa/" "Mozilla/5.0 (Macintosh; Intel Mac OS X 10_15_7) AppleWebKit/605.1.15 (KHTML, like Gecko) Version/18.1.1 Safari/605.1.15"
47.82.10.14 - - [28/Mar/2026:17:58:36 +0000] "GET /?shopdetail/46561931 HTTP/1.1" 301 20 "https://autozone.com.sa/" "Mozilla/5.0 (Macintosh; Intel Mac OS X 10_15_7) AppleWebKit/605.1.15 (KHTML, like Gecko) Version/18.1.1 Safari/605.1.15"
172.105.42.26 - - [28/Mar/2026:17:58:43 +0000] "POST /wp-cron.php?doing_wp_cron=1774720723.1723089218139648437500 HTTP/1.1" 200 20 "-" "WordPress/6.9.4; https://autozone.com.sa"
142.247.235.164 - - [28/Mar/2026:17:58:39 +0000] "GET /product/hyundai-sonata-2025/ HTTP/1.1" 200 130833 "https://autozone.com.sa/%D8%A7%D9%84%D9%85%D8%A7%D8%B1%D9%83%D8%A9/%d9%87%d9%8a%d9%88%d9%86%d8%af%d8%a7%d9%8a/" "Mozilla/5.0 (Macintosh; Intel Mac OS X 10_15_7) AppleWebKit/605.1.15 (KHTML, like Gecko) Version/26.3 Safari/605.1.15"
142.247.235.164 - - [28/Mar/2026:17:58:43 +0000] "GET /wp-content/plugins/bdthemes-element-pack/assets/css/ep-advanced-button.rtl.css?ver=9.1.1 HTTP/1.1" 200 971 "https://autozone.com.sa/product/hyundai-sonata-2025/" "Mozilla/5.0 (Macintosh; Intel Mac OS X 10_15_7) AppleWebKit/605.1.15 (KHTML, like Gecko) Version/26.3 Safari/605.1.15"
142.247.235.164 - - [28/Mar/2026:17:58:43 +0000] "GET /wp-content/plugins/elementor-pro/assets/css/conditionals/popup.min.css?ver=3.35.1 HTTP/1.1" 200 420 "https://autozone.com.sa/product/hyundai-sonata-2025/" "Mozilla/5.0 (Macintosh; Intel Mac OS X 10_15_7) AppleWebKit/605.1.15 (KHTML, like Gecko) Version/26.3 Safari/605.1.15"
142.247.235.164 - - [28/Mar/2026:17:58:44 +0000] "GET /wp-content/uploads/2025/04/BGC_0008-scaled-copy-1-1536x1024.webp HTTP/1.1" 200 105782 "https://autozone.com.sa/product/hyundai-sonata-2025/" "Mozilla/5.0 (Macintosh; Intel Mac OS X 10_15_7) AppleWebKit/605.1.15 (KHTML, like Gecko) Version/26.3 Safari/605.1.15"
142.247.235.164 - - [28/Mar/2026:17:58:45 +0000] "GET /wp-content/uploads/2025/04/BGC_8590-150x150.jpg HTTP/1.1" 200 5204 "https://autozone.com.sa/product/hyundai-sonata-2025/" "Mozilla/5.0 (Macintosh; Intel Mac OS X 10_15_7) AppleWebKit/605.1.15 (KHTML, like Gecko) Version/26.3 Safari/605.1.15"
142.247.235.164 - - [28/Mar/2026:17:58:45 +0000] "GET /wp-content/plugins/woocommerce/assets/js/flexslider/jquery.flexslider.min.js?ver=2.7.2-wc.10.6.1 HTTP/1.1" 200 6204 "https://autozone.com.sa/product/hyundai-sonata-2025/" "Mozilla/5.0 (Macintosh; Intel Mac OS X 10_15_7) AppleWebKit/605.1.15 (KHTML, like Gecko) Version/26.3 Safari/605.1.15"
142.247.235.164 - - [28/Mar/2026:17:58:45 +0000] "GET /wp-content/plugins/woocommerce/assets/js/photoswipe/photoswipe-ui-default.min.js?ver=4.1.1-wc.10.6.1 HTTP/1.1" 200 3674 "https://autozone.com.sa/product/hyundai-sonata-2025/" "Mozilla/5.0 (Macintosh; Intel Mac OS X 10_15_7) AppleWebKit/605.1.15 (KHTML, like Gecko) Version/26.3 Safari/605.1.15"
142.247.235.164 - - [28/Mar/2026:17:58:45 +0000] "GET /wp-content/plugins/woocommerce/assets/js/frontend/single-product.min.js?ver=10.6.1 HTTP/1.1" 200 2937 "https://autozone.com.sa/product/hyundai-sonata-2025/" "Mozilla/5.0 (Macintosh; Intel Mac OS X 10_15_7) AppleWebKit/605.1.15 (KHTML, like Gecko) Version/26.3 Safari/605.1.15"
142.247.235.164 - - [28/Mar/2026:17:58:45 +0000] "GET /wp-content/plugins/woocommerce/assets/js/photoswipe/photoswipe.min.js?ver=4.1.1-wc.10.6.1 HTTP/1.1" 200 12042 "https://autozone.com.sa/product/hyundai-sonata-2025/" "Mozilla/5.0 (Macintosh; Intel Mac OS X 10_15_7) AppleWebKit/605.1.15 (KHTML, like Gecko) Version/26.3 Safari/605.1.15"
142.247.235.164 - - [28/Mar/2026:17:58:45 +0000] "GET /wp-content/uploads/2025/04/BGC_8583-150x150.jpg HTTP/1.1" 200 7189 "https://autozone.com.sa/product/hyundai-sonata-2025/" "Mozilla/5.0 (Macintosh; Intel Mac OS X 10_15_7) AppleWebKit/605.1.15 (KHTML, like Gecko) Version/26.3 Safari/605.1.15"
142.247.235.164 - - [28/Mar/2026:17:58:45 +0000] "GET /wp-content/plugins/bdthemes-element-pack/assets/js/modules/ep-wrapper-link.min.js?ver=9.1.1 HTTP/1.1" 200 304 "https://autozone.com.sa/product/hyundai-sonata-2025/" "Mozilla/5.0 (Macintosh; Intel Mac OS X 10_15_7) AppleWebKit/605.1.15 (KHTML, like Gecko) Version/26.3 Safari/605.1.15"
142.247.235.164 - - [28/Mar/2026:17:58:45 +0000] "GET /wp-content/plugins/woocommerce/assets/js/zoom/jquery.zoom.min.js?ver=1.7.21-wc.10.6.1 HTTP/1.1" 200 1192 "https://autozone.com.sa/product/hyundai-sonata-2025/" "Mozilla/5.0 (Macintosh; Intel Mac OS X 10_15_7) AppleWebKit/605.1.15 (KHTML, like Gecko) Version/26.3 Safari/605.1.15"
142.247.235.164 - - [28/Mar/2026:17:58:45 +0000] "GET /wp-content/uploads/2025/04/BGC_8589-150x150.jpg HTTP/1.1" 200 5783 "https://autozone.com.sa/product/hyundai-sonata-2025/" "Mozilla/5.0 (Macintosh; Intel Mac OS X 10_15_7) AppleWebKit/605.1.15 (KHTML, like Gecko) Version/26.3 Safari/605.1.15"
142.247.235.164 - - [28/Mar/2026:17:58:45 +0000] "GET /wp-content/uploads/2025/04/BGC_8600-150x150.jpg HTTP/1.1" 200 5984 "https://autozone.com.sa/product/hyundai-sonata-2025/" "Mozilla/5.0 (Macintosh; Intel Mac OS X 10_15_7) AppleWebKit/605.1.15 (KHTML, like Gecko) Version/26.3 Safari/605.1.15"
142.247.235.164 - - [28/Mar/2026:17:58:45 +0000] "GET /wp-content/uploads/2025/04/BGC_8623-150x150.jpg HTTP/1.1" 200 5836 "https://autozone.com.sa/product/hyundai-sonata-2025/" "Mozilla/5.0 (Macintosh; Intel Mac OS X 10_15_7) AppleWebKit/605.1.15 (KHTML, like Gecko) Version/26.3 Safari/605.1.15"
142.247.235.164 - - [28/Mar/2026:17:58:45 +0000] "GET /wp-content/uploads/2025/04/BGC_8614-150x150.jpg HTTP/1.1" 200 6903 "https://autozone.com.sa/product/hyundai-sonata-2025/" "Mozilla/5.0 (Macintosh; Intel Mac OS X 10_15_7) AppleWebKit/605.1.15 (KHTML, like Gecko) Version/26.3 Safari/605.1.15"
