52.59.43.236 - - [28/Mar/2026:15:52:42 +0000] "HEAD / HTTP/1.1" 200 - "https://autozone.com.sa/" "Mozilla/5.0+(compatible; UptimeRobot/2.0; http://www.uptimerobot.com/)"
38.242.239.223 - - [28/Mar/2026:15:52:41 +0000] "GET /%D8%A7%D9%84%D9%85%D8%A7%D8%B1%D9%83%D8%A9/%D9%87%D9%8A%D9%88%D9%86%D8%AF%D8%A7%D9%8A/ HTTP/1.1" 200 63947 "-" "Mozilla/5.0 (compatible; MJ12bot/v1.4.8; http://mj12bot.com/)"
38.242.239.223 - - [28/Mar/2026:15:52:45 +0000] "GET /%D8%A7%D9%84%D9%85%D8%A7%D8%B1%D9%83%D8%A9/%D8%AC%D8%B1%D9%8A%D8%AA-%D9%88%D9%88%D9%84/ HTTP/1.1" 200 62910 "-" "Mozilla/5.0 (compatible; MJ12bot/v1.4.8; http://mj12bot.com/)"
38.242.239.223 - - [28/Mar/2026:15:52:55 +0000] "GET /2016/04/14/%D8%A8%D8%AF%D8%A1-%D8%B8%D9%87%D9%88%D8%B1-%D9%85%D8%B9%D8%A7%D9%84%D9%85-%D8%A3%D9%83%D8%A8%D8%B1-%D9%85%D8%B4%D8%B1%D9%88%D8%B9-%D9%84%D9%84%D9%86%D9%82%D9%84-%D8%B9%D8%A7%D9%84%D9%85%D9%8A%D8%A7/ HTTP/1.1" 301 20 "-" "Mozilla/5.0 (compatible; MJ12bot/v1.4.8; http://mj12bot.com/)"
38.242.239.223 - - [28/Mar/2026:15:52:58 +0000] "GET /2016/04/14/%D8%A8%D8%AF%D8%A1-%D8%B8%D9%87%D9%88%D8%B1-%D9%85%D8%B9%D8%A7%D9%84%D9%85-%D8%A3%D9%83%D8%A8%D8%B1-%D9%85%D8%B4%D8%B1%D9%88%D8%B9-%D9%84%D9%84%D9%86%D9%82%D9%84-%D8%B9%D8%A7%D9%84%D9%85%D9%8A%D8%A7/ HTTP/1.1" 404 31014 "-" "Mozilla/5.0 (compatible; MJ12bot/v1.4.8; http://mj12bot.com/)"
38.242.239.223 - - [28/Mar/2026:15:53:02 +0000] "GET /category/%D9%87%D9%8A%D9%88%D9%86%D8%AF%D8%A7%D9%8A/ HTTP/1.1" 301 20 "-" "Mozilla/5.0 (compatible; MJ12bot/v1.4.8; http://mj12bot.com/)"
38.242.239.223 - - [28/Mar/2026:15:53:05 +0000] "GET /category/%D9%87%D9%8A%D9%88%D9%86%D8%AF%D8%A7%D9%8A/ HTTP/1.1" 404 30939 "-" "Mozilla/5.0 (compatible; MJ12bot/v1.4.8; http://mj12bot.com/)"
38.242.239.223 - - [28/Mar/2026:15:53:09 +0000] "GET /en/category/%D9%83%D9%8A%D8%A7-en/ HTTP/1.1" 301 20 "-" "Mozilla/5.0 (compatible; MJ12bot/v1.4.8; http://mj12bot.com/)"
38.242.239.223 - - [28/Mar/2026:15:53:12 +0000] "GET /en/category/%D9%83%D9%8A%D8%A7-en/ HTTP/1.1" 404 28978 "-" "Mozilla/5.0 (compatible; MJ12bot/v1.4.8; http://mj12bot.com/)"
38.242.239.223 - - [28/Mar/2026:15:53:16 +0000] "GET /en/%D8%A5%D9%8A%D8%B3%D9%88%D8%B2%D9%88-%D8%AA%D8%B7%D9%84%D9%82-d-max-at35-%D8%A7%D9%84%D8%A3%D8%B4%D8%B1%D8%B3-%D8%B9%D9%84%D9%8A-%D8%A7%D9%84%D8%A7%D8%B7%D9%84%D8%A7%D9%82-%D8%A8%D8%A7%D9%84%D8%AA/ HTTP/1.1" 301 20 "-" "Mozilla/5.0 (compatible; MJ12bot/v1.4.8; http://mj12bot.com/)"
38.242.239.223 - - [28/Mar/2026:15:53:18 +0000] "GET /en/%D8%A5%D9%8A%D8%B3%D9%88%D8%B2%D9%88-%D8%AA%D8%B7%D9%84%D9%82-d-max-at35-%D8%A7%D9%84%D8%A3%D8%B4%D8%B1%D8%B3-%D8%B9%D9%84%D9%8A-%D8%A7%D9%84%D8%A7%D8%B7%D9%84%D8%A7%D9%82-%D8%A8%D8%A7%D9%84%D8%AA/ HTTP/1.1" 404 29038 "-" "Mozilla/5.0 (compatible; MJ12bot/v1.4.8; http://mj12bot.com/)"
172.105.42.26 - - [28/Mar/2026:15:53:22 +0000] "POST /wp-cron.php?doing_wp_cron=1774713202.6543710231781005859375 HTTP/1.1" 200 20 "-" "WordPress/6.9.4; https://autozone.com.sa"
2a02:9b0:404d:b38c:1d40:d645:34f4:2bee - - [28/Mar/2026:15:53:20 +0000] "GET /our-offers/ HTTP/1.1" 200 113327 "https://autozone.com.sa/shop/" "Mozilla/5.0 (Linux; Android 16; SM-S918B Build/BP2A.250605.031.A3; wv) AppleWebKit/537.36 (KHTML, like Gecko) Version/4.0 Chrome/146.0.7680.157 Mobile Safari/537.36 Instagram 422.0.0.44.64 Android (36/16; 450dpi; 1080x2316; samsung; SM-S918B; dm3q; qcom; ar_AE; 916494010; IABMV/1) NV/501"
38.242.239.223 - - [28/Mar/2026:15:53:22 +0000] "GET /en/%D8%A7%D9%81%D8%B6%D9%84-%D9%85%D9%86%D8%B5%D8%A9-%D9%84%D8%A8%D9%8A%D8%B9-%D8%A7%D9%84%D8%B3%D9%8A%D8%A7%D8%B1%D8%A7%D8%AA-%D9%81%D9%8A-%D8%A7%D9%84%D9%85%D9%85%D9%84%D9%83%D8%A9/ HTTP/1.1" 301 20 "-" "Mozilla/5.0 (compatible; MJ12bot/v1.4.8; http://mj12bot.com/)"
38.242.239.223 - - [28/Mar/2026:15:53:25 +0000] "GET /en/%D8%A7%D9%81%D8%B6%D9%84-%D9%85%D9%86%D8%B5%D8%A9-%D9%84%D8%A8%D9%8A%D8%B9-%D8%A7%D9%84%D8%B3%D9%8A%D8%A7%D8%B1%D8%A7%D8%AA-%D9%81%D9%8A-%D8%A7%D9%84%D9%85%D9%85%D9%84%D9%83%D8%A9/ HTTP/1.1" 404 29035 "-" "Mozilla/5.0 (compatible; MJ12bot/v1.4.8; http://mj12bot.com/)"
185.191.171.14 - - [28/Mar/2026:15:53:26 +0000] "GET /showrooms/ HTTP/1.1" 301 20 "-" "Mozilla/5.0 (compatible; SemrushBot/7~bl; +http://www.semrush.com/bot.html)"
85.208.96.211 - - [28/Mar/2026:15:53:28 +0000] "GET /showrooms/ HTTP/1.1" 404 30893 "-" "Mozilla/5.0 (compatible; SemrushBot/7~bl; +http://www.semrush.com/bot.html)"
151.236.189.97 - - [28/Mar/2026:15:53:31 +0000] "GET /wp-content/uploads/2025/04/BGC_8383-scaled.webp HTTP/1.1" 200 261768 "https://www.google.com/" "Mozilla/5.0 (Linux; Android 10; K) AppleWebKit/537.36 (KHTML, like Gecko) Chrome/146.0.0.0 Mobile Safari/537.36"
2001:16a4:64:d868:1cae:e380:7fb8:4f85 - - [28/Mar/2026:15:53:59 +0000] "GET /en/ HTTP/1.1" 200 94249 "https://www.google.com/" "Mozilla/5.0 (Macintosh; Intel Mac OS X 10_15_7) AppleWebKit/605.1.15 (KHTML, like Gecko) Version/26.4 Safari/605.1.15"
2001:16a4:64:d868:1cae:e380:7fb8:4f85 - - [28/Mar/2026:15:54:03 +0000] "GET /wp-content/uploads/elementor/css/post-78.css?ver=1774675943 HTTP/1.1" 200 442 "https://autozone.com.sa/en/" "Mozilla/5.0 (Macintosh; Intel Mac OS X 10_15_7) AppleWebKit/605.1.15 (KHTML, like Gecko) Version/26.4 Safari/605.1.15"
2001:16a4:64:d868:1cae:e380:7fb8:4f85 - - [28/Mar/2026:15:54:03 +0000] "GET /wp-content/uploads/elementor/css/post-79.css?ver=1774678241 HTTP/1.1" 200 1482 "https://autozone.com.sa/en/" "Mozilla/5.0 (Macintosh; Intel Mac OS X 10_15_7) AppleWebKit/605.1.15 (KHTML, like Gecko) Version/26.4 Safari/605.1.15"
2001:16a4:64:d868:1cae:e380:7fb8:4f85 - - [28/Mar/2026:15:54:03 +0000] "GET /wp-content/plugins/elementor/assets/css/widget-spacer.min.css?ver=3.35.4 HTTP/1.1" 200 338 "https://autozone.com.sa/en/" "Mozilla/5.0 (Macintosh; Intel Mac OS X 10_15_7) AppleWebKit/605.1.15 (KHTML, like Gecko) Version/26.4 Safari/605.1.15"
2001:16a4:64:d868:1cae:e380:7fb8:4f85 - - [28/Mar/2026:15:54:03 +0000] "GET /wp-content/plugins/jet-elements/assets/css/skin/jet-countdown-timer.css?ver=2.8.1.1 HTTP/1.1" 200 100 "https://autozone.com.sa/en/" "Mozilla/5.0 (Macintosh; Intel Mac OS X 10_15_7) AppleWebKit/605.1.15 (KHTML, like Gecko) Version/26.4 Safari/605.1.15"
2001:16a4:64:d868:1cae:e380:7fb8:4f85 - - [28/Mar/2026:15:54:04 +0000] "GET /wp-content/uploads/elementor/css/post-80.css?ver=1774678241 HTTP/1.1" 200 1809 "https://autozone.com.sa/en/" "Mozilla/5.0 (Macintosh; Intel Mac OS X 10_15_7) AppleWebKit/605.1.15 (KHTML, like Gecko) Version/26.4 Safari/605.1.15"
2001:16a4:64:d868:1cae:e380:7fb8:4f85 - - [28/Mar/2026:15:54:04 +0000] "GET /wp-content/plugins/jet-smart-filters/assets/css/public.css?ver=3.7.3 HTTP/1.1" 200 10762 "https://autozone.com.sa/en/" "Mozilla/5.0 (Macintosh; Intel Mac OS X 10_15_7) AppleWebKit/605.1.15 (KHTML, like Gecko) Version/26.4 Safari/605.1.15"
2001:16a4:64:d868:1cae:e380:7fb8:4f85 - - [28/Mar/2026:15:54:04 +0000] "GET /wp-content/plugins/jet-elements/assets/css/addons/jet-countdown-timer.css?ver=2.8.1.1 HTTP/1.1" 200 281 "https://autozone.com.sa/en/" "Mozilla/5.0 (Macintosh; Intel Mac OS X 10_15_7) AppleWebKit/605.1.15 (KHTML, like Gecko) Version/26.4 Safari/605.1.15"
2001:16a4:64:d868:1cae:e380:7fb8:4f85 - - [28/Mar/2026:15:54:05 +0000] "GET /wp-content/uploads/2025/01/shape3.webp HTTP/1.1" 200 2296 "https://autozone.com.sa/en/" "Mozilla/5.0 (Macintosh; Intel Mac OS X 10_15_7) AppleWebKit/605.1.15 (KHTML, like Gecko) Version/26.4 Safari/605.1.15"
2001:16a4:64:d868:1cae:e380:7fb8:4f85 - - [28/Mar/2026:15:54:05 +0000] "GET /wp-content/uploads/2024/12/18.webp HTTP/1.1" 200 140143 "https://autozone.com.sa/en/" "Mozilla/5.0 (Macintosh; Intel Mac OS X 10_15_7) AppleWebKit/605.1.15 (KHTML, like Gecko) Version/26.4 Safari/605.1.15"
2001:16a4:64:d868:1cae:e380:7fb8:4f85 - - [28/Mar/2026:15:54:06 +0000] "GET /wp-content/uploads/al_opt_content/SCRIPT/6823120876c9afc8929418c9a6f8e343.js?ver=6.9.4 HTTP/1.1" 200 1803 "-" "Mozilla/5.0 (Macintosh; Intel Mac OS X 10_15_7) AppleWebKit/605.1.15 (KHTML, like Gecko) Version/26.4 Safari/605.1.15"
2001:16a4:64:d868:1cae:e380:7fb8:4f85 - - [28/Mar/2026:15:54:06 +0000] "GET /wp-content/uploads/al_opt_content/SCRIPT/4df6430a356a193856227f4ee32f54f5.js?ver=16395ed38b7c1e8808d6 HTTP/1.1" 200 597 "-" "Mozilla/5.0 (Macintosh; Intel Mac OS X 10_15_7) AppleWebKit/605.1.15 (KHTML, like Gecko) Version/26.4 Safari/605.1.15"
2001:16a4:64:d868:1cae:e380:7fb8:4f85 - - [28/Mar/2026:15:54:06 +0000] "GET /wp-content/uploads/al_opt_content/SCRIPT/3f09ea3cee04647df66535f6cbd1b0c1.js?ver=2.0.21.1 HTTP/1.1" 200 2342 "-" "Mozilla/5.0 (Macintosh; Intel Mac OS X 10_15_7) AppleWebKit/605.1.15 (KHTML, like Gecko) Version/26.4 Safari/605.1.15"
2001:16a4:64:d868:1cae:e380:7fb8:4f85 - - [28/Mar/2026:15:54:06 +0000] "GET /wp-content/uploads/al_opt_content/SCRIPT/5dda2eae243c89f82274a1dd55df41f0.js?ver=3.5.6.3 HTTP/1.1" 200 3268 "-" "Mozilla/5.0 (Macintosh; Intel Mac OS X 10_15_7) AppleWebKit/605.1.15 (KHTML, like Gecko) Version/26.4 Safari/605.1.15"
2001:16a4:64:d868:1cae:e380:7fb8:4f85 - - [28/Mar/2026:15:54:08 +0000] "POST /en/?wc-ajax=get_refreshed_fragments HTTP/1.1" 200 1002 "https://autozone.com.sa/en/" "Mozilla/5.0 (Macintosh; Intel Mac OS X 10_15_7) AppleWebKit/605.1.15 (KHTML, like Gecko) Version/26.4 Safari/605.1.15"
2001:16a4:64:d868:1cae:e380:7fb8:4f85 - - [28/Mar/2026:15:54:08 +0000] "POST /en/?wc-ajax=get_refreshed_fragments HTTP/1.1" 200 1002 "https://autozone.com.sa/en/" "Mozilla/5.0 (Macintosh; Intel Mac OS X 10_15_7) AppleWebKit/605.1.15 (KHTML, like Gecko) Version/26.4 Safari/605.1.15"
2001:16a4:64:d868:1cae:e380:7fb8:4f85 - - [28/Mar/2026:15:54:08 +0000] "POST /en/wp-json/iawp/search HTTP/1.1" 200 36 "https://autozone.com.sa/en/" "Mozilla/5.0 (Macintosh; Intel Mac OS X 10_15_7) AppleWebKit/605.1.15 (KHTML, like Gecko) Version/26.4 Safari/605.1.15"
2001:16a4:64:d868:1cae:e380:7fb8:4f85 - - [28/Mar/2026:15:54:15 +0000] "GET /wp-content/plugins/sitepress-multilingual-cms/res/flags/en.svg HTTP/1.1" 200 568 "https://autozone.com.sa/en/" "Mozilla/5.0 (Macintosh; Intel Mac OS X 10_15_7) AppleWebKit/605.1.15 (KHTML, like Gecko) Version/26.4 Safari/605.1.15"
2001:16a4:64:d868:1cae:e380:7fb8:4f85 - - [28/Mar/2026:15:54:18 +0000] "GET /wp-content/plugins/sitepress-multilingual-cms/res/flags/ar.svg HTTP/1.1" 200 452 "https://autozone.com.sa/en/" "Mozilla/5.0 (Macintosh; Intel Mac OS X 10_15_7) AppleWebKit/605.1.15 (KHTML, like Gecko) Version/26.4 Safari/605.1.15"
172.105.42.26 - - [28/Mar/2026:15:54:24 +0000] "POST /wp-cron.php?doing_wp_cron=1774713264.1313788890838623046875 HTTP/1.1" 200 20 "-" "WordPress/6.9.4; https://autozone.com.sa"
2001:16a4:64:d868:1cae:e380:7fb8:4f85 - - [28/Mar/2026:15:54:19 +0000] "GET / HTTP/1.1" 200 163864 "https://autozone.com.sa/en/" "Mozilla/5.0 (Macintosh; Intel Mac OS X 10_15_7) AppleWebKit/605.1.15 (KHTML, like Gecko) Version/26.4 Safari/605.1.15"
2001:16a4:64:d868:1cae:e380:7fb8:4f85 - - [28/Mar/2026:15:54:29 +0000] "POST /?wc-ajax=get_refreshed_fragments HTTP/1.1" 200 999 "https://autozone.com.sa/" "Mozilla/5.0 (Macintosh; Intel Mac OS X 10_15_7) AppleWebKit/605.1.15 (KHTML, like Gecko) Version/26.4 Safari/605.1.15"
2001:16a4:64:d868:1cae:e380:7fb8:4f85 - - [28/Mar/2026:15:54:28 +0000] "POST /wp-json/iawp/search HTTP/1.1" 200 36 "https://autozone.com.sa/" "Mozilla/5.0 (Macintosh; Intel Mac OS X 10_15_7) AppleWebKit/605.1.15 (KHTML, like Gecko) Version/26.4 Safari/605.1.15"
52.167.144.142 - - [28/Mar/2026:15:54:33 +0000] "GET /en/make/kia/ HTTP/1.1" 200 63337 "-" "Mozilla/5.0 AppleWebKit/537.36 (KHTML, like Gecko; compatible; bingbot/2.0; +http://www.bing.com/bingbot.htm) Chrome/116.0.1938.76 Safari/537.36"
66.249.93.7 - - [28/Mar/2026:15:54:52 +0000] "GET /.well-known/traffic-advice HTTP/1.1" 404 30908 "-" "Chrome Privacy Preserving Prefetch Proxy"
2001:4860:7:1528::fc - - [28/Mar/2026:15:54:52 +0000] "GET / HTTP/1.1" 200 163895 "https://www.google.com/" "Mozilla/5.0 (Linux; Android 10; K) AppleWebKit/537.36 (KHTML, like Gecko) Chrome/146.0.0.0 Mobile Safari/537.36"
2001:16a4:64:d868:1cae:e380:7fb8:4f85 - - [28/Mar/2026:15:54:54 +0000] "GET /en/ HTTP/1.1" 200 94220 "https://www.google.com/" "Mozilla/5.0 (Macintosh; Intel Mac OS X 10_15_7) AppleWebKit/605.1.15 (KHTML, like Gecko) Version/26.4 Safari/605.1.15"
2001:16a4:64:d868:1cae:e380:7fb8:4f85 - - [28/Mar/2026:15:54:57 +0000] "GET /showroom/ HTTP/1.1" 200 110371 "https://autozone.com.sa/" "Mozilla/5.0 (Macintosh; Intel Mac OS X 10_15_7) AppleWebKit/605.1.15 (KHTML, like Gecko) Version/26.4 Safari/605.1.15"
2001:4860:7:1528::ff - - [28/Mar/2026:15:54:57 +0000] "GET /our-offers/ HTTP/1.1" 200 113301 "https://www.google.com/" "Mozilla/5.0 (Linux; Android 10; K) AppleWebKit/537.36 (KHTML, like Gecko) Chrome/146.0.0.0 Mobile Safari/537.36"
34.173.239.49 - - [28/Mar/2026:15:55:05 +0000] "HEAD /product/changan-eado-plus-trend-2025 HTTP/1.1" 301 - "-" "Mozilla/5.0 (X11; Linux x86_64) AppleWebKit/537.36 (KHTML, like Gecko) Chrome/136.0.0.0 Safari/537.36"
34.173.239.49 - - [28/Mar/2026:15:55:06 +0000] "GET /product/changan-eado-plus-trend-2025 HTTP/1.1" 301 20 "-" "Mozilla/5.0 (X11; Linux x86_64) AppleWebKit/537.36 (KHTML, like Gecko) Chrome/136.0.0.0 Safari/537.36"
14.185.130.161 - - [28/Mar/2026:15:55:17 +0000] "GET /en/comments/feed/ HTTP/1.1" 200 779 "-" "Mozilla/5.0 (compatible; MSIE 7.0; Windows 95; Trident/3.0)"
2a03:2880:f802:11:: - - [28/Mar/2026:15:55:16 +0000] "GET /offers/changan-cs35-plus-smart-2026-with-no-tax-in-our-eid-deal/ HTTP/1.1" 404 30521 "-" "meta-externalagent/1.1 (+https://developers.facebook.com/docs/sharing/webmasters/crawler)"
2a03:2880:22ff:1:: - - [28/Mar/2026:15:55:25 +0000] "GET /wp-content/uploads/2026/02/BGC_7090-copy-scaled.webp HTTP/1.1" 200 434786 "-" "facebookexternalhit/1.1 (+http://www.facebook.com/externalhit_uatext.php)"
172.105.42.26 - - [28/Mar/2026:15:56:22 +0000] "POST /wp-cron.php?doing_wp_cron=1774713382.4819920063018798828125 HTTP/1.1" 200 20 "-" "WordPress/6.9.4; https://autozone.com.sa"
66.249.75.110 - - [28/Mar/2026:15:56:19 +0000] "GET /%D8%A7%D9%84%D9%85%D8%A7%D8%B1%D9%83%D8%A9/%D9%83%D9%8A%D8%A7/?nocache=1774530453 HTTP/1.1" 200 63862 "-" "Mozilla/5.0 (Linux; Android 6.0.1; Nexus 5X Build/MMB29P) AppleWebKit/537.36 (KHTML, like Gecko) Chrome/146.0.7680.153 Mobile Safari/537.36 (compatible; Googlebot/2.1; +http://www.google.com/bot.html)"
47.82.11.210 - - [28/Mar/2026:15:56:51 +0000] "GET /?shopdetail/44011484 HTTP/1.1" 301 20 "https://autozone.com.sa/" "Mozilla/5.0 (X11; Linux x86_64; rv:125.0) Gecko/20100101 Firefox/125.0"
47.82.11.210 - - [28/Mar/2026:15:56:52 +0000] "GET /?shopdetail/44011484 HTTP/1.1" 301 20 "https://autozone.com.sa/" "Mozilla/5.0 (X11; Linux x86_64; rv:125.0) Gecko/20100101 Firefox/125.0"
66.42.61.105 - - [28/Mar/2026:15:56:56 +0000] "POST /wp-load.php?87d4d3=2842 HTTP/1.1" 200 545009 "-" "BlogVault/1.0 (+https://blogvault.net)"
178.156.128.204 - - [28/Mar/2026:15:57:03 +0000] "POST /wp-load.php?0c8c3d=26054 HTTP/1.1" 200 3203 "https://autozone.com.sa/" "BlogVault/1.0 (+https://blogvault.net)"
172.105.42.26 - - [28/Mar/2026:15:57:49 +0000] "POST /wp-cron.php?doing_wp_cron=1774713469.2168378829956054687500 HTTP/1.1" 200 20 "-" "WordPress/6.9.4; https://autozone.com.sa"
167.235.143.113 - - [28/Mar/2026:15:57:48 +0000] "HEAD / HTTP/1.1" 200 - "https://autozone.com.sa/" "Mozilla/5.0+(compatible; UptimeRobot/2.0; http://www.uptimerobot.com/)"
52.167.144.156 - - [28/Mar/2026:15:57:53 +0000] "GET /shopdetail/89201836 HTTP/1.1" 301 20 "-" "Mozilla/5.0 AppleWebKit/537.36 (KHTML, like Gecko; compatible; bingbot/2.0; +http://www.bing.com/bingbot.htm) Chrome/116.0.1938.76 Safari/537.36"
52.167.144.142 - - [28/Mar/2026:15:58:05 +0000] "GET /vehicles/page/5/ HTTP/1.1" 404 30913 "-" "Mozilla/5.0 AppleWebKit/537.36 (KHTML, like Gecko; compatible; bingbot/2.0; +http://www.bing.com/bingbot.htm) Chrome/116.0.1938.76 Safari/537.36"
172.105.42.26 - - [28/Mar/2026:15:59:56 +0000] "POST /wp-cron.php?doing_wp_cron=1774713596.2830901145935058593750 HTTP/1.1" 200 20 "-" "WordPress/6.9.4; https://autozone.com.sa"
2a03:2880:13ff:73:: - - [28/Mar/2026:15:59:54 +0000] "GET /changan-cs35-750-sar-offer/ HTTP/1.1" 404 30907 "-" "facebookexternalhit/1.1 (+http://www.facebook.com/externalhit_uatext.php)"
2a03:2880:f806:8:: - - [28/Mar/2026:15:59:57 +0000] "GET /changan-cs35-750-sar-offer/?utm_source=Facebook&utm_medium=CPC&utm_campaign=Changan_CS35_PLUS_APR_2024&utm_id=Changan_CS35_PLUS_APR_2024 HTTP/1.1" 404 31044 "-" "facebookexternalhit/1.1 (+http://www.facebook.com/externalhit_uatext.php)"
2a03:2880:f806:2b:: - - [28/Mar/2026:15:59:57 +0000] "GET /changan-cs35-750-sar-offer/ HTTP/1.1" 404 30906 "-" "facebookexternalhit/1.1 (+http://www.facebook.com/externalhit_uatext.php)"
2a03:2880:f806:3a:: - - [28/Mar/2026:15:59:57 +0000] "GET /changan-cs35-750-sar-offer/ HTTP/1.1" 404 30907 "-" "facebookexternalhit/1.1 (+http://www.facebook.com/externalhit_uatext.php)"
172.105.42.26 - - [28/Mar/2026:16:00:01 +0000] "POST /wp-cron.php?doing_wp_cron=1774713601.0577840805053710937500 HTTP/1.1" 200 20 "-" "WordPress/6.9.4; https://autozone.com.sa"
2a03:2880:f806:2b:: - - [28/Mar/2026:15:59:58 +0000] "GET /changan-cs35-750-sar-offer/ HTTP/1.1" 404 30907 "-" "facebookexternalhit/1.1 (+http://www.facebook.com/externalhit_uatext.php)"
172.105.42.26 - - [28/Mar/2026:16:00:45 +0000] "POST /wp-cron.php?doing_wp_cron=1774713645.5764389038085937500000 HTTP/1.1" 200 20 "-" "WordPress/6.9.4; https://autozone.com.sa"
51.36.103.180 - - [28/Mar/2026:16:00:40 +0000] "GET /showroom/ HTTP/1.1" 200 110349 "https://autozone.com.sa/about-autozone/" "Mozilla/5.0 (iPhone; CPU iPhone OS 18_7 like Mac OS X) AppleWebKit/605.1.15 (KHTML, like Gecko) Version/26.3 Mobile/15E148 Safari/604.1"
47.82.10.124 - - [28/Mar/2026:16:00:50 +0000] "GET /?shopdetail/25374655 HTTP/1.1" 301 20 "https://www.autozone.com.sa/" "Mozilla/5.0 (Macintosh; Intel Mac OS X 10_15_7) AppleWebKit/605.1.15 (KHTML, like Gecko) Version/18.4 Safari/605.1.15"
2.189.5.142 - - [28/Mar/2026:16:00:48 +0000] "GET / HTTP/1.1" 200 163881 "-" "Mozilla/5.0 (iPhone; CPU iPhone OS 13_6 like Mac OS X) AppleWebKit/605.1.15 (KHTML, like Gecko) FxiOS/118.0 Mobile/15E148 Safari/605.1.15"
47.82.10.124 - - [28/Mar/2026:16:00:52 +0000] "GET /?shopdetail/25374655 HTTP/1.1" 301 20 "https://www.autozone.com.sa/" "Mozilla/5.0 (Macintosh; Intel Mac OS X 10_15_7) AppleWebKit/605.1.15 (KHTML, like Gecko) Version/18.4 Safari/605.1.15"
115.239.229.235 - - [28/Mar/2026:16:01:09 +0000] "GET /showrooms/ HTTP/1.1" 301 20 "-" "Mozilla/5.0 (Windows NT 10.0; Win64; x64) AppleWebKit/537.36 (KHTML, like Gecko) Chrome/142.0.0.0 Safari/537.36"
115.239.229.235 - - [28/Mar/2026:16:01:13 +0000] "GET /showrooms/ HTTP/1.1" 404 30892 "-" "Mozilla/5.0 (Windows NT 10.0; Win64; x64) AppleWebKit/537.36 (KHTML, like Gecko) Chrome/142.0.0.0 Safari/537.36"
172.105.42.26 - - [28/Mar/2026:16:01:26 +0000] "POST /wp-cron.php?doing_wp_cron=1774713686.3047640323638916015625 HTTP/1.1" 200 20 "-" "WordPress/6.9.4; https://autozone.com.sa"
240e:978:b30:15::47 - - [28/Mar/2026:16:01:25 +0000] "GET /showrooms/ HTTP/1.1" 301 20 "-" "Mozilla/5.0 (Windows NT 10.0; Win64; x64) AppleWebKit/537.36 (KHTML, like Gecko) Chrome/142.0.0.0 Safari/537.36"
66.249.75.109 - - [28/Mar/2026:16:01:23 +0000] "GET /?nocache=1774066900 HTTP/1.1" 200 163895 "-" "Mozilla/5.0 (Linux; Android 6.0.1; Nexus 5X Build/MMB29P) AppleWebKit/537.36 (KHTML, like Gecko) Chrome/146.0.7680.153 Mobile Safari/537.36 (compatible; Googlebot/2.1; +http://www.google.com/bot.html)"
240e:978:b30:15::47 - - [28/Mar/2026:16:01:27 +0000] "GET /showrooms/ HTTP/1.1" 404 30891 "-" "Mozilla/5.0 (Windows NT 10.0; Win64; x64) AppleWebKit/537.36 (KHTML, like Gecko) Chrome/142.0.0.0 Safari/537.36"
240e:978:b30:15::47 - - [28/Mar/2026:16:01:29 +0000] "GET /wp-content/plugins/elementor-pro/assets/css/modules/motion-fx.min.css?ver=3.35.1 HTTP/1.1" 200 310 "https://autozone.com.sa/showrooms/" "Mozilla/5.0 (Windows NT 10.0; Win64; x64) AppleWebKit/537.36 (KHTML, like Gecko) Chrome/142.0.0.0 Safari/537.36"
240e:978:b30:15::47 - - [28/Mar/2026:16:01:31 +0000] "GET /wp-content/plugins/jet-blocks/assets/js/jet-blocks.min.js?ver=1.3.22 HTTP/1.1" 200 6050 "https://autozone.com.sa/showrooms/" "Mozilla/5.0 (Windows NT 10.0; Win64; x64) AppleWebKit/537.36 (KHTML, like Gecko) Chrome/142.0.0.0 Safari/537.36"
240e:978:b30:15::47 - - [28/Mar/2026:16:01:31 +0000] "GET /wp-content/plugins/jet-popup/includes/elementor/assets/js/jet-popup-elementor-frontend.js?ver=2.0.21.1 HTTP/1.1" 200 2342 "https://autozone.com.sa/showrooms/" "Mozilla/5.0 (Windows NT 10.0; Win64; x64) AppleWebKit/537.36 (KHTML, like Gecko) Chrome/142.0.0.0 Safari/537.36"
240e:978:b30:15::47 - - [28/Mar/2026:16:01:31 +0000] "GET /wp-content/plugins/elementor-pro/assets/js/webpack-pro.runtime.min.js?ver=3.35.1 HTTP/1.1" 200 2856 "https://autozone.com.sa/showrooms/" "Mozilla/5.0 (Windows NT 10.0; Win64; x64) AppleWebKit/537.36 (KHTML, like Gecko) Chrome/142.0.0.0 Safari/537.36"
240e:978:b30:15::47 - - [28/Mar/2026:16:01:31 +0000] "GET /wp-content/plugins/elementor-pro/assets/js/elements-handlers.min.js?ver=3.35.1 HTTP/1.1" 200 10559 "https://autozone.com.sa/showrooms/" "Mozilla/5.0 (Windows NT 10.0; Win64; x64) AppleWebKit/537.36 (KHTML, like Gecko) Chrome/142.0.0.0 Safari/537.36"
240e:978:b30:15::47 - - [28/Mar/2026:16:01:31 +0000] "GET /wp-content/plugins/jet-blocks/assets/js/lib/jsticky/jquery.jsticky.min.js?ver=1.1.0 HTTP/1.1" 200 623 "https://autozone.com.sa/showrooms/" "Mozilla/5.0 (Windows NT 10.0; Win64; x64) AppleWebKit/537.36 (KHTML, like Gecko) Chrome/142.0.0.0 Safari/537.36"
240e:978:b30:15::47 - - [28/Mar/2026:16:01:31 +0000] "GET /wp-content/plugins/jetformbuilder/modules/deprecated/assets/build/frontend.js?ver=120e75a68931b79be3f4 HTTP/1.1" 200 375 "https://autozone.com.sa/showrooms/" "Mozilla/5.0 (Windows NT 10.0; Win64; x64) AppleWebKit/537.36 (KHTML, like Gecko) Chrome/142.0.0.0 Safari/537.36"
240e:978:b30:15::47 - - [28/Mar/2026:16:01:31 +0000] "GET /wp-content/plugins/elementor-pro/assets/js/frontend.min.js?ver=3.35.1 HTTP/1.1" 200 6434 "https://autozone.com.sa/showrooms/" "Mozilla/5.0 (Windows NT 10.0; Win64; x64) AppleWebKit/537.36 (KHTML, like Gecko) Chrome/142.0.0.0 Safari/537.36"
240e:978:b30:15::47 - - [28/Mar/2026:16:01:31 +0000] "GET /wp-includes/js/jquery/ui/core.min.js?ver=1.13.3 HTTP/1.1" 200 7106 "https://autozone.com.sa/showrooms/" "Mozilla/5.0 (Windows NT 10.0; Win64; x64) AppleWebKit/537.36 (KHTML, like Gecko) Chrome/142.0.0.0 Safari/537.36"
240e:978:b30:15::47 - - [28/Mar/2026:16:01:31 +0000] "GET /wp-content/plugins/pixelyoursite/dist/scripts/public.js?ver=11.2.0.4 HTTP/1.1" 200 25524 "https://autozone.com.sa/showrooms/" "Mozilla/5.0 (Windows NT 10.0; Win64; x64) AppleWebKit/537.36 (KHTML, like Gecko) Chrome/142.0.0.0 Safari/537.36"
240e:978:b30:15::47 - - [28/Mar/2026:16:01:31 +0000] "GET /wp-content/plugins/jet-tricks/assets/js/lib/tippy/popperjs.js?ver=2.11.8 HTTP/1.1" 200 7335 "https://autozone.com.sa/showrooms/" "Mozilla/5.0 (Windows NT 10.0; Win64; x64) AppleWebKit/537.36 (KHTML, like Gecko) Chrome/142.0.0.0 Safari/537.36"
240e:978:b30:15::47 - - [28/Mar/2026:16:01:31 +0000] "GET /wp-content/plugins/jet-tricks/assets/js/lib/tippy/tippy-bundle.js?ver=6.3.7 HTTP/1.1" 200 18902 "https://autozone.com.sa/showrooms/" "Mozilla/5.0 (Windows NT 10.0; Win64; x64) AppleWebKit/537.36 (KHTML, like Gecko) Chrome/142.0.0.0 Safari/537.36"
240e:978:b30:15::47 - - [28/Mar/2026:16:01:31 +0000] "GET /wp-content/plugins/jet-tricks/assets/js/lib/ts-particles/1.18.11/tsparticles.min.js?ver=1.18.11 HTTP/1.1" 200 34623 "https://autozone.com.sa/showrooms/" "Mozilla/5.0 (Windows NT 10.0; Win64; x64) AppleWebKit/537.36 (KHTML, like Gecko) Chrome/142.0.0.0 Safari/537.36"
240e:978:b30:15::47 - - [28/Mar/2026:16:01:31 +0000] "GET /wp-includes/js/dist/url.min.js?ver=9e178c9516d1222dc834 HTTP/1.1" 200 3856 "https://autozone.com.sa/showrooms/" "Mozilla/5.0 (Windows NT 10.0; Win64; x64) AppleWebKit/537.36 (KHTML, like Gecko) Chrome/142.0.0.0 Safari/537.36"
240e:978:b30:15::47 - - [28/Mar/2026:16:01:31 +0000] "GET /wp-content/plugins/elementor/assets/js/webpack.runtime.min.js?ver=3.35.4 HTTP/1.1" 200 2476 "https://autozone.com.sa/showrooms/" "Mozilla/5.0 (Windows NT 10.0; Win64; x64) AppleWebKit/537.36 (KHTML, like Gecko) Chrome/142.0.0.0 Safari/537.36"
240e:978:b30:15::47 - - [28/Mar/2026:16:01:31 +0000] "GET /wp-content/plugins/ultimate-post-kit/assets/js/upk-site.min.js?ver=4.1.4 HTTP/1.1" 200 255 "https://autozone.com.sa/showrooms/" "Mozilla/5.0 (Windows NT 10.0; Win64; x64) AppleWebKit/537.36 (KHTML, like Gecko) Chrome/142.0.0.0 Safari/537.36"
240e:978:b30:15::47 - - [28/Mar/2026:16:01:31 +0000] "GET /wp-content/plugins/woocommerce-multilingual/res/js/cart_widget.min.js?ver=5.5.5 HTTP/1.1" 200 523 "https://autozone.com.sa/showrooms/" "Mozilla/5.0 (Windows NT 10.0; Win64; x64) AppleWebKit/537.36 (KHTML, like Gecko) Chrome/142.0.0.0 Safari/537.36"
240e:978:b30:15::47 - - [28/Mar/2026:16:01:31 +0000] "GET /wp-content/plugins/elementor/assets/js/frontend-modules.min.js?ver=3.35.4 HTTP/1.1" 200 15944 "https://autozone.com.sa/showrooms/" "Mozilla/5.0 (Windows NT 10.0; Win64; x64) AppleWebKit/537.36 (KHTML, like Gecko) Chrome/142.0.0.0 Safari/537.36"
240e:978:b30:15::47 - - [28/Mar/2026:16:01:31 +0000] "GET /wp-content/plugins/jet-tabs/assets/js/jet-tabs-frontend.min.js?ver=2.2.10 HTTP/1.1" 200 6421 "https://autozone.com.sa/showrooms/" "Mozilla/5.0 (Windows NT 10.0; Win64; x64) AppleWebKit/537.36 (KHTML, like Gecko) Chrome/142.0.0.0 Safari/537.36"
240e:978:b30:15::47 - - [28/Mar/2026:16:01:31 +0000] "GET /wp-content/plugins/woo-variation-gallery/assets/js/frontend.min.js?ver=1748067894 HTTP/1.1" 200 4745 "https://autozone.com.sa/showrooms/" "Mozilla/5.0 (Windows NT 10.0; Win64; x64) AppleWebKit/537.36 (KHTML, like Gecko) Chrome/142.0.0.0 Safari/537.36"
240e:978:b30:15::47 - - [28/Mar/2026:16:01:31 +0000] "GET /wp-content/plugins/jet-search/assets/lib/jet-plugins/jet-plugins.js?ver=1.0.0 HTTP/1.1" 200 2282 "https://autozone.com.sa/showrooms/" "Mozilla/5.0 (Windows NT 10.0; Win64; x64) AppleWebKit/537.36 (KHTML, like Gecko) Chrome/142.0.0.0 Safari/537.36"
240e:978:b30:15::47 - - [28/Mar/2026:16:01:31 +0000] "GET /wp-includes/js/dist/hooks.min.js?ver=dd5603f07f9220ed27f1 HTTP/1.1" 200 1941 "https://autozone.com.sa/showrooms/" "Mozilla/5.0 (Windows NT 10.0; Win64; x64) AppleWebKit/537.36 (KHTML, like Gecko) Chrome/142.0.0.0 Safari/537.36"
240e:978:b30:15::47 - - [28/Mar/2026:16:01:31 +0000] "GET /wp-content/plugins/pixelyoursite/dist/scripts/js.cookie-2.1.3.min.js?ver=2.1.3 HTTP/1.1" 200 874 "https://autozone.com.sa/showrooms/" "Mozilla/5.0 (Windows NT 10.0; Win64; x64) AppleWebKit/537.36 (KHTML, like Gecko) Chrome/142.0.0.0 Safari/537.36"
240e:978:b30:15::47 - - [28/Mar/2026:16:01:31 +0000] "GET /wp-content/plugins/fluentform/assets/js/fluent-forms-elementor-widget.js?ver=6.1.19 HTTP/1.1" 200 426 "https://autozone.com.sa/showrooms/" "Mozilla/5.0 (Windows NT 10.0; Win64; x64) AppleWebKit/537.36 (KHTML, like Gecko) Chrome/142.0.0.0 Safari/537.36"
240e:978:b30:15::47 - - [28/Mar/2026:16:01:31 +0000] "GET /wp-includes/js/jquery/jquery.min.js?ver=3.7.1 HTTP/1.1" 200 30368 "https://autozone.com.sa/showrooms/" "Mozilla/5.0 (Windows NT 10.0; Win64; x64) AppleWebKit/537.36 (KHTML, like Gecko) Chrome/142.0.0.0 Safari/537.36"
240e:978:b30:15::47 - - [28/Mar/2026:16:01:31 +0000] "GET /wp-content/plugins/pixelyoursite/dist/scripts/jquery.bind-first-0.2.3.min.js?ver=0.2.3 HTTP/1.1" 200 689 "https://autozone.com.sa/showrooms/" "Mozilla/5.0 (Windows NT 10.0; Win64; x64) AppleWebKit/537.36 (KHTML, like Gecko) Chrome/142.0.0.0 Safari/537.36"
240e:978:b30:15::47 - - [28/Mar/2026:16:01:31 +0000] "GET /wp-content/plugins/elementor/assets/js/frontend.min.js?ver=3.35.4 HTTP/1.1" 200 10325 "https://autozone.com.sa/showrooms/" "Mozilla/5.0 (Windows NT 10.0; Win64; x64) AppleWebKit/537.36 (KHTML, like Gecko) Chrome/142.0.0.0 Safari/537.36"
240e:978:b30:15::47 - - [28/Mar/2026:16:01:31 +0000] "GET /wp-includes/js/dist/i18n.min.js?ver=c26c3dc7bed366793375 HTTP/1.1" 200 2229 "https://autozone.com.sa/showrooms/" "Mozilla/5.0 (Windows NT 10.0; Win64; x64) AppleWebKit/537.36 (KHTML, like Gecko) Chrome/142.0.0.0 Safari/537.36"
240e:978:b30:15::47 - - [28/Mar/2026:16:01:31 +0000] "GET /wp-content/plugins/woocommerce/assets/js/sourcebuster/sourcebuster.min.js?ver=10.6.1 HTTP/1.1" 200 4807 "https://autozone.com.sa/showrooms/" "Mozilla/5.0 (Windows NT 10.0; Win64; x64) AppleWebKit/537.36 (KHTML, like Gecko) Chrome/142.0.0.0 Safari/537.36"
240e:978:b30:15::47 - - [28/Mar/2026:16:01:31 +0000] "GET /wp-includes/js/underscore.min.js?ver=1.13.7 HTTP/1.1" 200 7317 "https://autozone.com.sa/showrooms/" "Mozilla/5.0 (Windows NT 10.0; Win64; x64) AppleWebKit/537.36 (KHTML, like Gecko) Chrome/142.0.0.0 Safari/537.36"
240e:978:b30:15::47 - - [28/Mar/2026:16:01:31 +0000] "GET /wp-content/plugins/woo-variation-gallery/assets/js/slick.min.js?ver=1.8.1 HTTP/1.1" 200 10678 "https://autozone.com.sa/showrooms/" "Mozilla/5.0 (Windows NT 10.0; Win64; x64) AppleWebKit/537.36 (KHTML, like Gecko) Chrome/142.0.0.0 Safari/537.36"
240e:978:b30:15::47 - - [28/Mar/2026:16:01:31 +0000] "GET /wp-content/plugins/jetformbuilder/modules/blocks-v2/text-field/assets/build/frontend/field.js?ver=16395ed38b7c1e8808d6 HTTP/1.1" 200 597 "https://autozone.com.sa/showrooms/" "Mozilla/5.0 (Windows NT 10.0; Win64; x64) AppleWebKit/537.36 (KHTML, like Gecko) Chrome/142.0.0.0 Safari/537.36"
240e:978:b30:15::47 - - [28/Mar/2026:16:01:31 +0000] "GET /wp-content/plugins/woocommerce/assets/js/frontend/cart-fragments.min.js?ver=10.6.1 HTTP/1.1" 200 1045 "https://autozone.com.sa/showrooms/" "Mozilla/5.0 (Windows NT 10.0; Win64; x64) AppleWebKit/537.36 (KHTML, like Gecko) Chrome/142.0.0.0 Safari/537.36"
240e:978:b30:15::47 - - [28/Mar/2026:16:01:31 +0000] "GET /wp-content/plugins/woocommerce/assets/js/js-cookie/js.cookie.min.js?ver=2.1.4-wc.10.6.1 HTTP/1.1" 200 833 "https://autozone.com.sa/showrooms/" "Mozilla/5.0 (Windows NT 10.0; Win64; x64) AppleWebKit/537.36 (KHTML, like Gecko) Chrome/142.0.0.0 Safari/537.36"
240e:978:b30:15::47 - - [28/Mar/2026:16:01:31 +0000] "GET /wp-content/plugins/jet-elements/assets/js/lib/anime-js/anime.min.js?ver=2.2.0 HTTP/1.1" 200 6057 "https://autozone.com.sa/showrooms/" "Mozilla/5.0 (Windows NT 10.0; Win64; x64) AppleWebKit/537.36 (KHTML, like Gecko) Chrome/142.0.0.0 Safari/537.36"
240e:978:b30:15::47 - - [28/Mar/2026:16:01:31 +0000] "GET /wp-content/plugins/jet-elements/assets/js/lib/tweenjs/tweenjs.min.js?ver=2.0.2 HTTP/1.1" 200 38470 "https://autozone.com.sa/showrooms/" "Mozilla/5.0 (Windows NT 10.0; Win64; x64) AppleWebKit/537.36 (KHTML, like Gecko) Chrome/142.0.0.0 Safari/537.36"
240e:978:b30:15::47 - - [28/Mar/2026:16:01:31 +0000] "GET /wp-content/plugins/jetformbuilder/assets/build/frontend/conditional.block.js?ver=3.5.6.3 HTTP/1.1" 200 3268 "https://autozone.com.sa/showrooms/" "Mozilla/5.0 (Windows NT 10.0; Win64; x64) AppleWebKit/537.36 (KHTML, like Gecko) Chrome/142.0.0.0 Safari/537.36"
240e:978:b30:15::47 - - [28/Mar/2026:16:01:31 +0000] "GET /wp-includes/js/imagesloaded.min.js?ver=5.0.0 HTTP/1.1" 200 1803 "https://autozone.com.sa/showrooms/" "Mozilla/5.0 (Windows NT 10.0; Win64; x64) AppleWebKit/537.36 (KHTML, like Gecko) Chrome/142.0.0.0 Safari/537.36"
240e:978:b30:15::47 - - [28/Mar/2026:16:01:31 +0000] "GET /wp-content/plugins/woocommerce/assets/js/frontend/add-to-cart.min.js?ver=10.6.1 HTTP/1.1" 200 1439 "https://autozone.com.sa/showrooms/" "Mozilla/5.0 (Windows NT 10.0; Win64; x64) AppleWebKit/537.36 (KHTML, like Gecko) Chrome/142.0.0.0 Safari/537.36"
240e:978:b30:15::47 - - [28/Mar/2026:16:01:31 +0000] "GET /wp-content/themes/hello-elementor/assets/js/hello-frontend.js?ver=3.4.6 HTTP/1.1" 200 549 "https://autozone.com.sa/showrooms/" "Mozilla/5.0 (Windows NT 10.0; Win64; x64) AppleWebKit/537.36 (KHTML, like Gecko) Chrome/142.0.0.0 Safari/537.36"
240e:978:b30:15::47 - - [28/Mar/2026:16:01:31 +0000] "GET /wp-content/plugins/bdthemes-element-pack/assets/js/common/helper.min.js?ver=9.1.1 HTTP/1.1" 200 1905 "https://autozone.com.sa/showrooms/" "Mozilla/5.0 (Windows NT 10.0; Win64; x64) AppleWebKit/537.36 (KHTML, like Gecko) Chrome/142.0.0.0 Safari/537.36"
240e:978:b30:15::47 - - [28/Mar/2026:16:01:31 +0000] "GET /wp-content/plugins/sitepress-multilingual-cms/res/js/cookies/language-cookie.js?ver=491900 HTTP/1.1" 200 187 "https://autozone.com.sa/showrooms/" "Mozilla/5.0 (Windows NT 10.0; Win64; x64) AppleWebKit/537.36 (KHTML, like Gecko) Chrome/142.0.0.0 Safari/537.36"
240e:978:b30:15::47 - - [28/Mar/2026:16:01:31 +0000] "GET /wp-content/plugins/jet-search/assets/js/jet-search.js?ver=3.5.16.1 HTTP/1.1" 200 14975 "https://autozone.com.sa/showrooms/" "Mozilla/5.0 (Windows NT 10.0; Win64; x64) AppleWebKit/537.36 (KHTML, like Gecko) Chrome/142.0.0.0 Safari/537.36"
240e:978:b30:15::47 - - [28/Mar/2026:16:01:31 +0000] "GET /wp-content/plugins/woocommerce/assets/js/frontend/order-attribution.min.js?ver=10.6.1 HTTP/1.1" 200 1150 "https://autozone.com.sa/showrooms/" "Mozilla/5.0 (Windows NT 10.0; Win64; x64) AppleWebKit/537.36 (KHTML, like Gecko) Chrome/142.0.0.0 Safari/537.36"
240e:978:b30:15::47 - - [28/Mar/2026:16:01:31 +0000] "GET /wp-content/plugins/jetformbuilder/assets/build/frontend/main.js?ver=a8ff8d24b43df9ed7e99 HTTP/1.1" 200 12924 "https://autozone.com.sa/showrooms/" "Mozilla/5.0 (Windows NT 10.0; Win64; x64) AppleWebKit/537.36 (KHTML, like Gecko) Chrome/142.0.0.0 Safari/537.36"
240e:978:b30:15::47 - - [28/Mar/2026:16:01:31 +0000] "GET /wp-content/plugins/jet-woo-product-gallery/assets/lib/swiper/swiper.min.js?ver=5.3.6 HTTP/1.1" 200 35491 "https://autozone.com.sa/showrooms/" "Mozilla/5.0 (Windows NT 10.0; Win64; x64) AppleWebKit/537.36 (KHTML, like Gecko) Chrome/142.0.0.0 Safari/537.36"
240e:978:b30:15::47 - - [28/Mar/2026:16:01:31 +0000] "GET /wp-content/plugins/jet-compare-wishlist/assets/js/dist/frontend.js?ver=1.5.12.2 HTTP/1.1" 200 1933 "https://autozone.com.sa/showrooms/" "Mozilla/5.0 (Windows NT 10.0; Win64; x64) AppleWebKit/537.36 (KHTML, like Gecko) Chrome/142.0.0.0 Safari/537.36"
240e:978:b30:15::47 - - [28/Mar/2026:16:01:31 +0000] "GET /wp-content/plugins/jet-tricks/assets/js/jet-tricks-frontend.js?ver=1.5.10 HTTP/1.1" 200 10023 "https://autozone.com.sa/showrooms/" "Mozilla/5.0 (Windows NT 10.0; Win64; x64) AppleWebKit/537.36 (KHTML, like Gecko) Chrome/142.0.0.0 Safari/537.36"
240e:978:b30:15::47 - - [28/Mar/2026:16:01:31 +0000] "GET /wp-content/plugins/jet-blog/assets/js/jet-blog.min.js?ver=2.4.8 HTTP/1.1" 200 3569 "https://autozone.com.sa/showrooms/" "Mozilla/5.0 (Windows NT 10.0; Win64; x64) AppleWebKit/537.36 (KHTML, like Gecko) Chrome/142.0.0.0 Safari/537.36"
240e:978:b30:15::47 - - [28/Mar/2026:16:01:31 +0000] "GET /wp-content/plugins/jetformbuilder/modules/option-field/assets/build/select.js?ver=0edd78a6f12e2b918b82 HTTP/1.1" 200 752 "https://autozone.com.sa/showrooms/" "Mozilla/5.0 (Windows NT 10.0; Win64; x64) AppleWebKit/537.36 (KHTML, like Gecko) Chrome/142.0.0.0 Safari/537.36"
240e:978:b30:15::47 - - [28/Mar/2026:16:01:31 +0000] "GET /wp-content/plugins/jet-elements/assets/js/jet-elements.min.js?ver=2.8.1.1 HTTP/1.1" 200 7384 "https://autozone.com.sa/showrooms/" "Mozilla/5.0 (Windows NT 10.0; Win64; x64) AppleWebKit/537.36 (KHTML, like Gecko) Chrome/142.0.0.0 Safari/537.36"
240e:978:b30:15::47 - - [28/Mar/2026:16:01:31 +0000] "GET /wp-content/plugins/pixelyoursite/dist/scripts/tld.min.js?ver=2.3.1 HTTP/1.1" 200 40644 "https://autozone.com.sa/showrooms/" "Mozilla/5.0 (Windows NT 10.0; Win64; x64) AppleWebKit/537.36 (KHTML, like Gecko) Chrome/142.0.0.0 Safari/537.36"
240e:978:b30:15::47 - - [28/Mar/2026:16:01:31 +0000] "GET /wp-content/plugins/elementor-pro/assets/lib/smartmenus/jquery.smartmenus.min.js?ver=1.2.1 HTTP/1.1" 200 7087 "https://autozone.com.sa/showrooms/" "Mozilla/5.0 (Windows NT 10.0; Win64; x64) AppleWebKit/537.36 (KHTML, like Gecko) Chrome/142.0.0.0 Safari/537.36"
240e:978:b30:15::47 - - [28/Mar/2026:16:01:31 +0000] "GET /wp-includes/js/dist/api-fetch.min.js?ver=3a4d9af2b423048b0dee HTTP/1.1" 200 2436 "https://autozone.com.sa/showrooms/" "Mozilla/5.0 (Windows NT 10.0; Win64; x64) AppleWebKit/537.36 (KHTML, like Gecko) Chrome/142.0.0.0 Safari/537.36"
240e:978:b30:15::47 - - [28/Mar/2026:16:01:31 +0000] "GET /wp-content/plugins/jetformbuilder/modules/option-field/assets/build/checkbox.js?ver=6e25adbbae5a5d1bb65e HTTP/1.1" 200 1661 "https://autozone.com.sa/showrooms/" "Mozilla/5.0 (Windows NT 10.0; Win64; x64) AppleWebKit/537.36 (KHTML, like Gecko) Chrome/142.0.0.0 Safari/537.36"
240e:978:b30:15::47 - - [28/Mar/2026:16:01:31 +0000] "GET /wp-content/plugins/woocommerce/assets/js/jquery-blockui/jquery.blockUI.min.js?ver=2.7.0-wc.10.6.1 HTTP/1.1" 200 3537 "https://autozone.com.sa/showrooms/" "Mozilla/5.0 (Windows NT 10.0; Win64; x64) AppleWebKit/537.36 (KHTML, like Gecko) Chrome/142.0.0.0 Safari/537.36"
240e:978:b30:15::47 - - [28/Mar/2026:16:01:31 +0000] "GET /wp-includes/js/api-request.min.js?ver=6.9.4 HTTP/1.1" 200 590 "https://autozone.com.sa/showrooms/" "Mozilla/5.0 (Windows NT 10.0; Win64; x64) AppleWebKit/537.36 (KHTML, like Gecko) Chrome/142.0.0.0 Safari/537.36"
240e:978:b30:15::47 - - [28/Mar/2026:16:01:31 +0000] "GET /wp-content/plugins/bdthemes-prime-slider-lite/assets/js/prime-slider-site.min.js?ver=4.1.10 HTTP/1.1" 200 982 "https://autozone.com.sa/showrooms/" "Mozilla/5.0 (Windows NT 10.0; Win64; x64) AppleWebKit/537.36 (KHTML, like Gecko) Chrome/142.0.0.0 Safari/537.36"
240e:978:b30:15::47 - - [28/Mar/2026:16:01:31 +0000] "GET /wp-content/plugins/jet-popup/assets/js/jet-popup-frontend.js?ver=2.0.21.1 HTTP/1.1" 200 6883 "https://autozone.com.sa/showrooms/" "Mozilla/5.0 (Windows NT 10.0; Win64; x64) AppleWebKit/537.36 (KHTML, like Gecko) Chrome/142.0.0.0 Safari/537.36"
240e:978:b30:15::47 - - [28/Mar/2026:16:01:31 +0000] "GET /wp-content/plugins/bdthemes-element-pack/assets/js/bdt-uikit.min.js?ver=3.21.7 HTTP/1.1" 200 49707 "https://autozone.com.sa/showrooms/" "Mozilla/5.0 (Windows NT 10.0; Win64; x64) AppleWebKit/537.36 (KHTML, like Gecko) Chrome/142.0.0.0 Safari/537.36"
240e:978:b30:15::47 - - [28/Mar/2026:16:01:31 +0000] "GET /wp-includes/js/wp-util.min.js?ver=6.9.4 HTTP/1.1" 200 754 "https://autozone.com.sa/showrooms/" "Mozilla/5.0 (Windows NT 10.0; Win64; x64) AppleWebKit/537.36 (KHTML, like Gecko) Chrome/142.0.0.0 Safari/537.36"
240e:978:b30:15::47 - - [28/Mar/2026:16:01:31 +0000] "GET /wp-content/plugins/jet-search/assets/lib/chosen/chosen.jquery.min.js?ver=1.8.7 HTTP/1.1" 200 6685 "https://autozone.com.sa/showrooms/" "Mozilla/5.0 (Windows NT 10.0; Win64; x64) AppleWebKit/537.36 (KHTML, like Gecko) Chrome/142.0.0.0 Safari/537.36"
240e:978:b30:15::47 - - [28/Mar/2026:16:01:31 +0000] "GET /wp-includes/js/dist/vendor/wp-polyfill.min.js?ver=3.15.0 HTTP/1.1" 200 11852 "https://autozone.com.sa/showrooms/" "Mozilla/5.0 (Windows NT 10.0; Win64; x64) AppleWebKit/537.36 (KHTML, like Gecko) Chrome/142.0.0.0 Safari/537.36"
240e:978:b30:15::47 - - [28/Mar/2026:16:01:31 +0000] "GET /wp-includes/js/imagesloaded.min.js?ver=6.9.4 HTTP/1.1" 200 1803 "https://autozone.com.sa/showrooms/" "Mozilla/5.0 (Windows NT 10.0; Win64; x64) AppleWebKit/537.36 (KHTML, like Gecko) Chrome/142.0.0.0 Safari/537.36"
240e:978:b30:15::47 - - [28/Mar/2026:16:01:31 +0000] "GET /wp-content/plugins/woocommerce/assets/js/frontend/woocommerce.min.js?ver=10.6.1 HTTP/1.1" 200 1532 "https://autozone.com.sa/showrooms/" "Mozilla/5.0 (Windows NT 10.0; Win64; x64) AppleWebKit/537.36 (KHTML, like Gecko) Chrome/142.0.0.0 Safari/537.36"
240e:978:b30:15::47 - - [28/Mar/2026:16:01:31 +0000] "GET /wp-content/plugins/woocommerce/assets/js/frontend/add-to-cart-variation.min.js?ver=10.6.1 HTTP/1.1" 200 3940 "https://autozone.com.sa/showrooms/" "Mozilla/5.0 (Windows NT 10.0; Win64; x64) AppleWebKit/537.36 (KHTML, like Gecko) Chrome/142.0.0.0 Safari/537.36"
240e:978:b30:15::47 - - [28/Mar/2026:16:01:31 +0000] "GET /wp-content/plugins/woo-variation-swatches/assets/js/frontend.min.js?ver=2.2.3 HTTP/1.1" 200 4963 "https://autozone.com.sa/showrooms/" "Mozilla/5.0 (Windows NT 10.0; Win64; x64) AppleWebKit/537.36 (KHTML, like Gecko) Chrome/142.0.0.0 Safari/537.36"
240e:978:b30:15::47 - - [28/Mar/2026:16:01:31 +0000] "GET /wp-includes/js/jquery/jquery-migrate.min.js?ver=3.4.1 HTTP/1.1" 200 4872 "https://autozone.com.sa/showrooms/" "Mozilla/5.0 (Windows NT 10.0; Win64; x64) AppleWebKit/537.36 (KHTML, like Gecko) Chrome/142.0.0.0 Safari/537.36"
172.105.42.26 - - [28/Mar/2026:16:01:51 +0000] "POST /wp-cron.php?doing_wp_cron=1774713711.5184431076049804687500 HTTP/1.1" 200 20 "-" "WordPress/6.9.4; https://autozone.com.sa"
103.216.118.192 - - [28/Mar/2026:16:01:50 +0000] "GET /wp-login.php HTTP/1.1" 403 1094 "-" "Mozilla/4.0 (compatible; MSIE 7.0; Windows NT 10.0; WOW64; Trident/7.0; .NET4.0C; .NET4.0E)"
103.216.118.192 - - [28/Mar/2026:16:01:52 +0000] "POST /wp-login.php HTTP/1.1" 403 1094 "https://autozone.com.sa/wp-login.php" "Mozilla/4.0 (compatible; MSIE 7.0; Windows NT 10.0; WOW64; Trident/7.0; .NET4.0C; .NET4.0E)"
47.82.11.108 - - [28/Mar/2026:16:01:53 +0000] "GET /?shopdetail/20000909 HTTP/1.1" 301 20 "https://autozone.com.sa/" "Mozilla/5.0 (Macintosh; Intel Mac OS X 10_15_7) AppleWebKit/537.36 (KHTML, like Gecko) Chrome/134.0.0.0 Safari/537.36"
47.82.11.108 - - [28/Mar/2026:16:01:54 +0000] "GET /?shopdetail/20000909 HTTP/1.1" 301 20 "https://autozone.com.sa/" "Mozilla/5.0 (Macintosh; Intel Mac OS X 10_15_7) AppleWebKit/537.36 (KHTML, like Gecko) Chrome/134.0.0.0 Safari/537.36"
47.82.11.146 - - [28/Mar/2026:16:01:54 +0000] "GET /?shopdetail/62829617 HTTP/1.1" 301 20 "https://www.autozone.com.sa/" "Mozilla/5.0 (Windows NT 10.0; Win64; x64) AppleWebKit/537.36 (KHTML, like Gecko) Chrome/135.0.0.0 Safari/537.36 Edg/135.0.0.0"
47.82.11.146 - - [28/Mar/2026:16:01:55 +0000] "GET /?shopdetail/62829617 HTTP/1.1" 301 20 "https://www.autozone.com.sa/" "Mozilla/5.0 (Windows NT 10.0; Win64; x64) AppleWebKit/537.36 (KHTML, like Gecko) Chrome/135.0.0.0 Safari/537.36 Edg/135.0.0.0"
35.77.34.232 - - [28/Mar/2026:16:01:59 +0000] "GET /wp-login.php HTTP/1.1" 403 1091 "" "Mozilla/5.0 (X11; Linux x86_64) AppleWebKit/537.36 (KHTML, like Gecko) Chrome/119.0.0.0 Safari/537.36"
35.77.34.232 - - [28/Mar/2026:16:02:01 +0000] "GET /wp-admin/ HTTP/1.1" 302 20 "https://t.co/" "Mozilla/5.0 (Macintosh; Intel Mac OS X 13_6_1) AppleWebKit/537.36 (KHTML, like Gecko) Chrome/118.0.0.0 Safari/537.36"
35.77.34.232 - - [28/Mar/2026:16:02:02 +0000] "GET /not_found/ HTTP/1.1" 404 30893 "https://t.co/" "Mozilla/5.0 (Macintosh; Intel Mac OS X 13_6_1) AppleWebKit/537.36 (KHTML, like Gecko) Chrome/118.0.0.0 Safari/537.36"
37.59.204.138 - - [28/Mar/2026:16:02:13 +0000] "GET /sitemap-2.xml HTTP/1.1" 404 30899 "-" "Mozilla/5.0 (compatible; AhrefsBot/7.0; +http://ahrefs.com/robot/)"
172.105.42.26 - - [28/Mar/2026:16:02:58 +0000] "POST /wp-cron.php?doing_wp_cron=1774713777.5307788848876953125000 HTTP/1.1" 200 20 "-" "WordPress/6.9.4; https://autozone.com.sa"
78.47.98.55 - - [28/Mar/2026:16:02:56 +0000] "HEAD / HTTP/1.1" 200 - "https://autozone.com.sa/" "Mozilla/5.0+(compatible; UptimeRobot/2.0; http://www.uptimerobot.com/)"
172.105.42.26 - - [28/Mar/2026:16:03:35 +0000] "POST /wp-cron.php?doing_wp_cron=1774713815.4733009338378906250000 HTTP/1.1" 200 20 "-" "WordPress/6.9.4; https://autozone.com.sa"
2a03:2880:f802:1a:: - - [28/Mar/2026:16:03:34 +0000] "GET /?p=1123 HTTP/1.1" 301 20 "-" "meta-externalagent/1.1 (+https://developers.facebook.com/docs/sharing/webmasters/crawler)"
172.105.42.26 - - [28/Mar/2026:16:03:49 +0000] "POST /wp-cron.php?doing_wp_cron=1774713829.8134438991546630859375 HTTP/1.1" 200 20 "-" "WordPress/6.9.4; https://autozone.com.sa"
2001:16a3:b2d:2600:6db4:f8c9:df3e:c826 - - [28/Mar/2026:16:03:45 +0000] "GET / HTTP/1.1" 200 163859 "https://www.google.com/" "Mozilla/5.0 (Windows NT 10.0; Win64; x64) AppleWebKit/537.36 (KHTML, like Gecko) Chrome/146.0.0.0 Safari/537.36"
2001:16a3:b2d:2600:6db4:f8c9:df3e:c826 - - [28/Mar/2026:16:03:50 +0000] "GET /wp-content/uploads/al_opt_content/IMAGE/autozone.com.sa/wp-content/uploads/2025/01/AZ_Original_AR.png.bv_resized_desktop.png.bv.webp?bv_host=autozone.com.sa HTTP/1.1" 200 10929 "https://autozone.com.sa/" "Mozilla/5.0 (Windows NT 10.0; Win64; x64) AppleWebKit/537.36 (KHTML, like Gecko) Chrome/146.0.0.0 Safari/537.36"
2001:16a3:b2d:2600:6db4:f8c9:df3e:c826 - - [28/Mar/2026:16:03:50 +0000] "GET /wp-content/uploads/al_opt_content/IMAGE/autozone.com.sa/wp-content/uploads/2025/01/AZ_Original_EN.png.bv_resized_desktop.png.bv.webp?bv_host=autozone.com.sa HTTP/1.1" 200 10751 "https://autozone.com.sa/" "Mozilla/5.0 (Windows NT 10.0; Win64; x64) AppleWebKit/537.36 (KHTML, like Gecko) Chrome/146.0.0.0 Safari/537.36"
68.221.67.172 - - [28/Mar/2026:16:03:46 +0000] "GET / HTTP/1.1" 200 163886 "-" "Mozilla/5.0 AppleWebKit/537.36 (KHTML, like Gecko); compatible; ChatGPT-User/1.0; +https://openai.com/bot"
2001:16a3:b2d:2600:6db4:f8c9:df3e:c826 - - [28/Mar/2026:16:03:50 +0000] "GET /wp-content/uploads/al_opt_content/SCRIPT/5d735b35ec9f028116aa437002bf2e8d.js?ver=1.8.1 HTTP/1.1" 200 10327 "-" "Mozilla/5.0 (Windows NT 10.0; Win64; x64) AppleWebKit/537.36 (KHTML, like Gecko) Chrome/146.0.0.0 Safari/537.36"
2001:16a3:b2d:2600:6db4:f8c9:df3e:c826 - - [28/Mar/2026:16:03:50 +0000] "GET /wp-content/uploads/al_opt_content/IMAGE/autozone.com.sa/wp-content/uploads/2025/01/333d.png.bv.webp?bv_host=autozone.com.sa HTTP/1.1" 200 4020 "https://autozone.com.sa/" "Mozilla/5.0 (Windows NT 10.0; Win64; x64) AppleWebKit/537.36 (KHTML, like Gecko) Chrome/146.0.0.0 Safari/537.36"
2001:16a3:b2d:2600:6db4:f8c9:df3e:c826 - - [28/Mar/2026:16:03:50 +0000] "GET /wp-content/uploads/al_opt_content/SCRIPT/fa115c7bdb8b5915bdbf9dc476f7811c.js?ver=3.7.3 HTTP/1.1" 200 34710 "-" "Mozilla/5.0 (Windows NT 10.0; Win64; x64) AppleWebKit/537.36 (KHTML, like Gecko) Chrome/146.0.0.0 Safari/537.36"
2001:16a3:b2d:2600:6db4:f8c9:df3e:c826 - - [28/Mar/2026:16:03:50 +0000] "GET /wp-content/uploads/al_opt_content/SCRIPT/9ea5bf2de411f7ccb52e57e1415ec3d1.js?ver=1.13.3 HTTP/1.1" 200 10907 "-" "Mozilla/5.0 (Windows NT 10.0; Win64; x64) AppleWebKit/537.36 (KHTML, like Gecko) Chrome/146.0.0.0 Safari/537.36"
2001:16a3:b2d:2600:6db4:f8c9:df3e:c826 - - [28/Mar/2026:16:03:51 +0000] "GET /wp-content/uploads/al_opt_content/CSS/70585819e746c797ae4f514e04413f45.css HTTP/1.1" 200 8022 "-" "Mozilla/5.0 (Windows NT 10.0; Win64; x64) AppleWebKit/537.36 (KHTML, like Gecko) Chrome/146.0.0.0 Safari/537.36"
2001:16a3:b2d:2600:6db4:f8c9:df3e:c826 - - [28/Mar/2026:16:03:51 +0000] "GET /wp-content/uploads/al_opt_content/CSS/886011711ae972cd8472eef5eba5c298.css HTTP/1.1" 200 141 "-" "Mozilla/5.0 (Windows NT 10.0; Win64; x64) AppleWebKit/537.36 (KHTML, like Gecko) Chrome/146.0.0.0 Safari/537.36"
2001:16a3:b2d:2600:6db4:f8c9:df3e:c826 - - [28/Mar/2026:16:03:51 +0000] "GET /wp-content/uploads/al_opt_content/CSS/6dc499aadad56d54b58caf1c3c40f328.css HTTP/1.1" 200 11123 "-" "Mozilla/5.0 (Windows NT 10.0; Win64; x64) AppleWebKit/537.36 (KHTML, like Gecko) Chrome/146.0.0.0 Safari/537.36"
2001:16a3:b2d:2600:6db4:f8c9:df3e:c826 - - [28/Mar/2026:16:03:51 +0000] "GET /wp-content/uploads/al_opt_content/FONT/5c46432e19728408099623d9a77c00ba.woff2 HTTP/1.1" 200 10843 "https://autozone.com.sa/wp-content/uploads/al_opt_content/CSS//044bad04c72d2227ef32b35830055901.css" "Mozilla/5.0 (Windows NT 10.0; Win64; x64) AppleWebKit/537.36 (KHTML, like Gecko) Chrome/146.0.0.0 Safari/537.36"
181.111.219.115 - - [28/Mar/2026:16:04:10 +0000] "GET /%D8%A7%D9%84%D9%85%D8%A7%D8%B1%D9%83%D8%A9/%D8%B4%D8%A7%D9%86%D8%AC%D8%A7%D9%86/ HTTP/1.1" 200 67916 "-" "Mozilla/5.0 (Linux; Android 6.0; Nexus 5 Build/MRA58N) AppleWebKit/537.36 (KHTML, like Gecko) Chrome/60.0.3262.1216 Mobile Safari/537.36"
84.37.37.37 - - [28/Mar/2026:16:04:23 +0000] "GET /wp-content/uploads/elementor/css/post-613.css?ver=1774675943 HTTP/1.1" 200 1825 "https://autozone.com.sa/%D8%A7%D9%84%D9%85%D8%A7%D8%B1%D9%83%D8%A9/%D8%B4%D8%A7%D9%86%D8%AC%D8%A7%D9%86/" "Mozilla/5.0 (Linux; Android 6.0; Nexus 5 Build/MRA58N) AppleWebKit/537.36 (KHTML, like Gecko) Chrome/60.0.3262.1216 Mobile Safari/537.36"
172.105.42.26 - - [28/Mar/2026:16:04:23 +0000] "POST /wp-cron.php?doing_wp_cron=1774713863.4326820373535156250000 HTTP/1.1" 200 20 "-" "WordPress/6.9.4; https://autozone.com.sa"
195.242.11.124 - - [28/Mar/2026:16:04:21 +0000] "GET /wp-content/uploads/2019/12/Mazda-6-04-min-350x205.jpg HTTP/1.1" 404 30943 "-" "Mozilla/5.0 (X11; Ubuntu; Linux x86_64; rv:72.0) Gecko/20100101 Firefox/72.0"
86.110.247.136 - - [28/Mar/2026:16:04:25 +0000] "GET /wp-login.php HTTP/1.1" 403 1093 "-" "Mozilla/4.0 (compatible; MSIE 7.0; Windows NT 10.0; WOW64; Trident/7.0; .NET4.0C; .NET4.0E; .NET CLR 2.0.50727; .NET CLR 3.0.30729; .NET CLR 3.5.30729; McAfee)"
86.110.247.136 - - [28/Mar/2026:16:04:26 +0000] "POST /wp-login.php HTTP/1.1" 403 1093 "https://autozone.com.sa/wp-login.php" "Mozilla/4.0 (compatible; MSIE 7.0; Windows NT 10.0; WOW64; Trident/7.0; .NET4.0C; .NET4.0E; .NET CLR 2.0.50727; .NET CLR 3.0.30729; .NET CLR 3.5.30729; McAfee)"
68.221.67.174 - - [28/Mar/2026:16:04:33 +0000] "GET / HTTP/1.1" 200 163879 "-" "Mozilla/5.0 AppleWebKit/537.36 (KHTML, like Gecko); compatible; ChatGPT-User/1.0; +https://openai.com/bot"
84.37.37.37 - - [28/Mar/2026:16:04:39 +0000] "GET /wp-content/uploads/al_opt_content/IMAGE/autozone.com.sa/wp-content/uploads/2025/01/AZ_Original_AR.png.bv_resized_mobile.png.bv.webp?bv_host=autozone.com.sa HTTP/1.1" 200 27153 "https://autozone.com.sa/%D8%A7%D9%84%D9%85%D8%A7%D8%B1%D9%83%D8%A9/%D8%B4%D8%A7%D9%86%D8%AC%D8%A7%D9%86/" "Mozilla/5.0 (Linux; Android 6.0; Nexus 5 Build/MRA58N) AppleWebKit/537.36 (KHTML, like Gecko) Chrome/60.0.3262.1216 Mobile Safari/537.36"
