142.247.235.164 - - [28/Mar/2026:16:56:03 +0000] "GET /wp-content/uploads/al_opt_content/IMAGE/autozone.com.sa/wp-content/uploads/2025/04/Go1-01-1.webp?bv_host=autozone.com.sa&bv-resized-infos=bv_resized_mobile%3A480%2A193%3Bbv_resized_ipad%3A820%2A330%3Bbv_resized_desktop%3A1536%2A617 HTTP/1.1" 200 126723 "https://autozone.com.sa/" "Mozilla/5.0 (Macintosh; Intel Mac OS X 10_15_7) AppleWebKit/605.1.15 (KHTML, like Gecko) Version/26.3 Safari/605.1.15"
142.247.235.164 - - [28/Mar/2026:16:56:03 +0000] "GET /wp-content/uploads/al_opt_content/IMAGE/autozone.com.sa/wp-content/uploads/2025/04/Go1-02-1.webp?bv_host=autozone.com.sa&bv-resized-infos=bv_resized_mobile%3A480%2A193%3Bbv_resized_ipad%3A820%2A330%3Bbv_resized_desktop%3A1536%2A617 HTTP/1.1" 200 126740 "https://autozone.com.sa/" "Mozilla/5.0 (Macintosh; Intel Mac OS X 10_15_7) AppleWebKit/605.1.15 (KHTML, like Gecko) Version/26.3 Safari/605.1.15"
142.247.235.164 - - [28/Mar/2026:16:56:03 +0000] "GET /wp-content/uploads/al_opt_content/IMAGE/autozone.com.sa/wp-content/uploads/2025/04/Go1-06.webp?bv_host=autozone.com.sa&bv-resized-infos=bv_resized_mobile%3A480%2A193%3Bbv_resized_ipad%3A820%2A330%3Bbv_resized_desktop%3A1536%2A617 HTTP/1.1" 200 103002 "https://autozone.com.sa/" "Mozilla/5.0 (Macintosh; Intel Mac OS X 10_15_7) AppleWebKit/605.1.15 (KHTML, like Gecko) Version/26.3 Safari/605.1.15"
66.118.172.226 - - [28/Mar/2026:16:56:14 +0000] "POST /wp-admin/admin-ajax.php HTTP/1.1" 200 417 "https://autozone.com.sa/car-type/%d8%a7%d8%b3-%d9%8a%d9%88-%d9%81%d9%89-%d9%83%d8%a8%d9%8a%d8%b1/" "Mozilla/5.0 (Windows NT 10.0; Win64; x64) AppleWebKit/537.36 (KHTML, like Gecko) Chrome/146.0.0.0 Safari/537.36"
40.77.167.152 - - [28/Mar/2026:16:56:18 +0000] "GET /wp-content/uploads/2026/02/1-600x503.png HTTP/1.1" 304 - "-" "Mozilla/5.0 AppleWebKit/537.36 (KHTML, like Gecko; compatible; bingbot/2.0; +http://www.bing.com/bingbot.htm) Chrome/116.0.1938.76 Safari/537.36"
142.247.235.164 - - [28/Mar/2026:16:56:14 +0000] "GET /car-type/%d8%a7%d8%b3-%d9%8a%d9%88-%d9%81%d9%8a-%d9%85%d8%aa%d9%88%d8%b3%d8%b7/ HTTP/1.1" 200 67649 "https://autozone.com.sa/" "Mozilla/5.0 (Macintosh; Intel Mac OS X 10_15_7) AppleWebKit/605.1.15 (KHTML, like Gecko) Version/26.3 Safari/605.1.15"
66.118.172.226 - - [28/Mar/2026:16:56:14 +0000] "POST /wp-admin/admin-ajax.php HTTP/1.1" 200 13135 "https://autozone.com.sa/car-type/%d8%a7%d8%b3-%d9%8a%d9%88-%d9%81%d9%89-%d9%83%d8%a8%d9%8a%d8%b1/" "Mozilla/5.0 (Windows NT 10.0; Win64; x64) AppleWebKit/537.36 (KHTML, like Gecko) Chrome/146.0.0.0 Safari/537.36"
66.118.172.226 - - [28/Mar/2026:16:56:19 +0000] "GET /wp-content/uploads/2025/04/6BGC_0008-scaled-copy.webp HTTP/1.1" 200 1199869 "https://autozone.com.sa/car-type/%d8%a7%d8%b3-%d9%8a%d9%88-%d9%81%d9%89-%d9%83%d8%a8%d9%8a%d8%b1/" "Mozilla/5.0 (Windows NT 10.0; Win64; x64) AppleWebKit/537.36 (KHTML, like Gecko) Chrome/146.0.0.0 Safari/537.36"
66.118.172.226 - - [28/Mar/2026:16:56:19 +0000] "GET /wp-content/uploads/2025/04/1-2.webp HTTP/1.1" 200 29185 "https://autozone.com.sa/car-type/%d8%a7%d8%b3-%d9%8a%d9%88-%d9%81%d9%89-%d9%83%d8%a8%d9%8a%d8%b1/" "Mozilla/5.0 (Windows NT 10.0; Win64; x64) AppleWebKit/537.36 (KHTML, like Gecko) Chrome/146.0.0.0 Safari/537.36"
142.247.235.164 - - [28/Mar/2026:16:56:19 +0000] "GET /wp-content/uploads/al_opt_content/IMAGE/autozone.com.sa/wp-content/uploads/2025/04/5ab580db-7ad2-43dc-88ee-822f148558b3-scaled.png?bv_host=autozone.com.sa&bv-resized-infos=bv_resized_mobile%3A480%2A320%3Bbv_resized_ipad%3A820%2A546%3Bbv_resized_desktop%3A1536%2A1024 HTTP/1.1" 304 - "https://autozone.com.sa/car-type/%d8%a7%d8%b3-%d9%8a%d9%88-%d9%81%d9%8a-%d9%85%d8%aa%d9%88%d8%b3%d8%b7/" "Mozilla/5.0 (Macintosh; Intel Mac OS X 10_15_7) AppleWebKit/605.1.15 (KHTML, like Gecko) Version/26.3 Safari/605.1.15"
142.247.235.164 - - [28/Mar/2026:16:56:20 +0000] "GET /wp-content/uploads/al_opt_content/IMAGE/autozone.com.sa/wp-content/uploads/2025/07/BGC_1405-scaled.webp?bv_host=autozone.com.sa&bv-resized-infos=bv_resized_mobile%3A480%2A320%3Bbv_resized_ipad%3A820%2A547%3Bbv_resized_desktop%3A1536%2A1024 HTTP/1.1" 200 189049 "https://autozone.com.sa/car-type/%d8%a7%d8%b3-%d9%8a%d9%88-%d9%81%d9%8a-%d9%85%d8%aa%d9%88%d8%b3%d8%b7/" "Mozilla/5.0 (Macintosh; Intel Mac OS X 10_15_7) AppleWebKit/605.1.15 (KHTML, like Gecko) Version/26.3 Safari/605.1.15"
142.247.235.164 - - [28/Mar/2026:16:56:20 +0000] "GET /wp-content/uploads/2026/01/BGC_5738-copy-2-scaled.webp HTTP/1.1" 200 201557 "https://autozone.com.sa/car-type/%d8%a7%d8%b3-%d9%8a%d9%88-%d9%81%d9%8a-%d9%85%d8%aa%d9%88%d8%b3%d8%b7/" "Mozilla/5.0 (Macintosh; Intel Mac OS X 10_15_7) AppleWebKit/605.1.15 (KHTML, like Gecko) Version/26.3 Safari/605.1.15"
66.118.172.226 - - [28/Mar/2026:16:56:19 +0000] "POST /wp-admin/admin-ajax.php HTTP/1.1" 200 913 "https://autozone.com.sa/car-type/%d8%a7%d8%b3-%d9%8a%d9%88-%d9%81%d9%89-%d9%83%d8%a8%d9%8a%d8%b1/" "Mozilla/5.0 (Windows NT 10.0; Win64; x64) AppleWebKit/537.36 (KHTML, like Gecko) Chrome/146.0.0.0 Safari/537.36"
172.105.42.26 - - [28/Mar/2026:16:56:21 +0000] "POST /wp-cron.php?doing_wp_cron=1774716981.0539929866790771484375 HTTP/1.1" 200 20 "-" "WordPress/6.9.4; https://autozone.com.sa"
142.247.235.164 - - [28/Mar/2026:16:56:19 +0000] "POST /?wc-ajax=get_refreshed_fragments HTTP/1.1" 200 999 "https://autozone.com.sa/car-type/%d8%a7%d8%b3-%d9%8a%d9%88-%d9%81%d9%8a-%d9%85%d8%aa%d9%88%d8%b3%d8%b7/" "Mozilla/5.0 (Macintosh; Intel Mac OS X 10_15_7) AppleWebKit/605.1.15 (KHTML, like Gecko) Version/26.3 Safari/605.1.15"
142.247.235.164 - - [28/Mar/2026:16:56:19 +0000] "POST /wp-json/iawp/search HTTP/1.1" 200 36 "https://autozone.com.sa/car-type/%d8%a7%d8%b3-%d9%8a%d9%88-%d9%81%d9%8a-%d9%85%d8%aa%d9%88%d8%b3%d8%b7/" "Mozilla/5.0 (Macintosh; Intel Mac OS X 10_15_7) AppleWebKit/605.1.15 (KHTML, like Gecko) Version/26.3 Safari/605.1.15"
142.247.235.164 - - [28/Mar/2026:16:56:22 +0000] "GET /wp-content/uploads/al_opt_content/IMAGE/autozone.com.sa/wp-content/uploads/2025/07/BGC_6000-scaled.webp?bv_host=autozone.com.sa&bv-resized-infos=bv_resized_mobile%3A480%2A320%3Bbv_resized_ipad%3A820%2A547%3Bbv_resized_desktop%3A1536%2A1024 HTTP/1.1" 200 208571 "https://autozone.com.sa/car-type/%d8%a7%d8%b3-%d9%8a%d9%88-%d9%81%d9%8a-%d9%85%d8%aa%d9%88%d8%b3%d8%b7/" "Mozilla/5.0 (Macintosh; Intel Mac OS X 10_15_7) AppleWebKit/605.1.15 (KHTML, like Gecko) Version/26.3 Safari/605.1.15"
142.247.235.164 - - [28/Mar/2026:16:56:22 +0000] "GET /wp-content/uploads/al_opt_content/IMAGE/autozone.com.sa/wp-content/uploads/2026/02/BGC_7090-copy-scaled.webp?bv_host=autozone.com.sa&bv-resized-infos=bv_resized_mobile%3A480%2A320%3Bbv_resized_ipad%3A820%2A547%3Bbv_resized_desktop%3A1536%2A1024 HTTP/1.1" 200 434786 "https://autozone.com.sa/car-type/%d8%a7%d8%b3-%d9%8a%d9%88-%d9%81%d9%8a-%d9%85%d8%aa%d9%88%d8%b3%d8%b7/" "Mozilla/5.0 (Macintosh; Intel Mac OS X 10_15_7) AppleWebKit/605.1.15 (KHTML, like Gecko) Version/26.3 Safari/605.1.15"
172.105.42.26 - - [28/Mar/2026:16:56:22 +0000] "POST /wp-cron.php?doing_wp_cron=1774716982.4972999095916748046875 HTTP/1.1" 200 20 "-" "WordPress/6.9.4; https://autozone.com.sa"
66.118.172.226 - - [28/Mar/2026:16:56:19 +0000] "POST /wp-admin/admin-ajax.php HTTP/1.1" 200 9541 "https://autozone.com.sa/car-type/%d8%a7%d8%b3-%d9%8a%d9%88-%d9%81%d9%89-%d9%83%d8%a8%d9%8a%d8%b1/" "Mozilla/5.0 (Windows NT 10.0; Win64; x64) AppleWebKit/537.36 (KHTML, like Gecko) Chrome/146.0.0.0 Safari/537.36"
142.247.235.164 - - [28/Mar/2026:16:56:24 +0000] "GET /wp-content/uploads/al_opt_content/IMAGE/autozone.com.sa/wp-content/uploads/2025/07/BGC_6080-scaled.webp?bv_host=autozone.com.sa&bv-resized-infos=bv_resized_mobile%3A480%2A320%3Bbv_resized_ipad%3A820%2A547%3Bbv_resized_desktop%3A1536%2A1024 HTTP/1.1" 200 142156 "https://autozone.com.sa/car-type/%d8%a7%d8%b3-%d9%8a%d9%88-%d9%81%d9%8a-%d9%85%d8%aa%d9%88%d8%b3%d8%b7/" "Mozilla/5.0 (Macintosh; Intel Mac OS X 10_15_7) AppleWebKit/605.1.15 (KHTML, like Gecko) Version/26.3 Safari/605.1.15"
142.247.235.164 - - [28/Mar/2026:16:56:27 +0000] "GET /wp-content/uploads/al_opt_content/IMAGE/autozone.com.sa/wp-content/uploads/2025/04/3BGC_0008-scaled-copy.webp?bv_host=autozone.com.sa&bv-resized-infos=bv_resized_mobile%3A480%2A320%3Bbv_resized_ipad%3A820%2A547%3Bbv_resized_desktop%3A1536%2A1024 HTTP/1.1" 200 1187108 "https://autozone.com.sa/car-type/%d8%a7%d8%b3-%d9%8a%d9%88-%d9%81%d9%8a-%d9%85%d8%aa%d9%88%d8%b3%d8%b7/" "Mozilla/5.0 (Macintosh; Intel Mac OS X 10_15_7) AppleWebKit/605.1.15 (KHTML, like Gecko) Version/26.3 Safari/605.1.15"
66.118.172.226 - - [28/Mar/2026:16:56:24 +0000] "GET /product/toyota-innova-2024/ HTTP/1.1" 200 129398 "https://autozone.com.sa/car-type/%d8%a7%d8%b3-%d9%8a%d9%88-%d9%81%d9%89-%d9%83%d8%a8%d9%8a%d8%b1/" "Mozilla/5.0 (Windows NT 10.0; Win64; x64) AppleWebKit/537.36 (KHTML, like Gecko) Chrome/146.0.0.0 Safari/537.36"
142.247.235.164 - - [28/Mar/2026:16:56:30 +0000] "GET /wp-content/uploads/2026/01/BGC_5738-copy-19-scaled.webp HTTP/1.1" 200 83365 "https://autozone.com.sa/car-type/%d8%a7%d8%b3-%d9%8a%d9%88-%d9%81%d9%8a-%d9%85%d8%aa%d9%88%d8%b3%d8%b7/" "Mozilla/5.0 (Macintosh; Intel Mac OS X 10_15_7) AppleWebKit/605.1.15 (KHTML, like Gecko) Version/26.3 Safari/605.1.15"
142.247.235.164 - - [28/Mar/2026:16:56:30 +0000] "GET /wp-content/uploads/al_opt_content/IMAGE/autozone.com.sa/wp-content/uploads/2025/04/BGC_2554-scaled.webp?bv_host=autozone.com.sa&bv-resized-infos=bv_resized_mobile%3A480%2A320%3Bbv_resized_ipad%3A820%2A547%3Bbv_resized_desktop%3A1536%2A1024 HTTP/1.1" 200 223443 "https://autozone.com.sa/car-type/%d8%a7%d8%b3-%d9%8a%d9%88-%d9%81%d9%8a-%d9%85%d8%aa%d9%88%d8%b3%d8%b7/" "Mozilla/5.0 (Macintosh; Intel Mac OS X 10_15_7) AppleWebKit/605.1.15 (KHTML, like Gecko) Version/26.3 Safari/605.1.15"
66.118.172.226 - - [28/Mar/2026:16:56:37 +0000] "GET /wp-content/uploads/al_opt_content/IMAGE/autozone.com.sa/wp-content/uploads/2025/07/BGC_6492-scaled.webp.bv_resized_ipad.webp.bv.webp?bv_host=autozone.com.sa HTTP/1.1" 200 36796 "https://autozone.com.sa/product/toyota-innova-2024/" "Mozilla/5.0 (Windows NT 10.0; Win64; x64) AppleWebKit/537.36 (KHTML, like Gecko) Chrome/146.0.0.0 Safari/537.36"
66.118.172.226 - - [28/Mar/2026:16:56:37 +0000] "POST /?wc-ajax=get_variation_gallery HTTP/1.1" 200 553 "https://autozone.com.sa/product/toyota-innova-2024/" "Mozilla/5.0 (Windows NT 10.0; Win64; x64) AppleWebKit/537.36 (KHTML, like Gecko) Chrome/146.0.0.0 Safari/537.36"
66.118.172.226 - - [28/Mar/2026:16:56:37 +0000] "POST /?wc-ajax=get_default_gallery HTTP/1.1" 200 427 "https://autozone.com.sa/product/toyota-innova-2024/" "Mozilla/5.0 (Windows NT 10.0; Win64; x64) AppleWebKit/537.36 (KHTML, like Gecko) Chrome/146.0.0.0 Safari/537.36"
66.118.172.226 - - [28/Mar/2026:16:56:37 +0000] "POST /?wc-ajax=get_refreshed_fragments HTTP/1.1" 200 999 "https://autozone.com.sa/product/toyota-innova-2024/" "Mozilla/5.0 (Windows NT 10.0; Win64; x64) AppleWebKit/537.36 (KHTML, like Gecko) Chrome/146.0.0.0 Safari/537.36"
66.118.172.226 - - [28/Mar/2026:16:56:37 +0000] "POST /wp-json/iawp/search HTTP/1.1" 200 36 "https://autozone.com.sa/product/toyota-innova-2024/" "Mozilla/5.0 (Windows NT 10.0; Win64; x64) AppleWebKit/537.36 (KHTML, like Gecko) Chrome/146.0.0.0 Safari/537.36"
142.247.235.164 - - [28/Mar/2026:16:56:35 +0000] "GET / HTTP/1.1" 200 163830 "https://www.google.com/" "Mozilla/5.0 (Macintosh; Intel Mac OS X 10_15_7) AppleWebKit/605.1.15 (KHTML, like Gecko) Version/26.3 Safari/605.1.15"
142.247.235.164 - - [28/Mar/2026:16:56:45 +0000] "POST /?wc-ajax=get_refreshed_fragments HTTP/1.1" 200 999 "https://autozone.com.sa/" "Mozilla/5.0 (Macintosh; Intel Mac OS X 10_15_7) AppleWebKit/605.1.15 (KHTML, like Gecko) Version/26.3 Safari/605.1.15"
142.247.235.164 - - [28/Mar/2026:16:56:45 +0000] "POST /wp-json/iawp/search HTTP/1.1" 200 36 "https://autozone.com.sa/" "Mozilla/5.0 (Macintosh; Intel Mac OS X 10_15_7) AppleWebKit/605.1.15 (KHTML, like Gecko) Version/26.3 Safari/605.1.15"
142.247.235.164 - - [28/Mar/2026:16:56:53 +0000] "GET /wp-content/uploads/al_opt_content/IMAGE/autozone.com.sa/wp-content/uploads/2026/01/BGC_5738-copy-4-scaled.webp?bv_host=autozone.com.sa&bv-resized-infos=bv_resized_mobile%3A480%2A320%3Bbv_resized_ipad%3A820%2A547%3Bbv_resized_desktop%3A1536%2A1024 HTTP/1.1" 200 88862 "https://autozone.com.sa/" "Mozilla/5.0 (Macintosh; Intel Mac OS X 10_15_7) AppleWebKit/605.1.15 (KHTML, like Gecko) Version/26.3 Safari/605.1.15"
142.247.235.164 - - [28/Mar/2026:16:56:54 +0000] "GET /wp-content/uploads/al_opt_content/IMAGE/autozone.com.sa/wp-content/uploads/2026/01/BGC_5738-copy-6-scaled.webp?bv_host=autozone.com.sa&bv-resized-infos=bv_resized_mobile%3A480%2A320%3Bbv_resized_ipad%3A820%2A547%3Bbv_resized_desktop%3A1536%2A1024 HTTP/1.1" 200 93991 "https://autozone.com.sa/" "Mozilla/5.0 (Macintosh; Intel Mac OS X 10_15_7) AppleWebKit/605.1.15 (KHTML, like Gecko) Version/26.3 Safari/605.1.15"
142.247.235.164 - - [28/Mar/2026:16:56:54 +0000] "GET /wp-content/uploads/al_opt_content/IMAGE/autozone.com.sa/wp-content/uploads/2026/01/BGC_5738-copy-21-scaled.webp?bv_host=autozone.com.sa&bv-resized-infos=bv_resized_mobile%3A480%2A320%3Bbv_resized_ipad%3A820%2A547%3Bbv_resized_desktop%3A1536%2A1024 HTTP/1.1" 200 102618 "https://autozone.com.sa/" "Mozilla/5.0 (Macintosh; Intel Mac OS X 10_15_7) AppleWebKit/605.1.15 (KHTML, like Gecko) Version/26.3 Safari/605.1.15"
142.247.235.164 - - [28/Mar/2026:16:56:56 +0000] "GET /wp-content/uploads/al_opt_content/IMAGE/autozone.com.sa/wp-content/uploads/2026/01/BGC_5738-copy-22-scaled.webp?bv_host=autozone.com.sa&bv-resized-infos=bv_resized_mobile%3A480%2A320%3Bbv_resized_ipad%3A820%2A547%3Bbv_resized_desktop%3A1536%2A1024 HTTP/1.1" 200 150385 "https://autozone.com.sa/" "Mozilla/5.0 (Macintosh; Intel Mac OS X 10_15_7) AppleWebKit/605.1.15 (KHTML, like Gecko) Version/26.3 Safari/605.1.15"
142.247.235.164 - - [28/Mar/2026:16:56:57 +0000] "GET /wp-content/uploads/al_opt_content/IMAGE/autozone.com.sa/wp-content/uploads/2026/01/03-2-scaled.webp?bv_host=autozone.com.sa&bv-resized-infos=bv_resized_mobile%3A480%2A320%3Bbv_resized_ipad%3A820%2A547%3Bbv_resized_desktop%3A1536%2A1024 HTTP/1.1" 200 237606 "https://autozone.com.sa/" "Mozilla/5.0 (Macintosh; Intel Mac OS X 10_15_7) AppleWebKit/605.1.15 (KHTML, like Gecko) Version/26.3 Safari/605.1.15"
2a02:598:96:8a00::1200:13a - - [28/Mar/2026:16:57:03 +0000] "GET /model-sitemap.xml HTTP/1.1" 200 2136 "-" "Mozilla/5.0 (compatible; SeznamBot/4.0; +https://o-seznam.cz/napoveda/vyhledavani/en/seznambot-crawler/)"
114.119.152.54 - - [28/Mar/2026:16:57:19 +0000] "GET /product/%D8%AA%D9%88%D9%8A%D9%88%D8%AA%D8%A7-%D9%8A%D8%A7%D8%B1%D8%B3-%D9%88%D8%A7%D9%8A-%D8%A8%D9%84%D8%B3-2026-%D9%86%D8%B3%D8%AE%D8%A9/ HTTP/1.1" 200 129681 "https://autozone.com.sa/product/%d8%aa%d9%88%d9%8a%d9%88%d8%aa%d8%a7-%d9%8a%d8%a7%d8%b1%d8%b3-%d9%88%d8%a7%d9%8a-%d8%a8%d9%84%d8%b3-2026-%d9%86%d8%b3%d8%ae%d8%a9/" "Mozilla/5.0 (Linux; Android 7.0;) AppleWebKit/537.36 (KHTML, like Gecko) Mobile Safari/537.36 (compatible; PetalBot;+https://webmaster.petalsearch.com/site/petalbot)"
172.105.42.26 - - [28/Mar/2026:16:57:22 +0000] "POST /wp-cron.php?doing_wp_cron=1774717042.6150488853454589843750 HTTP/1.1" 200 20 "-" "WordPress/6.9.4; https://autozone.com.sa"
142.247.235.164 - - [28/Mar/2026:16:57:19 +0000] "GET /%D8%A7%D9%84%D9%85%D8%A7%D8%B1%D9%83%D8%A9/%d9%87%d9%88%d9%86%d8%af%d8%a7/ HTTP/1.1" 200 64209 "https://autozone.com.sa/" "Mozilla/5.0 (Macintosh; Intel Mac OS X 10_15_7) AppleWebKit/605.1.15 (KHTML, like Gecko) Version/26.3 Safari/605.1.15"
172.105.42.26 - - [28/Mar/2026:16:57:25 +0000] "POST /wp-cron.php?doing_wp_cron=1774717045.0505349636077880859375 HTTP/1.1" 200 20 "-" "WordPress/6.9.4; https://autozone.com.sa"
142.247.235.164 - - [28/Mar/2026:16:57:22 +0000] "GET /%D8%A7%D9%84%D9%85%D8%A7%D8%B1%D9%83%D8%A9/%d9%87%d9%8a%d9%88%d9%86%d8%af%d8%a7%d9%8a/ HTTP/1.1" 200 63993 "https://autozone.com.sa/" "Mozilla/5.0 (Macintosh; Intel Mac OS X 10_15_7) AppleWebKit/605.1.15 (KHTML, like Gecko) Version/26.3 Safari/605.1.15"
142.247.235.164 - - [28/Mar/2026:16:57:25 +0000] "GET /wp-content/uploads/2026/01/BGC_5738-copy-13-scaled.webp HTTP/1.1" 200 182382 "https://autozone.com.sa/%D8%A7%D9%84%D9%85%D8%A7%D8%B1%D9%83%D8%A9/%d9%87%d9%8a%d9%88%d9%86%d8%af%d8%a7%d9%8a/" "Mozilla/5.0 (Macintosh; Intel Mac OS X 10_15_7) AppleWebKit/605.1.15 (KHTML, like Gecko) Version/26.3 Safari/605.1.15"
142.247.235.164 - - [28/Mar/2026:16:57:25 +0000] "GET /wp-content/uploads/2025/04/1BGC_0008-scaled-copy.webp HTTP/1.1" 200 1218920 "https://autozone.com.sa/%D8%A7%D9%84%D9%85%D8%A7%D8%B1%D9%83%D8%A9/%d9%87%d9%8a%d9%88%d9%86%d8%af%d8%a7%d9%8a/" "Mozilla/5.0 (Macintosh; Intel Mac OS X 10_15_7) AppleWebKit/605.1.15 (KHTML, like Gecko) Version/26.3 Safari/605.1.15"
142.247.235.164 - - [28/Mar/2026:16:57:32 +0000] "POST /?wc-ajax=get_refreshed_fragments HTTP/1.1" 200 999 "https://autozone.com.sa/%D8%A7%D9%84%D9%85%D8%A7%D8%B1%D9%83%D8%A9/%d9%87%d9%8a%d9%88%d9%86%d8%af%d8%a7%d9%8a/" "Mozilla/5.0 (Macintosh; Intel Mac OS X 10_15_7) AppleWebKit/605.1.15 (KHTML, like Gecko) Version/26.3 Safari/605.1.15"
142.247.235.164 - - [28/Mar/2026:16:57:32 +0000] "POST /wp-json/iawp/search HTTP/1.1" 200 36 "https://autozone.com.sa/%D8%A7%D9%84%D9%85%D8%A7%D8%B1%D9%83%D8%A9/%d9%87%d9%8a%d9%88%d9%86%d8%af%d8%a7%d9%8a/" "Mozilla/5.0 (Macintosh; Intel Mac OS X 10_15_7) AppleWebKit/605.1.15 (KHTML, like Gecko) Version/26.3 Safari/605.1.15"
178.156.128.204 - - [28/Mar/2026:16:57:34 +0000] "POST /wp-load.php?54f011=98877 HTTP/1.1" 200 247666 "-" "BlogVault/1.0 (+https://blogvault.net)"
142.247.235.164 - - [28/Mar/2026:16:57:36 +0000] "GET /wp-content/uploads/al_opt_content/IMAGE/autozone.com.sa/wp-content/uploads/2025/04/2BGC_0008-scaled-copy.webp?bv_host=autozone.com.sa&bv-resized-infos=bv_resized_mobile%3A480%2A320%3Bbv_resized_ipad%3A820%2A547%3Bbv_resized_desktop%3A1536%2A1024 HTTP/1.1" 200 1114483 "https://autozone.com.sa/%D8%A7%D9%84%D9%85%D8%A7%D8%B1%D9%83%D8%A9/%d9%87%d9%8a%d9%88%d9%86%d8%af%d8%a7%d9%8a/" "Mozilla/5.0 (Macintosh; Intel Mac OS X 10_15_7) AppleWebKit/605.1.15 (KHTML, like Gecko) Version/26.3 Safari/605.1.15"
142.247.235.164 - - [28/Mar/2026:16:57:38 +0000] "GET /wp-content/uploads/2025/04/BGC_0008-scaled-copy-1.webp HTTP/1.1" 200 1006716 "https://autozone.com.sa/%D8%A7%D9%84%D9%85%D8%A7%D8%B1%D9%83%D8%A9/%d9%87%d9%8a%d9%88%d9%86%d8%af%d8%a7%d9%8a/" "Mozilla/5.0 (Macintosh; Intel Mac OS X 10_15_7) AppleWebKit/605.1.15 (KHTML, like Gecko) Version/26.3 Safari/605.1.15"
178.156.128.204 - - [28/Mar/2026:16:57:43 +0000] "POST /wp-load.php?99c468=5775 HTTP/1.1" 200 4591 "https://autozone.com.sa/" "BlogVault/1.0 (+https://blogvault.net)"
172.105.42.26 - - [28/Mar/2026:16:57:45 +0000] "POST /wp-cron.php?doing_wp_cron=1774717065.8257880210876464843750 HTTP/1.1" 200 20 "-" "WordPress/6.9.4; https://autozone.com.sa"
40.77.167.14 - - [28/Mar/2026:16:57:47 +0000] "GET /en/financial-calculator/ HTTP/1.1" 200 73904 "-" "Mozilla/5.0 AppleWebKit/537.36 (KHTML, like Gecko; compatible; bingbot/2.0; +http://www.bing.com/bingbot.htm) Chrome/116.0.1938.76 Safari/537.36"
142.247.235.164 - - [28/Mar/2026:16:57:47 +0000] "GET / HTTP/1.1" 200 163860 "https://www.google.com/" "Mozilla/5.0 (Macintosh; Intel Mac OS X 10_15_7) AppleWebKit/605.1.15 (KHTML, like Gecko) Version/26.3 Safari/605.1.15"
142.247.235.164 - - [28/Mar/2026:16:57:49 +0000] "GET /%D8%A7%D9%84%D9%85%D8%A7%D8%B1%D9%83%D8%A9/%d9%87%d9%8a%d9%88%d9%86%d8%af%d8%a7%d9%8a/ HTTP/1.1" 200 63952 "https://autozone.com.sa/" "Mozilla/5.0 (Macintosh; Intel Mac OS X 10_15_7) AppleWebKit/605.1.15 (KHTML, like Gecko) Version/26.3 Safari/605.1.15"
40.77.167.143 - - [28/Mar/2026:16:57:51 +0000] "GET /product/toyota-rav4/?nocache=1768827577&jet_blog_ajax=1 HTTP/1.1" 200 130844 "-" "Mozilla/5.0 AppleWebKit/537.36 (KHTML, like Gecko; compatible; bingbot/2.0; +http://www.bing.com/bingbot.htm) Chrome/116.0.1938.76 Safari/537.36"
142.247.235.164 - - [28/Mar/2026:16:57:56 +0000] "POST /?wc-ajax=get_refreshed_fragments HTTP/1.1" 200 999 "https://autozone.com.sa/%D8%A7%D9%84%D9%85%D8%A7%D8%B1%D9%83%D8%A9/%d9%87%d9%8a%d9%88%d9%86%d8%af%d8%a7%d9%8a/" "Mozilla/5.0 (Macintosh; Intel Mac OS X 10_15_7) AppleWebKit/605.1.15 (KHTML, like Gecko) Version/26.3 Safari/605.1.15"
142.247.235.164 - - [28/Mar/2026:16:57:56 +0000] "POST /wp-json/iawp/search HTTP/1.1" 200 36 "https://autozone.com.sa/%D8%A7%D9%84%D9%85%D8%A7%D8%B1%D9%83%D8%A9/%d9%87%d9%8a%d9%88%d9%86%d8%af%d8%a7%d9%8a/" "Mozilla/5.0 (Macintosh; Intel Mac OS X 10_15_7) AppleWebKit/605.1.15 (KHTML, like Gecko) Version/26.3 Safari/605.1.15"
40.77.167.143 - - [28/Mar/2026:16:57:55 +0000] "GET /eid-offer-tamweel-oula-arizzo-3-2022/s-offer-min-1-6/feed/ HTTP/1.1" 404 30952 "-" "Mozilla/5.0 AppleWebKit/537.36 (KHTML, like Gecko; compatible; bingbot/2.0; +http://www.bing.com/bingbot.htm) Chrome/116.0.1938.76 Safari/537.36"
2001:16a2:c21e:ebcd:84fb:7f8d:ff6e:7f03 - - [28/Mar/2026:16:58:07 +0000] "GET /wp-content/uploads/2026/01/BGC_5738-copy-4-600x400.webp HTTP/1.1" 200 15691 "https://www.google.com/" "Mozilla/5.0 (Linux; Android 11; SM-A715F Build/RP1A.200720.012; wv) AppleWebKit/537.36 (KHTML, like Gecko) Version/4.0 Chrome/145.0.7632.159 Mobile Safari/537.36 GoogleApp/17.6.59.ve.arm64"
54.39.17.116 - - [28/Mar/2026:16:58:23 +0000] "GET /wp-login.php HTTP/1.1" 403 1660 "-" "Mozilla/5.0 (Macintosh; Intel Mac OS X 10_9_5) AppleWebKit/537.36 (KHTML, like Gecko) Chrome/66.0.3359.181 Safari/537.36"
54.39.17.116 - - [28/Mar/2026:16:58:24 +0000] "POST /wp-login.php HTTP/1.1" 403 1660 "https://autozone.com.sa/wp-login.php" "Mozilla/5.0 (Macintosh; Intel Mac OS X 10_9_5) AppleWebKit/537.36 (KHTML, like Gecko) Chrome/66.0.3359.181 Safari/537.36"
172.105.42.26 - - [28/Mar/2026:16:58:25 +0000] "POST /wp-cron.php?doing_wp_cron=1774717104.9759619235992431640625 HTTP/1.1" 200 20 "-" "WordPress/6.9.4; https://autozone.com.sa"
116.179.32.99 - - [28/Mar/2026:16:58:22 +0000] "GET /new_ws-min-2/ HTTP/1.1" 404 30896 "-" "Mozilla/5.0 (compatible; Baiduspider/2.0; +http://www.baidu.com/search/spider.html)"
20.242.46.81 - - [28/Mar/2026:16:58:55 +0000] "GET /wp-content/uploads/2021/06/Digital-Ads-Updated_Landing-Page-1171X582-min-1024x509.jpg HTTP/1.1" 404 30966 "-" "Mozilla/5.0 (compatible; BingIndexCrawler/1.0)"
49.13.130.29 - - [28/Mar/2026:16:59:00 +0000] "HEAD / HTTP/1.1" 200 - "https://autozone.com.sa/" "Mozilla/5.0+(compatible; UptimeRobot/2.0; http://www.uptimerobot.com/)"
172.105.42.26 - - [28/Mar/2026:16:59:49 +0000] "POST /wp-cron.php?doing_wp_cron=1774717189.7954239845275878906250 HTTP/1.1" 200 20 "-" "WordPress/6.9.4; https://autozone.com.sa"
47.82.11.82 - - [28/Mar/2026:16:59:48 +0000] "GET /?shopdetail/17214727 HTTP/1.1" 301 20 "https://autozone.com.sa/" "Mozilla/5.0 (Macintosh; Intel Mac OS X 10_15_7) AppleWebKit/605.1.15 (KHTML, like Gecko) Version/18.3.1 Safari/605.1.15"
47.82.11.82 - - [28/Mar/2026:16:59:49 +0000] "GET /?shopdetail/17214727 HTTP/1.1" 301 20 "https://autozone.com.sa/" "Mozilla/5.0 (Macintosh; Intel Mac OS X 10_15_7) AppleWebKit/605.1.15 (KHTML, like Gecko) Version/18.3.1 Safari/605.1.15"
172.105.42.26 - - [28/Mar/2026:17:00:09 +0000] "POST /wp-cron.php?doing_wp_cron=1774717209.1585528850555419921875 HTTP/1.1" 200 20 "-" "WordPress/6.9.4; https://autozone.com.sa"
177.74.217.82 - - [28/Mar/2026:17:00:05 +0000] "GET /product/toyota-rav4/ HTTP/1.1" 200 129565 "-" "Mozilla/5.0 (Linux; Android 8.0; Pixel 2 Build/OPD3.170816.012) AppleWebKit/537.36 (KHTML, like Gecko) Chrome/43.0.3513.1031 Mobile Safari/537.36"
104.223.117.31 - - [28/Mar/2026:17:00:14 +0000] "GET /wp-content/plugins/elementor-pro/assets/css/widget-woocommerce-product-images-rtl.min.css?ver=3.35.1 HTTP/1.1" 200 243 "https://autozone.com.sa/product/toyota-rav4/" "Mozilla/5.0 (Linux; Android 8.0; Pixel 2 Build/OPD3.170816.012) AppleWebKit/537.36 (KHTML, like Gecko) Chrome/43.0.3513.1031 Mobile Safari/537.36"
104.223.117.31 - - [28/Mar/2026:17:00:14 +0000] "GET /wp-content/plugins/elementor-pro/assets/css/widget-share-buttons-rtl.min.css?ver=3.35.1 HTTP/1.1" 200 2285 "https://autozone.com.sa/product/toyota-rav4/" "Mozilla/5.0 (Linux; Android 8.0; Pixel 2 Build/OPD3.170816.012) AppleWebKit/537.36 (KHTML, like Gecko) Chrome/43.0.3513.1031 Mobile Safari/537.36"
104.223.117.31 - - [28/Mar/2026:17:00:14 +0000] "GET /wp-content/uploads/elementor/css/custom-widget-nested-tabs-rtl.min.css?ver=1774675920 HTTP/1.1" 200 1867 "https://autozone.com.sa/product/toyota-rav4/" "Mozilla/5.0 (Linux; Android 8.0; Pixel 2 Build/OPD3.170816.012) AppleWebKit/537.36 (KHTML, like Gecko) Chrome/43.0.3513.1031 Mobile Safari/537.36"
172.105.42.26 - - [28/Mar/2026:17:00:23 +0000] "POST /wp-cron.php?doing_wp_cron=1774717223.3189749717712402343750 HTTP/1.1" 200 20 "-" "WordPress/6.9.4; https://autozone.com.sa"
2001:16a2:c14f:f217:3869:ceff:fe03:e136 - - [28/Mar/2026:17:00:19 +0000] "GET / HTTP/1.1" 200 163875 "https://www.google.com/" "Mozilla/5.0 (Linux; Android 10; K) AppleWebKit/537.36 (KHTML, like Gecko) Chrome/144.0.0.0 Mobile Safari/537.36"
104.223.117.31 - - [28/Mar/2026:17:00:24 +0000] "GET /wp-content/uploads/al_opt_content/IMAGE/autozone.com.sa/wp-content/uploads/2025/07/BGC_6000-scaled.webp.bv_resized_mobile.webp.bv.webp?bv_host=autozone.com.sa HTTP/1.1" 200 20455 "https://autozone.com.sa/product/toyota-rav4/" "Mozilla/5.0 (Linux; Android 8.0; Pixel 2 Build/OPD3.170816.012) AppleWebKit/537.36 (KHTML, like Gecko) Chrome/43.0.3513.1031 Mobile Safari/537.36"
104.223.117.31 - - [28/Mar/2026:17:00:24 +0000] "POST /?wc-ajax=get_variation_gallery HTTP/1.1" 200 760 "https://autozone.com.sa/product/toyota-rav4/" "Mozilla/5.0 (Linux; Android 8.0; Pixel 2 Build/OPD3.170816.012) AppleWebKit/537.36 (KHTML, like Gecko) Chrome/43.0.3513.1031 Mobile Safari/537.36"
104.223.117.31 - - [28/Mar/2026:17:00:24 +0000] "POST /?wc-ajax=get_default_gallery HTTP/1.1" 200 426 "https://autozone.com.sa/product/toyota-rav4/" "Mozilla/5.0 (Linux; Android 8.0; Pixel 2 Build/OPD3.170816.012) AppleWebKit/537.36 (KHTML, like Gecko) Chrome/43.0.3513.1031 Mobile Safari/537.36"
104.223.117.31 - - [28/Mar/2026:17:00:25 +0000] "POST /?wc-ajax=get_refreshed_fragments HTTP/1.1" 200 999 "https://autozone.com.sa/product/toyota-rav4/" "Mozilla/5.0 (Linux; Android 8.0; Pixel 2 Build/OPD3.170816.012) AppleWebKit/537.36 (KHTML, like Gecko) Chrome/43.0.3513.1031 Mobile Safari/537.36"
104.223.117.31 - - [28/Mar/2026:17:00:25 +0000] "POST /?wc-ajax=get_refreshed_fragments HTTP/1.1" 200 999 "https://autozone.com.sa/product/toyota-rav4/" "Mozilla/5.0 (Linux; Android 8.0; Pixel 2 Build/OPD3.170816.012) AppleWebKit/537.36 (KHTML, like Gecko) Chrome/43.0.3513.1031 Mobile Safari/537.36"
2001:16a2:c14f:f217:3869:ceff:fe03:e136 - - [28/Mar/2026:17:00:27 +0000] "GET /wp-content/uploads/2024/12/AutoZone-AR-Bold.woff2 HTTP/1.1" 200 25679 "https://autozone.com.sa/" "Mozilla/5.0 (Linux; Android 10; K) AppleWebKit/537.36 (KHTML, like Gecko) Chrome/144.0.0.0 Mobile Safari/537.36"
2001:16a2:c14f:f217:3869:ceff:fe03:e136 - - [28/Mar/2026:17:00:27 +0000] "GET /wp-content/uploads/2024/12/AutoZone-AR-Plain.woff2 HTTP/1.1" 200 22707 "https://autozone.com.sa/" "Mozilla/5.0 (Linux; Android 10; K) AppleWebKit/537.36 (KHTML, like Gecko) Chrome/144.0.0.0 Mobile Safari/537.36"
2001:16a2:c14f:f217:3869:ceff:fe03:e136 - - [28/Mar/2026:17:00:27 +0000] "GET /wp-content/uploads/2024/12/AutoZone-R.woff2 HTTP/1.1" 200 28039 "https://autozone.com.sa/" "Mozilla/5.0 (Linux; Android 10; K) AppleWebKit/537.36 (KHTML, like Gecko) Chrome/144.0.0.0 Mobile Safari/537.36"
2001:16a2:c14f:f217:3869:ceff:fe03:e136 - - [28/Mar/2026:17:00:27 +0000] "GET /our-offers/ HTTP/1.1" 200 113308 "https://autozone.com.sa/" "Mozilla/5.0 (Linux; Android 10; K) AppleWebKit/537.36 (KHTML, like Gecko) Chrome/144.0.0.0 Mobile Safari/537.36"
2001:16a2:c14f:f217:3869:ceff:fe03:e136 - - [28/Mar/2026:17:00:29 +0000] "POST /?wc-ajax=get_refreshed_fragments HTTP/1.1" 200 999 "https://autozone.com.sa/" "Mozilla/5.0 (Linux; Android 10; K) AppleWebKit/537.36 (KHTML, like Gecko) Chrome/144.0.0.0 Mobile Safari/537.36"
2001:16a2:c14f:f217:3869:ceff:fe03:e136 - - [28/Mar/2026:17:00:29 +0000] "POST /?wc-ajax=get_refreshed_fragments HTTP/1.1" 200 999 "https://autozone.com.sa/" "Mozilla/5.0 (Linux; Android 10; K) AppleWebKit/537.36 (KHTML, like Gecko) Chrome/144.0.0.0 Mobile Safari/537.36"
2001:16a2:c14f:f217:3869:ceff:fe03:e136 - - [28/Mar/2026:17:00:28 +0000] "POST /wp-json/iawp/search HTTP/1.1" 200 36 "https://autozone.com.sa/" "Mozilla/5.0 (Linux; Android 10; K) AppleWebKit/537.36 (KHTML, like Gecko) Chrome/144.0.0.0 Mobile Safari/537.36"
52.167.144.202 - - [28/Mar/2026:17:00:41 +0000] "GET /shopdetail/87927388 HTTP/1.1" 301 20 "-" "Mozilla/5.0 AppleWebKit/537.36 (KHTML, like Gecko; compatible; bingbot/2.0; +http://www.bing.com/bingbot.htm) Chrome/116.0.1938.76 Safari/537.36"
172.105.42.26 - - [28/Mar/2026:17:00:48 +0000] "POST /wp-cron.php?doing_wp_cron=1774717248.0022850036621093750000 HTTP/1.1" 200 20 "-" "WordPress/6.9.4; https://autozone.com.sa"
2001:16a2:c14f:f217:3869:ceff:fe03:e136 - - [28/Mar/2026:17:00:43 +0000] "GET / HTTP/1.1" 200 163878 "https://www.google.com/" "Mozilla/5.0 (Linux; Android 10; K) AppleWebKit/537.36 (KHTML, like Gecko) Chrome/144.0.0.0 Mobile Safari/537.36"
2001:16a2:c14f:f217:3869:ceff:fe03:e136 - - [28/Mar/2026:17:00:50 +0000] "POST /wp-json/iawp/search HTTP/1.1" 200 36 "https://autozone.com.sa/" "Mozilla/5.0 (Linux; Android 10; K) AppleWebKit/537.36 (KHTML, like Gecko) Chrome/144.0.0.0 Mobile Safari/537.36"
2001:16a2:c14f:f217:3869:ceff:fe03:e136 - - [28/Mar/2026:17:00:49 +0000] "GET /our-offers/ HTTP/1.1" 200 113273 "https://autozone.com.sa/" "Mozilla/5.0 (Linux; Android 10; K) AppleWebKit/537.36 (KHTML, like Gecko) Chrome/144.0.0.0 Mobile Safari/537.36"
2001:16a2:c14f:f217:3869:ceff:fe03:e136 - - [28/Mar/2026:17:00:51 +0000] "POST /?wc-ajax=get_refreshed_fragments HTTP/1.1" 200 999 "https://autozone.com.sa/" "Mozilla/5.0 (Linux; Android 10; K) AppleWebKit/537.36 (KHTML, like Gecko) Chrome/144.0.0.0 Mobile Safari/537.36"
2001:16a2:c14f:f217:3869:ceff:fe03:e136 - - [28/Mar/2026:17:00:57 +0000] "POST /wp-admin/admin-ajax.php HTTP/1.1" 200 913 "https://autozone.com.sa/" "Mozilla/5.0 (Linux; Android 10; K) AppleWebKit/537.36 (KHTML, like Gecko) Chrome/144.0.0.0 Mobile Safari/537.36"
172.105.42.26 - - [28/Mar/2026:17:00:59 +0000] "POST /wp-admin/admin-ajax.php?action=wp_iawp_sync_module_background_job&nonce=0bd705b63a HTTP/1.1" 200 20 "-" "WordPress/6.9.4; https://autozone.com.sa"
47.82.11.119 - - [28/Mar/2026:17:01:03 +0000] "GET /?shopdetail/85881944 HTTP/1.1" 301 20 "https://autozone.com.sa/" "Mozilla/5.0 (Windows NT 10.0; Win64; x64) AppleWebKit/537.36 (KHTML, like Gecko) Chrome/135.0.0.0 Safari/537.36"
47.82.11.119 - - [28/Mar/2026:17:01:05 +0000] "GET /?shopdetail/85881944 HTTP/1.1" 301 20 "https://autozone.com.sa/" "Mozilla/5.0 (Windows NT 10.0; Win64; x64) AppleWebKit/537.36 (KHTML, like Gecko) Chrome/135.0.0.0 Safari/537.36"
114.119.138.185 - - [28/Mar/2026:17:01:10 +0000] "GET /offers/changan-cs35-plus-smart-2026-with-no-tax-in-our-eid-deal/ HTTP/1.1" 404 30526 "https://sholink.to/AZ-Offers-FB" "Mozilla/5.0 (Linux; Android 7.0;) AppleWebKit/537.36 (KHTML, like Gecko) Mobile Safari/537.36 (compatible; PetalBot;+https://webmaster.petalsearch.com/site/petalbot)"
66.118.172.226 - - [28/Mar/2026:17:01:30 +0000] "GET /wp-content/uploads/al_opt_content/IMAGE/autozone.com.sa/wp-content/uploads/2025/01/333d.png.bv_resized_mobile.png.bv.webp?bv_host=autozone.com.sa HTTP/1.1" 200 4020 "https://autozone.com.sa/product/toyota-innova-2024/" "Mozilla/5.0 (Windows NT 10.0; Win64; x64) AppleWebKit/537.36 (KHTML, like Gecko) Chrome/146.0.0.0 Safari/537.36"
66.249.75.108 - - [28/Mar/2026:17:01:51 +0000] "GET /wp-content/uploads/al_opt_content/IMAGE/autozone.com.sa/wp-content/plugins/woocommerce/assets/css/photoswipe/default-skin/default-skin.png?bv_host=autozone.com.sa HTTP/1.1" 304 - "-" "Googlebot-Image/1.0"
179.108.84.136 - - [28/Mar/2026:17:01:58 +0000] "GET /wp-login.php HTTP/1.1" 403 1093 "-" "Mozilla/5.0 (Windows NT 10.0; Win64; x64) AppleWebKit/537.36 (KHTML, like Gecko) Chrome/67.0.3396.79 Safari/537.36"
179.108.84.136 - - [28/Mar/2026:17:02:00 +0000] "POST /wp-login.php HTTP/1.1" 403 1093 "https://autozone.com.sa/wp-login.php" "Mozilla/5.0 (Windows NT 10.0; Win64; x64) AppleWebKit/537.36 (KHTML, like Gecko) Chrome/67.0.3396.79 Safari/537.36"
172.105.42.26 - - [28/Mar/2026:17:03:14 +0000] "POST /wp-cron.php?doing_wp_cron=1774717394.6686289310455322265625 HTTP/1.1" 200 20 "-" "WordPress/6.9.4; https://autozone.com.sa"
167.100.169.138 - - [28/Mar/2026:17:03:10 +0000] "GET / HTTP/1.1" 200 163887 "https://www.google.com/" "Mozilla/5.0 (iPhone; CPU iPhone OS 18_7 like Mac OS X) AppleWebKit/605.1.15 (KHTML, like Gecko) Version/26.3 Mobile/15E148 Safari/604.1"
66.249.75.110 - - [28/Mar/2026:17:03:17 +0000] "GET /%D8%A7%D9%84%D9%85%D8%A7%D8%B1%D9%83%D8%A9/%D9%83%D9%8A%D8%A7/?nocache=1774415333 HTTP/1.1" 200 63846 "-" "Mozilla/5.0 (Linux; Android 6.0.1; Nexus 5X Build/MMB29P) AppleWebKit/537.36 (KHTML, like Gecko) Chrome/146.0.7680.153 Mobile Safari/537.36 (compatible; Googlebot/2.1; +http://www.google.com/bot.html)"
172.105.42.26 - - [28/Mar/2026:17:03:23 +0000] "POST /wp-cron.php?doing_wp_cron=1774717403.2347030639648437500000 HTTP/1.1" 200 20 "-" "WordPress/6.9.4; https://autozone.com.sa"
167.100.169.138 - - [28/Mar/2026:17:03:22 +0000] "POST /?wc-ajax=get_refreshed_fragments HTTP/1.1" 200 999 "https://autozone.com.sa/" "Mozilla/5.0 (iPhone; CPU iPhone OS 18_7 like Mac OS X) AppleWebKit/605.1.15 (KHTML, like Gecko) Version/26.3 Mobile/15E148 Safari/604.1"
167.100.169.138 - - [28/Mar/2026:17:03:22 +0000] "POST /?wc-ajax=get_refreshed_fragments HTTP/1.1" 200 999 "https://autozone.com.sa/" "Mozilla/5.0 (iPhone; CPU iPhone OS 18_7 like Mac OS X) AppleWebKit/605.1.15 (KHTML, like Gecko) Version/26.3 Mobile/15E148 Safari/604.1"
167.100.169.138 - - [28/Mar/2026:17:03:22 +0000] "POST /wp-json/iawp/search HTTP/1.1" 200 36 "https://autozone.com.sa/" "Mozilla/5.0 (iPhone; CPU iPhone OS 18_7 like Mac OS X) AppleWebKit/605.1.15 (KHTML, like Gecko) Version/26.3 Mobile/15E148 Safari/604.1"
172.105.42.26 - - [28/Mar/2026:17:03:31 +0000] "POST /wp-cron.php?doing_wp_cron=1774717411.7594439983367919921875 HTTP/1.1" 200 20 "-" "WordPress/6.9.4; https://autozone.com.sa"
167.100.169.138 - - [28/Mar/2026:17:03:30 +0000] "POST /wp-admin/admin-ajax.php HTTP/1.1" 200 659 "https://autozone.com.sa/" "Mozilla/5.0 (iPhone; CPU iPhone OS 18_7 like Mac OS X) AppleWebKit/605.1.15 (KHTML, like Gecko) Version/26.3 Mobile/15E148 Safari/604.1"
66.249.93.7 - - [28/Mar/2026:17:03:34 +0000] "GET /.well-known/traffic-advice HTTP/1.1" 404 30911 "-" "Chrome Privacy Preserving Prefetch Proxy"
2001:4860:7:1728::f9 - - [28/Mar/2026:17:03:34 +0000] "GET / HTTP/1.1" 200 163884 "https://www.google.com/" "Mozilla/5.0 (Linux; Android 10; K) AppleWebKit/537.36 (KHTML, like Gecko) Chrome/146.0.0.0 Mobile Safari/537.36"
167.100.169.138 - - [28/Mar/2026:17:03:49 +0000] "POST /wp-admin/admin-ajax.php HTTP/1.1" 200 46 "https://autozone.com.sa/" "Mozilla/5.0 (iPhone; CPU iPhone OS 18_7 like Mac OS X) AppleWebKit/605.1.15 (KHTML, like Gecko) Version/26.3 Mobile/15E148 Safari/604.1"
157.90.155.240 - - [28/Mar/2026:17:04:06 +0000] "HEAD / HTTP/1.1" 200 - "https://autozone.com.sa/" "Mozilla/5.0+(compatible; UptimeRobot/2.0; http://www.uptimerobot.com/)"
138.97.180.178 - - [28/Mar/2026:17:04:05 +0000] "GET /listings/greatwall-wingle-7-2-0l-diesel/ HTTP/1.1" 404 30932 "-" "Mozilla/5.0 (iPhone; CPU iPhone OS 11_0 like Mac OS X) AppleWebKit/537.36 (KHTML, like Gecko) Chrome/51.0.8890.1276 Mobile Safari/537.36"
167.100.169.138 - - [28/Mar/2026:17:04:05 +0000] "POST //shop/ HTTP/1.1" 200 43719 "https://autozone.com.sa/" "Mozilla/5.0 (iPhone; CPU iPhone OS 18_7 like Mac OS X) AppleWebKit/605.1.15 (KHTML, like Gecko) Version/26.3 Mobile/15E148 Safari/604.1"
167.100.169.138 - - [28/Mar/2026:17:04:08 +0000] "GET /wp-content/uploads/elementor/css/post-877.css?ver=1774677668 HTTP/1.1" 200 2802 "https://autozone.com.sa//shop/" "Mozilla/5.0 (iPhone; CPU iPhone OS 18_7 like Mac OS X) AppleWebKit/605.1.15 (KHTML, like Gecko) Version/26.3 Mobile/15E148 Safari/604.1"
167.100.169.138 - - [28/Mar/2026:17:04:09 +0000] "POST /?wc-ajax=get_refreshed_fragments HTTP/1.1" 200 999 "https://autozone.com.sa//shop/" "Mozilla/5.0 (iPhone; CPU iPhone OS 18_7 like Mac OS X) AppleWebKit/605.1.15 (KHTML, like Gecko) Version/26.3 Mobile/15E148 Safari/604.1"
167.100.169.138 - - [28/Mar/2026:17:04:09 +0000] "POST /wp-json/iawp/search HTTP/1.1" 200 36 "https://autozone.com.sa//shop/" "Mozilla/5.0 (iPhone; CPU iPhone OS 18_7 like Mac OS X) AppleWebKit/605.1.15 (KHTML, like Gecko) Version/26.3 Mobile/15E148 Safari/604.1"
72.63.108.233 - - [28/Mar/2026:17:04:13 +0000] "POST /?wc-ajax=get_refreshed_fragments HTTP/1.1" 200 999 "https://autozone.com.sa/listings/greatwall-wingle-7-2-0l-diesel/" "Mozilla/5.0 (iPhone; CPU iPhone OS 11_0 like Mac OS X) AppleWebKit/537.36 (KHTML, like Gecko) Chrome/51.0.8890.1276 Mobile Safari/537.36"
72.63.108.233 - - [28/Mar/2026:17:04:13 +0000] "POST /?wc-ajax=get_refreshed_fragments HTTP/1.1" 200 999 "https://autozone.com.sa/listings/greatwall-wingle-7-2-0l-diesel/" "Mozilla/5.0 (iPhone; CPU iPhone OS 11_0 like Mac OS X) AppleWebKit/537.36 (KHTML, like Gecko) Chrome/51.0.8890.1276 Mobile Safari/537.36"
172.105.42.26 - - [28/Mar/2026:17:04:23 +0000] "POST /wp-cron.php?doing_wp_cron=1774717463.2677071094512939453125 HTTP/1.1" 200 20 "-" "WordPress/6.9.4; https://autozone.com.sa"
82.223.27.70 - - [28/Mar/2026:17:04:22 +0000] "GET /wp-login.php HTTP/1.1" 403 1092 "-" "Mozilla/5.0 (MSIE 8.0; Windows NT 6.0; Trident/7.0; rv:11.0) like Gecko"
82.223.27.70 - - [28/Mar/2026:17:04:23 +0000] "POST /wp-login.php HTTP/1.1" 403 1092 "https://autozone.com.sa/wp-login.php" "Mozilla/5.0 (MSIE 8.0; Windows NT 6.0; Trident/7.0; rv:11.0) like Gecko"
94.23.188.209 - - [28/Mar/2026:17:04:57 +0000] "GET /en/product/haval-h7-adventure-2026/feed/ HTTP/1.1" 200 470 "-" "Mozilla/5.0 (compatible; AhrefsBot/7.0; +http://ahrefs.com/robot/)"
47.82.11.1 - - [28/Mar/2026:17:05:14 +0000] "GET /?shopdetail/54563660 HTTP/1.1" 301 20 "https://autozone.com.sa/" "Mozilla/5.0 (Windows NT 10.0; Win64; x64) AppleWebKit/537.36 (KHTML, like Gecko) Chrome/134.0.0.0 Safari/537.36 Edg/134.0.0.0"
47.82.11.1 - - [28/Mar/2026:17:05:16 +0000] "GET /?shopdetail/54563660 HTTP/1.1" 301 20 "https://autozone.com.sa/" "Mozilla/5.0 (Windows NT 10.0; Win64; x64) AppleWebKit/537.36 (KHTML, like Gecko) Chrome/134.0.0.0 Safari/537.36 Edg/134.0.0.0"
172.105.42.26 - - [28/Mar/2026:17:05:21 +0000] "POST /wp-cron.php?doing_wp_cron=1774717521.3858869075775146484375 HTTP/1.1" 200 20 "-" "WordPress/6.9.4; https://autozone.com.sa/en/"
2001:4860:7:1528::fc - - [28/Mar/2026:17:05:17 +0000] "GET /en/ HTTP/1.1" 200 94227 "https://www.google.com/" "Mozilla/5.0 (X11; CrOS x86_64 14541.0.0) AppleWebKit/537.36 (KHTML, like Gecko) Chrome/146.0.0.0 Safari/537.36"
2a03:2880:22ff:4:: - - [28/Mar/2026:17:05:22 +0000] "GET /ramadan-0-profit-campaign-lp-b30/?utm_source=INSTAGRAM&utm_medium=CPC&utm_campaign=Ramadan_0_Profit_Feb_24&utm_id=Ramadan_0_Profit_Feb_24 HTTP/1.1" 404 31050 "-" "facebookexternalhit/1.1 (+http://www.facebook.com/externalhit_uatext.php)"
172.105.42.26 - - [28/Mar/2026:17:06:15 +0000] "POST /wp-cron.php?doing_wp_cron=1774717575.7016489505767822265625 HTTP/1.1" 200 20 "-" "WordPress/6.9.4; https://autozone.com.sa"
2a03:2880:f802:45:: - - [28/Mar/2026:17:06:14 +0000] "GET /?p=2933 HTTP/1.1" 301 20 "-" "meta-externalagent/1.1 (+https://developers.facebook.com/docs/sharing/webmasters/crawler)"
114.119.153.186 - - [28/Mar/2026:17:06:17 +0000] "GET /listings/renault-symbol-pe-1-6l-2020/ HTTP/1.1" 404 30932 "-" "Mozilla/5.0 (Linux; Android 7.0;) AppleWebKit/537.36 (KHTML, like Gecko) Mobile Safari/537.36 (compatible; PetalBot;+https://webmaster.petalsearch.com/site/petalbot)"
212.227.151.177 - - [28/Mar/2026:17:07:59 +0000] "GET /wp-login.php HTTP/1.1" 403 1094 "-" "Mozilla/5.0 (Windows NT 6.1; WOW64; Trident/7.0; MANM; MANM; rv:11.0) like Gecko"
212.227.151.177 - - [28/Mar/2026:17:08:00 +0000] "POST /wp-login.php HTTP/1.1" 403 1094 "https://autozone.com.sa/wp-login.php" "Mozilla/5.0 (Windows NT 6.1; WOW64; Trident/7.0; MANM; MANM; rv:11.0) like Gecko"
216.73.216.14 - - [28/Mar/2026:17:08:05 +0000] "GET /sitemap-1.xml HTTP/1.1" 404 30895 "-" "Mozilla/5.0 AppleWebKit/537.36 (KHTML, like Gecko; compatible; ClaudeBot/1.0; +claudebot@anthropic.com)"
47.82.11.210 - - [28/Mar/2026:17:08:15 +0000] "GET /?shopdetail/25179919 HTTP/1.1" 301 20 "https://autozone.com.sa/" "Mozilla/5.0 (Macintosh; Intel Mac OS X 10_15_7) AppleWebKit/537.36 (KHTML, like Gecko) Chrome/134.0.0.0 Safari/537.36"
47.82.11.210 - - [28/Mar/2026:17:08:16 +0000] "GET /?shopdetail/25179919 HTTP/1.1" 301 20 "https://autozone.com.sa/" "Mozilla/5.0 (Macintosh; Intel Mac OS X 10_15_7) AppleWebKit/537.36 (KHTML, like Gecko) Chrome/134.0.0.0 Safari/537.36"
172.105.42.26 - - [28/Mar/2026:17:08:22 +0000] "POST /wp-cron.php?doing_wp_cron=1774717702.2201149463653564453125 HTTP/1.1" 200 20 "-" "WordPress/6.9.4; https://autozone.com.sa"
151.254.22.245 - - [28/Mar/2026:17:08:18 +0000] "GET /product/haval-jolion-pro-active-plus-2025/ HTTP/1.1" 200 71757 "android-app://com.google.android.googlequicksearchbox/" "Mozilla/5.0 (Linux; Android 10; K) AppleWebKit/537.36 (KHTML, like Gecko) SamsungBrowser/29.0 Chrome/136.0.0.0 Mobile Safari/537.36"
151.254.22.245 - - [28/Mar/2026:17:08:23 +0000] "GET /wp-content/uploads/2025/02/BGC_9235-1536x1536.webp HTTP/1.1" 200 162841 "https://autozone.com.sa/product/haval-jolion-pro-active-plus-2025/" "Mozilla/5.0 (Linux; Android 10; K) AppleWebKit/537.36 (KHTML, like Gecko) SamsungBrowser/29.0 Chrome/136.0.0.0 Mobile Safari/537.36"
151.254.22.245 - - [28/Mar/2026:17:08:36 +0000] "POST /?wc-ajax=get_default_gallery HTTP/1.1" 200 400 "https://autozone.com.sa/product/haval-jolion-pro-active-plus-2025/" "Mozilla/5.0 (Linux; Android 10; K) AppleWebKit/537.36 (KHTML, like Gecko) SamsungBrowser/29.0 Chrome/136.0.0.0 Mobile Safari/537.36"
151.254.22.245 - - [28/Mar/2026:17:08:36 +0000] "POST /?wc-ajax=get_variation_gallery HTTP/1.1" 200 1357 "https://autozone.com.sa/product/haval-jolion-pro-active-plus-2025/" "Mozilla/5.0 (Linux; Android 10; K) AppleWebKit/537.36 (KHTML, like Gecko) SamsungBrowser/29.0 Chrome/136.0.0.0 Mobile Safari/537.36"
151.254.22.245 - - [28/Mar/2026:17:08:36 +0000] "POST /?wc-ajax=get_refreshed_fragments HTTP/1.1" 200 999 "https://autozone.com.sa/product/haval-jolion-pro-active-plus-2025/" "Mozilla/5.0 (Linux; Android 10; K) AppleWebKit/537.36 (KHTML, like Gecko) SamsungBrowser/29.0 Chrome/136.0.0.0 Mobile Safari/537.36"
151.254.22.245 - - [28/Mar/2026:17:08:36 +0000] "POST /?wc-ajax=get_refreshed_fragments HTTP/1.1" 200 999 "https://autozone.com.sa/product/haval-jolion-pro-active-plus-2025/" "Mozilla/5.0 (Linux; Android 10; K) AppleWebKit/537.36 (KHTML, like Gecko) SamsungBrowser/29.0 Chrome/136.0.0.0 Mobile Safari/537.36"
151.254.22.245 - - [28/Mar/2026:17:08:36 +0000] "POST /wp-json/iawp/search HTTP/1.1" 200 36 "https://autozone.com.sa/product/haval-jolion-pro-active-plus-2025/" "Mozilla/5.0 (Linux; Android 10; K) AppleWebKit/537.36 (KHTML, like Gecko) SamsungBrowser/29.0 Chrome/136.0.0.0 Mobile Safari/537.36"
151.254.22.245 - - [28/Mar/2026:17:08:37 +0000] "GET /wp-content/uploads/2025/02/BGC_9249-1536x1536.webp HTTP/1.1" 200 101483 "https://autozone.com.sa/product/haval-jolion-pro-active-plus-2025/" "Mozilla/5.0 (Linux; Android 10; K) AppleWebKit/537.36 (KHTML, like Gecko) SamsungBrowser/29.0 Chrome/136.0.0.0 Mobile Safari/537.36"
151.254.22.245 - - [28/Mar/2026:17:08:38 +0000] "GET /wp-content/uploads/2025/02/BGC_9235-scaled.webp HTTP/1.1" 200 308336 "https://autozone.com.sa/product/haval-jolion-pro-active-plus-2025/" "Mozilla/5.0 (Linux; Android 10; K) AppleWebKit/537.36 (KHTML, like Gecko) SamsungBrowser/29.0 Chrome/136.0.0.0 Mobile Safari/537.36"
151.254.22.245 - - [28/Mar/2026:17:08:38 +0000] "GET /wp-content/uploads/2025/02/BGC_9235-100x100.webp HTTP/1.1" 200 3792 "https://autozone.com.sa/product/haval-jolion-pro-active-plus-2025/" "Mozilla/5.0 (Linux; Android 10; K) AppleWebKit/537.36 (KHTML, like Gecko) SamsungBrowser/29.0 Chrome/136.0.0.0 Mobile Safari/537.36"
151.254.22.245 - - [28/Mar/2026:17:08:38 +0000] "GET /wp-content/uploads/2025/02/BGC_9242-100x100.webp HTTP/1.1" 200 3394 "https://autozone.com.sa/product/haval-jolion-pro-active-plus-2025/" "Mozilla/5.0 (Linux; Android 10; K) AppleWebKit/537.36 (KHTML, like Gecko) SamsungBrowser/29.0 Chrome/136.0.0.0 Mobile Safari/537.36"
151.254.22.245 - - [28/Mar/2026:17:08:38 +0000] "GET /wp-content/uploads/2025/02/BGC_9242-1536x1536.webp HTTP/1.1" 200 129859 "https://autozone.com.sa/product/haval-jolion-pro-active-plus-2025/" "Mozilla/5.0 (Linux; Android 10; K) AppleWebKit/537.36 (KHTML, like Gecko) SamsungBrowser/29.0 Chrome/136.0.0.0 Mobile Safari/537.36"
151.254.22.245 - - [28/Mar/2026:17:08:38 +0000] "GET /wp-content/uploads/2025/02/BGC_9249-100x100.webp HTTP/1.1" 200 2750 "https://autozone.com.sa/product/haval-jolion-pro-active-plus-2025/" "Mozilla/5.0 (Linux; Android 10; K) AppleWebKit/537.36 (KHTML, like Gecko) SamsungBrowser/29.0 Chrome/136.0.0.0 Mobile Safari/537.36"
151.254.22.245 - - [28/Mar/2026:17:08:38 +0000] "GET /wp-content/uploads/2026/01/6666d92a9bed25a1218b7da7_min-20-p-1600-1536x1020.webp HTTP/1.1" 200 137581 "https://autozone.com.sa/product/haval-jolion-pro-active-plus-2025/" "Mozilla/5.0 (Linux; Android 10; K) AppleWebKit/537.36 (KHTML, like Gecko) SamsungBrowser/29.0 Chrome/136.0.0.0 Mobile Safari/537.36"
151.254.22.245 - - [28/Mar/2026:17:08:38 +0000] "GET /wp-content/uploads/2026/01/6666d92a9bed25a1218b7da7_min-20-p-1600.webp HTTP/1.1" 200 146255 "https://autozone.com.sa/product/haval-jolion-pro-active-plus-2025/" "Mozilla/5.0 (Linux; Android 10; K) AppleWebKit/537.36 (KHTML, like Gecko) SamsungBrowser/29.0 Chrome/136.0.0.0 Mobile Safari/537.36"
151.254.22.245 - - [28/Mar/2026:17:08:38 +0000] "GET /wp-content/uploads/2026/01/6666d92a9bed25a1218b7da7_min-20-p-1600-100x100.webp HTTP/1.1" 200 2607 "https://autozone.com.sa/product/haval-jolion-pro-active-plus-2025/" "Mozilla/5.0 (Linux; Android 10; K) AppleWebKit/537.36 (KHTML, like Gecko) SamsungBrowser/29.0 Chrome/136.0.0.0 Mobile Safari/537.36"
151.254.22.245 - - [28/Mar/2026:17:08:38 +0000] "GET /wp-content/uploads/2026/01/6666d92a9bed25a1218b7da7_min-20-p-1600-300x300.webp HTTP/1.1" 200 14603 "https://autozone.com.sa/product/haval-jolion-pro-active-plus-2025/" "Mozilla/5.0 (Linux; Android 10; K) AppleWebKit/537.36 (KHTML, like Gecko) SamsungBrowser/29.0 Chrome/136.0.0.0 Mobile Safari/537.36"
151.254.22.245 - - [28/Mar/2026:17:08:38 +0000] "GET /wp-content/uploads/2026/01/6666d90591518f02b805f2d4_min-16-p-1600-1536x1024.webp HTTP/1.1" 200 249946 "https://autozone.com.sa/product/haval-jolion-pro-active-plus-2025/" "Mozilla/5.0 (Linux; Android 10; K) AppleWebKit/537.36 (KHTML, like Gecko) SamsungBrowser/29.0 Chrome/136.0.0.0 Mobile Safari/537.36"
151.254.22.245 - - [28/Mar/2026:17:08:38 +0000] "GET /wp-content/uploads/2026/01/6666d90591518f02b805f2d4_min-16-p-1600.webp HTTP/1.1" 200 257522 "https://autozone.com.sa/product/haval-jolion-pro-active-plus-2025/" "Mozilla/5.0 (Linux; Android 10; K) AppleWebKit/537.36 (KHTML, like Gecko) SamsungBrowser/29.0 Chrome/136.0.0.0 Mobile Safari/537.36"
151.254.22.245 - - [28/Mar/2026:17:08:38 +0000] "GET /wp-content/uploads/2026/01/6666d90591518f02b805f2d4_min-16-p-1600-100x100.webp HTTP/1.1" 200 4153 "https://autozone.com.sa/product/haval-jolion-pro-active-plus-2025/" "Mozilla/5.0 (Linux; Android 10; K) AppleWebKit/537.36 (KHTML, like Gecko) SamsungBrowser/29.0 Chrome/136.0.0.0 Mobile Safari/537.36"
151.254.22.245 - - [28/Mar/2026:17:08:38 +0000] "GET /wp-content/uploads/2026/01/6666d90591518f02b805f2d4_min-16-p-1600-300x300.webp HTTP/1.1" 200 25341 "https://autozone.com.sa/product/haval-jolion-pro-active-plus-2025/" "Mozilla/5.0 (Linux; Android 10; K) AppleWebKit/537.36 (KHTML, like Gecko) SamsungBrowser/29.0 Chrome/136.0.0.0 Mobile Safari/537.36"
151.254.22.245 - - [28/Mar/2026:17:08:38 +0000] "GET /wp-content/uploads/2026/01/68f8d5493ecac4427e84c942_min-frame8-p-1600-100x100.webp HTTP/1.1" 200 2557 "https://autozone.com.sa/product/haval-jolion-pro-active-plus-2025/" "Mozilla/5.0 (Linux; Android 10; K) AppleWebKit/537.36 (KHTML, like Gecko) SamsungBrowser/29.0 Chrome/136.0.0.0 Mobile Safari/537.36"
151.254.22.245 - - [28/Mar/2026:17:08:38 +0000] "GET /wp-content/uploads/2026/01/68f8d5493ecac4427e84c942_min-frame8-p-1600-1536x634.webp HTTP/1.1" 200 62897 "https://autozone.com.sa/product/haval-jolion-pro-active-plus-2025/" "Mozilla/5.0 (Linux; Android 10; K) AppleWebKit/537.36 (KHTML, like Gecko) SamsungBrowser/29.0 Chrome/136.0.0.0 Mobile Safari/537.36"
151.254.22.245 - - [28/Mar/2026:17:08:38 +0000] "GET /wp-content/uploads/2026/01/68f8d5493ecac4427e84c942_min-frame8-p-1600.webp HTTP/1.1" 200 75998 "https://autozone.com.sa/product/haval-jolion-pro-active-plus-2025/" "Mozilla/5.0 (Linux; Android 10; K) AppleWebKit/537.36 (KHTML, like Gecko) SamsungBrowser/29.0 Chrome/136.0.0.0 Mobile Safari/537.36"
151.254.22.245 - - [28/Mar/2026:17:08:38 +0000] "GET /wp-content/uploads/2026/01/68f8d5493ecac4427e84c942_min-frame8-p-1600-300x300.webp HTTP/1.1" 200 9975 "https://autozone.com.sa/product/haval-jolion-pro-active-plus-2025/" "Mozilla/5.0 (Linux; Android 10; K) AppleWebKit/537.36 (KHTML, like Gecko) SamsungBrowser/29.0 Chrome/136.0.0.0 Mobile Safari/537.36"
151.254.22.245 - - [28/Mar/2026:17:08:39 +0000] "GET /wp-content/uploads/2026/01/68f8d578eec62e5306ce5e0e_min-frame5-p-1600-1536x634.webp HTTP/1.1" 200 59528 "https://autozone.com.sa/product/haval-jolion-pro-active-plus-2025/" "Mozilla/5.0 (Linux; Android 10; K) AppleWebKit/537.36 (KHTML, like Gecko) SamsungBrowser/29.0 Chrome/136.0.0.0 Mobile Safari/537.36"
