47.82.11.206 - - [28/Mar/2026:17:28:45 +0000] "GET /?shopdetail/32233599 HTTP/1.1" 301 20 "https://www.autozone.com.sa/" "Mozilla/5.0 (Macintosh; Intel Mac OS X 10_15_7) AppleWebKit/537.36 (KHTML, like Gecko) Chrome/131.0.0.0 Safari/537.36"
47.82.11.206 - - [28/Mar/2026:17:28:46 +0000] "GET /?shopdetail/32233599 HTTP/1.1" 301 20 "https://www.autozone.com.sa/" "Mozilla/5.0 (Macintosh; Intel Mac OS X 10_15_7) AppleWebKit/537.36 (KHTML, like Gecko) Chrome/131.0.0.0 Safari/537.36"
2a00:5400:f014:2201:5967:c46:6e46:e7a5 - - [28/Mar/2026:17:28:48 +0000] "GET /wp-content/uploads/2025/01/AZ_Original_EN.png HTTP/1.1" 304 - "https://specialoffers.autozone.com.sa/" "Mozilla/5.0 (iPhone; CPU iPhone OS 18_5_0 like Mac OS X) AppleWebKit/605.1.15 (KHTML, like Gecko) CriOS/145.0.7632.55 Mobile/15E148 Safari/604.1"
172.105.42.26 - - [28/Mar/2026:17:29:22 +0000] "POST /wp-cron.php?doing_wp_cron=1774718962.9129979610443115234375 HTTP/1.1" 200 20 "-" "WordPress/6.9.4; https://autozone.com.sa"
40.77.167.40 - - [28/Mar/2026:17:29:21 +0000] "GET /shopdetail/18077241 HTTP/1.1" 301 20 "-" "Mozilla/5.0 AppleWebKit/537.36 (KHTML, like Gecko; compatible; bingbot/2.0; +http://www.bing.com/bingbot.htm) Chrome/116.0.1938.76 Safari/537.36"
49.13.130.29 - - [28/Mar/2026:17:29:35 +0000] "HEAD / HTTP/1.1" 200 - "https://autozone.com.sa/" "Mozilla/5.0+(compatible; UptimeRobot/2.0; http://www.uptimerobot.com/)"
172.105.42.26 - - [28/Mar/2026:17:31:20 +0000] "POST /wp-cron.php?doing_wp_cron=1774719079.8534960746765136718750 HTTP/1.1" 200 20 "-" "WordPress/6.9.4; https://autozone.com.sa"
217.76.158.60 - - [28/Mar/2026:17:31:19 +0000] "GET /wp-login.php HTTP/1.1" 403 1092 "-" "Mozilla/5.0 (Windows NT 6.1) AppleWebKit/537.36 (KHTML, like Gecko) Chrome/67.0.3396.79 Safari/537.36"
217.76.158.60 - - [28/Mar/2026:17:31:21 +0000] "POST /wp-login.php HTTP/1.1" 403 1092 "https://autozone.com.sa/wp-login.php" "Mozilla/5.0 (Windows NT 6.1) AppleWebKit/537.36 (KHTML, like Gecko) Chrome/67.0.3396.79 Safari/537.36"
2a03:2880:10ff:71:: - - [28/Mar/2026:17:31:30 +0000] "GET /ramadan-0-profit-campaign-lp-jed2/?utm_source=INSTAGRAM&utm_medium=CPC&utm_campaign=Ramadan_0_Profit_Feb_24&utm_id=Ramadan_0_Profit_Feb_24 HTTP/1.1" 404 26997 "-" "facebookexternalhit/1.1 (+http://www.facebook.com/externalhit_uatext.php)"
136.111.204.198 - - [28/Mar/2026:17:32:14 +0000] "GET /.env HTTP/1.1" 403 1660 "-" "python-requests/2.33.0"
172.105.42.26 - - [28/Mar/2026:17:34:42 +0000] "POST /wp-cron.php?doing_wp_cron=1774719282.1001279354095458984375 HTTP/1.1" 200 20 "-" "WordPress/6.9.4; https://autozone.com.sa"
2a01:4f8:1c1c:a98a::1 - - [28/Mar/2026:17:34:40 +0000] "HEAD / HTTP/1.1" 200 - "https://autozone.com.sa/" "Mozilla/5.0+(compatible; UptimeRobot/2.0; http://www.uptimerobot.com/)"
138.226.108.94 - - [28/Mar/2026:17:35:05 +0000] "GET /en/offers/from-eid-to-eid-non-stop-deals-changan-uni-t-elite-2026-with-no-tax HTTP/1.1" 301 20 "-" "Mozilla/5.0 (Macintosh; Intel Mac OS X 10_15_7) AppleWebKit/537.36 (KHTML, like Gecko) Chrome/142.0.0.0 Safari/537.36"
138.226.28.220 - - [28/Mar/2026:17:35:07 +0000] "GET /en/offers/from-eid-to-eid-non-stop-deals-changan-uni-t-elite-2026-with-no-tax/ HTTP/1.1" 200 51173 "-" "Mozilla/5.0 (Macintosh; Intel Mac OS X 10_15_7) AppleWebKit/537.36 (KHTML, like Gecko) Chrome/142.0.0.0 Safari/537.36"
172.105.42.26 - - [28/Mar/2026:17:35:28 +0000] "POST /wp-cron.php?doing_wp_cron=1774719328.8085639476776123046875 HTTP/1.1" 200 20 "-" "WordPress/6.9.4; https://autozone.com.sa"
94.23.188.193 - - [28/Mar/2026:17:35:27 +0000] "GET /outlet/en/listings/toyota-hilux-glx-2-7l/ HTTP/1.1" 404 26916 "-" "Mozilla/5.0 (compatible; AhrefsBot/7.0; +http://ahrefs.com/robot/)"
172.105.42.26 - - [28/Mar/2026:17:35:53 +0000] "POST /wp-cron.php?doing_wp_cron=1774719353.8655629158020019531250 HTTP/1.1" 200 20 "-" "WordPress/6.9.4; https://autozone.com.sa"
2001:16a4:22c:4c70:715d:8fc7:8fd2:1022 - - [28/Mar/2026:17:35:50 +0000] "GET / HTTP/1.1" 200 138847 "-" "Mozilla/5.0 (iPhone; CPU iPhone OS 18_7 like Mac OS X) AppleWebKit/605.1.15 (KHTML, like Gecko) Version/26.2 Mobile/15E148 Safari/604.1"
173.236.158.190 - - [28/Mar/2026:17:36:12 +0000] "GET /wp-login.php HTTP/1.1" 403 1094 "-" "Mozilla/5.0 (Windows NT 10.0; Win64; x64) AppleWebKit/537.36 (KHTML, like Gecko) Chrome/64.0.3282.140 Safari/537.36 OPR/51.0.2830.34"
173.236.158.190 - - [28/Mar/2026:17:36:14 +0000] "POST /wp-login.php HTTP/1.1" 403 1094 "https://autozone.com.sa/wp-login.php" "Mozilla/5.0 (Windows NT 10.0; Win64; x64) AppleWebKit/537.36 (KHTML, like Gecko) Chrome/64.0.3282.140 Safari/537.36 OPR/51.0.2830.34"
172.105.42.26 - - [28/Mar/2026:17:37:02 +0000] "POST /wp-cron.php?doing_wp_cron=1774719421.8516130447387695312500 HTTP/1.1" 200 20 "-" "WordPress/6.9.4; https://autozone.com.sa"
114.119.138.185 - - [28/Mar/2026:17:37:00 +0000] "GET /outlet/listings/chevrolet-suburban-ls/mm_gal_item_c2_6044-img_resize-img_stage-_3/ HTTP/1.1" 301 20 "https://www.autozone.com.sa/outlet/listings/chevrolet-suburban-ls/mm_gal_item_c2_6044-img_resize-img_stage-_3/" "Mozilla/5.0 (Linux; Android 7.0;) AppleWebKit/537.36 (KHTML, like Gecko) Mobile Safari/537.36 (compatible; PetalBot;+https://webmaster.petalsearch.com/site/petalbot)"
114.119.138.185 - - [28/Mar/2026:17:37:04 +0000] "GET /outlet/listings/chevrolet-suburban-ls/mm_gal_item_c2_6044-img_resize-img_stage-_3/ HTTP/1.1" 404 26977 "https://www.autozone.com.sa/outlet/listings/chevrolet-suburban-ls/mm_gal_item_c2_6044-img_resize-img_stage-_3/" "Mozilla/5.0 (Linux; Android 7.0;) AppleWebKit/537.36 (KHTML, like Gecko) Mobile Safari/537.36 (compatible; PetalBot;+https://webmaster.petalsearch.com/site/petalbot)"
172.105.42.26 - - [28/Mar/2026:17:37:22 +0000] "POST /wp-cron.php?doing_wp_cron=1774719442.7277450561523437500000 HTTP/1.1" 200 20 "-" "WordPress/6.9.4; https://autozone.com.sa"
143.14.6.211 - - [28/Mar/2026:17:37:32 +0000] "GET /wp-content/uploads/2020/02/Resaize-87-min.jpg HTTP/1.1" 301 20 "https://honeyarab17.web.app/" "Mozilla/5.0 (Windows NT 10.0; Win64; x64) AppleWebKit/537.36 (KHTML, like Gecko) Chrome/131.0.0.0 Safari/537.36"
66.249.75.109 - - [28/Mar/2026:17:37:32 +0000] "GET /wp-content/themes/hello-elementor/style.min.css?ver=3.2.1 HTTP/1.1" 404 26891 "https://web1.autozone.com.sa/" "Mozilla/5.0 (Linux; Android 6.0.1; Nexus 5X Build/MMB29P) AppleWebKit/537.36 (KHTML, like Gecko) Chrome/146.0.7680.153 Mobile Safari/537.36 (compatible; Googlebot/2.1; +http://www.google.com/bot.html)"
143.14.6.12 - - [28/Mar/2026:17:37:34 +0000] "GET /wp-content/uploads/2020/02/Resaize-87-min.jpg HTTP/1.1" 404 26903 "https://honeyarab17.web.app/" "Mozilla/5.0 (Windows NT 10.0; Win64; x64) AppleWebKit/537.36 (KHTML, like Gecko) Chrome/131.0.0.0 Safari/537.36"
14.230.138.25 - - [28/Mar/2026:17:37:36 +0000] "GET /wp-content/uploads/2020/02/Resaize-87-min.jpg HTTP/1.1" 301 20 "https://honeyarab17.web.app/" "Mozilla/5.0 (Windows NT 10.0; Win64; x64) AppleWebKit/537.36 (KHTML, like Gecko) Chrome/131.0.0.0 Safari/537.36"
66.249.75.108 - - [28/Mar/2026:17:37:37 +0000] "GET /wp-content/uploads/elementor/css/custom-frontend-rtl.min.css?ver=1772928000 HTTP/1.1" 404 26923 "https://web1.autozone.com.sa/" "Mozilla/5.0 (Linux; Android 6.0.1; Nexus 5X Build/MMB29P) AppleWebKit/537.36 (KHTML, like Gecko) Chrome/146.0.7680.153 Mobile Safari/537.36 (compatible; Googlebot/2.1; +http://www.google.com/bot.html)"
66.249.75.108 - - [28/Mar/2026:17:37:39 +0000] "GET /wp-content/themes/hello-elementor/theme.min.css?ver=3.2.1 HTTP/1.1" 404 26887 "https://web1.autozone.com.sa/" "Mozilla/5.0 (Linux; Android 6.0.1; Nexus 5X Build/MMB29P) AppleWebKit/537.36 (KHTML, like Gecko) Chrome/146.0.7680.153 Mobile Safari/537.36 (compatible; Googlebot/2.1; +http://www.google.com/bot.html)"
38.25.177.35 - - [28/Mar/2026:17:37:39 +0000] "GET /wp-content/uploads/2020/02/Resaize-87-min.jpg HTTP/1.1" 404 26904 "https://honeyarab17.web.app/" "Mozilla/5.0 (Windows NT 10.0; Win64; x64) AppleWebKit/537.36 (KHTML, like Gecko) Chrome/131.0.0.0 Safari/537.36"
66.249.75.108 - - [28/Mar/2026:17:37:40 +0000] "GET /wp-content/uploads/elementor/css/custom-frontend-rtl.min.css?ver=1774677634 HTTP/1.1" 404 26920 "https://web1.autozone.com.sa/" "Mozilla/5.0 (Linux; Android 6.0.1; Nexus 5X Build/MMB29P) AppleWebKit/537.36 (KHTML, like Gecko) Chrome/146.0.7680.153 Mobile Safari/537.36 (compatible; Googlebot/2.1; +http://www.google.com/bot.html)"
52.167.144.138 - - [28/Mar/2026:17:38:32 +0000] "GET /car-type/'3-jh-ai-c(j1 HTTP/1.1" 404 26888 "-" "Mozilla/5.0 AppleWebKit/537.36 (KHTML, like Gecko; compatible; bingbot/2.0; +http://www.bing.com/bingbot.htm) Chrome/116.0.1938.76 Safari/537.36"
34.100.135.49 - - [28/Mar/2026:17:38:45 +0000] "GET / HTTP/1.1" 200 138865 "-" "Mozilla/5.0 (Windows NT 10.0; Win64; x64) AppleWebKit/537.36 (KHTML, like Gecko) Chrome/58.0.3029.110 Safari/537.3"
34.100.135.49 - - [28/Mar/2026:17:38:46 +0000] "GET / HTTP/1.1" 200 138842 "-" "Mozilla/5.0 (Windows NT 10.0; Win64; x64) AppleWebKit/537.36 (KHTML, like Gecko) Chrome/58.0.3029.110 Safari/537.3"
172.105.42.26 - - [28/Mar/2026:17:39:24 +0000] "POST /wp-cron.php?doing_wp_cron=1774719564.5988469123840332031250 HTTP/1.1" 200 20 "-" "WordPress/6.9.4; https://autozone.com.sa"
2a03:2880:16ff:b:: - - [28/Mar/2026:17:39:20 +0000] "GET / HTTP/1.1" 200 138905 "-" "facebookexternalhit/1.1 (+http://www.facebook.com/externalhit_uatext.php)"
2a03:2880:27ff:76:: - - [28/Mar/2026:17:39:21 +0000] "GET / HTTP/1.1" 200 138859 "-" "facebookexternalhit/1.1 (+http://www.facebook.com/externalhit_uatext.php)"
172.105.42.26 - - [28/Mar/2026:17:39:48 +0000] "POST /wp-cron.php?doing_wp_cron=1774719588.7396039962768554687500 HTTP/1.1" 200 20 "-" "WordPress/6.9.4; https://autozone.com.sa"
18.193.252.127 - - [28/Mar/2026:17:39:47 +0000] "HEAD / HTTP/1.1" 200 - "https://autozone.com.sa/" "Mozilla/5.0+(compatible; UptimeRobot/2.0; http://www.uptimerobot.com/)"
114.119.146.45 - - [28/Mar/2026:17:40:02 +0000] "GET /special-offers/s-offer-min-13/ HTTP/1.1" 404 26891 "https://autozone.com.sa/en/s-offer-min-13-2/" "Mozilla/5.0 (Linux; Android 7.0;) AppleWebKit/537.36 (KHTML, like Gecko) Mobile Safari/537.36 (compatible; PetalBot;+https://webmaster.petalsearch.com/site/petalbot)"
68.221.75.24 - - [28/Mar/2026:17:40:12 +0000] "GET /en/product/jetour-t1-2025/ HTTP/1.1" 200 62918 "-" "Mozilla/5.0 AppleWebKit/537.36 (KHTML, like Gecko); compatible; ChatGPT-User/1.0; +https://openai.com/bot"
68.221.75.24 - - [28/Mar/2026:17:40:15 +0000] "GET / HTTP/1.1" 200 138866 "-" "Mozilla/5.0 AppleWebKit/537.36 (KHTML, like Gecko); compatible; ChatGPT-User/1.0; +https://openai.com/bot"
172.105.42.26 - - [28/Mar/2026:17:40:23 +0000] "POST /wp-cron.php?doing_wp_cron=1774719622.9636819362640380859375 HTTP/1.1" 200 20 "-" "WordPress/6.9.4; https://autozone.com.sa"
66.249.75.108 - - [28/Mar/2026:17:40:21 +0000] "GET /wp-content/uploads/2022/02/LP-min.jpg HTTP/1.1" 404 26890 "-" "Googlebot-Image/1.0"
47.82.11.55 - - [28/Mar/2026:17:40:25 +0000] "GET /?shopdetail/70020857 HTTP/1.1" 301 20 "https://autozone.com.sa/" "Mozilla/5.0 (Windows NT 10.0; Win64; x64) AppleWebKit/537.36 (KHTML, like Gecko) Chrome/135.0.0.0 Safari/537.36"
47.82.11.55 - - [28/Mar/2026:17:40:27 +0000] "GET /?shopdetail/70020857 HTTP/1.1" 301 20 "https://autozone.com.sa/" "Mozilla/5.0 (Windows NT 10.0; Win64; x64) AppleWebKit/537.36 (KHTML, like Gecko) Chrome/135.0.0.0 Safari/537.36"
66.249.75.108 - - [28/Mar/2026:17:40:24 +0000] "GET /?lang=ar&nocache=1774181271&jet_blog_ajax=1 HTTP/1.1" 200 138869 "-" "Mozilla/5.0 (Linux; Android 6.0.1; Nexus 5X Build/MMB29P) AppleWebKit/537.36 (KHTML, like Gecko) Chrome/146.0.7680.153 Mobile Safari/537.36 (compatible; Googlebot/2.1; +http://www.google.com/bot.html)"
17.241.75.194 - - [28/Mar/2026:17:40:34 +0000] "GET /cherry-cashback-back-to-school-offer-aug-2022/lp-min-1-2-10/ HTTP/1.1" 404 26940 "-" "Mozilla/5.0 (Macintosh; Intel Mac OS X 10_15_7) AppleWebKit/605.1.15 (KHTML, like Gecko) Version/17.4 Safari/605.1.15 (Applebot/0.1; +http://www.apple.com/go/applebot)"
2001:16a2:fa1f:c200:b179:af17:2916:435d - - [28/Mar/2026:17:40:34 +0000] "GET /financial-calculator/ HTTP/1.1" 200 92126 "https://www.google.com/" "Mozilla/5.0 (iPhone; CPU iPhone OS 18_6 like Mac OS X) AppleWebKit/605.1.15 (KHTML, like Gecko) Version/26.0 Mobile/15E148 Safari/604.1"
2001:16a2:fa1f:c200:b179:af17:2916:435d - - [28/Mar/2026:17:40:36 +0000] "GET /wp-content/plugins/sitepress-multilingual-cms/templates/language-switchers/legacy-list-horizontal/style.min.css?ver=1 HTTP/1.1" 200 315 "https://autozone.com.sa/financial-calculator/" "Mozilla/5.0 (iPhone; CPU iPhone OS 18_6 like Mac OS X) AppleWebKit/605.1.15 (KHTML, like Gecko) Version/26.0 Mobile/15E148 Safari/604.1"
2001:16a2:fa1f:c200:b179:af17:2916:435d - - [28/Mar/2026:17:40:36 +0000] "GET /wp-content/plugins/jetformbuilder/modules/option-field/assets/build/radio.css?ver=7c6d0d4d7df91e6bd6a4 HTTP/1.1" 200 446 "https://autozone.com.sa/financial-calculator/" "Mozilla/5.0 (iPhone; CPU iPhone OS 18_6 like Mac OS X) AppleWebKit/605.1.15 (KHTML, like Gecko) Version/26.0 Mobile/15E148 Safari/604.1"
2001:16a2:fa1f:c200:b179:af17:2916:435d - - [28/Mar/2026:17:40:36 +0000] "GET /wp-content/plugins/woo-variation-swatches/assets/css/frontend.min.css?ver=2.2.3 HTTP/1.1" 200 4518 "https://autozone.com.sa/financial-calculator/" "Mozilla/5.0 (iPhone; CPU iPhone OS 18_6 like Mac OS X) AppleWebKit/605.1.15 (KHTML, like Gecko) Version/26.0 Mobile/15E148 Safari/604.1"
2001:16a2:fa1f:c200:b179:af17:2916:435d - - [28/Mar/2026:17:40:36 +0000] "GET /wp-content/themes/hello-elementor/assets/css/theme.css?ver=3.4.6 HTTP/1.1" 200 1271 "https://autozone.com.sa/financial-calculator/" "Mozilla/5.0 (iPhone; CPU iPhone OS 18_6 like Mac OS X) AppleWebKit/605.1.15 (KHTML, like Gecko) Version/26.0 Mobile/15E148 Safari/604.1"
2001:16a2:fa1f:c200:b179:af17:2916:435d - - [28/Mar/2026:17:40:36 +0000] "GET /wp-content/plugins/woocommerce/assets/css/woocommerce-rtl.css?ver=10.6.1 HTTP/1.1" 200 11135 "https://autozone.com.sa/financial-calculator/" "Mozilla/5.0 (iPhone; CPU iPhone OS 18_6 like Mac OS X) AppleWebKit/605.1.15 (KHTML, like Gecko) Version/26.0 Mobile/15E148 Safari/604.1"
2001:16a2:fa1f:c200:b179:af17:2916:435d - - [28/Mar/2026:17:40:36 +0000] "GET /wp-content/plugins/woo-variation-gallery/assets/css/frontend.min.css?ver=1748067894 HTTP/1.1" 200 5657 "https://autozone.com.sa/financial-calculator/" "Mozilla/5.0 (iPhone; CPU iPhone OS 18_6 like Mac OS X) AppleWebKit/605.1.15 (KHTML, like Gecko) Version/26.0 Mobile/15E148 Safari/604.1"
2001:16a2:fa1f:c200:b179:af17:2916:435d - - [28/Mar/2026:17:40:36 +0000] "GET /wp-content/plugins/jet-tricks/assets/css/jet-tricks-frontend.css?ver=1.5.10 HTTP/1.1" 200 3414 "https://autozone.com.sa/financial-calculator/" "Mozilla/5.0 (iPhone; CPU iPhone OS 18_6 like Mac OS X) AppleWebKit/605.1.15 (KHTML, like Gecko) Version/26.0 Mobile/15E148 Safari/604.1"
2001:16a2:fa1f:c200:b179:af17:2916:435d - - [28/Mar/2026:17:40:36 +0000] "GET /wp-content/themes/hello-elementor/assets/css/header-footer.css?ver=3.4.6 HTTP/1.1" 200 1423 "https://autozone.com.sa/financial-calculator/" "Mozilla/5.0 (iPhone; CPU iPhone OS 18_6 like Mac OS X) AppleWebKit/605.1.15 (KHTML, like Gecko) Version/26.0 Mobile/15E148 Safari/604.1"
2001:16a2:fa1f:c200:b179:af17:2916:435d - - [28/Mar/2026:17:40:36 +0000] "GET /wp-content/plugins/sitepress-multilingual-cms/templates/language-switchers/menu-item/style.min.css?ver=1 HTTP/1.1" 200 141 "https://autozone.com.sa/financial-calculator/" "Mozilla/5.0 (iPhone; CPU iPhone OS 18_6 like Mac OS X) AppleWebKit/605.1.15 (KHTML, like Gecko) Version/26.0 Mobile/15E148 Safari/604.1"
2001:16a2:fa1f:c200:b179:af17:2916:435d - - [28/Mar/2026:17:40:36 +0000] "GET /wp-content/uploads/elementor/css/custom-jet-blocks-rtl.css?ver=1.3.22 HTTP/1.1" 200 5820 "https://autozone.com.sa/financial-calculator/" "Mozilla/5.0 (iPhone; CPU iPhone OS 18_6 like Mac OS X) AppleWebKit/605.1.15 (KHTML, like Gecko) Version/26.0 Mobile/15E148 Safari/604.1"
2001:16a2:fa1f:c200:b179:af17:2916:435d - - [28/Mar/2026:17:40:36 +0000] "GET /wp-content/plugins/elementor/assets/css/widget-divider-rtl.min.css?ver=3.35.4 HTTP/1.1" 200 741 "https://autozone.com.sa/financial-calculator/" "Mozilla/5.0 (iPhone; CPU iPhone OS 18_6 like Mac OS X) AppleWebKit/605.1.15 (KHTML, like Gecko) Version/26.0 Mobile/15E148 Safari/604.1"
2001:16a2:fa1f:c200:b179:af17:2916:435d - - [28/Mar/2026:17:40:36 +0000] "GET /wp-content/plugins/jetformbuilder/modules/option-field/assets/build/select.css?ver=0edd78a6f12e2b918b82 HTTP/1.1" 200 243 "https://autozone.com.sa/financial-calculator/" "Mozilla/5.0 (iPhone; CPU iPhone OS 18_6 like Mac OS X) AppleWebKit/605.1.15 (KHTML, like Gecko) Version/26.0 Mobile/15E148 Safari/604.1"
2001:16a2:fa1f:c200:b179:af17:2916:435d - - [28/Mar/2026:17:40:36 +0000] "GET /wp-content/plugins/elementor/assets/css/widget-heading-rtl.min.css?ver=3.35.4 HTTP/1.1" 200 160 "https://autozone.com.sa/financial-calculator/" "Mozilla/5.0 (iPhone; CPU iPhone OS 18_6 like Mac OS X) AppleWebKit/605.1.15 (KHTML, like Gecko) Version/26.0 Mobile/15E148 Safari/604.1"
2001:16a2:fa1f:c200:b179:af17:2916:435d - - [28/Mar/2026:17:40:36 +0000] "GET /wp-content/plugins/elementor/assets/css/widget-image-rtl.min.css?ver=3.35.4 HTTP/1.1" 200 135 "https://autozone.com.sa/financial-calculator/" "Mozilla/5.0 (iPhone; CPU iPhone OS 18_6 like Mac OS X) AppleWebKit/605.1.15 (KHTML, like Gecko) Version/26.0 Mobile/15E148 Safari/604.1"
2001:16a2:fa1f:c200:b179:af17:2916:435d - - [28/Mar/2026:17:40:36 +0000] "GET /wp-content/plugins/jet-search/assets/lib/chosen/chosen.min.css?ver=1.8.7 HTTP/1.1" 200 2273 "https://autozone.com.sa/financial-calculator/" "Mozilla/5.0 (iPhone; CPU iPhone OS 18_6 like Mac OS X) AppleWebKit/605.1.15 (KHTML, like Gecko) Version/26.0 Mobile/15E148 Safari/604.1"
2001:16a2:fa1f:c200:b179:af17:2916:435d - - [28/Mar/2026:17:40:36 +0000] "GET /wp-content/plugins/ultimate-post-kit/assets/css/upk-site.rtl.css?ver=4.1.4 HTTP/1.1" 200 5633 "https://autozone.com.sa/financial-calculator/" "Mozilla/5.0 (iPhone; CPU iPhone OS 18_6 like Mac OS X) AppleWebKit/605.1.15 (KHTML, like Gecko) Version/26.0 Mobile/15E148 Safari/604.1"
2001:16a2:fa1f:c200:b179:af17:2916:435d - - [28/Mar/2026:17:40:36 +0000] "GET /wp-content/themes/hello-elementor/assets/css/reset.css?ver=3.4.6 HTTP/1.1" 200 1792 "https://autozone.com.sa/financial-calculator/" "Mozilla/5.0 (iPhone; CPU iPhone OS 18_6 like Mac OS X) AppleWebKit/605.1.15 (KHTML, like Gecko) Version/26.0 Mobile/15E148 Safari/604.1"
2001:16a2:fa1f:c200:b179:af17:2916:435d - - [28/Mar/2026:17:40:36 +0000] "GET /wp-content/plugins/bdthemes-prime-slider-lite/assets/css/prime-slider-site.rtl.css?ver=4.1.10 HTTP/1.1" 200 2961 "https://autozone.com.sa/financial-calculator/" "Mozilla/5.0 (iPhone; CPU iPhone OS 18_6 like Mac OS X) AppleWebKit/605.1.15 (KHTML, like Gecko) Version/26.0 Mobile/15E148 Safari/604.1"
2001:16a2:fa1f:c200:b179:af17:2916:435d - - [28/Mar/2026:17:40:36 +0000] "GET /wp-content/plugins/bdthemes-element-pack/assets/css/bdt-uikit.rtl.css?ver=3.21.7 HTTP/1.1" 200 16625 "https://autozone.com.sa/financial-calculator/" "Mozilla/5.0 (iPhone; CPU iPhone OS 18_6 like Mac OS X) AppleWebKit/605.1.15 (KHTML, like Gecko) Version/26.0 Mobile/15E148 Safari/604.1"
2001:16a2:fa1f:c200:b179:af17:2916:435d - - [28/Mar/2026:17:40:36 +0000] "GET /wp-content/plugins/jet-blog/assets/css/jet-blog-rtl.css?ver=2.4.8 HTTP/1.1" 200 648 "https://autozone.com.sa/financial-calculator/" "Mozilla/5.0 (iPhone; CPU iPhone OS 18_6 like Mac OS X) AppleWebKit/605.1.15 (KHTML, like Gecko) Version/26.0 Mobile/15E148 Safari/604.1"
2001:16a2:fa1f:c200:b179:af17:2916:435d - - [28/Mar/2026:17:40:36 +0000] "GET /wp-content/plugins/woocommerce/assets/css/photoswipe/default-skin/default-skin.min.css?ver=10.6.1 HTTP/1.1" 200 1952 "https://autozone.com.sa/financial-calculator/" "Mozilla/5.0 (iPhone; CPU iPhone OS 18_6 like Mac OS X) AppleWebKit/605.1.15 (KHTML, like Gecko) Version/26.0 Mobile/15E148 Safari/604.1"
2001:16a2:fa1f:c200:b179:af17:2916:435d - - [28/Mar/2026:17:40:37 +0000] "GET /wp-content/plugins/jet-elements/assets/css/jet-elements-rtl.css?ver=2.8.1.1 HTTP/1.1" 200 3125 "https://autozone.com.sa/financial-calculator/" "Mozilla/5.0 (iPhone; CPU iPhone OS 18_6 like Mac OS X) AppleWebKit/605.1.15 (KHTML, like Gecko) Version/26.0 Mobile/15E148 Safari/604.1"
2001:16a2:fa1f:c200:b179:af17:2916:435d - - [28/Mar/2026:17:40:37 +0000] "GET /wp-content/plugins/woocommerce/assets/client/blocks/wc-blocks-rtl.css?ver=wc-10.6.1 HTTP/1.1" 200 2620 "https://autozone.com.sa/financial-calculator/" "Mozilla/5.0 (iPhone; CPU iPhone OS 18_6 like Mac OS X) AppleWebKit/605.1.15 (KHTML, like Gecko) Version/26.0 Mobile/15E148 Safari/604.1"
2001:16a2:fa1f:c200:b179:af17:2916:435d - - [28/Mar/2026:17:40:37 +0000] "GET /wp-content/plugins/jet-search/assets/css/jet-search.css?ver=3.5.16.1 HTTP/1.1" 200 10064 "https://autozone.com.sa/financial-calculator/" "Mozilla/5.0 (iPhone; CPU iPhone OS 18_6 like Mac OS X) AppleWebKit/605.1.15 (KHTML, like Gecko) Version/26.0 Mobile/15E148 Safari/604.1"
2001:16a2:fa1f:c200:b179:af17:2916:435d - - [28/Mar/2026:17:40:37 +0000] "GET /wp-content/plugins/woocommerce/assets/css/woocommerce-smallscreen-rtl.css?ver=10.6.1 HTTP/1.1" 200 1280 "https://autozone.com.sa/financial-calculator/" "Mozilla/5.0 (iPhone; CPU iPhone OS 18_6 like Mac OS X) AppleWebKit/605.1.15 (KHTML, like Gecko) Version/26.0 Mobile/15E148 Safari/604.1"
2001:16a2:fa1f:c200:b179:af17:2916:435d - - [28/Mar/2026:17:40:38 +0000] "GET /wp-content/uploads/al_opt_content/SCRIPT/9ffeb32e2d9efbf8f70caabded242267.js?ver=3.4.1 HTTP/1.1" 200 4872 "-" "Mozilla/5.0 (iPhone; CPU iPhone OS 18_6 like Mac OS X) AppleWebKit/605.1.15 (KHTML, like Gecko) Version/26.0 Mobile/15E148 Safari/604.1"
2001:16a2:fa1f:c200:b179:af17:2916:435d - - [28/Mar/2026:17:40:38 +0000] "GET /wp-content/uploads/al_opt_content/SCRIPT/0b5dba9d604e291d473573c5bcebe889.js?ver=1748067894 HTTP/1.1" 200 4745 "-" "Mozilla/5.0 (iPhone; CPU iPhone OS 18_6 like Mac OS X) AppleWebKit/605.1.15 (KHTML, like Gecko) Version/26.0 Mobile/15E148 Safari/604.1"
2001:16a2:fa1f:c200:b179:af17:2916:435d - - [28/Mar/2026:17:40:38 +0000] "GET /wp-content/uploads/al_opt_content/SCRIPT/3e9f1dcb9cc75169765265133fb815a7.js?ver=1.8.7 HTTP/1.1" 200 6685 "-" "Mozilla/5.0 (iPhone; CPU iPhone OS 18_6 like Mac OS X) AppleWebKit/605.1.15 (KHTML, like Gecko) Version/26.0 Mobile/15E148 Safari/604.1"
2001:16a2:fa1f:c200:b179:af17:2916:435d - - [28/Mar/2026:17:40:38 +0000] "GET /wp-content/uploads/al_opt_content/SCRIPT/ffe8bdb3ec54f993c7e9baee9d1ed9a3.js?ver=9e178c9516d1222dc834 HTTP/1.1" 200 3856 "-" "Mozilla/5.0 (iPhone; CPU iPhone OS 18_6 like Mac OS X) AppleWebKit/605.1.15 (KHTML, like Gecko) Version/26.0 Mobile/15E148 Safari/604.1"
2001:16a2:fa1f:c200:b179:af17:2916:435d - - [28/Mar/2026:17:40:38 +0000] "GET /wp-content/uploads/al_opt_content/SCRIPT/dadb3f410026822807858737cbc7b64c.js?ver=1.13.7 HTTP/1.1" 200 7317 "-" "Mozilla/5.0 (iPhone; CPU iPhone OS 18_6 like Mac OS X) AppleWebKit/605.1.15 (KHTML, like Gecko) Version/26.0 Mobile/15E148 Safari/604.1"
2001:16a2:fa1f:c200:b179:af17:2916:435d - - [28/Mar/2026:17:40:38 +0000] "GET /wp-content/uploads/al_opt_content/SCRIPT/15bb2b8491fc7e84137d65f610e1685a.js?ver=5.3.6 HTTP/1.1" 200 35491 "-" "Mozilla/5.0 (iPhone; CPU iPhone OS 18_6 like Mac OS X) AppleWebKit/605.1.15 (KHTML, like Gecko) Version/26.0 Mobile/15E148 Safari/604.1"
2001:16a2:fa1f:c200:b179:af17:2916:435d - - [28/Mar/2026:17:40:38 +0000] "GET /wp-content/uploads/al_opt_content/SCRIPT/16cb9084c573484b0cbcd8b282b41204.js?ver=3.7.1 HTTP/1.1" 200 30377 "-" "Mozilla/5.0 (iPhone; CPU iPhone OS 18_6 like Mac OS X) AppleWebKit/605.1.15 (KHTML, like Gecko) Version/26.0 Mobile/15E148 Safari/604.1"
2001:16a2:fa1f:c200:b179:af17:2916:435d - - [28/Mar/2026:17:40:38 +0000] "GET /wp-content/uploads/al_opt_content/SCRIPT/58a4fc1dc987652b9cdfb9fdf7252062.js?ver=6.1.19 HTTP/1.1" 200 426 "-" "Mozilla/5.0 (iPhone; CPU iPhone OS 18_6 like Mac OS X) AppleWebKit/605.1.15 (KHTML, like Gecko) Version/26.0 Mobile/15E148 Safari/604.1"
2001:16a2:fa1f:c200:b179:af17:2916:435d - - [28/Mar/2026:17:40:38 +0000] "GET /wp-content/uploads/al_opt_content/SCRIPT/ef56117d1bb5cc41aa6bd127a49c7640.js?ver=2.7.0-wc.10.6.1 HTTP/1.1" 200 3537 "-" "Mozilla/5.0 (iPhone; CPU iPhone OS 18_6 like Mac OS X) AppleWebKit/605.1.15 (KHTML, like Gecko) Version/26.0 Mobile/15E148 Safari/604.1"
2001:16a2:fa1f:c200:b179:af17:2916:435d - - [28/Mar/2026:17:40:38 +0000] "GET /wp-content/uploads/al_opt_content/SCRIPT/fbaff6df5010e82fec77e88acd359eb5.js?ver=2.1.3 HTTP/1.1" 200 874 "-" "Mozilla/5.0 (iPhone; CPU iPhone OS 18_6 like Mac OS X) AppleWebKit/605.1.15 (KHTML, like Gecko) Version/26.0 Mobile/15E148 Safari/604.1"
2001:16a2:fa1f:c200:b179:af17:2916:435d - - [28/Mar/2026:17:40:38 +0000] "GET /wp-content/uploads/al_opt_content/SCRIPT/7c9202d61cc00180acee3ce0c63a949b.js?ver=2.2.3 HTTP/1.1" 200 4963 "-" "Mozilla/5.0 (iPhone; CPU iPhone OS 18_6 like Mac OS X) AppleWebKit/605.1.15 (KHTML, like Gecko) Version/26.0 Mobile/15E148 Safari/604.1"
2001:16a2:fa1f:c200:b179:af17:2916:435d - - [28/Mar/2026:17:40:38 +0000] "GET /wp-content/uploads/al_opt_content/SCRIPT/881014cdbe31c3b3442a6721466d01df.js?ver=2.0.21.1 HTTP/1.1" 200 5347 "-" "Mozilla/5.0 (iPhone; CPU iPhone OS 18_6 like Mac OS X) AppleWebKit/605.1.15 (KHTML, like Gecko) Version/26.0 Mobile/15E148 Safari/604.1"
2001:16a2:fa1f:c200:b179:af17:2916:435d - - [28/Mar/2026:17:40:38 +0000] "GET /wp-content/uploads/al_opt_content/SCRIPT/cc9534a95ea09033bc91a3ebb43e5f04.js?ver=3.35.1 HTTP/1.1" 200 10559 "-" "Mozilla/5.0 (iPhone; CPU iPhone OS 18_6 like Mac OS X) AppleWebKit/605.1.15 (KHTML, like Gecko) Version/26.0 Mobile/15E148 Safari/604.1"
2001:16a2:fa1f:c200:b179:af17:2916:435d - - [28/Mar/2026:17:40:38 +0000] "GET /wp-content/uploads/al_opt_content/SCRIPT/e40e89bb5b27a17c222921c3b422fb70.js?ver=6.9.4 HTTP/1.1" 200 590 "-" "Mozilla/5.0 (iPhone; CPU iPhone OS 18_6 like Mac OS X) AppleWebKit/605.1.15 (KHTML, like Gecko) Version/26.0 Mobile/15E148 Safari/604.1"
2001:16a2:fa1f:c200:b179:af17:2916:435d - - [28/Mar/2026:17:40:38 +0000] "GET /wp-content/uploads/al_opt_content/SCRIPT/fe80a700e636965d3083ed128737a1ed.js?ver=1.5.10 HTTP/1.1" 200 8281 "-" "Mozilla/5.0 (iPhone; CPU iPhone OS 18_6 like Mac OS X) AppleWebKit/605.1.15 (KHTML, like Gecko) Version/26.0 Mobile/15E148 Safari/604.1"
2001:16a2:fa1f:c200:b179:af17:2916:435d - - [28/Mar/2026:17:40:38 +0000] "GET /wp-content/uploads/al_opt_content/SCRIPT/31f70c27b0270bf2036ea46c1b69ea35.js?ver=2.0.2 HTTP/1.1" 200 38470 "-" "Mozilla/5.0 (iPhone; CPU iPhone OS 18_6 like Mac OS X) AppleWebKit/605.1.15 (KHTML, like Gecko) Version/26.0 Mobile/15E148 Safari/604.1"
2001:16a2:fa1f:c200:b179:af17:2916:435d - - [28/Mar/2026:17:40:38 +0000] "GET /wp-content/uploads/al_opt_content/SCRIPT/11287ad1edffec6fd95526dfcdb9f723.js?ver=3a4d9af2b423048b0dee HTTP/1.1" 200 2436 "-" "Mozilla/5.0 (iPhone; CPU iPhone OS 18_6 like Mac OS X) AppleWebKit/605.1.15 (KHTML, like Gecko) Version/26.0 Mobile/15E148 Safari/604.1"
2001:16a2:fa1f:c200:b179:af17:2916:435d - - [28/Mar/2026:17:40:38 +0000] "GET /wp-content/uploads/al_opt_content/SCRIPT/271ad1f3a3e724e9f2620c09d616cb71.js?ver=1.0.0 HTTP/1.1" 200 2282 "-" "Mozilla/5.0 (iPhone; CPU iPhone OS 18_6 like Mac OS X) AppleWebKit/605.1.15 (KHTML, like Gecko) Version/26.0 Mobile/15E148 Safari/604.1"
2001:16a2:fa1f:c200:b179:af17:2916:435d - - [28/Mar/2026:17:40:38 +0000] "GET /wp-content/uploads/al_opt_content/SCRIPT/ddeb638dbe370b1d0fb48e8d13b7af2b.js?ver=4.1.4 HTTP/1.1" 200 255 "-" "Mozilla/5.0 (iPhone; CPU iPhone OS 18_6 like Mac OS X) AppleWebKit/605.1.15 (KHTML, like Gecko) Version/26.0 Mobile/15E148 Safari/604.1"
2001:16a2:fa1f:c200:b179:af17:2916:435d - - [28/Mar/2026:17:40:38 +0000] "GET /wp-content/uploads/al_opt_content/SCRIPT/ece57052419265cf2b46fb4694c5659f.js?ver=1.8.1 HTTP/1.1" 200 10678 "-" "Mozilla/5.0 (iPhone; CPU iPhone OS 18_6 like Mac OS X) AppleWebKit/605.1.15 (KHTML, like Gecko) Version/26.0 Mobile/15E148 Safari/604.1"
2001:16a2:fa1f:c200:b179:af17:2916:435d - - [28/Mar/2026:17:40:38 +0000] "GET /wp-content/uploads/al_opt_content/SCRIPT/e06bdc38028726b6c7787379a78c1ac2.js?ver=2.11.8 HTTP/1.1" 200 7335 "-" "Mozilla/5.0 (iPhone; CPU iPhone OS 18_6 like Mac OS X) AppleWebKit/605.1.15 (KHTML, like Gecko) Version/26.0 Mobile/15E148 Safari/604.1"
2001:16a2:fa1f:c200:b179:af17:2916:435d - - [28/Mar/2026:17:40:38 +0000] "GET /wp-content/uploads/al_opt_content/SCRIPT/01e9588ab46b7a3947aab8945549c7ea.js?ver=6.9.4 HTTP/1.1" 200 754 "-" "Mozilla/5.0 (iPhone; CPU iPhone OS 18_6 like Mac OS X) AppleWebKit/605.1.15 (KHTML, like Gecko) Version/26.0 Mobile/15E148 Safari/604.1"
2001:16a2:fa1f:c200:b179:af17:2916:435d - - [28/Mar/2026:17:40:38 +0000] "GET /wp-content/uploads/al_opt_content/SCRIPT/e1340159b7f637f69ae6f8bd08724ba9.js?ver=2.2.10 HTTP/1.1" 200 6421 "-" "Mozilla/5.0 (iPhone; CPU iPhone OS 18_6 like Mac OS X) AppleWebKit/605.1.15 (KHTML, like Gecko) Version/26.0 Mobile/15E148 Safari/604.1"
2001:16a2:fa1f:c200:b179:af17:2916:435d - - [28/Mar/2026:17:40:38 +0000] "GET /wp-content/uploads/al_opt_content/SCRIPT/81a7828241050d690febd92cf89f546f.js?ver=10.6.1 HTTP/1.1" 200 3940 "-" "Mozilla/5.0 (iPhone; CPU iPhone OS 18_6 like Mac OS X) AppleWebKit/605.1.15 (KHTML, like Gecko) Version/26.0 Mobile/15E148 Safari/604.1"
2001:16a2:fa1f:c200:b179:af17:2916:435d - - [28/Mar/2026:17:40:38 +0000] "GET /wp-content/uploads/al_opt_content/SCRIPT/ceb183b138eac316a5cb0741ec23696a.js?ver=3.35.4 HTTP/1.1" 200 10325 "-" "Mozilla/5.0 (iPhone; CPU iPhone OS 18_6 like Mac OS X) AppleWebKit/605.1.15 (KHTML, like Gecko) Version/26.0 Mobile/15E148 Safari/604.1"
2001:16a2:fa1f:c200:b179:af17:2916:435d - - [28/Mar/2026:17:40:38 +0000] "GET /wp-content/uploads/al_opt_content/SCRIPT/31179c7ad561a12763dd193320593440.js?ver=1.1.0 HTTP/1.1" 200 623 "-" "Mozilla/5.0 (iPhone; CPU iPhone OS 18_6 like Mac OS X) AppleWebKit/605.1.15 (KHTML, like Gecko) Version/26.0 Mobile/15E148 Safari/604.1"
2001:16a2:fa1f:c200:b179:af17:2916:435d - - [28/Mar/2026:17:40:38 +0000] "GET /wp-content/uploads/al_opt_content/SCRIPT/b9a3f6f2eb439a49c5a5d3bddc9c1322.js?ver=3.21.7 HTTP/1.1" 200 49707 "-" "Mozilla/5.0 (iPhone; CPU iPhone OS 18_6 like Mac OS X) AppleWebKit/605.1.15 (KHTML, like Gecko) Version/26.0 Mobile/15E148 Safari/604.1"
2001:16a2:fa1f:c200:b179:af17:2916:435d - - [28/Mar/2026:17:40:38 +0000] "GET /wp-content/uploads/al_opt_content/SCRIPT/fc06080ebf979384eaf92a5f1cd7a50b.js?ver=10.6.1 HTTP/1.1" 200 4807 "-" "Mozilla/5.0 (iPhone; CPU iPhone OS 18_6 like Mac OS X) AppleWebKit/605.1.15 (KHTML, like Gecko) Version/26.0 Mobile/15E148 Safari/604.1"
2001:16a2:fa1f:c200:b179:af17:2916:435d - - [28/Mar/2026:17:40:38 +0000] "GET /wp-content/uploads/al_opt_content/SCRIPT/a196fc442165c7871d8623233601b2d5.js?ver=5.5.5 HTTP/1.1" 200 523 "-" "Mozilla/5.0 (iPhone; CPU iPhone OS 18_6 like Mac OS X) AppleWebKit/605.1.15 (KHTML, like Gecko) Version/26.0 Mobile/15E148 Safari/604.1"
2001:16a2:fa1f:c200:b179:af17:2916:435d - - [28/Mar/2026:17:40:38 +0000] "GET /wp-content/uploads/al_opt_content/SCRIPT/4d77562cdc928384af12651d153de6f5.js?ver=1.3.22 HTTP/1.1" 200 6050 "-" "Mozilla/5.0 (iPhone; CPU iPhone OS 18_6 like Mac OS X) AppleWebKit/605.1.15 (KHTML, like Gecko) Version/26.0 Mobile/15E148 Safari/604.1"
2001:16a2:fa1f:c200:b179:af17:2916:435d - - [28/Mar/2026:17:40:38 +0000] "GET /wp-content/uploads/al_opt_content/SCRIPT/bcca4162426ebc5a6493fa8e031437b7.js?ver=3.35.1 HTTP/1.1" 200 2856 "-" "Mozilla/5.0 (iPhone; CPU iPhone OS 18_6 like Mac OS X) AppleWebKit/605.1.15 (KHTML, like Gecko) Version/26.0 Mobile/15E148 Safari/604.1"
2001:16a2:fa1f:c200:b179:af17:2916:435d - - [28/Mar/2026:17:40:38 +0000] "GET /wp-content/uploads/al_opt_content/SCRIPT/8a32d558234aaf2a5a40d2084b2d7b68.js?ver=3.35.1 HTTP/1.1" 200 6434 "-" "Mozilla/5.0 (iPhone; CPU iPhone OS 18_6 like Mac OS X) AppleWebKit/605.1.15 (KHTML, like Gecko) Version/26.0 Mobile/15E148 Safari/604.1"
2001:16a2:fa1f:c200:b179:af17:2916:435d - - [28/Mar/2026:17:40:38 +0000] "GET /wp-content/uploads/al_opt_content/SCRIPT/abf4bb282c65836335fa88b6a680fb5c.js?ver=10.6.1 HTTP/1.1" 200 1532 "-" "Mozilla/5.0 (iPhone; CPU iPhone OS 18_6 like Mac OS X) AppleWebKit/605.1.15 (KHTML, like Gecko) Version/26.0 Mobile/15E148 Safari/604.1"
2001:16a2:fa1f:c200:b179:af17:2916:435d - - [28/Mar/2026:17:40:38 +0000] "GET /wp-content/uploads/al_opt_content/SCRIPT/267ca7dfd2a981791527cfca22eece13.js?ver=2.8.1.1 HTTP/1.1" 200 7384 "-" "Mozilla/5.0 (iPhone; CPU iPhone OS 18_6 like Mac OS X) AppleWebKit/605.1.15 (KHTML, like Gecko) Version/26.0 Mobile/15E148 Safari/604.1"
2001:16a2:fa1f:c200:b179:af17:2916:435d - - [28/Mar/2026:17:40:38 +0000] "GET /wp-content/uploads/al_opt_content/SCRIPT/ae52867db002b2f95a21b85b3b518a04.js?ver=10.6.1 HTTP/1.1" 200 1045 "-" "Mozilla/5.0 (iPhone; CPU iPhone OS 18_6 like Mac OS X) AppleWebKit/605.1.15 (KHTML, like Gecko) Version/26.0 Mobile/15E148 Safari/604.1"
2001:16a2:fa1f:c200:b179:af17:2916:435d - - [28/Mar/2026:17:40:38 +0000] "GET /wp-content/uploads/al_opt_content/SCRIPT/ff9016c99f73c592c2648319ea6d2074.js?ver=0.2.3 HTTP/1.1" 200 689 "-" "Mozilla/5.0 (iPhone; CPU iPhone OS 18_6 like Mac OS X) AppleWebKit/605.1.15 (KHTML, like Gecko) Version/26.0 Mobile/15E148 Safari/604.1"
2001:16a2:fa1f:c200:b179:af17:2916:435d - - [28/Mar/2026:17:40:38 +0000] "GET /wp-content/uploads/al_opt_content/SCRIPT/b586d1460aad676dc4673760b21727f0.js?ver=6.3.7 HTTP/1.1" 200 14513 "-" "Mozilla/5.0 (iPhone; CPU iPhone OS 18_6 like Mac OS X) AppleWebKit/605.1.15 (KHTML, like Gecko) Version/26.0 Mobile/15E148 Safari/604.1"
2001:16a2:fa1f:c200:b179:af17:2916:435d - - [28/Mar/2026:17:40:38 +0000] "GET /wp-content/uploads/al_opt_content/SCRIPT/7acb205ca5baa604a6619ebbfa52f598.js?ver=9.1.1 HTTP/1.1" 200 1905 "-" "Mozilla/5.0 (iPhone; CPU iPhone OS 18_6 like Mac OS X) AppleWebKit/605.1.15 (KHTML, like Gecko) Version/26.0 Mobile/15E148 Safari/604.1"
2001:16a2:fa1f:c200:b179:af17:2916:435d - - [28/Mar/2026:17:40:38 +0000] "GET /wp-content/uploads/al_opt_content/SCRIPT/6823120876c9afc8929418c9a6f8e343.js?ver=5.0.0 HTTP/1.1" 200 1803 "-" "Mozilla/5.0 (iPhone; CPU iPhone OS 18_6 like Mac OS X) AppleWebKit/605.1.15 (KHTML, like Gecko) Version/26.0 Mobile/15E148 Safari/604.1"
2001:16a2:fa1f:c200:b179:af17:2916:435d - - [28/Mar/2026:17:40:38 +0000] "GET /wp-content/uploads/al_opt_content/SCRIPT/90e932bd9e62583fc494c00498cfe7f5.js?ver=dd5603f07f9220ed27f1 HTTP/1.1" 200 1941 "-" "Mozilla/5.0 (iPhone; CPU iPhone OS 18_6 like Mac OS X) AppleWebKit/605.1.15 (KHTML, like Gecko) Version/26.0 Mobile/15E148 Safari/604.1"
2001:16a2:fa1f:c200:b179:af17:2916:435d - - [28/Mar/2026:17:40:38 +0000] "GET /wp-content/uploads/al_opt_content/SCRIPT/da215ae12b95b3aeeb2047667016c7f8.js?ver=1.13.3 HTTP/1.1" 200 7106 "-" "Mozilla/5.0 (iPhone; CPU iPhone OS 18_6 like Mac OS X) AppleWebKit/605.1.15 (KHTML, like Gecko) Version/26.0 Mobile/15E148 Safari/604.1"
2001:16a2:fa1f:c200:b179:af17:2916:435d - - [28/Mar/2026:17:40:38 +0000] "GET /wp-content/uploads/al_opt_content/SCRIPT/698fec8ff147d68358a50b1774f33565.js?ver=1.5.12.2 HTTP/1.1" 200 1933 "-" "Mozilla/5.0 (iPhone; CPU iPhone OS 18_6 like Mac OS X) AppleWebKit/605.1.15 (KHTML, like Gecko) Version/26.0 Mobile/15E148 Safari/604.1"
2001:16a2:fa1f:c200:b179:af17:2916:435d - - [28/Mar/2026:17:40:38 +0000] "GET /wp-content/uploads/al_opt_content/SCRIPT/5b2e636dbea54c087348cd6d7f5a1f79.js?ver=2.4.8 HTTP/1.1" 200 3569 "-" "Mozilla/5.0 (iPhone; CPU iPhone OS 18_6 like Mac OS X) AppleWebKit/605.1.15 (KHTML, like Gecko) Version/26.0 Mobile/15E148 Safari/604.1"
2001:16a2:fa1f:c200:b179:af17:2916:435d - - [28/Mar/2026:17:40:38 +0000] "GET /wp-content/uploads/al_opt_content/SCRIPT/4066c01fc4f55bd4da8e3b7f03a272fa.js?ver=4.1.10 HTTP/1.1" 200 982 "-" "Mozilla/5.0 (iPhone; CPU iPhone OS 18_6 like Mac OS X) AppleWebKit/605.1.15 (KHTML, like Gecko) Version/26.0 Mobile/15E148 Safari/604.1"
2001:16a2:fa1f:c200:b179:af17:2916:435d - - [28/Mar/2026:17:40:38 +0000] "GET /wp-content/uploads/al_opt_content/SCRIPT/1d18b2ccd0ac9b96603ea918df33ae9f.js?ver=3.4.6 HTTP/1.1" 200 549 "-" "Mozilla/5.0 (iPhone; CPU iPhone OS 18_6 like Mac OS X) AppleWebKit/605.1.15 (KHTML, like Gecko) Version/26.0 Mobile/15E148 Safari/604.1"
2001:16a2:fa1f:c200:b179:af17:2916:435d - - [28/Mar/2026:17:40:38 +0000] "GET /wp-content/uploads/al_opt_content/SCRIPT/d6843fa9b6dfd1cae807f2c375830d09.js?ver=10.6.1 HTTP/1.1" 200 1439 "-" "Mozilla/5.0 (iPhone; CPU iPhone OS 18_6 like Mac OS X) AppleWebKit/605.1.15 (KHTML, like Gecko) Version/26.0 Mobile/15E148 Safari/604.1"
2001:16a2:fa1f:c200:b179:af17:2916:435d - - [28/Mar/2026:17:40:38 +0000] "GET /wp-content/uploads/al_opt_content/SCRIPT/883a3e2185da852f4ac19d9dfe07980b.js?ver=3.35.4 HTTP/1.1" 200 2476 "-" "Mozilla/5.0 (iPhone; CPU iPhone OS 18_6 like Mac OS X) AppleWebKit/605.1.15 (KHTML, like Gecko) Version/26.0 Mobile/15E148 Safari/604.1"
2001:16a2:fa1f:c200:b179:af17:2916:435d - - [28/Mar/2026:17:40:38 +0000] "GET /wp-content/uploads/al_opt_content/SCRIPT/f3606e4db5e156a1b086bcfeb3b2d9b4.js?ver=491900 HTTP/1.1" 200 187 "-" "Mozilla/5.0 (iPhone; CPU iPhone OS 18_6 like Mac OS X) AppleWebKit/605.1.15 (KHTML, like Gecko) Version/26.0 Mobile/15E148 Safari/604.1"
2001:16a2:fa1f:c200:b179:af17:2916:435d - - [28/Mar/2026:17:40:38 +0000] "GET /wp-content/uploads/al_opt_content/SCRIPT/691a1e43450e7cda541a3bd6f10fd5db.js?ver=2.1.4-wc.10.6.1 HTTP/1.1" 200 833 "-" "Mozilla/5.0 (iPhone; CPU iPhone OS 18_6 like Mac OS X) AppleWebKit/605.1.15 (KHTML, like Gecko) Version/26.0 Mobile/15E148 Safari/604.1"
2001:16a2:fa1f:c200:b179:af17:2916:435d - - [28/Mar/2026:17:40:38 +0000] "GET /wp-content/uploads/al_opt_content/SCRIPT/6705f9e5315eea309178c362eae6d8d0.js?ver=11.2.0.4 HTTP/1.1" 200 17777 "-" "Mozilla/5.0 (iPhone; CPU iPhone OS 18_6 like Mac OS X) AppleWebKit/605.1.15 (KHTML, like Gecko) Version/26.0 Mobile/15E148 Safari/604.1"
2001:16a2:fa1f:c200:b179:af17:2916:435d - - [28/Mar/2026:17:40:38 +0000] "GET /wp-content/uploads/al_opt_content/SCRIPT/fdd6f7d0e809e719153d1d5b93708211.js?ver=1.18.11 HTTP/1.1" 200 34623 "-" "Mozilla/5.0 (iPhone; CPU iPhone OS 18_6 like Mac OS X) AppleWebKit/605.1.15 (KHTML, like Gecko) Version/26.0 Mobile/15E148 Safari/604.1"
2001:16a2:fa1f:c200:b179:af17:2916:435d - - [28/Mar/2026:17:40:39 +0000] "GET /wp-content/uploads/al_opt_content/SCRIPT/46a816ff38bdd095e2118365ad4c618b.js?ver=10.6.1 HTTP/1.1" 200 1150 "-" "Mozilla/5.0 (iPhone; CPU iPhone OS 18_6 like Mac OS X) AppleWebKit/605.1.15 (KHTML, like Gecko) Version/26.0 Mobile/15E148 Safari/604.1"
2001:16a2:fa1f:c200:b179:af17:2916:435d - - [28/Mar/2026:17:40:39 +0000] "GET /wp-content/uploads/al_opt_content/SCRIPT/f5b0f56ce106e724539210501091939e.js?ver=3.5.16.1 HTTP/1.1" 200 11751 "-" "Mozilla/5.0 (iPhone; CPU iPhone OS 18_6 like Mac OS X) AppleWebKit/605.1.15 (KHTML, like Gecko) Version/26.0 Mobile/15E148 Safari/604.1"
2001:16a2:fa1f:c200:b179:af17:2916:435d - - [28/Mar/2026:17:40:39 +0000] "GET /wp-content/uploads/al_opt_content/SCRIPT/291fa442589607e5f12eed1f9d250511.js?ver=3.15.0 HTTP/1.1" 200 11852 "-" "Mozilla/5.0 (iPhone; CPU iPhone OS 18_6 like Mac OS X) AppleWebKit/605.1.15 (KHTML, like Gecko) Version/26.0 Mobile/15E148 Safari/604.1"
2001:16a2:fa1f:c200:b179:af17:2916:435d - - [28/Mar/2026:17:40:39 +0000] "GET /wp-content/uploads/al_opt_content/SCRIPT/35a22bea641003807bc6e7ee80eb14eb.js?ver=2.3.1 HTTP/1.1" 200 40644 "-" "Mozilla/5.0 (iPhone; CPU iPhone OS 18_6 like Mac OS X) AppleWebKit/605.1.15 (KHTML, like Gecko) Version/26.0 Mobile/15E148 Safari/604.1"
2001:16a2:fa1f:c200:b179:af17:2916:435d - - [28/Mar/2026:17:40:39 +0000] "GET /wp-content/uploads/al_opt_content/SCRIPT/3a5838d1182eb0b11f5a58bfe26e2529.js?ver=c26c3dc7bed366793375 HTTP/1.1" 200 2229 "-" "Mozilla/5.0 (iPhone; CPU iPhone OS 18_6 like Mac OS X) AppleWebKit/605.1.15 (KHTML, like Gecko) Version/26.0 Mobile/15E148 Safari/604.1"
2001:16a2:fa1f:c200:b179:af17:2916:435d - - [28/Mar/2026:17:40:39 +0000] "GET /wp-content/uploads/al_opt_content/SCRIPT/9e7c898d1649315173db5d2d8730fb75.js?ver=1.2.1 HTTP/1.1" 200 7087 "-" "Mozilla/5.0 (iPhone; CPU iPhone OS 18_6 like Mac OS X) AppleWebKit/605.1.15 (KHTML, like Gecko) Version/26.0 Mobile/15E148 Safari/604.1"
2001:16a2:fa1f:c200:b179:af17:2916:435d - - [28/Mar/2026:17:40:40 +0000] "GET /wp-content/plugins/elementor/assets/js/shared-frontend-handlers.03caa53373b56d3bab67.bundle.min.js HTTP/1.1" 200 2644 "https://autozone.com.sa/financial-calculator/" "Mozilla/5.0 (iPhone; CPU iPhone OS 18_6 like Mac OS X) AppleWebKit/605.1.15 (KHTML, like Gecko) Version/26.0 Mobile/15E148 Safari/604.1"
2001:16a2:fa1f:c200:b179:af17:2916:435d - - [28/Mar/2026:17:40:40 +0000] "GET /wp-content/plugins/elementor-pro/assets/js/nav-menu.8521a0597c50611efdc6.bundle.min.js HTTP/1.1" 200 1872 "https://autozone.com.sa/financial-calculator/" "Mozilla/5.0 (iPhone; CPU iPhone OS 18_6 like Mac OS X) AppleWebKit/605.1.15 (KHTML, like Gecko) Version/26.0 Mobile/15E148 Safari/604.1"
2001:16a2:fa1f:c200:b179:af17:2916:435d - - [28/Mar/2026:17:40:40 +0000] "GET /wp-content/plugins/elementor/assets/js/text-editor.45609661e409413f1cef.bundle.min.js HTTP/1.1" 200 648 "https://autozone.com.sa/financial-calculator/" "Mozilla/5.0 (iPhone; CPU iPhone OS 18_6 like Mac OS X) AppleWebKit/605.1.15 (KHTML, like Gecko) Version/26.0 Mobile/15E148 Safari/604.1"
2001:16a2:fa1f:c200:b179:af17:2916:435d - - [28/Mar/2026:17:40:40 +0000] "GET /wp-includes/js/wp-emoji-release.min.js?ver=6.9.4 HTTP/1.1" 200 5375 "https://autozone.com.sa/financial-calculator/" "Mozilla/5.0 (iPhone; CPU iPhone OS 18_6 like Mac OS X) AppleWebKit/605.1.15 (KHTML, like Gecko) Version/26.0 Mobile/15E148 Safari/604.1"
2001:16a2:fa1f:c200:b179:af17:2916:435d - - [28/Mar/2026:17:40:40 +0000] "POST /?wc-ajax=get_refreshed_fragments HTTP/1.1" 200 999 "https://autozone.com.sa/financial-calculator/" "Mozilla/5.0 (iPhone; CPU iPhone OS 18_6 like Mac OS X) AppleWebKit/605.1.15 (KHTML, like Gecko) Version/26.0 Mobile/15E148 Safari/604.1"
2001:16a2:fa1f:c200:b179:af17:2916:435d - - [28/Mar/2026:17:40:40 +0000] "POST /?wc-ajax=get_refreshed_fragments HTTP/1.1" 200 999 "https://autozone.com.sa/financial-calculator/" "Mozilla/5.0 (iPhone; CPU iPhone OS 18_6 like Mac OS X) AppleWebKit/605.1.15 (KHTML, like Gecko) Version/26.0 Mobile/15E148 Safari/604.1"
2001:16a2:fa1f:c200:b179:af17:2916:435d - - [28/Mar/2026:17:40:40 +0000] "POST /wp-json/iawp/search HTTP/1.1" 200 36 "https://autozone.com.sa/financial-calculator/" "Mozilla/5.0 (iPhone; CPU iPhone OS 18_6 like Mac OS X) AppleWebKit/605.1.15 (KHTML, like Gecko) Version/26.0 Mobile/15E148 Safari/604.1"
2001:16a2:fa1f:c200:b179:af17:2916:435d - - [28/Mar/2026:17:40:51 +0000] "GET /our-offers/ HTTP/1.1" 200 88341 "https://autozone.com.sa/financial-calculator/" "Mozilla/5.0 (iPhone; CPU iPhone OS 18_6 like Mac OS X) AppleWebKit/605.1.15 (KHTML, like Gecko) Version/26.0 Mobile/15E148 Safari/604.1"
2001:16a2:fa1f:c200:b179:af17:2916:435d - - [28/Mar/2026:17:40:54 +0000] "GET /wp-content/plugins/elementor/assets/css/conditionals/shapes.min.css?ver=3.35.4 HTTP/1.1" 200 288 "https://autozone.com.sa/our-offers/" "Mozilla/5.0 (iPhone; CPU iPhone OS 18_6 like Mac OS X) AppleWebKit/605.1.15 (KHTML, like Gecko) Version/26.0 Mobile/15E148 Safari/604.1"
2001:16a2:fa1f:c200:b179:af17:2916:435d - - [28/Mar/2026:17:40:54 +0000] "GET /wp-content/plugins/elementor/assets/css/conditionals/e-swiper.min.css?ver=3.35.4 HTTP/1.1" 200 799 "https://autozone.com.sa/our-offers/" "Mozilla/5.0 (iPhone; CPU iPhone OS 18_6 like Mac OS X) AppleWebKit/605.1.15 (KHTML, like Gecko) Version/26.0 Mobile/15E148 Safari/604.1"
2001:16a2:fa1f:c200:b179:af17:2916:435d - - [28/Mar/2026:17:40:54 +0000] "GET /wp-content/plugins/elementor/assets/lib/swiper/v8/css/swiper.min.css?ver=8.4.5 HTTP/1.1" 200 4583 "https://autozone.com.sa/our-offers/" "Mozilla/5.0 (iPhone; CPU iPhone OS 18_6 like Mac OS X) AppleWebKit/605.1.15 (KHTML, like Gecko) Version/26.0 Mobile/15E148 Safari/604.1"
2001:16a2:fa1f:c200:b179:af17:2916:435d - - [28/Mar/2026:17:40:55 +0000] "GET /wp-content/uploads/2024/12/Autozone-B.woff2 HTTP/1.1" 200 29579 "https://autozone.com.sa/financial-calculator/" "Mozilla/5.0 (iPhone; CPU iPhone OS 18_6 like Mac OS X) AppleWebKit/605.1.15 (KHTML, like Gecko) Version/26.0 Mobile/15E148 Safari/604.1"
2001:16a2:fa1f:c200:b179:af17:2916:435d - - [28/Mar/2026:17:40:56 +0000] "GET /wp-content/uploads/al_opt_content/SCRIPT/df67f377a9336736a55a9a4614538941.js?ver=2.8.1.1 HTTP/1.1" 200 988 "-" "Mozilla/5.0 (iPhone; CPU iPhone OS 18_6 like Mac OS X) AppleWebKit/605.1.15 (KHTML, like Gecko) Version/26.0 Mobile/15E148 Safari/604.1"
2001:16a2:fa1f:c200:b179:af17:2916:435d - - [28/Mar/2026:17:40:56 +0000] "GET /wp-content/uploads/al_opt_content/SCRIPT/7f45b4f05639a6864e504e69ba6b1779.js?ver=3.8.2.1 HTTP/1.1" 200 12917 "-" "Mozilla/5.0 (iPhone; CPU iPhone OS 18_6 like Mac OS X) AppleWebKit/605.1.15 (KHTML, like Gecko) Version/26.0 Mobile/15E148 Safari/604.1"
2001:16a2:fa1f:c200:b179:af17:2916:435d - - [28/Mar/2026:17:40:57 +0000] "POST /?wc-ajax=get_refreshed_fragments HTTP/1.1" 200 999 "https://autozone.com.sa/our-offers/" "Mozilla/5.0 (iPhone; CPU iPhone OS 18_6 like Mac OS X) AppleWebKit/605.1.15 (KHTML, like Gecko) Version/26.0 Mobile/15E148 Safari/604.1"
2001:16a2:fa1f:c200:b179:af17:2916:435d - - [28/Mar/2026:17:40:57 +0000] "POST /wp-json/iawp/search HTTP/1.1" 200 36 "https://autozone.com.sa/our-offers/" "Mozilla/5.0 (iPhone; CPU iPhone OS 18_6 like Mac OS X) AppleWebKit/605.1.15 (KHTML, like Gecko) Version/26.0 Mobile/15E148 Safari/604.1"
143.244.161.123 - - [28/Mar/2026:17:41:17 +0000] "GET /.env HTTP/1.1" 403 1660 "-" "Mozilla/5.0 (Macintosh; Intel Mac OS X 10.15; rv:135.0) Gecko/20100101 Firefox/135.0"
172.105.42.26 - - [28/Mar/2026:17:41:33 +0000] "POST /wp-cron.php?doing_wp_cron=1774719693.7374119758605957031250 HTTP/1.1" 200 20 "-" "WordPress/6.9.4; https://autozone.com.sa"
47.82.11.219 - - [28/Mar/2026:17:41:32 +0000] "GET /?shopdetail/39369698 HTTP/1.1" 301 20 "https://autozone.com.sa/" "Mozilla/5.0 (Windows NT 10.0; Win64; x64) AppleWebKit/537.36 (KHTML, like Gecko) Chrome/135.0.0.0 Safari/537.36"
47.82.11.219 - - [28/Mar/2026:17:41:33 +0000] "GET /?shopdetail/39369698 HTTP/1.1" 301 20 "https://autozone.com.sa/" "Mozilla/5.0 (Windows NT 10.0; Win64; x64) AppleWebKit/537.36 (KHTML, like Gecko) Chrome/135.0.0.0 Safari/537.36"
160.16.114.120 - - [28/Mar/2026:17:41:35 +0000] "GET /wp-login.php HTTP/1.1" 403 1093 "-" "Mozilla/5.0 (Windows NT 10.0; Win64; x64; rv:61.0) Gecko/20100101 Firefox/61.0"
160.16.114.120 - - [28/Mar/2026:17:41:38 +0000] "POST /wp-login.php HTTP/1.1" 403 1093 "https://autozone.com.sa/wp-login.php" "Mozilla/5.0 (Windows NT 10.0; Win64; x64; rv:61.0) Gecko/20100101 Firefox/61.0"
5.161.201.188 - - [28/Mar/2026:17:42:52 +0000] "POST /wp-load.php?7ade2f=84636 HTTP/1.1" 200 69929 "-" "BlogVault/1.0 (+https://blogvault.net)"
5.161.44.164 - - [28/Mar/2026:17:43:07 +0000] "POST /wp-load.php?b4ed65=13234 HTTP/1.1" 200 3737 "https://autozone.com.sa/" "BlogVault/1.0 (+https://blogvault.net)"
172.105.42.26 - - [28/Mar/2026:17:44:53 +0000] "POST /wp-cron.php?doing_wp_cron=1774719893.7689061164855957031250 HTTP/1.1" 200 20 "-" "WordPress/6.9.4; https://autozone.com.sa"
78.47.173.76 - - [28/Mar/2026:17:44:52 +0000] "HEAD / HTTP/1.1" 200 - "https://autozone.com.sa/" "Mozilla/5.0+(compatible; UptimeRobot/2.0; http://www.uptimerobot.com/)"
172.105.42.26 - - [28/Mar/2026:17:45:28 +0000] "POST /wp-cron.php?doing_wp_cron=1774719928.7116320133209228515625 HTTP/1.1" 200 20 "-" "WordPress/6.9.4; https://autozone.com.sa"
51.68.247.210 - - [28/Mar/2026:17:45:26 +0000] "GET /outlet/en/listings/chevrolet-travers-ls/ HTTP/1.1" 404 26908 "-" "Mozilla/5.0 (compatible; AhrefsBot/7.0; +http://ahrefs.com/robot/)"
74.7.241.33 - - [28/Mar/2026:17:46:31 +0000] "GET /wp-content/uploads/al_opt_content/SCRIPT/autozone.com.sa/wp-includes/js/dist/vendor/6985ac5ec6af5aca62a19151/?C=D;O=A HTTP/1.1" 200 472 "https://autozone.com.sa/wp-content/uploads/al_opt_content/SCRIPT/autozone.com.sa/wp-includes/js/dist/vendor/6985ac5ec6af5aca62a19151/" "Mozilla/5.0 AppleWebKit/537.36 (KHTML, like Gecko; compatible; GPTBot/1.3; +https://openai.com/gptbot)"
17.241.75.154 - - [28/Mar/2026:17:46:56 +0000] "GET /wp-content/uploads/elementor/css/post-290.css?ver=1774675858 HTTP/1.1" 200 1461 "https://autozone.com.sa/cherry-cashback-back-to-school-offer-aug-2022/lp-min-1-2-10/" "Mozilla/5.0 (Macintosh; Intel Mac OS X 10_15_7) AppleWebKit/605.1.15 (KHTML, like Gecko) Version/17.4 Safari/605.1.15 (Applebot/0.1; +http://www.apple.com/go/applebot)"
17.241.219.202 - - [28/Mar/2026:17:47:51 +0000] "POST /?wc-ajax=get_refreshed_fragments HTTP/1.1" 200 999 "https://autozone.com.sa/cherry-cashback-back-to-school-offer-aug-2022/lp-min-1-2-10/" "Mozilla/5.0 (Macintosh; Intel Mac OS X 10_15_7) AppleWebKit/605.1.15 (KHTML, like Gecko) Version/17.4 Safari/605.1.15 (Applebot/0.1; +http://www.apple.com/go/applebot)"
17.241.75.221 - - [28/Mar/2026:17:47:52 +0000] "POST /?wc-ajax=get_refreshed_fragments HTTP/1.1" 200 999 "https://autozone.com.sa/cherry-cashback-back-to-school-offer-aug-2022/lp-min-1-2-10/" "Mozilla/5.0 (Macintosh; Intel Mac OS X 10_15_7) AppleWebKit/605.1.15 (KHTML, like Gecko) Version/17.4 Safari/605.1.15 (Applebot/0.1; +http://www.apple.com/go/applebot)"
54.197.213.223 - - [28/Mar/2026:17:49:16 +0000] "GET / HTTP/1.1" 301 20 "-" "Mozilla/5.0 (Windows NT 10.0; Win64; x64) AppleWebKit/537.36 (KHTML, like Gecko) Chrome/137.0.0.0 Safari/537.36"
172.105.42.26 - - [28/Mar/2026:17:49:21 +0000] "POST /wp-cron.php?doing_wp_cron=1774720161.5711390972137451171875 HTTP/1.1" 200 20 "-" "WordPress/6.9.4; https://autozone.com.sa"
54.197.213.223 - - [28/Mar/2026:17:49:17 +0000] "GET / HTTP/1.1" 200 138855 "-" "Mozilla/5.0 (Windows NT 10.0; Win64; x64) AppleWebKit/537.36 (KHTML, like Gecko) Chrome/137.0.0.0 Safari/537.36"
172.105.42.26 - - [28/Mar/2026:17:49:25 +0000] "POST /wp-cron.php?doing_wp_cron=1774720165.0192439556121826171875 HTTP/1.1" 200 20 "-" "WordPress/6.9.4; https://autozone.com.sa"
