2a02:9b0:41b7:16c6:a1c0:ced:29d1:9cfd - - [28/May/2026:14:50:08 +0000] "POST /wp-json/iawp/search HTTP/1.1" 200 36 "https://autozone.com.sa//shop/" "Mozilla/5.0 (iPhone; CPU iPhone OS 18_7 like Mac OS X) AppleWebKit/605.1.15 (KHTML, like Gecko) Version/26.4 Mobile/15E148 Safari/604.1"
2a02:9b0:41b7:16c6:a1c0:ced:29d1:9cfd - - [28/May/2026:14:50:12 +0000] "GET /wp-content/uploads/2026/01/BGC_5738-copy-6-300x300.webp HTTP/1.1" 200 8907 "https://autozone.com.sa//shop/" "Mozilla/5.0 (iPhone; CPU iPhone OS 18_7 like Mac OS X) AppleWebKit/605.1.15 (KHTML, like Gecko) Version/26.4 Mobile/15E148 Safari/604.1"
2a02:9b0:41b7:16c6:a1c0:ced:29d1:9cfd - - [28/May/2026:14:50:12 +0000] "GET /wp-content/uploads/2026/01/BGC_5738-copy-4-300x300.webp HTTP/1.1" 200 8569 "https://autozone.com.sa//shop/" "Mozilla/5.0 (iPhone; CPU iPhone OS 18_7 like Mac OS X) AppleWebKit/605.1.15 (KHTML, like Gecko) Version/26.4 Mobile/15E148 Safari/604.1"
2001:16a2:447c:be00:54b:a342:d6e:4743 - - [28/May/2026:14:50:15 +0000] "GET /wp-content/uploads/al_opt_content/IMAGE/autozone.com.sa/wp-content/uploads/2025/07/BGC_6000-300x300.webp.bv.webp?bv_host=autozone.com.sa HTTP/1.1" 200 15557 "https://autozone.com.sa/shop/" "Mozilla/5.0 (Linux; Android 12; CTR-L81; HMSCore 6.15.6.332; GMSCore 0.3.15.250932) AppleWebKit/537.36 (KHTML, like Gecko) Chrome/114.0.5735.196 HuaweiBrowser/17.0.4.302 Mobile Safari/537.36"
2001:16a2:447c:be00:54b:a342:d6e:4743 - - [28/May/2026:14:50:15 +0000] "GET /wp-content/uploads/al_opt_content/IMAGE/autozone.com.sa/wp-content/uploads/2025/07/BGC_6880-300x300.webp.bv.webp?bv_host=autozone.com.sa HTTP/1.1" 200 18105 "https://autozone.com.sa/shop/" "Mozilla/5.0 (Linux; Android 12; CTR-L81; HMSCore 6.15.6.332; GMSCore 0.3.15.250932) AppleWebKit/537.36 (KHTML, like Gecko) Chrome/114.0.5735.196 HuaweiBrowser/17.0.4.302 Mobile Safari/537.36"
204.157.178.91 - - [28/May/2026:14:50:15 +0000] "GET /?shopdetail/33032039 HTTP/1.1" 301 20 "https://autozone.com.sa/" "Mozilla/5.0 (Macintosh; Intel Mac OS X 10_15_7) AppleWebKit/537.36 (KHTML, like Gecko) Chrome/135.0.0.0 Safari/537.36"
2a02:9b0:41b7:16c6:a1c0:ced:29d1:9cfd - - [28/May/2026:14:50:17 +0000] "GET /wp-content/uploads/2025/04/5BGC_0008-scaled-copy-300x300.webp HTTP/1.1" 200 15578 "https://autozone.com.sa//shop/" "Mozilla/5.0 (iPhone; CPU iPhone OS 18_7 like Mac OS X) AppleWebKit/605.1.15 (KHTML, like Gecko) Version/26.4 Mobile/15E148 Safari/604.1"
2a02:9b0:41b7:16c6:a1c0:ced:29d1:9cfd - - [28/May/2026:14:50:17 +0000] "GET /wp-content/uploads/2026/01/BGC_5738-copy-24-300x300.webp HTTP/1.1" 200 11677 "https://autozone.com.sa//shop/" "Mozilla/5.0 (iPhone; CPU iPhone OS 18_7 like Mac OS X) AppleWebKit/605.1.15 (KHTML, like Gecko) Version/26.4 Mobile/15E148 Safari/604.1"
2a02:9b0:41b7:16c6:a1c0:ced:29d1:9cfd - - [28/May/2026:14:50:17 +0000] "GET /wp-content/uploads/2026/01/BGC_5738-copy-22-300x300.webp HTTP/1.1" 200 10951 "https://autozone.com.sa//shop/" "Mozilla/5.0 (iPhone; CPU iPhone OS 18_7 like Mac OS X) AppleWebKit/605.1.15 (KHTML, like Gecko) Version/26.4 Mobile/15E148 Safari/604.1"
2a02:9b0:41b7:16c6:a1c0:ced:29d1:9cfd - - [28/May/2026:14:50:17 +0000] "GET /wp-content/uploads/2026/01/BGC_5738-copy-23-300x300.webp HTTP/1.1" 200 11341 "https://autozone.com.sa//shop/" "Mozilla/5.0 (iPhone; CPU iPhone OS 18_7 like Mac OS X) AppleWebKit/605.1.15 (KHTML, like Gecko) Version/26.4 Mobile/15E148 Safari/604.1"
170.247.23.104 - - [28/May/2026:14:50:18 +0000] "GET /?shopdetail/33032039 HTTP/1.1" 301 20 "https://autozone.com.sa/" "Mozilla/5.0 (Macintosh; Intel Mac OS X 10_15_7) AppleWebKit/537.36 (KHTML, like Gecko) Chrome/135.0.0.0 Safari/537.36"
157.90.156.63 - - [28/May/2026:14:50:28 +0000] "HEAD / HTTP/1.1" 200 - "https://autozone.com.sa/" "Mozilla/5.0+(compatible; UptimeRobot/2.0; http://www.uptimerobot.com/)"
2a02:9b0:41b7:16c6:a1c0:ced:29d1:9cfd - - [28/May/2026:14:50:30 +0000] "GET /our-offers/ HTTP/1.1" 200 40450 "https://autozone.com.sa//shop/" "Mozilla/5.0 (iPhone; CPU iPhone OS 18_7 like Mac OS X) AppleWebKit/605.1.15 (KHTML, like Gecko) Version/26.4 Mobile/15E148 Safari/604.1"
2a02:9b0:41b7:16c6:a1c0:ced:29d1:9cfd - - [28/May/2026:14:50:33 +0000] "GET /wp-content/plugins/elementor/assets/css/conditionals/shapes.min.css?ver=4.0.4 HTTP/1.1" 200 288 "https://autozone.com.sa/our-offers/" "Mozilla/5.0 (iPhone; CPU iPhone OS 18_7 like Mac OS X) AppleWebKit/605.1.15 (KHTML, like Gecko) Version/26.4 Mobile/15E148 Safari/604.1"
2a02:9b0:41b7:16c6:a1c0:ced:29d1:9cfd - - [28/May/2026:14:50:33 +0000] "GET /wp-content/uploads/elementor/css/post-787.css?ver=1779946585 HTTP/1.1" 200 948 "https://autozone.com.sa/our-offers/" "Mozilla/5.0 (iPhone; CPU iPhone OS 18_7 like Mac OS X) AppleWebKit/605.1.15 (KHTML, like Gecko) Version/26.4 Mobile/15E148 Safari/604.1"
2a02:9b0:41b7:16c6:a1c0:ced:29d1:9cfd - - [28/May/2026:14:50:34 +0000] "GET /wp-content/uploads/al_opt_content/IMAGE/autozone.com.sa/wp-content/uploads/2026/04/special-offer-4.png?bv_host=autozone.com.sa&bv-resized-infos=bv_resized_mobile%3A480%2A346%3Bbv_resized_ipad%3A750%2A540%3Bbv_resized_desktop%3A750%2A540 HTTP/1.1" 304 - "https://autozone.com.sa/our-offers/" "Mozilla/5.0 (iPhone; CPU iPhone OS 18_7 like Mac OS X) AppleWebKit/605.1.15 (KHTML, like Gecko) Version/26.4 Mobile/15E148 Safari/604.1"
2a02:9b0:41b7:16c6:a1c0:ced:29d1:9cfd - - [28/May/2026:14:50:34 +0000] "POST /?wc-ajax=get_refreshed_fragments HTTP/1.1" 200 858 "https://autozone.com.sa/our-offers/" "Mozilla/5.0 (iPhone; CPU iPhone OS 18_7 like Mac OS X) AppleWebKit/605.1.15 (KHTML, like Gecko) Version/26.4 Mobile/15E148 Safari/604.1"
2a02:9b0:41b7:16c6:a1c0:ced:29d1:9cfd - - [28/May/2026:14:50:34 +0000] "POST /wp-json/iawp/search HTTP/1.1" 200 36 "https://autozone.com.sa/our-offers/" "Mozilla/5.0 (iPhone; CPU iPhone OS 18_7 like Mac OS X) AppleWebKit/605.1.15 (KHTML, like Gecko) Version/26.4 Mobile/15E148 Safari/604.1"
172.105.42.26 - - [28/May/2026:14:50:45 +0000] "POST /wp-cron.php?doing_wp_cron=1779979845.6585490703582763671875 HTTP/1.1" 200 20 "-" "WordPress/7.0; https://autozone.com.sa"
2a02:9b0:41b7:16c6:a1c0:ced:29d1:9cfd - - [28/May/2026:14:50:43 +0000] "GET /shop/ HTTP/1.1" 200 34797 "https://autozone.com.sa/our-offers/" "Mozilla/5.0 (iPhone; CPU iPhone OS 18_7 like Mac OS X) AppleWebKit/605.1.15 (KHTML, like Gecko) Version/26.4 Mobile/15E148 Safari/604.1"
2a02:9b0:41b7:16c6:a1c0:ced:29d1:9cfd - - [28/May/2026:14:50:48 +0000] "POST /?wc-ajax=get_refreshed_fragments HTTP/1.1" 200 858 "https://autozone.com.sa/shop/" "Mozilla/5.0 (iPhone; CPU iPhone OS 18_7 like Mac OS X) AppleWebKit/605.1.15 (KHTML, like Gecko) Version/26.4 Mobile/15E148 Safari/604.1"
2a02:9b0:41b7:16c6:a1c0:ced:29d1:9cfd - - [28/May/2026:14:50:48 +0000] "POST /wp-json/iawp/search HTTP/1.1" 200 36 "https://autozone.com.sa/shop/" "Mozilla/5.0 (iPhone; CPU iPhone OS 18_7 like Mac OS X) AppleWebKit/605.1.15 (KHTML, like Gecko) Version/26.4 Mobile/15E148 Safari/604.1"
172.105.42.26 - - [28/May/2026:14:50:53 +0000] "POST /wp-cron.php?doing_wp_cron=1779979853.1179220676422119140625 HTTP/1.1" 200 20 "-" "WordPress/7.0; https://autozone.com.sa"
2a02:9b0:41b7:16c6:a1c0:ced:29d1:9cfd - - [28/May/2026:14:50:51 +0000] "GET /shop/?orderby=popularity&paged=1 HTTP/1.1" 301 20 "https://autozone.com.sa/shop/" "Mozilla/5.0 (iPhone; CPU iPhone OS 18_7 like Mac OS X) AppleWebKit/605.1.15 (KHTML, like Gecko) Version/26.4 Mobile/15E148 Safari/604.1"
2a02:9b0:41b7:16c6:a1c0:ced:29d1:9cfd - - [28/May/2026:14:50:53 +0000] "GET /shop/?orderby=popularity HTTP/1.1" 200 34902 "https://autozone.com.sa/shop/" "Mozilla/5.0 (iPhone; CPU iPhone OS 18_7 like Mac OS X) AppleWebKit/605.1.15 (KHTML, like Gecko) Version/26.4 Mobile/15E148 Safari/604.1"
2a02:9b0:41b7:16c6:a1c0:ced:29d1:9cfd - - [28/May/2026:14:50:55 +0000] "GET /wp-content/uploads/al_opt_content/IMAGE/autozone.com.sa/wp-content/uploads/2026/04/02-300x300.webp?bv_host=autozone.com.sa&bv-resized-infos=bv_resized_mobile%3A300%2A300%3Bbv_resized_ipad%3A300%2A300%3Bbv_resized_desktop%3A300%2A300 HTTP/1.1" 200 13751 "https://autozone.com.sa/shop/?orderby=popularity" "Mozilla/5.0 (iPhone; CPU iPhone OS 18_7 like Mac OS X) AppleWebKit/605.1.15 (KHTML, like Gecko) Version/26.4 Mobile/15E148 Safari/604.1"
2a02:9b0:41b7:16c6:a1c0:ced:29d1:9cfd - - [28/May/2026:14:50:55 +0000] "GET /wp-content/uploads/al_opt_content/IMAGE/autozone.com.sa/wp-content/uploads/2025/04/BGC_5923-300x300.jpg?bv_host=autozone.com.sa&bv-resized-infos=bv_resized_mobile%3A300%2A300%3Bbv_resized_ipad%3A300%2A300%3Bbv_resized_desktop%3A300%2A300 HTTP/1.1" 200 15998 "https://autozone.com.sa/shop/?orderby=popularity" "Mozilla/5.0 (iPhone; CPU iPhone OS 18_7 like Mac OS X) AppleWebKit/605.1.15 (KHTML, like Gecko) Version/26.4 Mobile/15E148 Safari/604.1"
2a02:9b0:41b7:16c6:a1c0:ced:29d1:9cfd - - [28/May/2026:14:50:55 +0000] "POST /?wc-ajax=get_refreshed_fragments HTTP/1.1" 200 858 "https://autozone.com.sa/shop/?orderby=popularity" "Mozilla/5.0 (iPhone; CPU iPhone OS 18_7 like Mac OS X) AppleWebKit/605.1.15 (KHTML, like Gecko) Version/26.4 Mobile/15E148 Safari/604.1"
2a02:9b0:41b7:16c6:a1c0:ced:29d1:9cfd - - [28/May/2026:14:50:55 +0000] "POST /wp-json/iawp/search HTTP/1.1" 200 36 "https://autozone.com.sa/shop/?orderby=popularity" "Mozilla/5.0 (iPhone; CPU iPhone OS 18_7 like Mac OS X) AppleWebKit/605.1.15 (KHTML, like Gecko) Version/26.4 Mobile/15E148 Safari/604.1"
2a02:9b0:41b7:16c6:a1c0:ced:29d1:9cfd - - [28/May/2026:14:51:02 +0000] "GET /shop/?orderby=date&paged=1 HTTP/1.1" 301 20 "https://autozone.com.sa/shop/?orderby=popularity" "Mozilla/5.0 (iPhone; CPU iPhone OS 18_7 like Mac OS X) AppleWebKit/605.1.15 (KHTML, like Gecko) Version/26.4 Mobile/15E148 Safari/604.1"
2a02:9b0:41b7:16c6:a1c0:ced:29d1:9cfd - - [28/May/2026:14:51:04 +0000] "GET /shop/?orderby=date HTTP/1.1" 200 34909 "https://autozone.com.sa/shop/?orderby=popularity" "Mozilla/5.0 (iPhone; CPU iPhone OS 18_7 like Mac OS X) AppleWebKit/605.1.15 (KHTML, like Gecko) Version/26.4 Mobile/15E148 Safari/604.1"
216.73.216.51 - - [28/May/2026:14:51:06 +0000] "GET /outlet/wp-admin/update-core.php HTTP/1.1" 301 20 "-" "Mozilla/5.0 AppleWebKit/537.36 (KHTML, like Gecko; compatible; ClaudeBot/1.0; +claudebot@anthropic.com)"
2a02:9b0:41b7:16c6:a1c0:ced:29d1:9cfd - - [28/May/2026:14:51:08 +0000] "GET /wp-content/uploads/al_opt_content/IMAGE/autozone.com.sa/wp-content/uploads/2026/04/BGC_8117-300x300.webp?bv_host=autozone.com.sa&bv-resized-infos=bv_resized_mobile%3A300%2A300%3Bbv_resized_ipad%3A300%2A300%3Bbv_resized_desktop%3A300%2A300 HTTP/1.1" 200 20305 "https://autozone.com.sa/shop/?orderby=date" "Mozilla/5.0 (iPhone; CPU iPhone OS 18_7 like Mac OS X) AppleWebKit/605.1.15 (KHTML, like Gecko) Version/26.4 Mobile/15E148 Safari/604.1"
2a02:9b0:41b7:16c6:a1c0:ced:29d1:9cfd - - [28/May/2026:14:51:08 +0000] "GET /wp-content/uploads/al_opt_content/IMAGE/autozone.com.sa/wp-content/uploads/2026/02/BGC_7090-copy-300x300.webp?bv_host=autozone.com.sa&bv-resized-infos=bv_resized_mobile%3A300%2A300%3Bbv_resized_ipad%3A300%2A300%3Bbv_resized_desktop%3A300%2A300 HTTP/1.1" 200 24723 "https://autozone.com.sa/shop/?orderby=date" "Mozilla/5.0 (iPhone; CPU iPhone OS 18_7 like Mac OS X) AppleWebKit/605.1.15 (KHTML, like Gecko) Version/26.4 Mobile/15E148 Safari/604.1"
2a02:9b0:41b7:16c6:a1c0:ced:29d1:9cfd - - [28/May/2026:14:51:09 +0000] "GET /wp-content/uploads/al_opt_content/IMAGE/autozone.com.sa/wp-content/uploads/2026/01/BGC_5738-copy-26-300x300.webp?bv_host=autozone.com.sa&bv-resized-infos=bv_resized_mobile%3A300%2A300%3Bbv_resized_ipad%3A300%2A300%3Bbv_resized_desktop%3A300%2A300 HTTP/1.1" 200 11163 "https://autozone.com.sa/shop/?orderby=date" "Mozilla/5.0 (iPhone; CPU iPhone OS 18_7 like Mac OS X) AppleWebKit/605.1.15 (KHTML, like Gecko) Version/26.4 Mobile/15E148 Safari/604.1"
2a02:9b0:41b7:16c6:a1c0:ced:29d1:9cfd - - [28/May/2026:14:51:08 +0000] "POST /?wc-ajax=get_refreshed_fragments HTTP/1.1" 200 858 "https://autozone.com.sa/shop/?orderby=date" "Mozilla/5.0 (iPhone; CPU iPhone OS 18_7 like Mac OS X) AppleWebKit/605.1.15 (KHTML, like Gecko) Version/26.4 Mobile/15E148 Safari/604.1"
2a02:9b0:41b7:16c6:a1c0:ced:29d1:9cfd - - [28/May/2026:14:51:08 +0000] "POST /wp-json/iawp/search HTTP/1.1" 200 36 "https://autozone.com.sa/shop/?orderby=date" "Mozilla/5.0 (iPhone; CPU iPhone OS 18_7 like Mac OS X) AppleWebKit/605.1.15 (KHTML, like Gecko) Version/26.4 Mobile/15E148 Safari/604.1"
216.73.216.51 - - [28/May/2026:14:51:08 +0000] "GET /outlet/wp-admin/update-core.php HTTP/1.1" 404 16913 "https://www.autozone.com.sa/outlet/wp-admin/update-core.php" "Mozilla/5.0 AppleWebKit/537.36 (KHTML, like Gecko; compatible; ClaudeBot/1.0; +claudebot@anthropic.com)"
2a02:9b0:41b7:16c6:a1c0:ced:29d1:9cfd - - [28/May/2026:14:51:11 +0000] "GET /wp-content/uploads/2026/01/BGC_5738-copy-1-300x300.webp HTTP/1.1" 200 8941 "https://autozone.com.sa/shop/?orderby=date" "Mozilla/5.0 (iPhone; CPU iPhone OS 18_7 like Mac OS X) AppleWebKit/605.1.15 (KHTML, like Gecko) Version/26.4 Mobile/15E148 Safari/604.1"
2a02:9b0:41b7:16c6:a1c0:ced:29d1:9cfd - - [28/May/2026:14:51:11 +0000] "GET /wp-content/uploads/2026/01/03-2-300x300.webp HTTP/1.1" 200 9863 "https://autozone.com.sa/shop/?orderby=date" "Mozilla/5.0 (iPhone; CPU iPhone OS 18_7 like Mac OS X) AppleWebKit/605.1.15 (KHTML, like Gecko) Version/26.4 Mobile/15E148 Safari/604.1"
216.73.216.51 - - [28/May/2026:14:51:22 +0000] "GET /outlet/wp-admin/admin.php?page=WordfenceWAF&subpage=waf_options HTTP/1.1" 301 20 "-" "Mozilla/5.0 AppleWebKit/537.36 (KHTML, like Gecko; compatible; ClaudeBot/1.0; +claudebot@anthropic.com)"
216.73.216.51 - - [28/May/2026:14:51:23 +0000] "GET /outlet/wp-admin/admin.php?page=WordfenceWAF&subpage=waf_options HTTP/1.1" 404 16938 "https://www.autozone.com.sa/outlet/wp-admin/admin.php?page=WordfenceWAF&subpage=waf_options" "Mozilla/5.0 AppleWebKit/537.36 (KHTML, like Gecko; compatible; ClaudeBot/1.0; +claudebot@anthropic.com)"
2a02:9b0:41b7:16c6:a1c0:ced:29d1:9cfd - - [28/May/2026:14:51:25 +0000] "GET /product/kia-k5-lx-2025/ HTTP/1.1" 200 38429 "https://autozone.com.sa/shop/?orderby=date" "Mozilla/5.0 (iPhone; CPU iPhone OS 18_7 like Mac OS X) AppleWebKit/605.1.15 (KHTML, like Gecko) Version/26.4 Mobile/15E148 Safari/604.1"
2a02:9b0:41b7:16c6:a1c0:ced:29d1:9cfd - - [28/May/2026:14:51:27 +0000] "GET /wp-content/uploads/2026/01/03-2-1536x1024.webp HTTP/1.1" 200 80387 "https://autozone.com.sa/product/kia-k5-lx-2025/" "Mozilla/5.0 (iPhone; CPU iPhone OS 18_7 like Mac OS X) AppleWebKit/605.1.15 (KHTML, like Gecko) Version/26.4 Mobile/15E148 Safari/604.1"
2a02:9b0:41b7:16c6:a1c0:ced:29d1:9cfd - - [28/May/2026:14:51:27 +0000] "GET /wp-content/plugins/woocommerce/assets/js/flexslider/jquery.flexslider.min.js?ver=2.7.2-wc.10.8.0 HTTP/1.1" 200 6204 "-" "Mozilla/5.0 (iPhone; CPU iPhone OS 18_7 like Mac OS X) AppleWebKit/605.1.15 (KHTML, like Gecko) Version/26.4 Mobile/15E148 Safari/604.1"
2a02:9b0:41b7:16c6:a1c0:ced:29d1:9cfd - - [28/May/2026:14:51:27 +0000] "GET /wp-content/plugins/woocommerce/assets/js/frontend/single-product.min.js?ver=10.8.0 HTTP/1.1" 200 2937 "-" "Mozilla/5.0 (iPhone; CPU iPhone OS 18_7 like Mac OS X) AppleWebKit/605.1.15 (KHTML, like Gecko) Version/26.4 Mobile/15E148 Safari/604.1"
2a02:9b0:41b7:16c6:a1c0:ced:29d1:9cfd - - [28/May/2026:14:51:27 +0000] "GET /wp-content/plugins/woocommerce/assets/js/photoswipe/photoswipe-ui-default.min.js?ver=4.1.1-wc.10.8.0 HTTP/1.1" 200 3674 "-" "Mozilla/5.0 (iPhone; CPU iPhone OS 18_7 like Mac OS X) AppleWebKit/605.1.15 (KHTML, like Gecko) Version/26.4 Mobile/15E148 Safari/604.1"
2a02:9b0:41b7:16c6:a1c0:ced:29d1:9cfd - - [28/May/2026:14:51:27 +0000] "GET /wp-content/plugins/woocommerce/assets/js/photoswipe/photoswipe.min.js?ver=4.1.1-wc.10.8.0 HTTP/1.1" 200 12042 "-" "Mozilla/5.0 (iPhone; CPU iPhone OS 18_7 like Mac OS X) AppleWebKit/605.1.15 (KHTML, like Gecko) Version/26.4 Mobile/15E148 Safari/604.1"
2a02:9b0:41b7:16c6:a1c0:ced:29d1:9cfd - - [28/May/2026:14:51:27 +0000] "GET /wp-content/plugins/woocommerce/assets/js/zoom/jquery.zoom.min.js?ver=1.7.21-wc.10.8.0 HTTP/1.1" 200 1192 "-" "Mozilla/5.0 (iPhone; CPU iPhone OS 18_7 like Mac OS X) AppleWebKit/605.1.15 (KHTML, like Gecko) Version/26.4 Mobile/15E148 Safari/604.1"
2a02:9b0:41b7:16c6:a1c0:ced:29d1:9cfd - - [28/May/2026:14:51:28 +0000] "GET /wp-content/uploads/al_opt_content/IMAGE/autozone.com.sa/wp-content/uploads/2026/01/03-2-scaled.webp?bv_host=autozone.com.sa&bv-resized-infos=bv_resized_mobile%3A480%2A320%3Bbv_resized_ipad%3A820%2A547%3Bbv_resized_desktop%3A1536%2A1024 HTTP/1.1" 200 237606 "https://autozone.com.sa/product/kia-k5-lx-2025/" "Mozilla/5.0 (iPhone; CPU iPhone OS 18_7 like Mac OS X) AppleWebKit/605.1.15 (KHTML, like Gecko) Version/26.4 Mobile/15E148 Safari/604.1"
2a02:9b0:41b7:16c6:a1c0:ced:29d1:9cfd - - [28/May/2026:14:51:28 +0000] "POST /?wc-ajax=get_default_gallery HTTP/1.1" 200 417 "https://autozone.com.sa/product/kia-k5-lx-2025/" "Mozilla/5.0 (iPhone; CPU iPhone OS 18_7 like Mac OS X) AppleWebKit/605.1.15 (KHTML, like Gecko) Version/26.4 Mobile/15E148 Safari/604.1"
2a02:9b0:41b7:16c6:a1c0:ced:29d1:9cfd - - [28/May/2026:14:51:28 +0000] "POST /?wc-ajax=get_variation_gallery HTTP/1.1" 200 524 "https://autozone.com.sa/product/kia-k5-lx-2025/" "Mozilla/5.0 (iPhone; CPU iPhone OS 18_7 like Mac OS X) AppleWebKit/605.1.15 (KHTML, like Gecko) Version/26.4 Mobile/15E148 Safari/604.1"
2a02:9b0:41b7:16c6:a1c0:ced:29d1:9cfd - - [28/May/2026:14:51:28 +0000] "POST /?wc-ajax=get_refreshed_fragments HTTP/1.1" 200 858 "https://autozone.com.sa/product/kia-k5-lx-2025/" "Mozilla/5.0 (iPhone; CPU iPhone OS 18_7 like Mac OS X) AppleWebKit/605.1.15 (KHTML, like Gecko) Version/26.4 Mobile/15E148 Safari/604.1"
2a02:9b0:41b7:16c6:a1c0:ced:29d1:9cfd - - [28/May/2026:14:51:28 +0000] "POST /wp-json/iawp/search HTTP/1.1" 200 36 "https://autozone.com.sa/product/kia-k5-lx-2025/" "Mozilla/5.0 (iPhone; CPU iPhone OS 18_7 like Mac OS X) AppleWebKit/605.1.15 (KHTML, like Gecko) Version/26.4 Mobile/15E148 Safari/604.1"
2a02:9b0:41b7:16c6:a1c0:ced:29d1:9cfd - - [28/May/2026:14:51:29 +0000] "GET /wp-content/uploads/2026/01/03-2-100x100.webp HTTP/1.1" 200 2053 "https://autozone.com.sa/product/kia-k5-lx-2025/" "Mozilla/5.0 (iPhone; CPU iPhone OS 18_7 like Mac OS X) AppleWebKit/605.1.15 (KHTML, like Gecko) Version/26.4 Mobile/15E148 Safari/604.1"
2a02:9b0:41b7:16c6:a1c0:ced:29d1:9cfd - - [28/May/2026:14:51:29 +0000] "GET /wp-content/uploads/2026/01/01-2-100x100.webp HTTP/1.1" 200 1681 "https://autozone.com.sa/product/kia-k5-lx-2025/" "Mozilla/5.0 (iPhone; CPU iPhone OS 18_7 like Mac OS X) AppleWebKit/605.1.15 (KHTML, like Gecko) Version/26.4 Mobile/15E148 Safari/604.1"
2a02:9b0:41b7:16c6:a1c0:ced:29d1:9cfd - - [28/May/2026:14:51:29 +0000] "GET /wp-content/uploads/2026/01/02-2-600x400.webp HTTP/1.1" 200 12425 "https://autozone.com.sa/product/kia-k5-lx-2025/" "Mozilla/5.0 (iPhone; CPU iPhone OS 18_7 like Mac OS X) AppleWebKit/605.1.15 (KHTML, like Gecko) Version/26.4 Mobile/15E148 Safari/604.1"
2a02:9b0:41b7:16c6:a1c0:ced:29d1:9cfd - - [28/May/2026:14:51:29 +0000] "GET /wp-content/uploads/2026/01/01-2-300x300.webp HTTP/1.1" 200 7275 "https://autozone.com.sa/product/kia-k5-lx-2025/" "Mozilla/5.0 (iPhone; CPU iPhone OS 18_7 like Mac OS X) AppleWebKit/605.1.15 (KHTML, like Gecko) Version/26.4 Mobile/15E148 Safari/604.1"
2a02:9b0:41b7:16c6:a1c0:ced:29d1:9cfd - - [28/May/2026:14:51:29 +0000] "GET /wp-content/uploads/2026/01/01-2-scaled.webp HTTP/1.1" 200 135888 "https://autozone.com.sa/product/kia-k5-lx-2025/" "Mozilla/5.0 (iPhone; CPU iPhone OS 18_7 like Mac OS X) AppleWebKit/605.1.15 (KHTML, like Gecko) Version/26.4 Mobile/15E148 Safari/604.1"
2a02:9b0:41b7:16c6:a1c0:ced:29d1:9cfd - - [28/May/2026:14:51:29 +0000] "GET /wp-content/uploads/2026/01/01-2-600x400.webp HTTP/1.1" 200 11193 "https://autozone.com.sa/product/kia-k5-lx-2025/" "Mozilla/5.0 (iPhone; CPU iPhone OS 18_7 like Mac OS X) AppleWebKit/605.1.15 (KHTML, like Gecko) Version/26.4 Mobile/15E148 Safari/604.1"
2a02:9b0:41b7:16c6:a1c0:ced:29d1:9cfd - - [28/May/2026:14:51:29 +0000] "GET /wp-content/uploads/2026/01/03-2-600x400.webp HTTP/1.1" 200 18471 "https://autozone.com.sa/product/kia-k5-lx-2025/" "Mozilla/5.0 (iPhone; CPU iPhone OS 18_7 like Mac OS X) AppleWebKit/605.1.15 (KHTML, like Gecko) Version/26.4 Mobile/15E148 Safari/604.1"
2a02:9b0:41b7:16c6:a1c0:ced:29d1:9cfd - - [28/May/2026:14:51:29 +0000] "GET /wp-content/uploads/2026/01/01-2-1536x1024.webp HTTP/1.1" 200 48404 "https://autozone.com.sa/product/kia-k5-lx-2025/" "Mozilla/5.0 (iPhone; CPU iPhone OS 18_7 like Mac OS X) AppleWebKit/605.1.15 (KHTML, like Gecko) Version/26.4 Mobile/15E148 Safari/604.1"
2a02:9b0:41b7:16c6:a1c0:ced:29d1:9cfd - - [28/May/2026:14:51:29 +0000] "GET /wp-content/uploads/2026/01/02-2-1536x1024.webp HTTP/1.1" 200 47645 "https://autozone.com.sa/product/kia-k5-lx-2025/" "Mozilla/5.0 (iPhone; CPU iPhone OS 18_7 like Mac OS X) AppleWebKit/605.1.15 (KHTML, like Gecko) Version/26.4 Mobile/15E148 Safari/604.1"
2a02:9b0:41b7:16c6:a1c0:ced:29d1:9cfd - - [28/May/2026:14:51:29 +0000] "GET /wp-content/uploads/2026/01/02-2-100x100.webp HTTP/1.1" 200 1843 "https://autozone.com.sa/product/kia-k5-lx-2025/" "Mozilla/5.0 (iPhone; CPU iPhone OS 18_7 like Mac OS X) AppleWebKit/605.1.15 (KHTML, like Gecko) Version/26.4 Mobile/15E148 Safari/604.1"
2a02:9b0:41b7:16c6:a1c0:ced:29d1:9cfd - - [28/May/2026:14:51:29 +0000] "GET /wp-content/uploads/2026/01/02-2-scaled.webp HTTP/1.1" 200 115679 "https://autozone.com.sa/product/kia-k5-lx-2025/" "Mozilla/5.0 (iPhone; CPU iPhone OS 18_7 like Mac OS X) AppleWebKit/605.1.15 (KHTML, like Gecko) Version/26.4 Mobile/15E148 Safari/604.1"
2a02:9b0:41b7:16c6:a1c0:ced:29d1:9cfd - - [28/May/2026:14:51:29 +0000] "GET /wp-content/uploads/2026/01/03-2-scaled.webp HTTP/1.1" 200 237606 "https://autozone.com.sa/product/kia-k5-lx-2025/" "Mozilla/5.0 (iPhone; CPU iPhone OS 18_7 like Mac OS X) AppleWebKit/605.1.15 (KHTML, like Gecko) Version/26.4 Mobile/15E148 Safari/604.1"
2a02:9b0:41b7:16c6:a1c0:ced:29d1:9cfd - - [28/May/2026:14:51:29 +0000] "GET /wp-content/uploads/2026/01/02-2-300x300.webp HTTP/1.1" 200 8061 "https://autozone.com.sa/product/kia-k5-lx-2025/" "Mozilla/5.0 (iPhone; CPU iPhone OS 18_7 like Mac OS X) AppleWebKit/605.1.15 (KHTML, like Gecko) Version/26.4 Mobile/15E148 Safari/604.1"
2a02:9b0:41b7:16c6:a1c0:ced:29d1:9cfd - - [28/May/2026:14:51:30 +0000] "GET /wp-content/uploads/2025/04/BGC_0008-scaled-copy-1-300x300.webp HTTP/1.1" 200 16139 "https://autozone.com.sa/product/kia-k5-lx-2025/" "Mozilla/5.0 (iPhone; CPU iPhone OS 18_7 like Mac OS X) AppleWebKit/605.1.15 (KHTML, like Gecko) Version/26.4 Mobile/15E148 Safari/604.1"
2a02:9b0:41b7:16c6:a1c0:ced:29d1:9cfd - - [28/May/2026:14:51:33 +0000] "GET /wp-content/plugins/woocommerce/assets/fonts/WooCommerce.woff2 HTTP/1.1" 200 6498 "https://autozone.com.sa/" "Mozilla/5.0 (iPhone; CPU iPhone OS 18_7 like Mac OS X) AppleWebKit/605.1.15 (KHTML, like Gecko) Version/26.4 Mobile/15E148 Safari/604.1"
2a02:9b0:41b7:16c6:a1c0:ced:29d1:9cfd - - [28/May/2026:14:51:37 +0000] "GET /wp-content/uploads/2025/02/uni-k-feature-300x300.webp HTTP/1.1" 200 16769 "https://autozone.com.sa/product/kia-k5-lx-2025/" "Mozilla/5.0 (iPhone; CPU iPhone OS 18_7 like Mac OS X) AppleWebKit/605.1.15 (KHTML, like Gecko) Version/26.4 Mobile/15E148 Safari/604.1"
2a02:9b0:41b7:16c6:a1c0:ced:29d1:9cfd - - [28/May/2026:14:51:37 +0000] "GET /wp-content/uploads/2025/02/arrizo-8-feature-300x300.webp HTTP/1.1" 200 17822 "https://autozone.com.sa/product/kia-k5-lx-2025/" "Mozilla/5.0 (iPhone; CPU iPhone OS 18_7 like Mac OS X) AppleWebKit/605.1.15 (KHTML, like Gecko) Version/26.4 Mobile/15E148 Safari/604.1"
2a02:9b0:41b7:16c6:a1c0:ced:29d1:9cfd - - [28/May/2026:14:51:38 +0000] "GET /shop/?orderby=date HTTP/1.1" 200 34900 "https://autozone.com.sa/shop/?orderby=popularity" "Mozilla/5.0 (iPhone; CPU iPhone OS 18_7 like Mac OS X) AppleWebKit/605.1.15 (KHTML, like Gecko) Version/26.4 Mobile/15E148 Safari/604.1"
172.105.42.26 - - [28/May/2026:14:51:46 +0000] "POST /wp-cron.php?doing_wp_cron=1779979906.5008890628814697265625 HTTP/1.1" 200 20 "-" "WordPress/7.0; https://autozone.com.sa"
2001:16a2:45a4:e200:142b:530e:4276:c0c7 - - [28/May/2026:14:51:44 +0000] "GET /shop/ HTTP/1.1" 200 34812 "https://www.google.com/" "Mozilla/5.0 (iPhone; CPU iPhone OS 26_5_0 like Mac OS X) AppleWebKit/605.1.15 (KHTML, like Gecko) CriOS/148.0.7778.166 Mobile/15E148 Safari/604.1"
2a02:9b0:41b7:16c6:a1c0:ced:29d1:9cfd - - [28/May/2026:14:51:45 +0000] "GET /shop/?orderby=date HTTP/1.1" 200 34904 "https://autozone.com.sa/shop/?orderby=popularity" "Mozilla/5.0 (iPhone; CPU iPhone OS 18_7 like Mac OS X) AppleWebKit/605.1.15 (KHTML, like Gecko) Version/26.4 Mobile/15E148 Safari/604.1"
2001:16a2:45a4:e200:142b:530e:4276:c0c7 - - [28/May/2026:14:51:47 +0000] "GET /wp-content/uploads/2026/01/BGC_5738-copy-2-300x300.webp HTTP/1.1" 200 15003 "https://autozone.com.sa/shop/" "Mozilla/5.0 (iPhone; CPU iPhone OS 26_5_0 like Mac OS X) AppleWebKit/605.1.15 (KHTML, like Gecko) CriOS/148.0.7778.166 Mobile/15E148 Safari/604.1"
2001:16a2:45a4:e200:142b:530e:4276:c0c7 - - [28/May/2026:14:51:47 +0000] "GET /wp-content/uploads/al_opt_content/IMAGE/autozone.com.sa/wp-content/uploads/2025/07/BGC_1405-300x300.webp?bv_host=autozone.com.sa&bv-resized-infos=bv_resized_mobile%3A300%2A300%3Bbv_resized_ipad%3A300%2A300%3Bbv_resized_desktop%3A300%2A300 HTTP/1.1" 200 15411 "https://autozone.com.sa/shop/" "Mozilla/5.0 (iPhone; CPU iPhone OS 26_5_0 like Mac OS X) AppleWebKit/605.1.15 (KHTML, like Gecko) CriOS/148.0.7778.166 Mobile/15E148 Safari/604.1"
2001:16a2:45a4:e200:142b:530e:4276:c0c7 - - [28/May/2026:14:51:48 +0000] "GET /wp-content/uploads/al_opt_content/IMAGE/autozone.com.sa/wp-content/uploads/2025/07/BGC_6492-300x300.webp?bv_host=autozone.com.sa&bv-resized-infos=bv_resized_mobile%3A300%2A300%3Bbv_resized_ipad%3A300%2A300%3Bbv_resized_desktop%3A300%2A300 HTTP/1.1" 200 15195 "https://autozone.com.sa/shop/" "Mozilla/5.0 (iPhone; CPU iPhone OS 26_5_0 like Mac OS X) AppleWebKit/605.1.15 (KHTML, like Gecko) CriOS/148.0.7778.166 Mobile/15E148 Safari/604.1"
216.73.216.51 - - [28/May/2026:14:51:47 +0000] "GET /outlet/wp-admin/admin.php?page=WordfenceWAF HTTP/1.1" 301 20 "-" "Mozilla/5.0 AppleWebKit/537.36 (KHTML, like Gecko; compatible; ClaudeBot/1.0; +claudebot@anthropic.com)"
2a02:9b0:41b7:16c6:a1c0:ced:29d1:9cfd - - [28/May/2026:14:51:48 +0000] "GET /shop/?orderby=popularity HTTP/1.1" 200 34909 "https://autozone.com.sa/shop/" "Mozilla/5.0 (iPhone; CPU iPhone OS 18_7 like Mac OS X) AppleWebKit/605.1.15 (KHTML, like Gecko) Version/26.4 Mobile/15E148 Safari/604.1"
2a02:9b0:41b7:16c6:a1c0:ced:29d1:9cfd - - [28/May/2026:14:51:49 +0000] "GET /shop/?orderby=date HTTP/1.1" 200 34896 "https://autozone.com.sa/shop/?orderby=popularity" "Mozilla/5.0 (iPhone; CPU iPhone OS 18_7 like Mac OS X) AppleWebKit/605.1.15 (KHTML, like Gecko) Version/26.4 Mobile/15E148 Safari/604.1"
172.105.42.26 - - [28/May/2026:14:51:51 +0000] "POST /wp-cron.php?doing_wp_cron=1779979911.1618139743804931640625 HTTP/1.1" 200 20 "-" "WordPress/7.0; https://autozone.com.sa"
216.73.216.51 - - [28/May/2026:14:51:49 +0000] "GET /outlet/wp-admin/admin.php?page=WordfenceWAF HTTP/1.1" 404 16922 "https://www.autozone.com.sa/outlet/wp-admin/admin.php?page=WordfenceWAF" "Mozilla/5.0 AppleWebKit/537.36 (KHTML, like Gecko; compatible; ClaudeBot/1.0; +claudebot@anthropic.com)"
2001:16a2:45a4:e200:142b:530e:4276:c0c7 - - [28/May/2026:14:51:54 +0000] "GET /wp-content/uploads/al_opt_content/IMAGE/autozone.com.sa/wp-content/uploads/2025/07/BGC_6000-300x300.webp?bv_host=autozone.com.sa&bv-resized-infos=bv_resized_mobile%3A300%2A300%3Bbv_resized_ipad%3A300%2A300%3Bbv_resized_desktop%3A300%2A300 HTTP/1.1" 200 15557 "https://autozone.com.sa/shop/" "Mozilla/5.0 (iPhone; CPU iPhone OS 26_5_0 like Mac OS X) AppleWebKit/605.1.15 (KHTML, like Gecko) CriOS/148.0.7778.166 Mobile/15E148 Safari/604.1"
2001:16a2:45a4:e200:142b:530e:4276:c0c7 - - [28/May/2026:14:51:54 +0000] "GET /wp-content/uploads/2025/07/BGC_6099-1-300x300.webp HTTP/1.1" 200 15242 "https://autozone.com.sa/shop/" "Mozilla/5.0 (iPhone; CPU iPhone OS 26_5_0 like Mac OS X) AppleWebKit/605.1.15 (KHTML, like Gecko) CriOS/148.0.7778.166 Mobile/15E148 Safari/604.1"
2001:16a2:45a4:e200:142b:530e:4276:c0c7 - - [28/May/2026:14:51:53 +0000] "POST /?wc-ajax=get_refreshed_fragments HTTP/1.1" 200 858 "https://autozone.com.sa/shop/" "Mozilla/5.0 (iPhone; CPU iPhone OS 26_5_0 like Mac OS X) AppleWebKit/605.1.15 (KHTML, like Gecko) CriOS/148.0.7778.166 Mobile/15E148 Safari/604.1"
2001:16a2:45a4:e200:142b:530e:4276:c0c7 - - [28/May/2026:14:51:53 +0000] "POST /wp-json/iawp/search HTTP/1.1" 200 36 "https://autozone.com.sa/shop/" "Mozilla/5.0 (iPhone; CPU iPhone OS 26_5_0 like Mac OS X) AppleWebKit/605.1.15 (KHTML, like Gecko) CriOS/148.0.7778.166 Mobile/15E148 Safari/604.1"
2001:16a2:45a4:e200:142b:530e:4276:c0c7 - - [28/May/2026:14:51:58 +0000] "GET /product/toyota-innova-2024/ HTTP/1.1" 200 38551 "https://autozone.com.sa/shop/" "Mozilla/5.0 (iPhone; CPU iPhone OS 26_5_0 like Mac OS X) AppleWebKit/605.1.15 (KHTML, like Gecko) CriOS/148.0.7778.166 Mobile/15E148 Safari/604.1"
2001:16a2:45a4:e200:142b:530e:4276:c0c7 - - [28/May/2026:14:52:00 +0000] "GET /product/toyota-innova-2024/ HTTP/1.1" 200 38428 "https://autozone.com.sa/shop/" "Mozilla/5.0 (iPhone; CPU iPhone OS 26_5_0 like Mac OS X) AppleWebKit/605.1.15 (KHTML, like Gecko) CriOS/148.0.7778.166 Mobile/15E148 Safari/604.1"
2001:16a2:45a4:e200:142b:530e:4276:c0c7 - - [28/May/2026:14:52:03 +0000] "GET /wp-content/uploads/2025/07/BGC_6492-1536x1024.webp HTTP/1.1" 200 99396 "https://autozone.com.sa/product/toyota-innova-2024/" "Mozilla/5.0 (iPhone; CPU iPhone OS 26_5_0 like Mac OS X) AppleWebKit/605.1.15 (KHTML, like Gecko) CriOS/148.0.7778.166 Mobile/15E148 Safari/604.1"
2001:16a2:45a4:e200:142b:530e:4276:c0c7 - - [28/May/2026:14:52:04 +0000] "GET /wp-content/plugins/woocommerce/assets/js/photoswipe/photoswipe-ui-default.min.js?ver=4.1.1-wc.10.8.0 HTTP/1.1" 200 3674 "https://autozone.com.sa/product/toyota-innova-2024/" "Mozilla/5.0 (iPhone; CPU iPhone OS 26_5_0 like Mac OS X) AppleWebKit/605.1.15 (KHTML, like Gecko) CriOS/148.0.7778.166 Mobile/15E148 Safari/604.1"
2001:16a2:45a4:e200:142b:530e:4276:c0c7 - - [28/May/2026:14:52:04 +0000] "GET /wp-content/plugins/woocommerce/assets/js/photoswipe/photoswipe.min.js?ver=4.1.1-wc.10.8.0 HTTP/1.1" 200 12042 "https://autozone.com.sa/product/toyota-innova-2024/" "Mozilla/5.0 (iPhone; CPU iPhone OS 26_5_0 like Mac OS X) AppleWebKit/605.1.15 (KHTML, like Gecko) CriOS/148.0.7778.166 Mobile/15E148 Safari/604.1"
2001:16a2:45a4:e200:142b:530e:4276:c0c7 - - [28/May/2026:14:52:04 +0000] "GET /wp-content/plugins/woocommerce/assets/js/frontend/single-product.min.js?ver=10.8.0 HTTP/1.1" 200 2937 "https://autozone.com.sa/product/toyota-innova-2024/" "Mozilla/5.0 (iPhone; CPU iPhone OS 26_5_0 like Mac OS X) AppleWebKit/605.1.15 (KHTML, like Gecko) CriOS/148.0.7778.166 Mobile/15E148 Safari/604.1"
2001:16a2:45a4:e200:142b:530e:4276:c0c7 - - [28/May/2026:14:52:04 +0000] "GET /wp-content/plugins/woocommerce/assets/js/flexslider/jquery.flexslider.min.js?ver=2.7.2-wc.10.8.0 HTTP/1.1" 200 6204 "https://autozone.com.sa/product/toyota-innova-2024/" "Mozilla/5.0 (iPhone; CPU iPhone OS 26_5_0 like Mac OS X) AppleWebKit/605.1.15 (KHTML, like Gecko) CriOS/148.0.7778.166 Mobile/15E148 Safari/604.1"
2001:16a2:45a4:e200:142b:530e:4276:c0c7 - - [28/May/2026:14:52:04 +0000] "GET /wp-content/plugins/woocommerce/assets/js/zoom/jquery.zoom.min.js?ver=1.7.21-wc.10.8.0 HTTP/1.1" 200 1192 "https://autozone.com.sa/product/toyota-innova-2024/" "Mozilla/5.0 (iPhone; CPU iPhone OS 26_5_0 like Mac OS X) AppleWebKit/605.1.15 (KHTML, like Gecko) CriOS/148.0.7778.166 Mobile/15E148 Safari/604.1"
2001:16a2:45a4:e200:142b:530e:4276:c0c7 - - [28/May/2026:14:52:05 +0000] "GET /wp-content/uploads/2025/04/BGC_5111-300x300.webp HTTP/1.1" 200 16722 "https://autozone.com.sa/product/toyota-innova-2024/" "Mozilla/5.0 (iPhone; CPU iPhone OS 26_5_0 like Mac OS X) AppleWebKit/605.1.15 (KHTML, like Gecko) CriOS/148.0.7778.166 Mobile/15E148 Safari/604.1"
2001:16a2:45a4:e200:142b:530e:4276:c0c7 - - [28/May/2026:14:52:05 +0000] "GET /wp-content/uploads/2025/02/hr-v-feature-300x300.webp HTTP/1.1" 200 10493 "https://autozone.com.sa/product/toyota-innova-2024/" "Mozilla/5.0 (iPhone; CPU iPhone OS 26_5_0 like Mac OS X) AppleWebKit/605.1.15 (KHTML, like Gecko) CriOS/148.0.7778.166 Mobile/15E148 Safari/604.1"
2001:16a2:45a4:e200:142b:530e:4276:c0c7 - - [28/May/2026:14:52:05 +0000] "GET /wp-content/uploads/al_opt_content/IMAGE/autozone.com.sa/wp-content/uploads/2025/07/BGC_6492-scaled.webp?bv_host=autozone.com.sa&bv-resized-infos=bv_resized_mobile%3A480%2A320%3Bbv_resized_ipad%3A820%2A547%3Bbv_resized_desktop%3A1536%2A1024 HTTP/1.1" 200 187723 "https://autozone.com.sa/product/toyota-innova-2024/" "Mozilla/5.0 (iPhone; CPU iPhone OS 26_5_0 like Mac OS X) AppleWebKit/605.1.15 (KHTML, like Gecko) CriOS/148.0.7778.166 Mobile/15E148 Safari/604.1"
66.249.75.110 - - [28/May/2026:14:52:04 +0000] "GET /product/toyota-innova-2024/ HTTP/1.1" 200 38477 "-" "Mozilla/5.0 (Linux; Android 6.0.1; Nexus 5X Build/MMB29P) AppleWebKit/537.36 (KHTML, like Gecko) Chrome/99.0.4844.84 Mobile Safari/537.36 (compatible; Googlebot/2.1; +http://www.google.com/bot.html)"
2001:16a2:45a4:e200:142b:530e:4276:c0c7 - - [28/May/2026:14:52:06 +0000] "GET /wp-content/uploads/2025/02/uni-k-feature-300x300.webp HTTP/1.1" 200 16769 "https://autozone.com.sa/product/toyota-innova-2024/" "Mozilla/5.0 (iPhone; CPU iPhone OS 26_5_0 like Mac OS X) AppleWebKit/605.1.15 (KHTML, like Gecko) CriOS/148.0.7778.166 Mobile/15E148 Safari/604.1"
2001:16a2:45a4:e200:142b:530e:4276:c0c7 - - [28/May/2026:14:52:06 +0000] "GET /wp-content/uploads/2025/04/1-2-300x300.webp HTTP/1.1" 200 10003 "https://autozone.com.sa/product/toyota-innova-2024/" "Mozilla/5.0 (iPhone; CPU iPhone OS 26_5_0 like Mac OS X) AppleWebKit/605.1.15 (KHTML, like Gecko) CriOS/148.0.7778.166 Mobile/15E148 Safari/604.1"
2001:16a2:45a4:e200:142b:530e:4276:c0c7 - - [28/May/2026:14:52:05 +0000] "POST /wp-json/iawp/search HTTP/1.1" 200 36 "https://autozone.com.sa/product/toyota-innova-2024/" "Mozilla/5.0 (iPhone; CPU iPhone OS 26_5_0 like Mac OS X) AppleWebKit/605.1.15 (KHTML, like Gecko) CriOS/148.0.7778.166 Mobile/15E148 Safari/604.1"
2001:16a2:45a4:e200:142b:530e:4276:c0c7 - - [28/May/2026:14:52:06 +0000] "POST /?wc-ajax=get_default_gallery HTTP/1.1" 200 427 "https://autozone.com.sa/product/toyota-innova-2024/" "Mozilla/5.0 (iPhone; CPU iPhone OS 26_5_0 like Mac OS X) AppleWebKit/605.1.15 (KHTML, like Gecko) CriOS/148.0.7778.166 Mobile/15E148 Safari/604.1"
2001:16a2:45a4:e200:142b:530e:4276:c0c7 - - [28/May/2026:14:52:06 +0000] "POST /?wc-ajax=get_refreshed_fragments HTTP/1.1" 200 858 "https://autozone.com.sa/product/toyota-innova-2024/" "Mozilla/5.0 (iPhone; CPU iPhone OS 26_5_0 like Mac OS X) AppleWebKit/605.1.15 (KHTML, like Gecko) CriOS/148.0.7778.166 Mobile/15E148 Safari/604.1"
2001:16a2:45a4:e200:142b:530e:4276:c0c7 - - [28/May/2026:14:52:06 +0000] "POST /?wc-ajax=get_variation_gallery HTTP/1.1" 200 553 "https://autozone.com.sa/product/toyota-innova-2024/" "Mozilla/5.0 (iPhone; CPU iPhone OS 26_5_0 like Mac OS X) AppleWebKit/605.1.15 (KHTML, like Gecko) CriOS/148.0.7778.166 Mobile/15E148 Safari/604.1"
2001:16a2:45a4:e200:142b:530e:4276:c0c7 - - [28/May/2026:14:52:08 +0000] "GET /wp-content/uploads/2025/07/BGC_6492-300x300.webp HTTP/1.1" 200 15195 "https://autozone.com.sa/product/toyota-innova-2024/" "Mozilla/5.0 (iPhone; CPU iPhone OS 26_5_0 like Mac OS X) AppleWebKit/605.1.15 (KHTML, like Gecko) CriOS/148.0.7778.166 Mobile/15E148 Safari/604.1"
66.249.75.110 - - [28/May/2026:14:52:06 +0000] "GET /product/toyota-innova-2024/ HTTP/1.1" 200 38458 "-" "Mozilla/5.0 (compatible; Googlebot/2.1; +http://www.google.com/bot.html)"
2001:16a2:45a4:e200:142b:530e:4276:c0c7 - - [28/May/2026:14:52:08 +0000] "GET /wp-content/uploads/2025/07/BGC_6492-scaled.webp HTTP/1.1" 200 187723 "https://autozone.com.sa/product/toyota-innova-2024/" "Mozilla/5.0 (iPhone; CPU iPhone OS 26_5_0 like Mac OS X) AppleWebKit/605.1.15 (KHTML, like Gecko) CriOS/148.0.7778.166 Mobile/15E148 Safari/604.1"
2001:16a2:45a4:e200:142b:530e:4276:c0c7 - - [28/May/2026:14:52:08 +0000] "GET /wp-content/uploads/2025/07/BGC_6492-600x400.webp HTTP/1.1" 200 30404 "https://autozone.com.sa/product/toyota-innova-2024/" "Mozilla/5.0 (iPhone; CPU iPhone OS 26_5_0 like Mac OS X) AppleWebKit/605.1.15 (KHTML, like Gecko) CriOS/148.0.7778.166 Mobile/15E148 Safari/604.1"
2001:16a2:45a4:e200:142b:530e:4276:c0c7 - - [28/May/2026:14:52:08 +0000] "GET /wp-content/uploads/2025/07/BGC_6496-100x100.webp HTTP/1.1" 200 3220 "https://autozone.com.sa/product/toyota-innova-2024/" "Mozilla/5.0 (iPhone; CPU iPhone OS 26_5_0 like Mac OS X) AppleWebKit/605.1.15 (KHTML, like Gecko) CriOS/148.0.7778.166 Mobile/15E148 Safari/604.1"
2001:16a2:45a4:e200:142b:530e:4276:c0c7 - - [28/May/2026:14:52:08 +0000] "GET /wp-content/uploads/2025/07/BGC_6496-600x400.webp HTTP/1.1" 200 29450 "https://autozone.com.sa/product/toyota-innova-2024/" "Mozilla/5.0 (iPhone; CPU iPhone OS 26_5_0 like Mac OS X) AppleWebKit/605.1.15 (KHTML, like Gecko) CriOS/148.0.7778.166 Mobile/15E148 Safari/604.1"
2001:16a2:45a4:e200:142b:530e:4276:c0c7 - - [28/May/2026:14:52:08 +0000] "GET /wp-content/uploads/2025/07/BGC_6496-300x300.webp HTTP/1.1" 200 13700 "https://autozone.com.sa/product/toyota-innova-2024/" "Mozilla/5.0 (iPhone; CPU iPhone OS 26_5_0 like Mac OS X) AppleWebKit/605.1.15 (KHTML, like Gecko) CriOS/148.0.7778.166 Mobile/15E148 Safari/604.1"
2001:16a2:45a4:e200:142b:530e:4276:c0c7 - - [28/May/2026:14:52:08 +0000] "GET /wp-content/uploads/2025/07/BGC_6492-100x100.webp HTTP/1.1" 200 3460 "https://autozone.com.sa/product/toyota-innova-2024/" "Mozilla/5.0 (iPhone; CPU iPhone OS 26_5_0 like Mac OS X) AppleWebKit/605.1.15 (KHTML, like Gecko) CriOS/148.0.7778.166 Mobile/15E148 Safari/604.1"
2001:16a2:45a4:e200:142b:530e:4276:c0c7 - - [28/May/2026:14:52:08 +0000] "GET /wp-content/uploads/2025/07/BGC_6501-100x100.webp HTTP/1.1" 200 2683 "https://autozone.com.sa/product/toyota-innova-2024/" "Mozilla/5.0 (iPhone; CPU iPhone OS 26_5_0 like Mac OS X) AppleWebKit/605.1.15 (KHTML, like Gecko) CriOS/148.0.7778.166 Mobile/15E148 Safari/604.1"
2001:16a2:45a4:e200:142b:530e:4276:c0c7 - - [28/May/2026:14:52:08 +0000] "GET /wp-content/uploads/2025/07/BGC_6496-1536x1024.webp HTTP/1.1" 200 94655 "https://autozone.com.sa/product/toyota-innova-2024/" "Mozilla/5.0 (iPhone; CPU iPhone OS 26_5_0 like Mac OS X) AppleWebKit/605.1.15 (KHTML, like Gecko) CriOS/148.0.7778.166 Mobile/15E148 Safari/604.1"
2001:16a2:45a4:e200:142b:530e:4276:c0c7 - - [28/May/2026:14:52:08 +0000] "GET /wp-content/uploads/2025/07/BGC_6501-300x300.webp HTTP/1.1" 200 10640 "https://autozone.com.sa/product/toyota-innova-2024/" "Mozilla/5.0 (iPhone; CPU iPhone OS 26_5_0 like Mac OS X) AppleWebKit/605.1.15 (KHTML, like Gecko) CriOS/148.0.7778.166 Mobile/15E148 Safari/604.1"
2001:16a2:45a4:e200:142b:530e:4276:c0c7 - - [28/May/2026:14:52:08 +0000] "GET /wp-content/uploads/2025/07/BGC_6501-1536x1024.webp HTTP/1.1" 200 70326 "https://autozone.com.sa/product/toyota-innova-2024/" "Mozilla/5.0 (iPhone; CPU iPhone OS 26_5_0 like Mac OS X) AppleWebKit/605.1.15 (KHTML, like Gecko) CriOS/148.0.7778.166 Mobile/15E148 Safari/604.1"
2001:16a2:45a4:e200:142b:530e:4276:c0c7 - - [28/May/2026:14:52:08 +0000] "GET /wp-content/uploads/2025/07/BGC_6501-scaled.webp HTTP/1.1" 200 132201 "https://autozone.com.sa/product/toyota-innova-2024/" "Mozilla/5.0 (iPhone; CPU iPhone OS 26_5_0 like Mac OS X) AppleWebKit/605.1.15 (KHTML, like Gecko) CriOS/148.0.7778.166 Mobile/15E148 Safari/604.1"
2001:16a2:45a4:e200:142b:530e:4276:c0c7 - - [28/May/2026:14:52:08 +0000] "GET /wp-content/uploads/2025/07/BGC_6501-600x400.webp HTTP/1.1" 200 21468 "https://autozone.com.sa/product/toyota-innova-2024/" "Mozilla/5.0 (iPhone; CPU iPhone OS 26_5_0 like Mac OS X) AppleWebKit/605.1.15 (KHTML, like Gecko) CriOS/148.0.7778.166 Mobile/15E148 Safari/604.1"
2001:16a2:45a4:e200:142b:530e:4276:c0c7 - - [28/May/2026:14:52:08 +0000] "GET /wp-content/uploads/2025/07/BGC_6496-scaled.webp HTTP/1.1" 200 176780 "https://autozone.com.sa/product/toyota-innova-2024/" "Mozilla/5.0 (iPhone; CPU iPhone OS 26_5_0 like Mac OS X) AppleWebKit/605.1.15 (KHTML, like Gecko) CriOS/148.0.7778.166 Mobile/15E148 Safari/604.1"
2001:16a2:447c:be00:54b:a342:d6e:4743 - - [28/May/2026:14:52:05 +0000] "GET / HTTP/1.1" 200 65334 "https://www.bing.com/" "Mozilla/5.0 (Linux; Android 12; CTR-L81; HMSCore 6.15.6.332; GMSCore 0.3.15.250932) AppleWebKit/537.36 (KHTML, like Gecko) Chrome/114.0.5735.196 HuaweiBrowser/17.0.4.302 Mobile Safari/537.36"
2001:16a2:45a4:e200:142b:530e:4276:c0c7 - - [28/May/2026:14:52:09 +0000] "GET /shop/ HTTP/1.1" 200 34826 "https://www.google.com/" "Mozilla/5.0 (iPhone; CPU iPhone OS 26_5_0 like Mac OS X) AppleWebKit/605.1.15 (KHTML, like Gecko) CriOS/148.0.7778.166 Mobile/15E148 Safari/604.1"
2001:16a2:45a4:e200:142b:530e:4276:c0c7 - - [28/May/2026:14:52:13 +0000] "GET /wp-content/uploads/2025/04/6BGC_0008-scaled-copy-300x300.webp HTTP/1.1" 200 17498 "https://autozone.com.sa/shop/" "Mozilla/5.0 (iPhone; CPU iPhone OS 26_5_0 like Mac OS X) AppleWebKit/605.1.15 (KHTML, like Gecko) CriOS/148.0.7778.166 Mobile/15E148 Safari/604.1"
2001:16a2:45a4:e200:142b:530e:4276:c0c7 - - [28/May/2026:14:52:13 +0000] "GET /wp-content/uploads/al_opt_content/IMAGE/autozone.com.sa/wp-content/uploads/2025/07/BGC_6880-300x300.webp?bv_host=autozone.com.sa&bv-resized-infos=bv_resized_mobile%3A300%2A300%3Bbv_resized_ipad%3A300%2A300%3Bbv_resized_desktop%3A300%2A300 HTTP/1.1" 200 18105 "https://autozone.com.sa/shop/" "Mozilla/5.0 (iPhone; CPU iPhone OS 26_5_0 like Mac OS X) AppleWebKit/605.1.15 (KHTML, like Gecko) CriOS/148.0.7778.166 Mobile/15E148 Safari/604.1"
2001:16a2:45a4:e200:142b:530e:4276:c0c7 - - [28/May/2026:14:52:13 +0000] "GET /wp-content/uploads/2026/01/BGC_5738-copy-8-300x300.webp HTTP/1.1" 200 9515 "https://autozone.com.sa/shop/" "Mozilla/5.0 (iPhone; CPU iPhone OS 26_5_0 like Mac OS X) AppleWebKit/605.1.15 (KHTML, like Gecko) CriOS/148.0.7778.166 Mobile/15E148 Safari/604.1"
2001:16a2:45a4:e200:142b:530e:4276:c0c7 - - [28/May/2026:14:52:13 +0000] "GET /wp-content/uploads/2026/01/BGC_5738-copy-21-300x300.webp HTTP/1.1" 200 9235 "https://autozone.com.sa/shop/" "Mozilla/5.0 (iPhone; CPU iPhone OS 26_5_0 like Mac OS X) AppleWebKit/605.1.15 (KHTML, like Gecko) CriOS/148.0.7778.166 Mobile/15E148 Safari/604.1"
2001:16a2:45a4:e200:142b:530e:4276:c0c7 - - [28/May/2026:14:52:12 +0000] "POST /?wc-ajax=get_refreshed_fragments HTTP/1.1" 200 858 "https://autozone.com.sa/shop/" "Mozilla/5.0 (iPhone; CPU iPhone OS 26_5_0 like Mac OS X) AppleWebKit/605.1.15 (KHTML, like Gecko) CriOS/148.0.7778.166 Mobile/15E148 Safari/604.1"
2001:16a2:45a4:e200:142b:530e:4276:c0c7 - - [28/May/2026:14:52:12 +0000] "POST /wp-json/iawp/search HTTP/1.1" 200 36 "https://autozone.com.sa/shop/" "Mozilla/5.0 (iPhone; CPU iPhone OS 26_5_0 like Mac OS X) AppleWebKit/605.1.15 (KHTML, like Gecko) CriOS/148.0.7778.166 Mobile/15E148 Safari/604.1"
2001:16a2:447c:be00:54b:a342:d6e:4743 - - [28/May/2026:14:52:25 +0000] "POST /wp-json/iawp/search HTTP/1.1" 200 36 "https://autozone.com.sa/" "Mozilla/5.0 (Linux; Android 12; CTR-L81; HMSCore 6.15.6.332; GMSCore 0.3.15.250932) AppleWebKit/537.36 (KHTML, like Gecko) Chrome/114.0.5735.196 HuaweiBrowser/17.0.4.302 Mobile Safari/537.36"
2001:16a2:447c:be00:54b:a342:d6e:4743 - - [28/May/2026:14:52:26 +0000] "POST /?wc-ajax=get_refreshed_fragments HTTP/1.1" 200 858 "https://autozone.com.sa/" "Mozilla/5.0 (Linux; Android 12; CTR-L81; HMSCore 6.15.6.332; GMSCore 0.3.15.250932) AppleWebKit/537.36 (KHTML, like Gecko) Chrome/114.0.5735.196 HuaweiBrowser/17.0.4.302 Mobile Safari/537.36"
2001:16a2:447c:be00:54b:a342:d6e:4743 - - [28/May/2026:14:52:38 +0000] "GET /our-offers/ HTTP/1.1" 200 40457 "https://autozone.com.sa/" "Mozilla/5.0 (Linux; Android 12; CTR-L81; HMSCore 6.15.6.332; GMSCore 0.3.15.250932) AppleWebKit/537.36 (KHTML, like Gecko) Chrome/114.0.5735.196 HuaweiBrowser/17.0.4.302 Mobile Safari/537.36"
2001:16a2:447c:be00:54b:a342:d6e:4743 - - [28/May/2026:14:52:40 +0000] "GET /wp-content/plugins/elementor/assets/css/conditionals/shapes.min.css?ver=4.0.4 HTTP/1.1" 200 288 "https://autozone.com.sa/our-offers/" "Mozilla/5.0 (Linux; Android 12; CTR-L81; HMSCore 6.15.6.332; GMSCore 0.3.15.250932) AppleWebKit/537.36 (KHTML, like Gecko) Chrome/114.0.5735.196 HuaweiBrowser/17.0.4.302 Mobile Safari/537.36"
2001:16a2:447c:be00:54b:a342:d6e:4743 - - [28/May/2026:14:52:40 +0000] "GET /wp-content/uploads/elementor/css/post-787.css?ver=1779946585 HTTP/1.1" 200 948 "https://autozone.com.sa/our-offers/" "Mozilla/5.0 (Linux; Android 12; CTR-L81; HMSCore 6.15.6.332; GMSCore 0.3.15.250932) AppleWebKit/537.36 (KHTML, like Gecko) Chrome/114.0.5735.196 HuaweiBrowser/17.0.4.302 Mobile Safari/537.36"
2001:16a2:447c:be00:54b:a342:d6e:4743 - - [28/May/2026:14:52:49 +0000] "GET /wp-content/uploads/al_opt_content/IMAGE/autozone.com.sa/wp-content/uploads/2026/04/special-offer-4.png.bv_resized_mobile.png.bv.webp?bv_host=autozone.com.sa HTTP/1.1" 200 32853 "https://autozone.com.sa/our-offers/" "Mozilla/5.0 (Linux; Android 12; CTR-L81; HMSCore 6.15.6.332; GMSCore 0.3.15.250932) AppleWebKit/537.36 (KHTML, like Gecko) Chrome/114.0.5735.196 HuaweiBrowser/17.0.4.302 Mobile Safari/537.36"
172.105.42.26 - - [28/May/2026:14:52:52 +0000] "POST /wp-cron.php?doing_wp_cron=1779979972.5354239940643310546875 HTTP/1.1" 200 20 "-" "WordPress/7.0; https://autozone.com.sa"
2001:16a2:447c:be00:54b:a342:d6e:4743 - - [28/May/2026:14:52:51 +0000] "POST /?wc-ajax=get_refreshed_fragments HTTP/1.1" 200 858 "https://autozone.com.sa/our-offers/" "Mozilla/5.0 (Linux; Android 12; CTR-L81; HMSCore 6.15.6.332; GMSCore 0.3.15.250932) AppleWebKit/537.36 (KHTML, like Gecko) Chrome/114.0.5735.196 HuaweiBrowser/17.0.4.302 Mobile Safari/537.36"
2001:16a2:447c:be00:54b:a342:d6e:4743 - - [28/May/2026:14:52:51 +0000] "POST /wp-json/iawp/search HTTP/1.1" 200 36 "https://autozone.com.sa/our-offers/" "Mozilla/5.0 (Linux; Android 12; CTR-L81; HMSCore 6.15.6.332; GMSCore 0.3.15.250932) AppleWebKit/537.36 (KHTML, like Gecko) Chrome/114.0.5735.196 HuaweiBrowser/17.0.4.302 Mobile Safari/537.36"
2001:16a2:447c:be00:54b:a342:d6e:4743 - - [28/May/2026:14:52:52 +0000] "GET /wp-content/uploads/al_opt_content/IMAGE/autozone.com.sa/wp-content/uploads/2026/04/uni-t-special-offer.png.bv_resized_mobile.png.bv.webp?bv_host=autozone.com.sa HTTP/1.1" 200 40283 "https://autozone.com.sa/our-offers/" "Mozilla/5.0 (Linux; Android 12; CTR-L81; HMSCore 6.15.6.332; GMSCore 0.3.15.250932) AppleWebKit/537.36 (KHTML, like Gecko) Chrome/114.0.5735.196 HuaweiBrowser/17.0.4.302 Mobile Safari/537.36"
216.73.216.51 - - [28/May/2026:14:52:53 +0000] "GET /outlet/wp-admin/admin.php?page=Wordfence&subpage=global_options HTTP/1.1" 301 20 "-" "Mozilla/5.0 AppleWebKit/537.36 (KHTML, like Gecko; compatible; ClaudeBot/1.0; +claudebot@anthropic.com)"
216.73.216.51 - - [28/May/2026:14:52:55 +0000] "GET /outlet/wp-admin/admin.php?page=Wordfence&subpage=global_options HTTP/1.1" 404 16925 "https://www.autozone.com.sa/outlet/wp-admin/admin.php?page=Wordfence&subpage=global_options" "Mozilla/5.0 AppleWebKit/537.36 (KHTML, like Gecko; compatible; ClaudeBot/1.0; +claudebot@anthropic.com)"
2001:16a2:447c:be00:54b:a342:d6e:4743 - - [28/May/2026:14:53:00 +0000] "GET /offers/get-your-new-car-with-the-best-cash-deals-from-autozone/ HTTP/1.1" 200 31849 "https://autozone.com.sa/our-offers/" "Mozilla/5.0 (Linux; Android 12; CTR-L81; HMSCore 6.15.6.332; GMSCore 0.3.15.250932) AppleWebKit/537.36 (KHTML, like Gecko) Chrome/114.0.5735.196 HuaweiBrowser/17.0.4.302 Mobile Safari/537.36"
216.73.216.51 - - [28/May/2026:14:53:09 +0000] "GET /outlet/wp-admin/admin.php?page=WordfenceTools&subpage=livetraffic HTTP/1.1" 301 20 "-" "Mozilla/5.0 AppleWebKit/537.36 (KHTML, like Gecko; compatible; ClaudeBot/1.0; +claudebot@anthropic.com)"
216.73.216.51 - - [28/May/2026:14:53:10 +0000] "GET /outlet HTTP/1.1" 301 20 "-" "Mozilla/5.0 AppleWebKit/537.36 (KHTML, like Gecko; compatible; ClaudeBot/1.0; +claudebot@anthropic.com)"
2001:16a2:447c:be00:54b:a342:d6e:4743 - - [28/May/2026:14:53:11 +0000] "POST /?wc-ajax=get_refreshed_fragments HTTP/1.1" 200 858 "https://autozone.com.sa/offers/get-your-new-car-with-the-best-cash-deals-from-autozone/" "Mozilla/5.0 (Linux; Android 12; CTR-L81; HMSCore 6.15.6.332; GMSCore 0.3.15.250932) AppleWebKit/537.36 (KHTML, like Gecko) Chrome/114.0.5735.196 HuaweiBrowser/17.0.4.302 Mobile Safari/537.36"
2001:16a2:447c:be00:54b:a342:d6e:4743 - - [28/May/2026:14:53:11 +0000] "POST /wp-json/iawp/search HTTP/1.1" 200 36 "https://autozone.com.sa/offers/get-your-new-car-with-the-best-cash-deals-from-autozone/" "Mozilla/5.0 (Linux; Android 12; CTR-L81; HMSCore 6.15.6.332; GMSCore 0.3.15.250932) AppleWebKit/537.36 (KHTML, like Gecko) Chrome/114.0.5735.196 HuaweiBrowser/17.0.4.302 Mobile Safari/537.36"
216.73.216.51 - - [28/May/2026:14:53:11 +0000] "GET /outlet/wp-admin/admin.php?page=WordfenceTools&subpage=livetraffic HTTP/1.1" 404 16937 "https://www.autozone.com.sa/outlet/wp-admin/admin.php?page=WordfenceTools&subpage=livetraffic" "Mozilla/5.0 AppleWebKit/537.36 (KHTML, like Gecko; compatible; ClaudeBot/1.0; +claudebot@anthropic.com)"
216.73.216.51 - - [28/May/2026:14:53:11 +0000] "GET /outlet HTTP/1.1" 404 16884 "https://www.autozone.com.sa/outlet" "Mozilla/5.0 AppleWebKit/537.36 (KHTML, like Gecko; compatible; ClaudeBot/1.0; +claudebot@anthropic.com)"
2001:16a2:447c:be00:54b:a342:d6e:4743 - - [28/May/2026:14:53:12 +0000] "GET /offers/get-your-new-car-with-the-best-cash-deals-from-autozone/ HTTP/1.1" 200 31861 "https://autozone.com.sa/our-offers/" "Mozilla/5.0 (Linux; Android 12; CTR-L81; HMSCore 6.15.6.332; GMSCore 0.3.15.250932) AppleWebKit/537.36 (KHTML, like Gecko) Chrome/114.0.5735.196 HuaweiBrowser/17.0.4.302 Mobile Safari/537.36"
