172.105.42.26 - - [28/Mar/2026:15:45:29 +0000] "POST /wp-cron.php?doing_wp_cron=1774712729.0640230178833007812500 HTTP/1.1" 200 20 "-" "WordPress/6.9.4; https://autozone.com.sa"
2a03:2880:32ff:70:: - - [28/Mar/2026:15:45:26 +0000] "GET /back-to-school-r05/?utm_source=Instagram&utm_medium=CPC&utm_campaign=BackToSchoolAug2024 HTTP/1.1" 404 31014 "-" "facebookexternalhit/1.1 (+http://www.facebook.com/externalhit_uatext.php)"
66.249.75.98 - - [28/Mar/2026:15:46:01 +0000] "GET /?outlet/en/?wordfence_lh=1&hid=942C62B3E1DA12E9A02C33143C71231E&nocache=1774201138&jet_blog_ajax=1 HTTP/1.1" 301 20 "-" "Mozilla/5.0 (Linux; Android 6.0.1; Nexus 5X Build/MMB29P) AppleWebKit/537.36 (KHTML, like Gecko) Chrome/146.0.7680.153 Mobile Safari/537.36 (compatible; Googlebot/2.1; +http://www.google.com/bot.html)"
66.249.75.100 - - [28/Mar/2026:15:46:03 +0000] "GET /?outlet%2Fen%2F%3Fwordfence_lh=1&hid=942C62B3E1DA12E9A02C33143C71231E&nocache=1774201138&jet_blog_ajax=1 HTTP/1.1" 200 164078 "-" "Mozilla/5.0 (Linux; Android 6.0.1; Nexus 5X Build/MMB29P) AppleWebKit/537.36 (KHTML, like Gecko) Chrome/146.0.7680.153 Mobile Safari/537.36 (compatible; Googlebot/2.1; +http://www.google.com/bot.html)"
172.105.42.26 - - [28/Mar/2026:15:46:23 +0000] "POST /wp-cron.php?doing_wp_cron=1774712783.0964651107788085937500 HTTP/1.1" 200 20 "-" "WordPress/6.9.4; https://autozone.com.sa/en/"
52.167.144.156 - - [28/Mar/2026:15:46:20 +0000] "GET /en/fleet/ HTTP/1.1" 200 78430 "-" "Mozilla/5.0 AppleWebKit/537.36 (KHTML, like Gecko; compatible; bingbot/2.0; +http://www.bing.com/bingbot.htm) Chrome/116.0.1938.76 Safari/537.36"
40.77.167.12 - - [28/Mar/2026:15:46:32 +0000] "GET /haval-vehicles/ HTTP/1.1" 404 30898 "-" "Mozilla/5.0 AppleWebKit/537.36 (KHTML, like Gecko; compatible; bingbot/2.0; +http://www.bing.com/bingbot.htm) Chrome/116.0.1938.76 Safari/537.36"
172.105.42.26 - - [28/Mar/2026:15:47:25 +0000] "POST /wp-cron.php?doing_wp_cron=1774712845.1373960971832275390625 HTTP/1.1" 200 20 "-" "WordPress/6.9.4; https://autozone.com.sa"
20.216.181.116 - - [28/Mar/2026:15:47:22 +0000] "GET /wp-content/uploads/2022/12/SELTOS.jpg HTTP/1.1" 404 30922 "-" "Mozilla/5.0 (compatible; BingIndexCrawler/1.0)"
128.140.106.114 - - [28/Mar/2026:15:47:38 +0000] "HEAD / HTTP/1.1" 200 - "https://autozone.com.sa/" "Mozilla/5.0+(compatible; UptimeRobot/2.0; http://www.uptimerobot.com/)"
172.105.42.26 - - [28/Mar/2026:15:48:15 +0000] "POST /wp-cron.php?doing_wp_cron=1774712895.1775910854339599609375 HTTP/1.1" 200 20 "-" "WordPress/6.9.4; https://autozone.com.sa"
66.249.75.100 - - [28/Mar/2026:15:48:13 +0000] "GET /wp-content/uploads/2023/03/02-S-Offer-min.jpg HTTP/1.1" 404 30929 "-" "Googlebot-Image/1.0"
38.242.239.223 - - [28/Mar/2026:15:48:15 +0000] "GET /ar/car-type/%D8%A7%D8%B3-%D9%8A%D9%88-%D9%81%D9%8A-%D8%B5%D8%BA%D9%8A%D8%B1/ HTTP/1.1" 404 30956 "-" "Mozilla/5.0 (compatible; MJ12bot/v1.4.8; http://mj12bot.com/)"
172.105.42.26 - - [28/Mar/2026:15:48:21 +0000] "POST /wp-cron.php?doing_wp_cron=1774712901.7409720420837402343750 HTTP/1.1" 200 20 "-" "WordPress/6.9.4; https://autozone.com.sa"
38.242.239.223 - - [28/Mar/2026:15:48:19 +0000] "GET /ar/car-type/%D8%B3%D9%8A%D8%AF%D8%A7%D9%86-%D9%83%D8%A8%D9%8A%D8%B1/ HTTP/1.1" 404 30953 "-" "Mozilla/5.0 (compatible; MJ12bot/v1.4.8; http://mj12bot.com/)"
38.242.239.223 - - [28/Mar/2026:15:48:23 +0000] "GET /ar/car-type/%D8%B4%D8%A7%D8%AD%D9%86%D8%A9-%D9%85%D8%AA%D9%88%D8%B3%D8%B7%D8%A9/ HTTP/1.1" 404 30958 "-" "Mozilla/5.0 (compatible; MJ12bot/v1.4.8; http://mj12bot.com/)"
38.242.239.223 - - [28/Mar/2026:15:48:28 +0000] "GET /ar/car-type/%D9%81%D8%A7%D9%86/ HTTP/1.1" 404 30930 "-" "Mozilla/5.0 (compatible; MJ12bot/v1.4.8; http://mj12bot.com/)"
38.242.239.223 - - [28/Mar/2026:15:48:33 +0000] "GET /ar/car-type/%D9%85%D9%8A%D9%86%D9%8A-%D9%81%D8%A7%D9%86/ HTTP/1.1" 404 30946 "-" "Mozilla/5.0 (compatible; MJ12bot/v1.4.8; http://mj12bot.com/)"
38.242.239.223 - - [28/Mar/2026:15:48:37 +0000] "GET /ar/offers/%D8%A8%D8%AE%D9%8A%D8%B1%D9%87-%D8%B3%D8%A7%D8%A8%D9%82%D9%8A%D9%86-%D9%88%D8%A8%D8%B9%D8%B1%D9%88%D8%B6%D9%86%D8%A7-%D9%85%D8%AA%D9%85%D9%8A%D8%B2%D9%8A%D9%86/ HTTP/1.1" 404 30993 "-" "Mozilla/5.0 (compatible; MJ12bot/v1.4.8; http://mj12bot.com/)"
172.105.42.26 - - [28/Mar/2026:15:48:43 +0000] "POST /wp-cron.php?doing_wp_cron=1774712923.8841838836669921875000 HTTP/1.1" 200 20 "-" "WordPress/6.9.4; https://autozone.com.sa"
38.242.239.223 - - [28/Mar/2026:15:48:41 +0000] "GET /ar/%D8%A7%D9%84%D9%85%D8%A7%D8%B1%D9%83%D8%A9/%D8%A7%D9%8A%D8%B3%D9%88%D8%B2%D9%88/ HTTP/1.1" 404 30955 "-" "Mozilla/5.0 (compatible; MJ12bot/v1.4.8; http://mj12bot.com/)"
38.242.239.223 - - [28/Mar/2026:15:48:45 +0000] "GET /ar/%D8%A7%D9%84%D9%85%D8%A7%D8%B1%D9%83%D8%A9/%D8%AC%D9%8A%D8%AA%D9%88%D8%B1/ HTTP/1.1" 404 30957 "-" "Mozilla/5.0 (compatible; MJ12bot/v1.4.8; http://mj12bot.com/)"
5.196.62.228 - - [28/Mar/2026:15:48:50 +0000] "GET /wp-login.php HTTP/1.1" 403 1092 "-" "Mozilla/5.0 (Macintosh; Intel Mac OS X 10.13; rv:61.0) Gecko/20100101 Firefox/61.0"
5.196.62.228 - - [28/Mar/2026:15:48:51 +0000] "POST /wp-login.php HTTP/1.1" 403 1092 "https://autozone.com.sa/wp-login.php" "Mozilla/5.0 (Macintosh; Intel Mac OS X 10.13; rv:61.0) Gecko/20100101 Firefox/61.0"
38.242.239.223 - - [28/Mar/2026:15:48:50 +0000] "GET /ar/%D8%A7%D9%84%D9%85%D8%A7%D8%B1%D9%83%D8%A9/%D9%87%D8%A7%D9%81%D8%A7%D9%84/ HTTP/1.1" 404 30954 "-" "Mozilla/5.0 (compatible; MJ12bot/v1.4.8; http://mj12bot.com/)"
38.242.239.223 - - [28/Mar/2026:15:48:54 +0000] "GET /car-type/%D8%A7%D8%B3-%D9%8A%D9%88-%D9%81%D9%8A-%D8%B5%D8%BA%D9%8A%D8%B1/ HTTP/1.1" 200 63660 "-" "Mozilla/5.0 (compatible; MJ12bot/v1.4.8; http://mj12bot.com/)"
38.242.239.223 - - [28/Mar/2026:15:48:59 +0000] "GET /car-type/%D8%A7%D8%B3-%D9%8A%D9%88-%D9%81%D9%8A-%D8%B5%D8%BA%D9%8A%D8%B1/feed/ HTTP/1.1" 200 1234 "-" "Mozilla/5.0 (compatible; MJ12bot/v1.4.8; http://mj12bot.com/)"
38.242.239.223 - - [28/Mar/2026:15:49:03 +0000] "GET /car-type/%D8%A7%D8%B3-%D9%8A%D9%88-%D9%81%D9%8A-%D9%85%D8%AA%D9%88%D8%B3%D8%B7/ HTTP/1.1" 200 67709 "-" "Mozilla/5.0 (compatible; MJ12bot/v1.4.8; http://mj12bot.com/)"
38.242.239.223 - - [28/Mar/2026:15:49:08 +0000] "GET /car-type/%D8%B3%D9%8A%D8%AF%D8%A7%D9%86-%D8%B5%D8%BA%D9%8A%D8%B1/ HTTP/1.1" 200 65777 "-" "Mozilla/5.0 (compatible; MJ12bot/v1.4.8; http://mj12bot.com/)"
38.242.239.223 - - [28/Mar/2026:15:49:13 +0000] "GET /car-type/%D8%B3%D9%8A%D8%AF%D8%A7%D9%86-%D9%83%D8%A8%D9%8A%D8%B1/ HTTP/1.1" 200 67174 "-" "Mozilla/5.0 (compatible; MJ12bot/v1.4.8; http://mj12bot.com/)"
172.105.42.26 - - [28/Mar/2026:15:49:22 +0000] "POST /wp-cron.php?doing_wp_cron=1774712962.4277079105377197265625 HTTP/1.1" 200 20 "-" "WordPress/6.9.4; https://autozone.com.sa"
38.242.239.223 - - [28/Mar/2026:15:49:18 +0000] "GET /car-type/%D8%B3%D9%8A%D8%AF%D8%A7%D9%86-%D9%85%D8%AA%D9%88%D8%B3%D8%B7/ HTTP/1.1" 200 67596 "-" "Mozilla/5.0 (compatible; MJ12bot/v1.4.8; http://mj12bot.com/)"
40.77.167.63 - - [28/Mar/2026:15:49:24 +0000] "GET /shopdetail/39701194 HTTP/1.1" 301 20 "-" "Mozilla/5.0 AppleWebKit/537.36 (KHTML, like Gecko; compatible; bingbot/2.0; +http://www.bing.com/bingbot.htm) Chrome/116.0.1938.76 Safari/537.36"
38.242.239.223 - - [28/Mar/2026:15:49:24 +0000] "GET /car-type/%D8%B4%D8%A7%D8%AD%D9%86%D8%A9-%D9%85%D8%AA%D9%88%D8%B3%D8%B7%D8%A9/ HTTP/1.1" 200 63703 "-" "Mozilla/5.0 (compatible; MJ12bot/v1.4.8; http://mj12bot.com/)"
38.242.239.223 - - [28/Mar/2026:15:49:28 +0000] "GET /car-type/%D9%81%D8%A7%D9%86/ HTTP/1.1" 200 62965 "-" "Mozilla/5.0 (compatible; MJ12bot/v1.4.8; http://mj12bot.com/)"
38.242.239.223 - - [28/Mar/2026:15:49:33 +0000] "GET /car-type/%D9%85%D9%8A%D9%86%D9%8A-%D9%81%D8%A7%D9%86/ HTTP/1.1" 200 62707 "-" "Mozilla/5.0 (compatible; MJ12bot/v1.4.8; http://mj12bot.com/)"
38.242.239.223 - - [28/Mar/2026:15:49:38 +0000] "GET /category/%D8%A7%D9%84%D8%B9%D8%B1%D9%88%D8%B6/ HTTP/1.1" 404 30934 "-" "Mozilla/5.0 (compatible; MJ12bot/v1.4.8; http://mj12bot.com/)"
172.105.42.26 - - [28/Mar/2026:15:49:44 +0000] "POST /wp-cron.php?doing_wp_cron=1774712984.2031559944152832031250 HTTP/1.1" 200 20 "-" "WordPress/6.9.4; https://autozone.com.sa/en/"
38.242.239.223 - - [28/Mar/2026:15:49:42 +0000] "GET /en/listings/%D9%83%D9%8A%D8%A7-k5-lx-2-2021/ HTTP/1.1" 404 28989 "-" "Mozilla/5.0 (compatible; MJ12bot/v1.4.8; http://mj12bot.com/)"
38.242.239.223 - - [28/Mar/2026:15:49:45 +0000] "GET /en/offers/%D8%A8%D8%AE%D9%8A%D8%B1%D9%87-%D8%B3%D8%A7%D8%A8%D9%82%D9%8A%D9%86-%D9%88%D8%A8%D8%B9%D8%B1%D9%88%D8%B6%D9%86%D8%A7-%D9%85%D8%AA%D9%85%D9%8A%D8%B2%D9%8A%D9%86/ HTTP/1.1" 404 28644 "-" "Mozilla/5.0 (compatible; MJ12bot/v1.4.8; http://mj12bot.com/)"
38.242.239.223 - - [28/Mar/2026:15:49:49 +0000] "GET /listings/2021-h9-%D9%87%D8%A7%D9%81%D8%A7%D9%84-%D8%AF%D9%8A%D8%AC%D9%86%D8%AA%D9%8A/ezgif-3-93a5ce0582e0-2/ HTTP/1.1" 404 30987 "-" "Mozilla/5.0 (compatible; MJ12bot/v1.4.8; http://mj12bot.com/)"
38.242.239.223 - - [28/Mar/2026:15:49:53 +0000] "GET /listings/%C3%98%C2%B4%C3%98%C2%A7%C3%99%E2%80%A0%C3%98%C2%AC%C3%98%C2%A7%C3%99%E2%80%A0-%C3%98%C2%A7%C3%99%E2%80%9E%C3%98%C2%B3%C3%99%C2%81%C3%99%E2%80%A0-basic-2021/ HTTP/1.1" 404 30984 "-" "Mozilla/5.0 (compatible; MJ12bot/v1.4.8; http://mj12bot.com/)"
2a03:2880:10ff:4e:: - - [28/Mar/2026:15:49:56 +0000] "GET /outlet/ramadan-plated-car-offer/?utm_source=Instagram&utm_medium=CPC&utm_campaign=Ramadan_Outlet_Plated_Offer&utm_id=Ramadan_Outlet_Plated_Offer HTTP/1.1" 301 20 "-" "facebookexternalhit/1.1 (+http://www.facebook.com/externalhit_uatext.php)"
38.242.239.223 - - [28/Mar/2026:15:49:57 +0000] "GET /listings/%D9%83%D9%8A%D8%A7-%D8%B3%D8%A8%D9%88%D8%B1%D8%AA%D8%A7%D8%AC-2-0l-2wd-2021/ss-2/ HTTP/1.1" 404 30973 "-" "Mozilla/5.0 (compatible; MJ12bot/v1.4.8; http://mj12bot.com/)"
2a03:2880:10ff:59:: - - [28/Mar/2026:15:49:57 +0000] "GET /outlet/ramadan-plated-car-offer/?utm_source=Instagram&utm_medium=CPC&utm_campaign=Ramadan_Outlet_Plated_Offer&utm_id=Ramadan_Outlet_Plated_Offer HTTP/1.1" 404 31052 "-" "facebookexternalhit/1.1 (+http://www.facebook.com/externalhit_uatext.php)"
2.189.5.142 - - [28/Mar/2026:15:49:59 +0000] "GET / HTTP/1.1" 200 163871 "-" "Mozilla/5.0 (iPod touch; CPU iPhone OS 13_6 like Mac OS X) AppleWebKit/604.5.6 (KHTML, like Gecko) FxiOS/118.0 Mobile/15E148 Safari/605.1.15"
38.242.239.223 - - [28/Mar/2026:15:50:01 +0000] "GET /listings/%D9%83%D9%8A%D8%A7-%D8%B3%D9%8A%D8%B1%D8%A7%D8%AA%D9%88-l-1-6-2021/ HTTP/1.1" 404 30953 "-" "Mozilla/5.0 (compatible; MJ12bot/v1.4.8; http://mj12bot.com/)"
20.210.129.65 - - [28/Mar/2026:15:50:05 +0000] "GET /about.php HTTP/1.1" 301 20 "-" "Mozilla/5.0 (Windows NT 10.0; Win64; x64) AppleWebKit/537.36 (KHTML, like Gecko) Chrome/120.0.0.0 Safari/537.36"
20.210.129.65 - - [28/Mar/2026:15:50:07 +0000] "GET /about/function.php HTTP/1.1" 301 20 "-" "Mozilla/5.0 (Windows NT 10.0; Win64; x64) AppleWebKit/537.36 (KHTML, like Gecko) Chrome/120.0.0.0 Safari/537.36"
20.210.129.65 - - [28/Mar/2026:15:50:08 +0000] "GET /admin.php HTTP/1.1" 200 5663 "-" "Mozilla/5.0 (Windows NT 10.0; Win64; x64) AppleWebKit/537.36 (KHTML, like Gecko) Chrome/120.0.0.0 Safari/537.36"
38.242.239.223 - - [28/Mar/2026:15:50:08 +0000] "GET /listings/%D9%83%D9%8A%D8%A7-%D8%B3%D9%8A%D8%B1%D8%A7%D8%AA%D9%88-l-1-6-2021/3-2/ HTTP/1.1" 404 30964 "-" "Mozilla/5.0 (compatible; MJ12bot/v1.4.8; http://mj12bot.com/)"
20.210.129.65 - - [28/Mar/2026:15:50:09 +0000] "GET /admin/admin.php HTTP/1.1" 302 20 "-" "Mozilla/5.0 (Windows NT 10.0; Win64; x64) AppleWebKit/537.36 (KHTML, like Gecko) Chrome/120.0.0.0 Safari/537.36"
20.210.129.65 - - [28/Mar/2026:15:50:11 +0000] "GET /admin/function.php HTTP/1.1" 302 20 "-" "Mozilla/5.0 (Windows NT 10.0; Win64; x64) AppleWebKit/537.36 (KHTML, like Gecko) Chrome/120.0.0.0 Safari/537.36"
2a03:2880:10ff:46:: - - [28/Mar/2026:15:50:11 +0000] "GET /outlet/ramadan-plated-car-offer/?utm_source=Instagram&utm_medium=CPC&utm_campaign=Ramadan_Outlet_Plated_Offer&utm_id=Ramadan_Outlet_Plated_Offer HTTP/1.1" 301 20 "-" "facebookexternalhit/1.1 (+http://www.facebook.com/externalhit_uatext.php)"
20.210.129.65 - - [28/Mar/2026:15:50:12 +0000] "GET /admin/index.php HTTP/1.1" 302 20 "-" "Mozilla/5.0 (Windows NT 10.0; Win64; x64) AppleWebKit/537.36 (KHTML, like Gecko) Chrome/120.0.0.0 Safari/537.36"
38.242.239.223 - - [28/Mar/2026:15:50:12 +0000] "GET /listings/%D9%83%D9%8A%D8%A7-%D8%B3%D9%8A%D8%B1%D8%A7%D8%AA%D9%88-l-1-6-2021/4-2/ HTTP/1.1" 404 30962 "-" "Mozilla/5.0 (compatible; MJ12bot/v1.4.8; http://mj12bot.com/)"
20.210.129.65 - - [28/Mar/2026:15:50:13 +0000] "GET /adminfuns.php HTTP/1.1" 301 20 "-" "Mozilla/5.0 (Windows NT 10.0; Win64; x64) AppleWebKit/537.36 (KHTML, like Gecko) Chrome/120.0.0.0 Safari/537.36"
20.210.129.65 - - [28/Mar/2026:15:50:14 +0000] "GET /akc.php HTTP/1.1" 301 20 "-" "Mozilla/5.0 (Windows NT 10.0; Win64; x64) AppleWebKit/537.36 (KHTML, like Gecko) Chrome/120.0.0.0 Safari/537.36"
20.210.129.65 - - [28/Mar/2026:15:50:16 +0000] "GET /al.php HTTP/1.1" 301 20 "-" "Mozilla/5.0 (Windows NT 10.0; Win64; x64) AppleWebKit/537.36 (KHTML, like Gecko) Chrome/120.0.0.0 Safari/537.36"
20.210.129.65 - - [28/Mar/2026:15:50:17 +0000] "GET /alfa.php HTTP/1.1" 403 1660 "-" "Mozilla/5.0 (Windows NT 10.0; Win64; x64) AppleWebKit/537.36 (KHTML, like Gecko) Chrome/120.0.0.0 Safari/537.36"
38.242.239.223 - - [28/Mar/2026:15:50:16 +0000] "GET /listings/%D9%83%D9%8A%D8%A7-%D8%B3%D9%8A%D8%B1%D8%A7%D8%AA%D9%88-l-1-6-2021/ccc-2/ HTTP/1.1" 404 30966 "-" "Mozilla/5.0 (compatible; MJ12bot/v1.4.8; http://mj12bot.com/)"
20.210.129.65 - - [28/Mar/2026:15:50:17 +0000] "GET /as.php HTTP/1.1" 301 20 "-" "Mozilla/5.0 (Windows NT 10.0; Win64; x64) AppleWebKit/537.36 (KHTML, like Gecko) Chrome/120.0.0.0 Safari/537.36"
20.210.129.65 - - [28/Mar/2026:15:50:18 +0000] "GET /asasx.php HTTP/1.1" 301 20 "-" "Mozilla/5.0 (Windows NT 10.0; Win64; x64) AppleWebKit/537.36 (KHTML, like Gecko) Chrome/120.0.0.0 Safari/537.36"
172.105.42.26 - - [28/Mar/2026:15:50:21 +0000] "POST /wp-cron.php?doing_wp_cron=1774713021.4110450744628906250000 HTTP/1.1" 200 20 "-" "WordPress/6.9.4; https://autozone.com.sa"
20.210.129.65 - - [28/Mar/2026:15:50:20 +0000] "GET /assets/images/doc.php HTTP/1.1" 301 20 "-" "Mozilla/5.0 (Windows NT 10.0; Win64; x64) AppleWebKit/537.36 (KHTML, like Gecko) Chrome/120.0.0.0 Safari/537.36"
38.242.239.223 - - [28/Mar/2026:15:50:20 +0000] "GET /listings/%D9%87%D9%8A%D9%88%D9%86%D8%AF%D8%A7%D9%8A-%D8%A5%D9%84%D9%86%D8%AA%D8%B1%D8%A7-1-6-gls-%D8%B3%D9%85%D8%A7%D8%B1%D8%AA-2021/l-1605479157-9062-5fb1aaf5dd412-2/ HTTP/1.1" 404 31020 "-" "Mozilla/5.0 (compatible; MJ12bot/v1.4.8; http://mj12bot.com/)"
20.210.129.65 - - [28/Mar/2026:15:50:21 +0000] "GET /atomlib.php HTTP/1.1" 301 20 "-" "Mozilla/5.0 (Windows NT 10.0; Win64; x64) AppleWebKit/537.36 (KHTML, like Gecko) Chrome/120.0.0.0 Safari/537.36"
20.210.129.65 - - [28/Mar/2026:15:50:22 +0000] "GET /auth.php HTTP/1.1" 301 20 "-" "Mozilla/5.0 (Windows NT 10.0; Win64; x64) AppleWebKit/537.36 (KHTML, like Gecko) Chrome/120.0.0.0 Safari/537.36"
20.210.129.65 - - [28/Mar/2026:15:50:24 +0000] "GET /autoload_classmap.php HTTP/1.1" 403 1660 "-" "Mozilla/5.0 (Windows NT 10.0; Win64; x64) AppleWebKit/537.36 (KHTML, like Gecko) Chrome/120.0.0.0 Safari/537.36"
20.210.129.65 - - [28/Mar/2026:15:50:24 +0000] "GET /autoload_classmap/function.php HTTP/1.1" 301 20 "-" "Mozilla/5.0 (Windows NT 10.0; Win64; x64) AppleWebKit/537.36 (KHTML, like Gecko) Chrome/120.0.0.0 Safari/537.36"
38.242.239.223 - - [28/Mar/2026:15:50:24 +0000] "GET /listings/%D9%87%D9%8A%D9%88%D9%86%D8%AF%D8%A7%D9%8A-%D8%A5%D9%84%D9%86%D8%AA%D8%B1%D8%A7-2-0-gls-mid-2021/ HTTP/1.1" 404 30975 "-" "Mozilla/5.0 (compatible; MJ12bot/v1.4.8; http://mj12bot.com/)"
20.210.129.65 - - [28/Mar/2026:15:50:25 +0000] "GET /b.php HTTP/1.1" 301 20 "-" "Mozilla/5.0 (Windows NT 10.0; Win64; x64) AppleWebKit/537.36 (KHTML, like Gecko) Chrome/120.0.0.0 Safari/537.36"
20.210.129.65 - - [28/Mar/2026:15:50:26 +0000] "GET /blog/fw.php HTTP/1.1" 301 20 "-" "Mozilla/5.0 (Windows NT 10.0; Win64; x64) AppleWebKit/537.36 (KHTML, like Gecko) Chrome/120.0.0.0 Safari/537.36"
20.210.129.65 - - [28/Mar/2026:15:50:28 +0000] "GET /bugz.php HTTP/1.1" 301 20 "-" "Mozilla/5.0 (Windows NT 10.0; Win64; x64) AppleWebKit/537.36 (KHTML, like Gecko) Chrome/120.0.0.0 Safari/537.36"
38.242.239.223 - - [28/Mar/2026:15:50:28 +0000] "GET /make/%D9%83%D9%8A%D8%A7/ HTTP/1.1" 404 30917 "-" "Mozilla/5.0 (compatible; MJ12bot/v1.4.8; http://mj12bot.com/)"
20.210.129.65 - - [28/Mar/2026:15:50:29 +0000] "GET /byp.php HTTP/1.1" 301 20 "-" "Mozilla/5.0 (Windows NT 10.0; Win64; x64) AppleWebKit/537.36 (KHTML, like Gecko) Chrome/120.0.0.0 Safari/537.36"
20.210.129.65 - - [28/Mar/2026:15:50:31 +0000] "GET /cc.php HTTP/1.1" 301 20 "-" "Mozilla/5.0 (Windows NT 10.0; Win64; x64) AppleWebKit/537.36 (KHTML, like Gecko) Chrome/120.0.0.0 Safari/537.36"
20.210.129.65 - - [28/Mar/2026:15:50:32 +0000] "GET /chosen.php HTTP/1.1" 403 1660 "-" "Mozilla/5.0 (Windows NT 10.0; Win64; x64) AppleWebKit/537.36 (KHTML, like Gecko) Chrome/120.0.0.0 Safari/537.36"
20.210.129.65 - - [28/Mar/2026:15:50:32 +0000] "GET /class.php HTTP/1.1" 301 20 "-" "Mozilla/5.0 (Windows NT 10.0; Win64; x64) AppleWebKit/537.36 (KHTML, like Gecko) Chrome/120.0.0.0 Safari/537.36"
38.242.239.223 - - [28/Mar/2026:15:50:32 +0000] "GET /offers/%D8%B9%D8%B1%D9%88%D8%B6-%D8%A7%D9%82%D8%B3%D8%A7%D8%B7-%D8%A7%D9%84%D8%B5%D9%8A%D9%81-%D9%85%D9%86-%D8%A7%D9%88%D8%AA%D9%88%D8%B2%D9%88%D9%86/ HTTP/1.1" 404 30552 "-" "Mozilla/5.0 (compatible; MJ12bot/v1.4.8; http://mj12bot.com/)"
20.210.129.65 - - [28/Mar/2026:15:50:33 +0000] "GET /classwithtostring.php HTTP/1.1" 301 20 "-" "Mozilla/5.0 (Windows NT 10.0; Win64; x64) AppleWebKit/537.36 (KHTML, like Gecko) Chrome/120.0.0.0 Safari/537.36"
20.210.129.65 - - [28/Mar/2026:15:50:35 +0000] "GET /composer.php HTTP/1.1" 301 20 "-" "Mozilla/5.0 (Windows NT 10.0; Win64; x64) AppleWebKit/537.36 (KHTML, like Gecko) Chrome/120.0.0.0 Safari/537.36"
20.210.129.65 - - [28/Mar/2026:15:50:36 +0000] "GET /css.php HTTP/1.1" 301 20 "-" "Mozilla/5.0 (Windows NT 10.0; Win64; x64) AppleWebKit/537.36 (KHTML, like Gecko) Chrome/120.0.0.0 Safari/537.36"
20.210.129.65 - - [28/Mar/2026:15:50:37 +0000] "GET /dropdown.php HTTP/1.1" 403 1660 "-" "Mozilla/5.0 (Windows NT 10.0; Win64; x64) AppleWebKit/537.36 (KHTML, like Gecko) Chrome/120.0.0.0 Safari/537.36"
38.242.239.223 - - [28/Mar/2026:15:50:36 +0000] "GET /offers/%D9%82%D8%A7%D9%84%D9%88-%D9%84%D9%83-%D8%AE%D9%84%D8%B5%D8%AA%D8%9F-%D8%B9%D8%B1%D9%88%D8%B6-%D8%A7%D9%88%D8%AA%D9%88%D8%B2%D9%88%D9%86-%D9%85%D8%B3%D8%AA%D9%85%D8%B1%D8%A9/ HTTP/1.1" 404 30568 "-" "Mozilla/5.0 (compatible; MJ12bot/v1.4.8; http://mj12bot.com/)"
20.210.129.65 - - [28/Mar/2026:15:50:37 +0000] "GET /f35.php HTTP/1.1" 301 20 "-" "Mozilla/5.0 (Windows NT 10.0; Win64; x64) AppleWebKit/537.36 (KHTML, like Gecko) Chrome/120.0.0.0 Safari/537.36"
20.210.129.65 - - [28/Mar/2026:15:50:39 +0000] "GET /file.php HTTP/1.1" 301 20 "-" "Mozilla/5.0 (Windows NT 10.0; Win64; x64) AppleWebKit/537.36 (KHTML, like Gecko) Chrome/120.0.0.0 Safari/537.36"
20.210.129.65 - - [28/Mar/2026:15:50:40 +0000] "GET /file2.php HTTP/1.1" 301 20 "-" "Mozilla/5.0 (Windows NT 10.0; Win64; x64) AppleWebKit/537.36 (KHTML, like Gecko) Chrome/120.0.0.0 Safari/537.36"
20.210.129.65 - - [28/Mar/2026:15:50:41 +0000] "GET /fix.php HTTP/1.1" 301 20 "-" "Mozilla/5.0 (Windows NT 10.0; Win64; x64) AppleWebKit/537.36 (KHTML, like Gecko) Chrome/120.0.0.0 Safari/537.36"
20.210.129.65 - - [28/Mar/2026:15:50:42 +0000] "GET /flower.php HTTP/1.1" 403 1660 "-" "Mozilla/5.0 (Windows NT 10.0; Win64; x64) AppleWebKit/537.36 (KHTML, like Gecko) Chrome/120.0.0.0 Safari/537.36"
172.105.42.26 - - [28/Mar/2026:15:50:43 +0000] "POST /wp-cron.php?doing_wp_cron=1774713043.0595219135284423828125 HTTP/1.1" 200 20 "-" "WordPress/6.9.4; https://autozone.com.sa"
38.242.239.223 - - [28/Mar/2026:15:50:40 +0000] "GET /product/%D8%AA%D9%88%D9%8A%D9%88%D8%AA%D8%A7-%D9%83%D9%88%D8%B1%D9%88%D9%84%D8%A7-%D8%A7%D9%83%D8%B3-%D8%A7%D9%84-%D8%A7%D9%8A-%D8%A7%D9%83%D8%B3%D9%83%D8%AA%D9%8A%D9%81-2026-%D9%86%D8%B3%D8%AE%D8%A9/ HTTP/1.1" 200 129668 "-" "Mozilla/5.0 (compatible; MJ12bot/v1.4.8; http://mj12bot.com/)"
20.210.129.65 - - [28/Mar/2026:15:50:43 +0000] "GET /fox.php HTTP/1.1" 301 20 "-" "Mozilla/5.0 (Windows NT 10.0; Win64; x64) AppleWebKit/537.36 (KHTML, like Gecko) Chrome/120.0.0.0 Safari/537.36"
20.210.129.65 - - [28/Mar/2026:15:50:44 +0000] "GET /function/function.php HTTP/1.1" 301 20 "-" "Mozilla/5.0 (Windows NT 10.0; Win64; x64) AppleWebKit/537.36 (KHTML, like Gecko) Chrome/120.0.0.0 Safari/537.36"
38.242.239.223 - - [28/Mar/2026:15:50:44 +0000] "GET /product/%D8%AA%D9%88%D9%8A%D9%88%D8%AA%D8%A7-%D9%83%D9%88%D8%B1%D9%88%D9%84%D8%A7-%D8%A7%D9%83%D8%B3-%D8%A7%D9%84-%D8%A7%D9%8A-%D8%A7%D9%83%D8%B3%D9%83%D8%AA%D9%8A%D9%81-2026-%D9%86%D8%B3%D8%AE%D8%A9/feed/ HTTP/1.1" 200 612 "-" "Mozilla/5.0 (compatible; MJ12bot/v1.4.8; http://mj12bot.com/)"
20.210.129.65 - - [28/Mar/2026:15:50:45 +0000] "GET /g.php HTTP/1.1" 301 20 "-" "Mozilla/5.0 (Windows NT 10.0; Win64; x64) AppleWebKit/537.36 (KHTML, like Gecko) Chrome/120.0.0.0 Safari/537.36"
20.210.129.65 - - [28/Mar/2026:15:50:46 +0000] "GET /gecko.php HTTP/1.1" 403 1660 "-" "Mozilla/5.0 (Windows NT 10.0; Win64; x64) AppleWebKit/537.36 (KHTML, like Gecko) Chrome/120.0.0.0 Safari/537.36"
20.210.129.65 - - [28/Mar/2026:15:50:47 +0000] "GET /gel4y.php HTTP/1.1" 403 1660 "-" "Mozilla/5.0 (Windows NT 10.0; Win64; x64) AppleWebKit/537.36 (KHTML, like Gecko) Chrome/120.0.0.0 Safari/537.36"
20.210.129.65 - - [28/Mar/2026:15:50:47 +0000] "GET /gelay.php HTTP/1.1" 301 20 "-" "Mozilla/5.0 (Windows NT 10.0; Win64; x64) AppleWebKit/537.36 (KHTML, like Gecko) Chrome/120.0.0.0 Safari/537.36"
20.210.129.65 - - [28/Mar/2026:15:50:48 +0000] "GET /gg.php HTTP/1.1" 301 20 "-" "Mozilla/5.0 (Windows NT 10.0; Win64; x64) AppleWebKit/537.36 (KHTML, like Gecko) Chrome/120.0.0.0 Safari/537.36"
38.242.239.223 - - [28/Mar/2026:15:50:47 +0000] "GET /product/%D8%AA%D9%88%D9%8A%D9%88%D8%AA%D8%A7-%D9%8A%D8%A7%D8%B1%D8%B3-%D9%88%D8%A7%D9%8A-%D8%A8%D9%84%D8%B3-2026-%D9%86%D8%B3%D8%AE%D8%A9/ HTTP/1.1" 200 129686 "-" "Mozilla/5.0 (compatible; MJ12bot/v1.4.8; http://mj12bot.com/)"
20.210.129.65 - - [28/Mar/2026:15:50:49 +0000] "GET /goat.php HTTP/1.1" 301 20 "-" "Mozilla/5.0 (Windows NT 10.0; Win64; x64) AppleWebKit/537.36 (KHTML, like Gecko) Chrome/120.0.0.0 Safari/537.36"
20.210.129.65 - - [28/Mar/2026:15:50:51 +0000] "GET /goods.php HTTP/1.1" 301 20 "-" "Mozilla/5.0 (Windows NT 10.0; Win64; x64) AppleWebKit/537.36 (KHTML, like Gecko) Chrome/120.0.0.0 Safari/537.36"
20.210.129.65 - - [28/Mar/2026:15:50:52 +0000] "GET /h.php HTTP/1.1" 301 20 "-" "Mozilla/5.0 (Windows NT 10.0; Win64; x64) AppleWebKit/537.36 (KHTML, like Gecko) Chrome/120.0.0.0 Safari/537.36"
20.210.129.65 - - [28/Mar/2026:15:50:53 +0000] "GET /images/admin.php HTTP/1.1" 301 20 "-" "Mozilla/5.0 (Windows NT 10.0; Win64; x64) AppleWebKit/537.36 (KHTML, like Gecko) Chrome/120.0.0.0 Safari/537.36"
38.242.239.223 - - [28/Mar/2026:15:50:52 +0000] "GET /product/%D8%AA%D9%88%D9%8A%D9%88%D8%AA%D8%A7-%D9%8A%D8%A7%D8%B1%D8%B3-%D9%88%D8%A7%D9%8A-%D9%84%D9%8A%D9%85%D9%8A%D8%AA%D9%8A%D8%AF-2026-%D9%86%D8%B3%D8%AE%D8%A9/ HTTP/1.1" 200 129761 "-" "Mozilla/5.0 (compatible; MJ12bot/v1.4.8; http://mj12bot.com/)"
20.210.129.65 - - [28/Mar/2026:15:50:54 +0000] "GET /images/class-config.php HTTP/1.1" 301 20 "-" "Mozilla/5.0 (Windows NT 10.0; Win64; x64) AppleWebKit/537.36 (KHTML, like Gecko) Chrome/120.0.0.0 Safari/537.36"
47.82.11.199 - - [28/Mar/2026:15:50:55 +0000] "GET /?shopdetail/61403891 HTTP/1.1" 301 20 "https://autozone.com.sa/" "Mozilla/5.0 (Windows NT 10.0; Win64; x64) AppleWebKit/537.36 (KHTML, like Gecko) Chrome/135.0.0.0 Safari/537.36 Edg/135.0.0.0"
20.210.129.65 - - [28/Mar/2026:15:50:56 +0000] "GET /index.bak.php HTTP/1.1" 301 20 "-" "Mozilla/5.0 (Windows NT 10.0; Win64; x64) AppleWebKit/537.36 (KHTML, like Gecko) Chrome/120.0.0.0 Safari/537.36"
47.82.11.211 - - [28/Mar/2026:15:50:56 +0000] "GET /?shopdetail/88304734 HTTP/1.1" 301 20 "https://www.autozone.com.sa/" "Mozilla/5.0 (Windows NT 10.0; Win64; x64) AppleWebKit/537.36 (KHTML, like Gecko) Chrome/135.0.0.0 Safari/537.36"
47.82.11.199 - - [28/Mar/2026:15:50:56 +0000] "GET /?shopdetail/61403891 HTTP/1.1" 301 20 "https://autozone.com.sa/" "Mozilla/5.0 (Windows NT 10.0; Win64; x64) AppleWebKit/537.36 (KHTML, like Gecko) Chrome/135.0.0.0 Safari/537.36 Edg/135.0.0.0"
20.210.129.65 - - [28/Mar/2026:15:50:57 +0000] "GET /index/function.php HTTP/1.1" 301 20 "-" "Mozilla/5.0 (Windows NT 10.0; Win64; x64) AppleWebKit/537.36 (KHTML, like Gecko) Chrome/120.0.0.0 Safari/537.36"
47.82.11.211 - - [28/Mar/2026:15:50:57 +0000] "GET /?shopdetail/88304734 HTTP/1.1" 301 20 "https://www.autozone.com.sa/" "Mozilla/5.0 (Windows NT 10.0; Win64; x64) AppleWebKit/537.36 (KHTML, like Gecko) Chrome/135.0.0.0 Safari/537.36"
147.185.132.204 - - [28/Mar/2026:15:50:57 +0000] "GET / HTTP/1.1" 301 20 "-" "Hello from Palo Alto Networks, find out more about our scans in https://docs-cortex.paloaltonetworks.com/r/1/Cortex-Xpanse/Scanning-activity"
20.210.129.65 - - [28/Mar/2026:15:50:58 +0000] "GET /info.php HTTP/1.1" 301 20 "-" "Mozilla/5.0 (Windows NT 10.0; Win64; x64) AppleWebKit/537.36 (KHTML, like Gecko) Chrome/120.0.0.0 Safari/537.36"
38.242.239.223 - - [28/Mar/2026:15:50:57 +0000] "GET /product/%D8%AA%D9%88%D9%8A%D9%88%D8%AA%D8%A7-%D9%8A%D8%A7%D8%B1%D8%B3-%D9%88%D8%A7%D9%8A-2026-%D9%86%D8%B3%D8%AE%D8%A9/ HTTP/1.1" 200 129636 "-" "Mozilla/5.0 (compatible; MJ12bot/v1.4.8; http://mj12bot.com/)"
20.210.129.65 - - [28/Mar/2026:15:51:00 +0000] "GET /infos.php HTTP/1.1" 301 20 "-" "Mozilla/5.0 (Windows NT 10.0; Win64; x64) AppleWebKit/537.36 (KHTML, like Gecko) Chrome/120.0.0.0 Safari/537.36"
20.210.129.65 - - [28/Mar/2026:15:51:01 +0000] "GET /ioxi-o.php HTTP/1.1" 301 20 "-" "Mozilla/5.0 (Windows NT 10.0; Win64; x64) AppleWebKit/537.36 (KHTML, like Gecko) Chrome/120.0.0.0 Safari/537.36"
38.242.239.223 - - [28/Mar/2026:15:51:02 +0000] "GET /product/%D8%B4%D8%A7%D9%86%D8%AC%D8%A7%D9%86-%D8%A7%D9%8A%D8%AF%D9%88-%D8%A8%D9%84%D8%B3-%D9%84%D9%8A%D9%85%D9%8A%D8%AA%D9%8A%D8%AF-2026-%D9%86%D8%B3%D8%AE%D8%A9/feed/ HTTP/1.1" 200 596 "-" "Mozilla/5.0 (compatible; MJ12bot/v1.4.8; http://mj12bot.com/)"
20.210.129.65 - - [28/Mar/2026:15:51:02 +0000] "GET /k.php HTTP/1.1" 301 20 "-" "Mozilla/5.0 (Windows NT 10.0; Win64; x64) AppleWebKit/537.36 (KHTML, like Gecko) Chrome/120.0.0.0 Safari/537.36"
74.125.218.169 - - [28/Mar/2026:15:51:03 +0000] "GET / HTTP/1.1" 301 20 "-" "Mozilla/5.0 (Linux; Android 6.0.1; Nexus 5X Build/MMB29P) AppleWebKit/537.36 (KHTML, like Gecko) Chrome/146.0.7680.153 Mobile Safari/537.36 (compatible; AdsBot-Google-Mobile; +http://www.google.com/mobile/adsbot.html)"
20.210.129.65 - - [28/Mar/2026:15:51:04 +0000] "GET /m.php HTTP/1.1" 301 20 "-" "Mozilla/5.0 (Windows NT 10.0; Win64; x64) AppleWebKit/537.36 (KHTML, like Gecko) Chrome/120.0.0.0 Safari/537.36"
38.242.239.223 - - [28/Mar/2026:15:51:04 +0000] "GET /product/%D9%81%D9%88%D8%B1%D8%AF-%D8%AA%D9%88%D8%B1%D8%B3-%D8%AA%D9%8A%D8%AA%D8%A7%D9%86%D9%8A%D9%88%D9%85-2025-%D9%86%D8%B3%D8%AE%D8%A9/feed/ HTTP/1.1" 200 574 "-" "Mozilla/5.0 (compatible; MJ12bot/v1.4.8; http://mj12bot.com/)"
20.210.129.65 - - [28/Mar/2026:15:51:05 +0000] "GET /mar.php HTTP/1.1" 301 20 "-" "Mozilla/5.0 (Windows NT 10.0; Win64; x64) AppleWebKit/537.36 (KHTML, like Gecko) Chrome/120.0.0.0 Safari/537.36"
20.210.129.65 - - [28/Mar/2026:15:51:06 +0000] "GET /mini HTTP/1.1" 301 20 "-" "Mozilla/5.0 (Windows NT 10.0; Win64; x64) AppleWebKit/537.36 (KHTML, like Gecko) Chrome/120.0.0.0 Safari/537.36"
66.249.87.164 - - [28/Mar/2026:15:51:04 +0000] "GET / HTTP/1.1" 200 163862 "-" "Mozilla/5.0 (Linux; Android 6.0.1; Nexus 5X Build/MMB29P) AppleWebKit/537.36 (KHTML, like Gecko) Chrome/146.0.7680.153 Mobile Safari/537.36 (compatible; AdsBot-Google-Mobile; +http://www.google.com/mobile/adsbot.html)"
38.242.239.223 - - [28/Mar/2026:15:51:07 +0000] "GET /product/%D9%87%D8%A7%D9%81%D8%A7%D9%84-%D8%A7%D8%AA%D8%B4-9-%D8%B3%D8%A8%D9%8A%D8%B4%D8%A7%D9%84-%D9%83%D9%84%D9%88%D8%B1-2026-%D9%86%D8%B3%D8%AE%D8%A9/ HTTP/1.1" 200 135363 "-" "Mozilla/5.0 (compatible; MJ12bot/v1.4.8; http://mj12bot.com/)"
66.249.87.162 - - [28/Mar/2026:15:51:16 +0000] "GET /wp-content/uploads/al_opt_content/SCRIPT/f09dd5e5ff8ea44f222fbc2801d191a5.js?ver=0edd78a6f12e2b918b82 HTTP/1.1" 200 752 "-" "AdsBot-Google (+http://www.google.com/adsbot.html)"
38.242.239.223 - - [28/Mar/2026:15:51:13 +0000] "GET /product/%D9%87%D8%A7%D9%81%D8%A7%D9%84-%D8%A7%D8%AA%D8%B4-9-%D8%B3%D8%A8%D9%8A%D8%B4%D8%A7%D9%84-%D9%83%D9%84%D9%88%D8%B1-2026-%D9%86%D8%B3%D8%AE%D8%A9-2/ HTTP/1.1" 200 134252 "-" "Mozilla/5.0 (compatible; MJ12bot/v1.4.8; http://mj12bot.com/)"
47.82.10.90 - - [28/Mar/2026:15:51:15 +0000] "GET /?shopdetail/48772071 HTTP/1.1" 301 20 "https://autozone.com.sa/" "Mozilla/5.0 (Windows NT 10.0; Win64; x64) AppleWebKit/537.36 (KHTML, like Gecko) Chrome/132.0.0.0 Safari/537.36"
47.82.10.90 - - [28/Mar/2026:15:51:17 +0000] "GET /?shopdetail/48772071 HTTP/1.1" 301 20 "https://autozone.com.sa/" "Mozilla/5.0 (Windows NT 10.0; Win64; x64) AppleWebKit/537.36 (KHTML, like Gecko) Chrome/132.0.0.0 Safari/537.36"
38.242.239.223 - - [28/Mar/2026:15:51:18 +0000] "GET /product/%D9%87%D8%A7%D9%81%D8%A7%D9%84-%D8%A7%D8%AA%D8%B4-9-%D8%B3%D8%A8%D9%8A%D8%B4%D8%A7%D9%84-%D9%83%D9%84%D9%88%D8%B1-2026-%D9%86%D8%B3%D8%AE%D8%A9-2/feed/ HTTP/1.1" 200 588 "-" "Mozilla/5.0 (compatible; MJ12bot/v1.4.8; http://mj12bot.com/)"
172.105.42.26 - - [28/Mar/2026:15:51:22 +0000] "POST /wp-cron.php?doing_wp_cron=1774713082.0885128974914550781250 HTTP/1.1" 200 20 "-" "WordPress/6.9.4; https://autozone.com.sa"
47.82.11.199 - - [28/Mar/2026:15:51:20 +0000] "GET /?shopdetail/38727373 HTTP/1.1" 301 20 "https://autozone.com.sa/" "Mozilla/5.0 (Macintosh; Intel Mac OS X 10_15_7) AppleWebKit/605.1.15 (KHTML, like Gecko) Version/18.3.1 Safari/605.1.15"
38.242.239.223 - - [28/Mar/2026:15:51:21 +0000] "GET /product/%D9%87%D8%A7%D9%81%D8%A7%D9%84-%D8%A7%D8%AA%D8%B4-9-%D8%B3%D8%A8%D9%8A%D8%B4%D8%A7%D9%84-%D9%83%D9%84%D9%88%D8%B1-2026-%D9%86%D8%B3%D8%AE%D8%A9/feed/ HTTP/1.1" 200 579 "-" "Mozilla/5.0 (compatible; MJ12bot/v1.4.8; http://mj12bot.com/)"
47.82.11.199 - - [28/Mar/2026:15:51:22 +0000] "GET /?shopdetail/38727373 HTTP/1.1" 301 20 "https://autozone.com.sa/" "Mozilla/5.0 (Macintosh; Intel Mac OS X 10_15_7) AppleWebKit/605.1.15 (KHTML, like Gecko) Version/18.3.1 Safari/605.1.15"
172.105.42.26 - - [28/Mar/2026:15:51:25 +0000] "POST /wp-cron.php?doing_wp_cron=1774713085.6676819324493408203125 HTTP/1.1" 200 20 "-" "WordPress/6.9.4; https://autozone.com.sa"
40.67.183.167 - - [28/Mar/2026:15:51:21 +0000] "GET / HTTP/1.1" 200 163868 "-" "Mozilla/5.0 AppleWebKit/537.36 (KHTML, like Gecko); compatible; ChatGPT-User/1.0; +https://openai.com/bot"
38.242.239.223 - - [28/Mar/2026:15:51:24 +0000] "GET /product/%D9%87%D9%88%D9%86%D8%AF%D8%A7-%D8%A7%D9%83%D9%88%D8%B1%D8%AF-%D8%A7%D9%84-%D8%A7%D9%83%D8%B3-%D9%8A%D9%88-2023/ HTTP/1.1" 200 130024 "-" "Mozilla/5.0 (compatible; MJ12bot/v1.4.8; http://mj12bot.com/)"
38.242.239.223 - - [28/Mar/2026:15:51:29 +0000] "GET /product/%D9%87%D9%88%D9%86%D8%AF%D8%A7-%D8%A7%D9%83%D9%88%D8%B1%D8%AF-%D8%A7%D9%84-%D8%A7%D9%83%D8%B3-%D9%8A%D9%88-2023/feed/ HTTP/1.1" 200 575 "-" "Mozilla/5.0 (compatible; MJ12bot/v1.4.8; http://mj12bot.com/)"
38.242.239.223 - - [28/Mar/2026:15:51:32 +0000] "GET /product/%D8%B4%D8%A7%D9%86%D8%AC%D8%A7%D9%86-%D8%A7%D9%8A%D8%AF%D9%88-%D8%A8%D9%84%D8%B3-%D9%84%D9%8A%D9%85%D9%8A%D8%AA%D9%8A%D8%AF-2026-%D9%86%D8%B3%D8%AE%D8%A9/ HTTP/1.1" 200 130556 "-" "Mozilla/5.0 (compatible; MJ12bot/v1.4.8; http://mj12bot.com/)"
38.242.239.223 - - [28/Mar/2026:15:51:37 +0000] "GET /product/%D9%81%D9%88%D8%B1%D8%AF-%D8%AA%D9%88%D8%B1%D8%B3-%D8%AA%D9%8A%D8%AA%D8%A7%D9%86%D9%8A%D9%88%D9%85-2025-%D9%86%D8%B3%D8%AE%D8%A9/ HTTP/1.1" 200 70649 "-" "Mozilla/5.0 (compatible; MJ12bot/v1.4.8; http://mj12bot.com/)"
47.82.9.21 - - [28/Mar/2026:15:51:43 +0000] "GET /?shopdetail/24482635 HTTP/1.1" 301 20 "https://autozone.com.sa/" "Mozilla/5.0 (Windows NT 10.0; Win64; x64) AppleWebKit/537.36 (KHTML, like Gecko) Chrome/134.0.0.0 Safari/537.36 Edg/134.0.0.0"
38.242.239.223 - - [28/Mar/2026:15:51:42 +0000] "GET /%D8%A7%D9%84%D9%85%D8%A7%D8%B1%D9%83%D8%A9/%D8%A7%D9%8A%D8%B3%D9%88%D8%B2%D9%88/ HTTP/1.1" 200 61818 "-" "Mozilla/5.0 (compatible; MJ12bot/v1.4.8; http://mj12bot.com/)"
47.82.9.21 - - [28/Mar/2026:15:51:44 +0000] "GET /?shopdetail/24482635 HTTP/1.1" 301 20 "https://autozone.com.sa/" "Mozilla/5.0 (Windows NT 10.0; Win64; x64) AppleWebKit/537.36 (KHTML, like Gecko) Chrome/134.0.0.0 Safari/537.36 Edg/134.0.0.0"
38.242.239.223 - - [28/Mar/2026:15:51:46 +0000] "GET /%D8%A7%D9%84%D9%85%D8%A7%D8%B1%D9%83%D8%A9/%D8%A7%D9%8A%D8%B3%D9%88%D8%B2%D9%88/feed/ HTTP/1.1" 200 959 "-" "Mozilla/5.0 (compatible; MJ12bot/v1.4.8; http://mj12bot.com/)"
66.249.87.164 - - [28/Mar/2026:15:51:49 +0000] "GET /wp-content/uploads/al_opt_content/SCRIPT/d2747d97701d5257ead936eea4eab86c.js?ver=a8ff8d24b43df9ed7e99 HTTP/1.1" 200 12924 "-" "AdsBot-Google (+http://www.google.com/adsbot.html)"
47.82.11.151 - - [28/Mar/2026:15:51:50 +0000] "GET /?shopdetail/35711086 HTTP/1.1" 301 20 "https://www.autozone.com.sa/" "Mozilla/5.0 (Windows NT 10.0; Win64; x64) AppleWebKit/537.36 (KHTML, like Gecko) Chrome/135.0.0.0 Safari/537.36 Edg/135.0.0.0"
178.87.202.215 - - [28/Mar/2026:15:51:48 +0000] "GET /product/kia-k5-lx-2025/ HTTP/1.1" 200 127898 "https://www.google.com/" "Mozilla/5.0 (iPhone; CPU iPhone OS 18_7 like Mac OS X) AppleWebKit/605.1.15 (KHTML, like Gecko) Version/26.3 Mobile/15E148 Safari/604.1"
178.87.202.215 - - [28/Mar/2026:15:51:52 +0000] "GET /wp-content/plugins/woocommerce/assets/css/woocommerce-layout-rtl.css?ver=10.6.1 HTTP/1.1" 200 3413 "https://autozone.com.sa/" "Mozilla/5.0 (iPhone; CPU iPhone OS 18_7 like Mac OS X) AppleWebKit/605.1.15 (KHTML, like Gecko) Version/26.3 Mobile/15E148 Safari/604.1"
178.87.202.215 - - [28/Mar/2026:15:51:52 +0000] "GET /wp-content/uploads/elementor/css/custom-widget-icon-list-rtl.min.css?ver=1774675920 HTTP/1.1" 200 1032 "https://autozone.com.sa/" "Mozilla/5.0 (iPhone; CPU iPhone OS 18_7 like Mac OS X) AppleWebKit/605.1.15 (KHTML, like Gecko) Version/26.3 Mobile/15E148 Safari/604.1"
178.87.202.215 - - [28/Mar/2026:15:51:52 +0000] "GET /wp-content/plugins/elementor/assets/css/widget-social-icons-rtl.min.css?ver=3.35.4 HTTP/1.1" 200 1142 "https://autozone.com.sa/" "Mozilla/5.0 (iPhone; CPU iPhone OS 18_7 like Mac OS X) AppleWebKit/605.1.15 (KHTML, like Gecko) Version/26.3 Mobile/15E148 Safari/604.1"
178.87.202.215 - - [28/Mar/2026:15:51:52 +0000] "GET /wp-content/uploads/elementor/css/custom-apple-webkit.min.css?ver=1774675920 HTTP/1.1" 200 547 "https://autozone.com.sa/" "Mozilla/5.0 (iPhone; CPU iPhone OS 18_7 like Mac OS X) AppleWebKit/605.1.15 (KHTML, like Gecko) Version/26.3 Mobile/15E148 Safari/604.1"
178.87.202.215 - - [28/Mar/2026:15:51:52 +0000] "GET /wp-content/plugins/woocommerce/assets/css/photoswipe/photoswipe.min.css?ver=10.6.1 HTTP/1.1" 200 983 "https://autozone.com.sa/" "Mozilla/5.0 (iPhone; CPU iPhone OS 18_7 like Mac OS X) AppleWebKit/605.1.15 (KHTML, like Gecko) Version/26.3 Mobile/15E148 Safari/604.1"
178.87.202.215 - - [28/Mar/2026:15:51:52 +0000] "GET /wp-content/plugins/jet-theme-core/assets/css/frontend.css?ver=2.3.1.1 HTTP/1.1" 304 - "https://autozone.com.sa/" "Mozilla/5.0 (iPhone; CPU iPhone OS 18_7 like Mac OS X) AppleWebKit/605.1.15 (KHTML, like Gecko) Version/26.3 Mobile/15E148 Safari/604.1"
178.87.202.215 - - [28/Mar/2026:15:51:52 +0000] "GET /wp-content/uploads/elementor/css/custom-pro-widget-nav-menu-rtl.min.css?ver=1774675920 HTTP/1.1" 200 3422 "https://autozone.com.sa/" "Mozilla/5.0 (iPhone; CPU iPhone OS 18_7 like Mac OS X) AppleWebKit/605.1.15 (KHTML, like Gecko) Version/26.3 Mobile/15E148 Safari/604.1"
178.87.202.215 - - [28/Mar/2026:15:51:52 +0000] "GET /wp-content/uploads/elementor/css/custom-frontend.min.css?ver=1774675920 HTTP/1.1" 200 7325 "https://autozone.com.sa/" "Mozilla/5.0 (iPhone; CPU iPhone OS 18_7 like Mac OS X) AppleWebKit/605.1.15 (KHTML, like Gecko) Version/26.3 Mobile/15E148 Safari/604.1"
178.87.202.215 - - [28/Mar/2026:15:51:52 +0000] "GET /wp-content/plugins/bdthemes-element-pack/assets/css/ep-helper.rtl.css?ver=9.1.1 HTTP/1.1" 200 6507 "https://autozone.com.sa/" "Mozilla/5.0 (iPhone; CPU iPhone OS 18_7 like Mac OS X) AppleWebKit/605.1.15 (KHTML, like Gecko) Version/26.3 Mobile/15E148 Safari/604.1"
178.87.202.215 - - [28/Mar/2026:15:51:52 +0000] "GET /wp-content/uploads/elementor/css/post-1014.css?ver=1774675857 HTTP/1.1" 200 3291 "https://autozone.com.sa/" "Mozilla/5.0 (iPhone; CPU iPhone OS 18_7 like Mac OS X) AppleWebKit/605.1.15 (KHTML, like Gecko) Version/26.3 Mobile/15E148 Safari/604.1"
178.87.202.215 - - [28/Mar/2026:15:51:52 +0000] "GET /wp-content/plugins/jet-tabs/assets/css/jet-tabs-frontend.css?ver=2.2.10 HTTP/1.1" 200 4018 "https://autozone.com.sa/" "Mozilla/5.0 (iPhone; CPU iPhone OS 18_7 like Mac OS X) AppleWebKit/605.1.15 (KHTML, like Gecko) Version/26.3 Mobile/15E148 Safari/604.1"
178.87.202.215 - - [28/Mar/2026:15:51:52 +0000] "GET /wp-content/uploads/elementor/css/post-6.css?ver=1774675857 HTTP/1.1" 200 878 "https://autozone.com.sa/" "Mozilla/5.0 (iPhone; CPU iPhone OS 18_7 like Mac OS X) AppleWebKit/605.1.15 (KHTML, like Gecko) Version/26.3 Mobile/15E148 Safari/604.1"
178.87.202.215 - - [28/Mar/2026:15:51:52 +0000] "GET /wp-content/plugins/jetformbuilder/modules/blocks-v2/text-field/assets/build/frontend/field.css?ver=16395ed38b7c1e8808d6 HTTP/1.1" 200 243 "https://autozone.com.sa/" "Mozilla/5.0 (iPhone; CPU iPhone OS 18_7 like Mac OS X) AppleWebKit/605.1.15 (KHTML, like Gecko) Version/26.3 Mobile/15E148 Safari/604.1"
178.87.202.215 - - [28/Mar/2026:15:51:52 +0000] "GET /wp-content/uploads/elementor/css/post-957.css?ver=1774675858 HTTP/1.1" 200 996 "https://autozone.com.sa/" "Mozilla/5.0 (iPhone; CPU iPhone OS 18_7 like Mac OS X) AppleWebKit/605.1.15 (KHTML, like Gecko) Version/26.3 Mobile/15E148 Safari/604.1"
178.87.202.215 - - [28/Mar/2026:15:51:52 +0000] "GET /wp-content/uploads/elementor/css/post-1038.css?ver=1774675857 HTTP/1.1" 200 1900 "https://autozone.com.sa/" "Mozilla/5.0 (iPhone; CPU iPhone OS 18_7 like Mac OS X) AppleWebKit/605.1.15 (KHTML, like Gecko) Version/26.3 Mobile/15E148 Safari/604.1"
47.82.11.151 - - [28/Mar/2026:15:51:51 +0000] "GET /?shopdetail/35711086 HTTP/1.1" 301 20 "https://www.autozone.com.sa/" "Mozilla/5.0 (Windows NT 10.0; Win64; x64) AppleWebKit/537.36 (KHTML, like Gecko) Chrome/135.0.0.0 Safari/537.36 Edg/135.0.0.0"
38.242.239.223 - - [28/Mar/2026:15:51:49 +0000] "GET /%D8%A7%D9%84%D9%85%D8%A7%D8%B1%D9%83%D8%A9/%D8%AA%D9%88%D9%8A%D9%88%D8%AA%D8%A7/ HTTP/1.1" 200 67778 "-" "Mozilla/5.0 (compatible; MJ12bot/v1.4.8; http://mj12bot.com/)"
178.87.202.215 - - [28/Mar/2026:15:51:53 +0000] "GET /wp-content/uploads/2026/01/03-2-1536x1024.webp HTTP/1.1" 200 80387 "https://autozone.com.sa/" "Mozilla/5.0 (iPhone; CPU iPhone OS 18_7 like Mac OS X) AppleWebKit/605.1.15 (KHTML, like Gecko) Version/26.3 Mobile/15E148 Safari/604.1"
38.242.239.223 - - [28/Mar/2026:15:51:54 +0000] "GET /%D8%A7%D9%84%D9%85%D8%A7%D8%B1%D9%83%D8%A9/%D8%AA%D9%88%D9%8A%D9%88%D8%AA%D8%A7/feed/ HTTP/1.1" 200 1545 "-" "Mozilla/5.0 (compatible; MJ12bot/v1.4.8; http://mj12bot.com/)"
178.87.202.215 - - [28/Mar/2026:15:51:54 +0000] "GET /product/kia-k5-lx-2025/ HTTP/1.1" 200 127901 "https://www.google.com/" "Mozilla/5.0 (iPhone; CPU iPhone OS 18_7 like Mac OS X) AppleWebKit/605.1.15 (KHTML, like Gecko) Version/26.3 Mobile/15E148 Safari/604.1"
38.242.239.223 - - [28/Mar/2026:15:51:57 +0000] "GET /%D8%A7%D9%84%D9%85%D8%A7%D8%B1%D9%83%D8%A9/%D8%AC%D8%B1%D9%8A%D8%AA-%D9%88%D9%88%D9%84/feed/ HTTP/1.1" 200 1033 "-" "Mozilla/5.0 (compatible; MJ12bot/v1.4.8; http://mj12bot.com/)"
38.242.239.223 - - [28/Mar/2026:15:52:00 +0000] "GET /%D8%A7%D9%84%D9%85%D8%A7%D8%B1%D9%83%D8%A9/%D8%AC%D9%8A%D8%AA%D9%88%D8%B1/ HTTP/1.1" 200 64891 "-" "Mozilla/5.0 (compatible; MJ12bot/v1.4.8; http://mj12bot.com/)"
38.242.239.223 - - [28/Mar/2026:15:52:05 +0000] "GET /%D8%A7%D9%84%D9%85%D8%A7%D8%B1%D9%83%D8%A9/%D8%AC%D9%8A%D8%AA%D9%88%D8%B1/feed/ HTTP/1.1" 200 1455 "-" "Mozilla/5.0 (compatible; MJ12bot/v1.4.8; http://mj12bot.com/)"
38.242.239.223 - - [28/Mar/2026:15:52:08 +0000] "GET /%D8%A7%D9%84%D9%85%D8%A7%D8%B1%D9%83%D8%A9/%D8%AC%D9%8A%D9%84%D9%8A/ HTTP/1.1" 200 63480 "-" "Mozilla/5.0 (compatible; MJ12bot/v1.4.8; http://mj12bot.com/)"
38.242.239.223 - - [28/Mar/2026:15:52:12 +0000] "GET /%D8%A7%D9%84%D9%85%D8%A7%D8%B1%D9%83%D8%A9/%D8%B4%D8%A7%D9%86%D8%AC%D8%A7%D9%86/ HTTP/1.1" 200 67926 "-" "Mozilla/5.0 (compatible; MJ12bot/v1.4.8; http://mj12bot.com/)"
2001:16a2:c21e:9aab:adad:5a4f:2f68:e62 - - [28/Mar/2026:15:52:17 +0000] "GET /wp-content/uploads/2025/07/BGC_7118-1536x1024.webp HTTP/1.1" 200 50407 "https://autozone.com.sa/product/jetour-t1-2025/" "Mozilla/5.0 (iPhone; CPU iPhone OS 26_3_1 like Mac OS X) AppleWebKit/605.1.15 (KHTML, like Gecko) CriOS/146.0.7680.151 Mobile/15E148 Safari/604.1"
2001:16a2:c21e:9aab:adad:5a4f:2f68:e62 - - [28/Mar/2026:15:52:17 +0000] "GET /wp-content/uploads/al_opt_content/IMAGE/autozone.com.sa/wp-content/uploads/2025/07/BGC_7118-scaled.webp?bv_host=autozone.com.sa&bv-resized-infos=bv_resized_mobile%3A480%2A320%3Bbv_resized_ipad%3A820%2A547%3Bbv_resized_desktop%3A1536%2A1024 HTTP/1.1" 200 102867 "https://autozone.com.sa/product/jetour-t1-2025/" "Mozilla/5.0 (iPhone; CPU iPhone OS 26_3_1 like Mac OS X) AppleWebKit/605.1.15 (KHTML, like Gecko) CriOS/146.0.7680.151 Mobile/15E148 Safari/604.1"
2001:16a2:c21e:9aab:adad:5a4f:2f68:e62 - - [28/Mar/2026:15:52:17 +0000] "POST /?wc-ajax=get_variation_gallery HTTP/1.1" 200 556 "https://autozone.com.sa/product/jetour-t1-2025/" "Mozilla/5.0 (iPhone; CPU iPhone OS 26_3_1 like Mac OS X) AppleWebKit/605.1.15 (KHTML, like Gecko) CriOS/146.0.7680.151 Mobile/15E148 Safari/604.1"
2001:16a2:c21e:9aab:adad:5a4f:2f68:e62 - - [28/Mar/2026:15:52:17 +0000] "POST /?wc-ajax=get_default_gallery HTTP/1.1" 200 426 "https://autozone.com.sa/product/jetour-t1-2025/" "Mozilla/5.0 (iPhone; CPU iPhone OS 26_3_1 like Mac OS X) AppleWebKit/605.1.15 (KHTML, like Gecko) CriOS/146.0.7680.151 Mobile/15E148 Safari/604.1"
2001:16a2:c21e:9aab:adad:5a4f:2f68:e62 - - [28/Mar/2026:15:52:18 +0000] "GET /wp-content/uploads/2025/07/BGC_7118-600x400.webp HTTP/1.1" 200 12346 "https://autozone.com.sa/product/jetour-t1-2025/" "Mozilla/5.0 (iPhone; CPU iPhone OS 26_3_1 like Mac OS X) AppleWebKit/605.1.15 (KHTML, like Gecko) CriOS/146.0.7680.151 Mobile/15E148 Safari/604.1"
51.68.247.209 - - [28/Mar/2026:15:52:16 +0000] "GET /sitemap-1.xml HTTP/1.1" 404 30896 "-" "Mozilla/5.0 (compatible; AhrefsBot/7.0; +http://ahrefs.com/robot/)"
2001:16a2:c21e:9aab:adad:5a4f:2f68:e62 - - [28/Mar/2026:15:52:18 +0000] "GET /wp-content/uploads/2025/07/BGC_7120-100x100.webp HTTP/1.1" 200 1691 "https://autozone.com.sa/product/jetour-t1-2025/" "Mozilla/5.0 (iPhone; CPU iPhone OS 26_3_1 like Mac OS X) AppleWebKit/605.1.15 (KHTML, like Gecko) CriOS/146.0.7680.151 Mobile/15E148 Safari/604.1"
2001:16a2:c21e:9aab:adad:5a4f:2f68:e62 - - [28/Mar/2026:15:52:18 +0000] "GET /wp-content/uploads/2025/07/BGC_7120-600x400.webp HTTP/1.1" 200 14096 "https://autozone.com.sa/product/jetour-t1-2025/" "Mozilla/5.0 (iPhone; CPU iPhone OS 26_3_1 like Mac OS X) AppleWebKit/605.1.15 (KHTML, like Gecko) CriOS/146.0.7680.151 Mobile/15E148 Safari/604.1"
2001:16a2:c21e:9aab:adad:5a4f:2f68:e62 - - [28/Mar/2026:15:52:18 +0000] "GET /wp-content/uploads/2025/07/BGC_7049-100x100.webp HTTP/1.1" 200 1955 "https://autozone.com.sa/product/jetour-t1-2025/" "Mozilla/5.0 (iPhone; CPU iPhone OS 26_3_1 like Mac OS X) AppleWebKit/605.1.15 (KHTML, like Gecko) CriOS/146.0.7680.151 Mobile/15E148 Safari/604.1"
2001:16a2:c21e:9aab:adad:5a4f:2f68:e62 - - [28/Mar/2026:15:52:18 +0000] "GET /wp-content/uploads/2025/07/BGC_7049-300x300.webp HTTP/1.1" 200 9995 "https://autozone.com.sa/product/jetour-t1-2025/" "Mozilla/5.0 (iPhone; CPU iPhone OS 26_3_1 like Mac OS X) AppleWebKit/605.1.15 (KHTML, like Gecko) CriOS/146.0.7680.151 Mobile/15E148 Safari/604.1"
2001:16a2:c21e:9aab:adad:5a4f:2f68:e62 - - [28/Mar/2026:15:52:18 +0000] "GET /wp-content/uploads/2025/07/BGC_7118-100x100.webp HTTP/1.1" 200 1701 "https://autozone.com.sa/product/jetour-t1-2025/" "Mozilla/5.0 (iPhone; CPU iPhone OS 26_3_1 like Mac OS X) AppleWebKit/605.1.15 (KHTML, like Gecko) CriOS/146.0.7680.151 Mobile/15E148 Safari/604.1"
2001:16a2:c21e:9aab:adad:5a4f:2f68:e62 - - [28/Mar/2026:15:52:18 +0000] "GET /wp-content/uploads/2025/07/BGC_7120-1536x1024.webp HTTP/1.1" 200 51958 "https://autozone.com.sa/product/jetour-t1-2025/" "Mozilla/5.0 (iPhone; CPU iPhone OS 26_3_1 like Mac OS X) AppleWebKit/605.1.15 (KHTML, like Gecko) CriOS/146.0.7680.151 Mobile/15E148 Safari/604.1"
2001:16a2:c21e:9aab:adad:5a4f:2f68:e62 - - [28/Mar/2026:15:52:18 +0000] "GET /wp-content/uploads/2025/07/BGC_7049-scaled.webp HTTP/1.1" 200 126683 "https://autozone.com.sa/product/jetour-t1-2025/" "Mozilla/5.0 (iPhone; CPU iPhone OS 26_3_1 like Mac OS X) AppleWebKit/605.1.15 (KHTML, like Gecko) CriOS/146.0.7680.151 Mobile/15E148 Safari/604.1"
2001:16a2:c21e:9aab:adad:5a4f:2f68:e62 - - [28/Mar/2026:15:52:18 +0000] "GET /wp-content/uploads/2025/07/BGC_7118-300x300.webp HTTP/1.1" 200 8015 "https://autozone.com.sa/product/jetour-t1-2025/" "Mozilla/5.0 (iPhone; CPU iPhone OS 26_3_1 like Mac OS X) AppleWebKit/605.1.15 (KHTML, like Gecko) CriOS/146.0.7680.151 Mobile/15E148 Safari/604.1"
2001:16a2:c21e:9aab:adad:5a4f:2f68:e62 - - [28/Mar/2026:15:52:18 +0000] "GET /wp-content/uploads/2025/07/BGC_7049-600x400.webp HTTP/1.1" 200 15479 "https://autozone.com.sa/product/jetour-t1-2025/" "Mozilla/5.0 (iPhone; CPU iPhone OS 26_3_1 like Mac OS X) AppleWebKit/605.1.15 (KHTML, like Gecko) CriOS/146.0.7680.151 Mobile/15E148 Safari/604.1"
2001:16a2:c21e:9aab:adad:5a4f:2f68:e62 - - [28/Mar/2026:15:52:18 +0000] "GET /wp-content/uploads/2025/07/BGC_7120-scaled.webp HTTP/1.1" 200 95776 "https://autozone.com.sa/product/jetour-t1-2025/" "Mozilla/5.0 (iPhone; CPU iPhone OS 26_3_1 like Mac OS X) AppleWebKit/605.1.15 (KHTML, like Gecko) CriOS/146.0.7680.151 Mobile/15E148 Safari/604.1"
2001:16a2:c21e:9aab:adad:5a4f:2f68:e62 - - [28/Mar/2026:15:52:18 +0000] "GET /wp-content/uploads/2025/07/BGC_7120-300x300.webp HTTP/1.1" 200 8339 "https://autozone.com.sa/product/jetour-t1-2025/" "Mozilla/5.0 (iPhone; CPU iPhone OS 26_3_1 like Mac OS X) AppleWebKit/605.1.15 (KHTML, like Gecko) CriOS/146.0.7680.151 Mobile/15E148 Safari/604.1"
2001:16a2:c21e:9aab:adad:5a4f:2f68:e62 - - [28/Mar/2026:15:52:18 +0000] "GET /wp-content/uploads/2025/07/BGC_7049-1536x1024.webp HTTP/1.1" 200 63029 "https://autozone.com.sa/product/jetour-t1-2025/" "Mozilla/5.0 (iPhone; CPU iPhone OS 26_3_1 like Mac OS X) AppleWebKit/605.1.15 (KHTML, like Gecko) CriOS/146.0.7680.151 Mobile/15E148 Safari/604.1"
2001:16a2:c21e:9aab:adad:5a4f:2f68:e62 - - [28/Mar/2026:15:52:17 +0000] "POST /wp-json/iawp/search HTTP/1.1" 200 36 "https://autozone.com.sa/product/jetour-t1-2025/" "Mozilla/5.0 (iPhone; CPU iPhone OS 26_3_1 like Mac OS X) AppleWebKit/605.1.15 (KHTML, like Gecko) CriOS/146.0.7680.151 Mobile/15E148 Safari/604.1"
2001:16a2:c21e:9aab:adad:5a4f:2f68:e62 - - [28/Mar/2026:15:52:17 +0000] "POST /?wc-ajax=get_refreshed_fragments HTTP/1.1" 200 999 "https://autozone.com.sa/product/jetour-t1-2025/" "Mozilla/5.0 (iPhone; CPU iPhone OS 26_3_1 like Mac OS X) AppleWebKit/605.1.15 (KHTML, like Gecko) CriOS/146.0.7680.151 Mobile/15E148 Safari/604.1"
2001:16a2:c21e:9aab:adad:5a4f:2f68:e62 - - [28/Mar/2026:15:52:18 +0000] "POST /?wc-ajax=get_refreshed_fragments HTTP/1.1" 200 999 "https://autozone.com.sa/product/jetour-t1-2025/" "Mozilla/5.0 (iPhone; CPU iPhone OS 26_3_1 like Mac OS X) AppleWebKit/605.1.15 (KHTML, like Gecko) CriOS/146.0.7680.151 Mobile/15E148 Safari/604.1"
47.82.11.7 - - [28/Mar/2026:15:52:18 +0000] "GET /?shopdetail/42479994 HTTP/1.1" 301 20 "https://autozone.com.sa/" "Mozilla/5.0 (Windows NT 10.0; Win64; x64) AppleWebKit/537.36 (KHTML, like Gecko) Chrome/135.0.0.0 Safari/537.36"
38.242.239.223 - - [28/Mar/2026:15:52:18 +0000] "GET /%D8%A7%D9%84%D9%85%D8%A7%D8%B1%D9%83%D8%A9/%D8%B4%D9%8A%D8%B1%D9%8A/ HTTP/1.1" 200 63493 "-" "Mozilla/5.0 (compatible; MJ12bot/v1.4.8; http://mj12bot.com/)"
47.82.11.7 - - [28/Mar/2026:15:52:20 +0000] "GET /?shopdetail/42479994 HTTP/1.1" 301 20 "https://autozone.com.sa/" "Mozilla/5.0 (Windows NT 10.0; Win64; x64) AppleWebKit/537.36 (KHTML, like Gecko) Chrome/135.0.0.0 Safari/537.36"
178.87.202.215 - - [28/Mar/2026:15:52:20 +0000] "GET /product/kia-k5-lx-2025/ HTTP/1.1" 200 127886 "https://www.google.com/" "Mozilla/5.0 (iPhone; CPU iPhone OS 18_7 like Mac OS X) AppleWebKit/605.1.15 (KHTML, like Gecko) Version/26.3 Mobile/15E148 Safari/604.1"
51.68.107.138 - - [28/Mar/2026:15:52:20 +0000] "GET / HTTP/1.1" 200 163876 "-" "Mozilla/5.0 (compatible; MJ12bot/v2.0.5; http://mj12bot.com/)"
172.105.42.26 - - [28/Mar/2026:15:52:26 +0000] "POST /wp-cron.php?doing_wp_cron=1774713145.8210461139678955078125 HTTP/1.1" 200 20 "-" "WordPress/6.9.4; https://autozone.com.sa"
38.242.239.223 - - [28/Mar/2026:15:52:22 +0000] "GET /%D8%A7%D9%84%D9%85%D8%A7%D8%B1%D9%83%D8%A9/%D9%81%D9%88%D8%B1%D8%AF/ HTTP/1.1" 200 63833 "-" "Mozilla/5.0 (compatible; MJ12bot/v1.4.8; http://mj12bot.com/)"
38.242.239.223 - - [28/Mar/2026:15:52:28 +0000] "GET /%D8%A7%D9%84%D9%85%D8%A7%D8%B1%D9%83%D8%A9/%D9%83%D9%8A%D8%A7/ HTTP/1.1" 200 63818 "-" "Mozilla/5.0 (compatible; MJ12bot/v1.4.8; http://mj12bot.com/)"
38.242.239.223 - - [28/Mar/2026:15:52:32 +0000] "GET /%D8%A7%D9%84%D9%85%D8%A7%D8%B1%D9%83%D8%A9/%D9%86%D9%8A%D8%B3%D8%A7%D9%86/ HTTP/1.1" 200 61788 "-" "Mozilla/5.0 (compatible; MJ12bot/v1.4.8; http://mj12bot.com/)"
38.242.239.223 - - [28/Mar/2026:15:52:36 +0000] "GET /%D8%A7%D9%84%D9%85%D8%A7%D8%B1%D9%83%D8%A9/%D9%87%D9%88%D9%86%D8%AF%D8%A7/ HTTP/1.1" 200 64210 "-" "Mozilla/5.0 (compatible; MJ12bot/v1.4.8; http://mj12bot.com/)"
172.105.42.26 - - [28/Mar/2026:15:52:43 +0000] "POST /wp-cron.php?doing_wp_cron=1774713163.7849659919738769531250 HTTP/1.1" 200 20 "-" "WordPress/6.9.4; https://autozone.com.sa"
