­ ­ ­ ­ ­ ­ ­ ­ ­ ­ ­ ­ ­ ­ ­ ­ ­ ­
2001:16a4:a0:5b88:24a0:8a8c:7e87:a673 - - [28/Mar/2026:12:09:52 +0000] "GET /product/4416/ HTTP/1.1" 200 129613 "https://www.google.com/" "Mozilla/5.0 (iPhone; CPU iPhone OS 18_7 like Mac OS X) AppleWebKit/605.1.15 (KHTML, like Gecko) Version/26.2 Mobile/15E148 Safari/604.1"
2001:16a4:a0:5b88:24a0:8a8c:7e87:a673 - - [28/Mar/2026:12:09:58 +0000] "GET /wp-content/uploads/2025/07/BGC_6099-1-1536x1024.webp HTTP/1.1" 200 101527 "https://autozone.com.sa/product/4416/" "Mozilla/5.0 (iPhone; CPU iPhone OS 18_7 like Mac OS X) AppleWebKit/605.1.15 (KHTML, like Gecko) Version/26.2 Mobile/15E148 Safari/604.1"
2001:16a4:a0:5b88:24a0:8a8c:7e87:a673 - - [28/Mar/2026:12:09:59 +0000] "GET /wp-content/uploads/al_opt_content/IMAGE/autozone.com.sa/wp-content/uploads/2025/07/BGC_6099-1-scaled.webp?bv_host=autozone.com.sa&bv-resized-infos=bv_resized_mobile%3A480%2A320%3Bbv_resized_ipad%3A820%2A547%3Bbv_resized_desktop%3A1536%2A1024 HTTP/1.1" 200 187661 "https://autozone.com.sa/product/4416/" "Mozilla/5.0 (iPhone; CPU iPhone OS 18_7 like Mac OS X) AppleWebKit/605.1.15 (KHTML, like Gecko) Version/26.2 Mobile/15E148 Safari/604.1"
2001:16a4:a0:5b88:24a0:8a8c:7e87:a673 - - [28/Mar/2026:12:09:59 +0000] "POST /?wc-ajax=get_default_gallery HTTP/1.1" 200 428 "https://autozone.com.sa/product/4416/" "Mozilla/5.0 (iPhone; CPU iPhone OS 18_7 like Mac OS X) AppleWebKit/605.1.15 (KHTML, like Gecko) Version/26.2 Mobile/15E148 Safari/604.1"
2001:16a4:a0:5b88:24a0:8a8c:7e87:a673 - - [28/Mar/2026:12:09:59 +0000] "POST /?wc-ajax=get_variation_gallery HTTP/1.1" 200 560 "https://autozone.com.sa/product/4416/" "Mozilla/5.0 (iPhone; CPU iPhone OS 18_7 like Mac OS X) AppleWebKit/605.1.15 (KHTML, like Gecko) Version/26.2 Mobile/15E148 Safari/604.1"
2001:16a4:a0:5b88:24a0:8a8c:7e87:a673 - - [28/Mar/2026:12:09:59 +0000] "POST /?wc-ajax=get_refreshed_fragments HTTP/1.1" 200 999 "https://autozone.com.sa/product/4416/" "Mozilla/5.0 (iPhone; CPU iPhone OS 18_7 like Mac OS X) AppleWebKit/605.1.15 (KHTML, like Gecko) Version/26.2 Mobile/15E148 Safari/604.1"
2001:16a4:a0:5b88:24a0:8a8c:7e87:a673 - - [28/Mar/2026:12:09:59 +0000] "POST /?wc-ajax=get_refreshed_fragments HTTP/1.1" 200 999 "https://autozone.com.sa/product/4416/" "Mozilla/5.0 (iPhone; CPU iPhone OS 18_7 like Mac OS X) AppleWebKit/605.1.15 (KHTML, like Gecko) Version/26.2 Mobile/15E148 Safari/604.1"
2001:16a4:a0:5b88:24a0:8a8c:7e87:a673 - - [28/Mar/2026:12:09:59 +0000] "POST /wp-json/iawp/search HTTP/1.1" 200 36 "https://autozone.com.sa/product/4416/" "Mozilla/5.0 (iPhone; CPU iPhone OS 18_7 like Mac OS X) AppleWebKit/605.1.15 (KHTML, like Gecko) Version/26.2 Mobile/15E148 Safari/604.1"
2001:16a4:a0:5b88:24a0:8a8c:7e87:a673 - - [28/Mar/2026:12:10:01 +0000] "GET /wp-content/uploads/2025/07/BGC_6095-1-300x300.webp HTTP/1.1" 200 15032 "https://autozone.com.sa/product/4416/" "Mozilla/5.0 (iPhone; CPU iPhone OS 18_7 like Mac OS X) AppleWebKit/605.1.15 (KHTML, like Gecko) Version/26.2 Mobile/15E148 Safari/604.1"
2001:16a4:a0:5b88:24a0:8a8c:7e87:a673 - - [28/Mar/2026:12:10:01 +0000] "GET /wp-content/uploads/2025/07/BGC_6095-1-600x400.webp HTTP/1.1" 200 34350 "https://autozone.com.sa/product/4416/" "Mozilla/5.0 (iPhone; CPU iPhone OS 18_7 like Mac OS X) AppleWebKit/605.1.15 (KHTML, like Gecko) Version/26.2 Mobile/15E148 Safari/604.1"
2001:16a4:a0:5b88:24a0:8a8c:7e87:a673 - - [28/Mar/2026:12:10:01 +0000] "GET /wp-content/uploads/2025/07/BGC_6095-1-1536x1024.webp HTTP/1.1" 200 109184 "https://autozone.com.sa/product/4416/" "Mozilla/5.0 (iPhone; CPU iPhone OS 18_7 like Mac OS X) AppleWebKit/605.1.15 (KHTML, like Gecko) Version/26.2 Mobile/15E148 Safari/604.1"
2001:16a4:a0:5b88:24a0:8a8c:7e87:a673 - - [28/Mar/2026:12:10:01 +0000] "GET /wp-content/uploads/2025/07/BGC_6095-1-100x100.webp HTTP/1.1" 200 3270 "https://autozone.com.sa/product/4416/" "Mozilla/5.0 (iPhone; CPU iPhone OS 18_7 like Mac OS X) AppleWebKit/605.1.15 (KHTML, like Gecko) Version/26.2 Mobile/15E148 Safari/604.1"
2001:16a4:a0:5b88:24a0:8a8c:7e87:a673 - - [28/Mar/2026:12:10:01 +0000] "GET /wp-content/uploads/2025/07/BGC_6095-1-scaled.webp HTTP/1.1" 200 197167 "https://autozone.com.sa/product/4416/" "Mozilla/5.0 (iPhone; CPU iPhone OS 18_7 like Mac OS X) AppleWebKit/605.1.15 (KHTML, like Gecko) Version/26.2 Mobile/15E148 Safari/604.1"
2001:16a4:a0:5b88:24a0:8a8c:7e87:a673 - - [28/Mar/2026:12:10:01 +0000] "GET /wp-content/uploads/2025/07/BGC_6099-1-600x400.webp HTTP/1.1" 200 30469 "https://autozone.com.sa/product/4416/" "Mozilla/5.0 (iPhone; CPU iPhone OS 18_7 like Mac OS X) AppleWebKit/605.1.15 (KHTML, like Gecko) Version/26.2 Mobile/15E148 Safari/604.1"
2001:16a4:a0:5b88:24a0:8a8c:7e87:a673 - - [28/Mar/2026:12:10:01 +0000] "GET /wp-content/uploads/2025/07/BGC_6107-1-600x400.webp HTTP/1.1" 200 27268 "https://autozone.com.sa/product/4416/" "Mozilla/5.0 (iPhone; CPU iPhone OS 18_7 like Mac OS X) AppleWebKit/605.1.15 (KHTML, like Gecko) Version/26.2 Mobile/15E148 Safari/604.1"
2001:16a4:a0:5b88:24a0:8a8c:7e87:a673 - - [28/Mar/2026:12:10:01 +0000] "GET /wp-content/uploads/2025/07/BGC_6099-1-100x100.webp HTTP/1.1" 200 3318 "https://autozone.com.sa/product/4416/" "Mozilla/5.0 (iPhone; CPU iPhone OS 18_7 like Mac OS X) AppleWebKit/605.1.15 (KHTML, like Gecko) Version/26.2 Mobile/15E148 Safari/604.1"
2001:16a4:a0:5b88:24a0:8a8c:7e87:a673 - - [28/Mar/2026:12:10:01 +0000] "GET /wp-content/uploads/2025/07/BGC_6107-1-100x100.webp HTTP/1.1" 200 3096 "https://autozone.com.sa/product/4416/" "Mozilla/5.0 (iPhone; CPU iPhone OS 18_7 like Mac OS X) AppleWebKit/605.1.15 (KHTML, like Gecko) Version/26.2 Mobile/15E148 Safari/604.1"
2001:16a4:a0:5b88:24a0:8a8c:7e87:a673 - - [28/Mar/2026:12:10:01 +0000] "GET /wp-content/uploads/2025/07/BGC_6107-1-1536x1024.webp HTTP/1.1" 200 86463 "https://autozone.com.sa/product/4416/" "Mozilla/5.0 (iPhone; CPU iPhone OS 18_7 like Mac OS X) AppleWebKit/605.1.15 (KHTML, like Gecko) Version/26.2 Mobile/15E148 Safari/604.1"
2001:16a4:a0:5b88:24a0:8a8c:7e87:a673 - - [28/Mar/2026:12:10:01 +0000] "GET /wp-content/uploads/2025/07/BGC_6107-1-300x300.webp HTTP/1.1" 200 13108 "https://autozone.com.sa/product/4416/" "Mozilla/5.0 (iPhone; CPU iPhone OS 18_7 like Mac OS X) AppleWebKit/605.1.15 (KHTML, like Gecko) Version/26.2 Mobile/15E148 Safari/604.1"
2001:16a4:a0:5b88:24a0:8a8c:7e87:a673 - - [28/Mar/2026:12:10:01 +0000] "GET /wp-content/uploads/2025/07/BGC_6099-1-300x300.webp HTTP/1.1" 200 15242 "https://autozone.com.sa/product/4416/" "Mozilla/5.0 (iPhone; CPU iPhone OS 18_7 like Mac OS X) AppleWebKit/605.1.15 (KHTML, like Gecko) Version/26.2 Mobile/15E148 Safari/604.1"
2001:16a4:a0:5b88:24a0:8a8c:7e87:a673 - - [28/Mar/2026:12:10:01 +0000] "GET /wp-content/uploads/2025/07/BGC_6107-1-scaled.webp HTTP/1.1" 200 163244 "https://autozone.com.sa/product/4416/" "Mozilla/5.0 (iPhone; CPU iPhone OS 18_7 like Mac OS X) AppleWebKit/605.1.15 (KHTML, like Gecko) Version/26.2 Mobile/15E148 Safari/604.1"
2001:16a4:a0:5b88:24a0:8a8c:7e87:a673 - - [28/Mar/2026:12:10:03 +0000] "GET /wp-content/uploads/2025/07/BGC_6102-1-300x200.webp HTTP/1.1" 200 10658 "https://autozone.com.sa/product/4416/" "Mozilla/5.0 (iPhone; CPU iPhone OS 18_7 like Mac OS X) AppleWebKit/605.1.15 (KHTML, like Gecko) Version/26.2 Mobile/15E148 Safari/604.1"
2001:16a4:a0:5b88:24a0:8a8c:7e87:a673 - - [28/Mar/2026:12:10:04 +0000] "GET /wp-content/uploads/2025/07/BGC_6103-1-300x200.webp HTTP/1.1" 200 7259 "https://autozone.com.sa/product/4416/" "Mozilla/5.0 (iPhone; CPU iPhone OS 18_7 like Mac OS X) AppleWebKit/605.1.15 (KHTML, like Gecko) Version/26.2 Mobile/15E148 Safari/604.1"
2001:16a4:a0:5b88:24a0:8a8c:7e87:a673 - - [28/Mar/2026:12:10:04 +0000] "GET /wp-content/uploads/2025/07/BGC_6110-1-300x200.webp HTTP/1.1" 200 11399 "https://autozone.com.sa/product/4416/" "Mozilla/5.0 (iPhone; CPU iPhone OS 18_7 like Mac OS X) AppleWebKit/605.1.15 (KHTML, like Gecko) Version/26.2 Mobile/15E148 Safari/604.1"
2001:16a4:a0:5b88:24a0:8a8c:7e87:a673 - - [28/Mar/2026:12:10:04 +0000] "GET /wp-content/uploads/2025/07/BGC_6117-1-300x200.webp HTTP/1.1" 200 15344 "https://autozone.com.sa/product/4416/" "Mozilla/5.0 (iPhone; CPU iPhone OS 18_7 like Mac OS X) AppleWebKit/605.1.15 (KHTML, like Gecko) Version/26.2 Mobile/15E148 Safari/604.1"
2001:16a4:a0:5b88:24a0:8a8c:7e87:a673 - - [28/Mar/2026:12:10:04 +0000] "GET /wp-content/uploads/2025/07/BGC_6128-1-300x200.webp HTTP/1.1" 200 8307 "https://autozone.com.sa/product/4416/" "Mozilla/5.0 (iPhone; CPU iPhone OS 18_7 like Mac OS X) AppleWebKit/605.1.15 (KHTML, like Gecko) Version/26.2 Mobile/15E148 Safari/604.1"
2001:16a4:a0:5b88:24a0:8a8c:7e87:a673 - - [28/Mar/2026:12:10:05 +0000] "GET /wp-content/uploads/2025/07/BGC_6134-1-300x200.webp HTTP/1.1" 200 7817 "https://autozone.com.sa/product/4416/" "Mozilla/5.0 (iPhone; CPU iPhone OS 18_7 like Mac OS X) AppleWebKit/605.1.15 (KHTML, like Gecko) Version/26.2 Mobile/15E148 Safari/604.1"
2001:16a4:a0:5b88:24a0:8a8c:7e87:a673 - - [28/Mar/2026:12:10:06 +0000] "GET /wp-content/uploads/2025/07/BGC_6140-1-300x200.webp HTTP/1.1" 200 4075 "https://autozone.com.sa/product/4416/" "Mozilla/5.0 (iPhone; CPU iPhone OS 18_7 like Mac OS X) AppleWebKit/605.1.15 (KHTML, like Gecko) Version/26.2 Mobile/15E148 Safari/604.1"
2001:16a4:a0:5b88:24a0:8a8c:7e87:a673 - - [28/Mar/2026:12:10:06 +0000] "GET /wp-content/uploads/2025/07/BGC_6143-1-300x200.webp HTTP/1.1" 200 8943 "https://autozone.com.sa/product/4416/" "Mozilla/5.0 (iPhone; CPU iPhone OS 18_7 like Mac OS X) AppleWebKit/605.1.15 (KHTML, like Gecko) Version/26.2 Mobile/15E148 Safari/604.1"
2001:16a4:a0:5b88:24a0:8a8c:7e87:a673 - - [28/Mar/2026:12:10:06 +0000] "GET /wp-content/uploads/2025/07/BGC_6151-1-300x200.webp HTTP/1.1" 200 9606 "https://autozone.com.sa/product/4416/" "Mozilla/5.0 (iPhone; CPU iPhone OS 18_7 like Mac OS X) AppleWebKit/605.1.15 (KHTML, like Gecko) Version/26.2 Mobile/15E148 Safari/604.1"
2001:16a4:a0:5b88:24a0:8a8c:7e87:a673 - - [28/Mar/2026:12:10:06 +0000] "GET /wp-content/uploads/2025/07/BGC_6173-1-300x200.webp HTTP/1.1" 200 11214 "https://autozone.com.sa/product/4416/" "Mozilla/5.0 (iPhone; CPU iPhone OS 18_7 like Mac OS X) AppleWebKit/605.1.15 (KHTML, like Gecko) Version/26.2 Mobile/15E148 Safari/604.1"
2001:16a4:a0:5b88:24a0:8a8c:7e87:a673 - - [28/Mar/2026:12:10:07 +0000] "GET /wp-content/uploads/2025/07/BGC_6176-1-300x200.webp HTTP/1.1" 200 6781 "https://autozone.com.sa/product/4416/" "Mozilla/5.0 (iPhone; CPU iPhone OS 18_7 like Mac OS X) AppleWebKit/605.1.15 (KHTML, like Gecko) Version/26.2 Mobile/15E148 Safari/604.1"
2001:16a4:a0:5b88:24a0:8a8c:7e87:a673 - - [28/Mar/2026:12:10:07 +0000] "GET /wp-content/uploads/2025/07/BGC_6184-1-300x200.webp HTTP/1.1" 200 7854 "https://autozone.com.sa/product/4416/" "Mozilla/5.0 (iPhone; CPU iPhone OS 18_7 like Mac OS X) AppleWebKit/605.1.15 (KHTML, like Gecko) Version/26.2 Mobile/15E148 Safari/604.1"
2001:16a4:a0:5b88:24a0:8a8c:7e87:a673 - - [28/Mar/2026:12:10:08 +0000] "GET /wp-content/uploads/2025/07/BGC_6185-1-300x200.webp HTTP/1.1" 200 6854 "https://autozone.com.sa/product/4416/" "Mozilla/5.0 (iPhone; CPU iPhone OS 18_7 like Mac OS X) AppleWebKit/605.1.15 (KHTML, like Gecko) Version/26.2 Mobile/15E148 Safari/604.1"
2001:16a4:a0:5b88:24a0:8a8c:7e87:a673 - - [28/Mar/2026:12:10:08 +0000] "GET /wp-content/uploads/2025/07/BGC_6189-1-300x200.webp HTTP/1.1" 200 7740 "https://autozone.com.sa/product/4416/" "Mozilla/5.0 (iPhone; CPU iPhone OS 18_7 like Mac OS X) AppleWebKit/605.1.15 (KHTML, like Gecko) Version/26.2 Mobile/15E148 Safari/604.1"
2001:16a4:a0:5b88:24a0:8a8c:7e87:a673 - - [28/Mar/2026:12:10:08 +0000] "GET /wp-content/uploads/2025/07/BGC_6192-1-300x200.webp HTTP/1.1" 200 7738 "https://autozone.com.sa/product/4416/" "Mozilla/5.0 (iPhone; CPU iPhone OS 18_7 like Mac OS X) AppleWebKit/605.1.15 (KHTML, like Gecko) Version/26.2 Mobile/15E148 Safari/604.1"
2001:16a4:a0:5b88:24a0:8a8c:7e87:a673 - - [28/Mar/2026:12:10:09 +0000] "GET /wp-content/uploads/2025/07/BGC_6198-1-300x200.webp HTTP/1.1" 200 6073 "https://autozone.com.sa/product/4416/" "Mozilla/5.0 (iPhone; CPU iPhone OS 18_7 like Mac OS X) AppleWebKit/605.1.15 (KHTML, like Gecko) Version/26.2 Mobile/15E148 Safari/604.1"
2001:16a4:a0:5b88:24a0:8a8c:7e87:a673 - - [28/Mar/2026:12:10:09 +0000] "GET /wp-content/uploads/2025/07/BGC_6207-1-300x200.webp HTTP/1.1" 200 10973 "https://autozone.com.sa/product/4416/" "Mozilla/5.0 (iPhone; CPU iPhone OS 18_7 like Mac OS X) AppleWebKit/605.1.15 (KHTML, like Gecko) Version/26.2 Mobile/15E148 Safari/604.1"
2001:16a4:a0:5b88:24a0:8a8c:7e87:a673 - - [28/Mar/2026:12:10:10 +0000] "GET /wp-content/uploads/2025/07/BGC_6209-1-200x300.webp HTTP/1.1" 200 5993 "https://autozone.com.sa/product/4416/" "Mozilla/5.0 (iPhone; CPU iPhone OS 18_7 like Mac OS X) AppleWebKit/605.1.15 (KHTML, like Gecko) Version/26.2 Mobile/15E148 Safari/604.1"
2001:16a4:a0:5b88:24a0:8a8c:7e87:a673 - - [28/Mar/2026:12:10:10 +0000] "GET /wp-content/uploads/2025/07/BGC_6212-1-300x200.webp HTTP/1.1" 200 7517 "https://autozone.com.sa/product/4416/" "Mozilla/5.0 (iPhone; CPU iPhone OS 18_7 like Mac OS X) AppleWebKit/605.1.15 (KHTML, like Gecko) Version/26.2 Mobile/15E148 Safari/604.1"
66.42.61.105 - - [28/Mar/2026:12:10:14 +0000] "POST /wp-load.php?92ffd6=33422 HTTP/1.1" 200 273077 "-" "BlogVault/1.0 (+https://blogvault.net)"
5.161.201.188 - - [28/Mar/2026:12:10:25 +0000] "POST /wp-load.php?a2f019=95761 HTTP/1.1" 200 11873 "https://autozone.com.sa/" "BlogVault/1.0 (+https://blogvault.net)"
49.13.10.198 - - [28/Mar/2026:12:10:24 +0000] "GET /cart?nonitro=true&bv_print_buffer=true&two_nooptimize=true&before_optm=true&fname=273509201f86596c13a5 HTTP/1.1" 301 20 "-" "BlogVault/1.0 (+https://blogvault.net)"
49.12.219.178 - - [28/Mar/2026:12:10:25 +0000] "GET /cart/?nonitro=true&bv_print_buffer=true&two_nooptimize=true&before_optm=true&fname=273509201f86596c13a5 HTTP/1.1" 200 100605 "-" "BlogVault/1.0 (+https://blogvault.net)"
5.161.177.123 - - [28/Mar/2026:12:10:29 +0000] "POST /wp-load.php?269f99=94173 HTTP/1.1" 200 150392 "https://autozone.com.sa/" "BlogVault/1.0 (+https://blogvault.net)"
47.82.11.147 - - [28/Mar/2026:12:10:36 +0000] "GET /?shopdetail/65103352 HTTP/1.1" 301 20 "https://autozone.com.sa/" "Mozilla/5.0 (Macintosh; Intel Mac OS X 10_15_7) AppleWebKit/537.36 (KHTML, like Gecko) Chrome/126.0.0.0 Safari/537.36"
47.82.11.147 - - [28/Mar/2026:12:10:37 +0000] "GET /?shopdetail/65103352 HTTP/1.1" 301 20 "https://autozone.com.sa/" "Mozilla/5.0 (Macintosh; Intel Mac OS X 10_15_7) AppleWebKit/537.36 (KHTML, like Gecko) Chrome/126.0.0.0 Safari/537.36"
172.105.42.26 - - [28/Mar/2026:12:10:46 +0000] "POST /wp-cron.php?doing_wp_cron=1774699846.3966898918151855468750 HTTP/1.1" 200 20 "-" "WordPress/6.9.4; https://autozone.com.sa"
188.245.90.252 - - [28/Mar/2026:12:10:45 +0000] "GET /cart?bv_print_buffer=true&nonitro=true&x=robots.txt&two_nooptimize=true&before_optm=true HTTP/1.1" 301 20 "-" "BlogVault/1.0 (+https://blogvault.net)"
49.13.85.158 - - [28/Mar/2026:12:10:46 +0000] "GET /cart/?bv_print_buffer=true&nonitro=true&x=robots.txt&two_nooptimize=true&before_optm=true HTTP/1.1" 200 100593 "-" "BlogVault/1.0 (+https://blogvault.net)"
88.99.13.2 - - [28/Mar/2026:12:10:49 +0000] "GET /wp-content/plugins/woocommerce/assets/css/select2.css?ver=10.6.1 HTTP/1.1" 200 1910 "https://autozone.com.sa/" "BlogVault/1.0 (+https://blogvault.net)"
88.99.13.2 - - [28/Mar/2026:12:10:54 +0000] "GET /wp-content/plugins/woocommerce/assets/client/blocks/cart-rtl.css?ver=wc-10.6.1 HTTP/1.1" 200 8236 "https://autozone.com.sa/" "BlogVault/1.0 (+https://blogvault.net)"
78.46.201.135 - - [28/Mar/2026:12:10:54 +0000] "GET /wp-content/plugins/woocommerce/assets/client/blocks/all-products-rtl.css?ver=wc-10.6.1 HTTP/1.1" 200 3515 "https://autozone.com.sa/" "BlogVault/1.0 (+https://blogvault.net)"
5.161.216.238 - - [28/Mar/2026:12:10:55 +0000] "GET /wp-content/plugins/woocommerce/assets/client/blocks/packages-style-rtl.css?ver=wc-10.6.1 HTTP/1.1" 200 5994 "https://autozone.com.sa/" "BlogVault/1.0 (+https://blogvault.net)"
5.161.44.164 - - [28/Mar/2026:12:11:02 +0000] "POST /wp-load.php?a23628=61203 HTTP/1.1" 200 1179 "https://autozone.com.sa/" "BlogVault/1.0 (+https://blogvault.net)"
5.161.250.15 - - [28/Mar/2026:12:11:03 +0000] "POST /wp-load.php?0fc27b=38601 HTTP/1.1" 200 1176 "https://autozone.com.sa/" "BlogVault/1.0 (+https://blogvault.net)"
188.245.61.191 - - [28/Mar/2026:12:11:04 +0000] "POST /wp-load.php?65c0f4=83360 HTTP/1.1" 200 1174 "https://autozone.com.sa/" "BlogVault/1.0 (+https://blogvault.net)"
5.161.44.164 - - [28/Mar/2026:12:11:19 +0000] "POST /wp-load.php?3bb3df=63702 HTTP/1.1" 200 937 "https://autozone.com.sa/" "BlogVault/1.0 (+https://blogvault.net)"
47.82.10.122 - - [28/Mar/2026:12:11:24 +0000] "GET /?shopdetail/57456835 HTTP/1.1" 301 20 "https://autozone.com.sa/" "Mozilla/5.0 (Windows NT 10.0; Win64; x64) AppleWebKit/537.36 (KHTML, like Gecko) Chrome/135.0.0.0 Safari/537.36"
47.82.10.122 - - [28/Mar/2026:12:11:25 +0000] "GET /?shopdetail/57456835 HTTP/1.1" 301 20 "https://autozone.com.sa/" "Mozilla/5.0 (Windows NT 10.0; Win64; x64) AppleWebKit/537.36 (KHTML, like Gecko) Chrome/135.0.0.0 Safari/537.36"
185.2.31.101 - - [28/Mar/2026:12:11:33 +0000] "GET /wp-login.php HTTP/1.1" 403 1091 "-" "Mozilla/5.0 (Macintosh; Intel Mac OS X 10_13) AppleWebKit/604.1.38 (KHTML, like Gecko) Version/11.0 Safari/604.1.38"
185.2.31.101 - - [28/Mar/2026:12:11:33 +0000] "POST /wp-login.php HTTP/1.1" 403 1091 "https://autozone.com.sa/wp-login.php" "Mozilla/5.0 (Macintosh; Intel Mac OS X 10_13) AppleWebKit/604.1.38 (KHTML, like Gecko) Version/11.0 Safari/604.1.38"
74.7.241.33 - - [28/Mar/2026:12:12:16 +0000] "GET /wp-content/uploads/cache/wpml/twig/57/575b77ed59567f0de868f675225301a66faef87a0dbea1c192e34bcfb0d7dca4.php HTTP/1.1" 500 20 "https://autozone.com.sa/wp-content/uploads/cache/wpml/twig/57/" "Mozilla/5.0 AppleWebKit/537.36 (KHTML, like Gecko; compatible; GPTBot/1.3; +https://openai.com/gptbot)"
74.7.241.33 - - [28/Mar/2026:12:13:15 +0000] "GET /wp-content/uploads/cache/wpml/twig/b1/b1503142bdd415b234642bd5643e2e75e5c14b99beaee6b24add8bdeab28274f.php HTTP/1.1" 500 20 "https://autozone.com.sa/wp-content/uploads/cache/wpml/twig/b1/" "Mozilla/5.0 AppleWebKit/537.36 (KHTML, like Gecko; compatible; GPTBot/1.3; +https://openai.com/gptbot)"
5.161.106.94 - - [28/Mar/2026:12:13:23 +0000] "POST /wp-load.php?6fd000=30357 HTTP/1.1" 200 957 "https://autozone.com.sa/" "BlogVault/1.0 (+https://blogvault.net)"
66.42.61.105 - - [28/Mar/2026:12:13:26 +0000] "POST /wp-load.php?2cf37b=17845 HTTP/1.1" 200 981 "https://autozone.com.sa/" "BlogVault/1.0 (+https://blogvault.net)"
157.90.156.63 - - [28/Mar/2026:12:13:37 +0000] "HEAD / HTTP/1.1" 200 - "https://autozone.com.sa/" "Mozilla/5.0+(compatible; UptimeRobot/2.0; http://www.uptimerobot.com/)"
5.161.201.188 - - [28/Mar/2026:12:13:39 +0000] "POST /wp-load.php?4345b5=34831 HTTP/1.1" 200 1064 "https://autozone.com.sa/" "BlogVault/1.0 (+https://blogvault.net)"
5.161.69.178 - - [28/Mar/2026:12:13:41 +0000] "POST /wp-load.php?6cd77c=13097 HTTP/1.1" 200 1064 "https://autozone.com.sa/" "BlogVault/1.0 (+https://blogvault.net)"
172.105.42.26 - - [28/Mar/2026:12:14:04 +0000] "POST /wp-cron.php?doing_wp_cron=1774700044.6658360958099365234375 HTTP/1.1" 200 20 "-" "WordPress/6.9.4; https://autozone.com.sa"
68.221.75.18 - - [28/Mar/2026:12:14:00 +0000] "GET / HTTP/1.1" 200 138880 "-" "Mozilla/5.0 AppleWebKit/537.36 (KHTML, like Gecko); compatible; ChatGPT-User/1.0; +https://openai.com/bot"
74.7.241.33 - - [28/Mar/2026:12:14:20 +0000] "GET /wp-content/uploads/cache/wpml/twig/ee/eef06b70fa5e6bd86b8b98047ac5e4c86341ef71a04fa0951b115d773f0a270a.php HTTP/1.1" 500 20 "https://autozone.com.sa/wp-content/uploads/cache/wpml/twig/ee/" "Mozilla/5.0 AppleWebKit/537.36 (KHTML, like Gecko; compatible; GPTBot/1.3; +https://openai.com/gptbot)"
172.105.42.26 - - [28/Mar/2026:12:14:21 +0000] "POST /wp-cron.php?doing_wp_cron=1774700061.6489119529724121093750 HTTP/1.1" 200 20 "-" "WordPress/6.9.4; https://autozone.com.sa"
40.77.167.243 - - [28/Mar/2026:12:14:19 +0000] "GET /offers/ramadan-deals-from-autozone-are-on-3-installments-are-paid-for-you/ HTTP/1.1" 404 26519 "-" "Mozilla/5.0 AppleWebKit/537.36 (KHTML, like Gecko; compatible; bingbot/2.0; +http://www.bing.com/bingbot.htm) Chrome/116.0.1938.76 Safari/537.36"
172.105.42.26 - - [28/Mar/2026:12:14:43 +0000] "POST /wp-cron.php?doing_wp_cron=1774700083.6240079402923583984375 HTTP/1.1" 200 20 "-" "WordPress/6.9.4; https://autozone.com.sa"
2001:16a2:c469:3e00:f113:3a35:b006:8478 - - [28/Mar/2026:12:14:40 +0000] "GET / HTTP/1.1" 200 138853 "https://www.google.com/" "Mozilla/5.0 (Linux; Android 6.0.1; SM-J700F) AppleWebKit/537.36 (KHTML, like Gecko) Chrome/106.0.0.0 Mobile Safari/537.36"
2001:16a2:c469:3e00:f113:3a35:b006:8478 - - [28/Mar/2026:12:14:48 +0000] "GET /wp-content/uploads/al_opt_content/SCRIPT/83e9b29f0086bba50d653f1cb8dedc3c.js?ver=8.4.5 HTTP/1.1" 200 39695 "-" "Mozilla/5.0 (Linux; Android 6.0.1; SM-J700F) AppleWebKit/537.36 (KHTML, like Gecko) Chrome/106.0.0.0 Mobile Safari/537.36"
2001:16a2:c469:3e00:f113:3a35:b006:8478 - - [28/Mar/2026:12:14:54 +0000] "GET /wp-content/uploads/al_opt_content/CSS/37a9b58561dff74ac08aa7600e2ecf4e.css HTTP/1.1" 200 5105 "-" "Mozilla/5.0 (Linux; Android 6.0.1; SM-J700F) AppleWebKit/537.36 (KHTML, like Gecko) Chrome/106.0.0.0 Mobile Safari/537.36"
2001:16a2:c469:3e00:f113:3a35:b006:8478 - - [28/Mar/2026:12:15:07 +0000] "POST /wp-json/iawp/search HTTP/1.1" 200 36 "https://autozone.com.sa/" "Mozilla/5.0 (Linux; Android 6.0.1; SM-J700F) AppleWebKit/537.36 (KHTML, like Gecko) Chrome/106.0.0.0 Mobile Safari/537.36"
2001:16a2:c469:3e00:f113:3a35:b006:8478 - - [28/Mar/2026:12:15:09 +0000] "POST /?wc-ajax=get_refreshed_fragments HTTP/1.1" 200 999 "https://autozone.com.sa/" "Mozilla/5.0 (Linux; Android 6.0.1; SM-J700F) AppleWebKit/537.36 (KHTML, like Gecko) Chrome/106.0.0.0 Mobile Safari/537.36"
2001:16a2:c469:3e00:f113:3a35:b006:8478 - - [28/Mar/2026:12:15:09 +0000] "POST /?wc-ajax=get_refreshed_fragments HTTP/1.1" 200 999 "https://autozone.com.sa/" "Mozilla/5.0 (Linux; Android 6.0.1; SM-J700F) AppleWebKit/537.36 (KHTML, like Gecko) Chrome/106.0.0.0 Mobile Safari/537.36"
129.212.229.4 - - [28/Mar/2026:12:15:10 +0000] "GET /wp-login.php HTTP/1.1" 403 1092 "-" "Mozilla/5.0 (Windows NT 10.0; Win64; x64) AppleWebKit/537.36 (KHTML, like Gecko) Chrome/119.0.0.0 Safari/537.36"
129.212.229.4 - - [28/Mar/2026:12:15:11 +0000] "POST /wp-login.php HTTP/1.1" 403 1092 "-" "Mozilla/5.0 (Windows NT 10.0; Win64; x64) AppleWebKit/537.36 (KHTML, like Gecko) Chrome/119.0.0.0 Safari/537.36"
129.212.229.4 - - [28/Mar/2026:12:15:12 +0000] "GET /wp-admin/ HTTP/1.1" 302 20 "-" "Mozilla/5.0 (Windows NT 10.0; Win64; x64) AppleWebKit/537.36 (KHTML, like Gecko) Chrome/119.0.0.0 Safari/537.36"
129.212.229.4 - - [28/Mar/2026:12:15:13 +0000] "GET /not_found/ HTTP/1.1" 404 26851 "-" "Mozilla/5.0 (Windows NT 10.0; Win64; x64) AppleWebKit/537.36 (KHTML, like Gecko) Chrome/119.0.0.0 Safari/537.36"
129.212.229.4 - - [28/Mar/2026:12:15:15 +0000] "POST /xmlrpc.php HTTP/1.1" 503 7319 "-" "Mozilla/5.0 (Windows NT 10.0; Win64; x64) AppleWebKit/537.36 (KHTML, like Gecko) Chrome/119.0.0.0 Safari/537.36"
74.7.241.33 - - [28/Mar/2026:12:15:21 +0000] "GET /wp-content/uploads/cache/wpml/twig/0b/0b087bb4b56a9e714b3b6551cbb34032d6a0297c9dccbaf168b7a9a65a0ec2b3.php HTTP/1.1" 500 20 "https://autozone.com.sa/wp-content/uploads/cache/wpml/twig/0b/" "Mozilla/5.0 AppleWebKit/537.36 (KHTML, like Gecko; compatible; GPTBot/1.3; +https://openai.com/gptbot)"
217.76.158.60 - - [28/Mar/2026:12:15:34 +0000] "GET /wp-login.php HTTP/1.1" 403 1092 "-" "Mozilla/5.0 (Windows NT 6.2; Win64; x64; rv:60.0) Gecko/20100101 Firefox/60.0"
217.76.158.60 - - [28/Mar/2026:12:15:35 +0000] "POST /wp-login.php HTTP/1.1" 403 1092 "https://autozone.com.sa/wp-login.php" "Mozilla/5.0 (Windows NT 6.2; Win64; x64; rv:60.0) Gecko/20100101 Firefox/60.0"
172.105.42.26 - - [28/Mar/2026:12:16:18 +0000] "POST /wp-cron.php?doing_wp_cron=1774700178.8772020339965820312500 HTTP/1.1" 200 20 "-" "WordPress/6.9.4; https://autozone.com.sa"
2a03:2880:f802:2:: - - [28/Mar/2026:12:16:16 +0000] "GET /model/toyota-corolla-xli-2-0l-2wd-petrol-a-t-2025/ HTTP/1.1" 200 56687 "-" "meta-externalagent/1.1 (+https://developers.facebook.com/docs/sharing/webmasters/crawler)"
74.7.241.33 - - [28/Mar/2026:12:16:23 +0000] "GET /wp-content/uploads/cache/wpml/twig/aa/aaf5c14c3a1919b167f0d57c1e71c6800d1d7a070727159fb9bc20fca86ded9d.php HTTP/1.1" 500 20 "https://autozone.com.sa/wp-content/uploads/cache/wpml/twig/aa/" "Mozilla/5.0 AppleWebKit/537.36 (KHTML, like Gecko; compatible; GPTBot/1.3; +https://openai.com/gptbot)"
172.105.42.26 - - [28/Mar/2026:12:16:26 +0000] "POST /wp-cron.php?doing_wp_cron=1774700186.8984310626983642578125 HTTP/1.1" 200 20 "-" "WordPress/6.9.4; https://autozone.com.sa"
5.161.250.15 - - [28/Mar/2026:12:11:24 +0000] "POST /wp-load.php?2e7494=16897 HTTP/1.1" 404 26863 "https://autozone.com.sa/" "BlogVault/1.0 (+https://blogvault.net)"
172.105.42.26 - - [28/Mar/2026:12:16:28 +0000] "POST /wp-cron.php?doing_wp_cron=1774700188.6808381080627441406250 HTTP/1.1" 200 20 "-" "WordPress/6.9.4; https://autozone.com.sa"
74.7.241.33 - - [28/Mar/2026:12:17:24 +0000] "GET /wp-content/uploads/cache/wpml/twig/04/047042f720ffb4aaffdc4f2bc2cc80452d02ce728c4a21faf010975bdb79639a.php HTTP/1.1" 500 20 "https://autozone.com.sa/wp-content/uploads/cache/wpml/twig/04/" "Mozilla/5.0 AppleWebKit/537.36 (KHTML, like Gecko; compatible; GPTBot/1.3; +https://openai.com/gptbot)"
172.105.42.26 - - [28/Mar/2026:12:18:18 +0000] "POST /wp-cron.php?doing_wp_cron=1774700298.2399039268493652343750 HTTP/1.1" 200 20 "-" "WordPress/6.9.4; https://autozone.com.sa"
74.7.241.33 - - [28/Mar/2026:12:18:28 +0000] "GET /wp-content/uploads/cache/wpml/twig/dc/dcdd3e6a922e679d91ffc7c71179ef7afb8d9539bd19f9409112c5400d1d68a3.php HTTP/1.1" 500 20 "https://autozone.com.sa/wp-content/uploads/cache/wpml/twig/dc/" "Mozilla/5.0 AppleWebKit/537.36 (KHTML, like Gecko; compatible; GPTBot/1.3; +https://openai.com/gptbot)"
54.250.53.16 - - [28/Mar/2026:12:18:36 +0000] "GET / HTTP/1.1" 200 138860 "http://mail.autozone.com.sa" "Mozilla/5.0 (Windows NT 10.0; Win64; x64) AppleWebKit/537.36 (KHTML, like Gecko) Chrome/120.0.0.0 Safari/537.36"
17.246.19.74 - - [28/Mar/2026:12:18:42 +0000] "GET /wp-content/uploads/2025/04/cccf075a-a765-4b04-8754-232fcdbf42b1-scaled.png HTTP/1.1" 200 634820 "-" "Mozilla/5.0 (Macintosh; Intel Mac OS X 10_15_7) AppleWebKit/605.1.15 (KHTML, like Gecko) Version/17.4 Safari/605.1.15 (Applebot/0.1; +http://www.apple.com/go/applebot)"
172.105.42.26 - - [28/Mar/2026:12:18:44 +0000] "POST /wp-cron.php?doing_wp_cron=1774700324.1258289813995361328125 HTTP/1.1" 200 20 "-" "WordPress/6.9.4; https://autozone.com.sa"
63.178.84.147 - - [28/Mar/2026:12:18:43 +0000] "HEAD / HTTP/1.1" 200 - "https://autozone.com.sa/" "Mozilla/5.0+(compatible; UptimeRobot/2.0; http://www.uptimerobot.com/)"
74.7.241.33 - - [28/Mar/2026:12:19:33 +0000] "GET /wp-content/uploads/cache/wpml/twig/b8/b8e7cfe0104bf0af1ab0210ccb6ae3d46171748322c79d50d76a9f141a3ff9b1.php HTTP/1.1" 500 20 "https://autozone.com.sa/wp-content/uploads/cache/wpml/twig/b8/" "Mozilla/5.0 AppleWebKit/537.36 (KHTML, like Gecko; compatible; GPTBot/1.3; +https://openai.com/gptbot)"
172.105.42.26 - - [28/Mar/2026:12:19:41 +0000] "POST /wp-cron.php?doing_wp_cron=1774700381.7019879817962646484375 HTTP/1.1" 200 20 "-" "WordPress/6.9.4; https://autozone.com.sa"
46.224.140.111 - - [28/Mar/2026:12:19:40 +0000] "GET /wp-login.php HTTP/1.1" 403 1094 "-" "Mozilla/5.0 (Windows NT 10.0; WOW64; Trident/7.0; MALCJS; rv:11.0) like Gecko"
46.224.140.111 - - [28/Mar/2026:12:19:41 +0000] "POST /wp-login.php HTTP/1.1" 403 1094 "https://autozone.com.sa/wp-login.php" "Mozilla/5.0 (Windows NT 10.0; WOW64; Trident/7.0; MALCJS; rv:11.0) like Gecko"
74.7.241.33 - - [28/Mar/2026:12:20:37 +0000] "GET /wp-content/uploads/cache/wpml/twig/9b/9b1fafe638fada379b6c8a007ba580f956359c2ee70296d41b539489cdf0e0a5.php HTTP/1.1" 500 20 "https://autozone.com.sa/wp-content/uploads/cache/wpml/twig/9b/" "Mozilla/5.0 AppleWebKit/537.36 (KHTML, like Gecko; compatible; GPTBot/1.3; +https://openai.com/gptbot)"
172.105.42.26 - - [28/Mar/2026:12:20:56 +0000] "POST /wp-cron.php?doing_wp_cron=1774700456.3570439815521240234375 HTTP/1.1" 200 20 "-" "WordPress/6.9.4; https://autozone.com.sa"
2a03:2880:18ff:72:: - - [28/Mar/2026:12:20:52 +0000] "GET / HTTP/1.1" 200 138871 "-" "facebookexternalhit/1.1 (+http://www.facebook.com/externalhit_uatext.php)"
17.246.19.253 - - [28/Mar/2026:12:21:13 +0000] "GET / HTTP/1.1" 200 138860 "-" "Mozilla/5.0 (Macintosh; Intel Mac OS X 10_15_7) AppleWebKit/605.1.15 (KHTML, like Gecko) Version/17.4 Safari/605.1.15 (Applebot/0.1; +http://www.apple.com/go/applebot)"
74.7.241.33 - - [28/Mar/2026:12:21:41 +0000] "GET /wp-content/uploads/cache/wpml/twig/a5/a52076ce23c9a3f59c85a9efe8532b39d5f42915dabd611ef80a3a6cf9dd298a.php HTTP/1.1" 500 20 "https://autozone.com.sa/wp-content/uploads/cache/wpml/twig/a5/" "Mozilla/5.0 AppleWebKit/537.36 (KHTML, like Gecko; compatible; GPTBot/1.3; +https://openai.com/gptbot)"
172.105.42.26 - - [28/Mar/2026:12:22:27 +0000] "POST /wp-cron.php?doing_wp_cron=1774700547.8835759162902832031250 HTTP/1.1" 200 20 "-" "WordPress/6.9.4; https://autozone.com.sa"
216.28.210.237 - - [28/Mar/2026:12:22:26 +0000] "GET /outlet/listings/chevrolet-tahoe-ls/ HTTP/1.1" 301 20 "-" "Mozilla/5.0 (Linux; Android 8.0; Pixel 2 Build/OPD3.170816.012) AppleWebKit/537.36 (KHTML, like Gecko) Chrome/41.0.5453.1040 Mobile Safari/537.36"
45.162.72.208 - - [28/Mar/2026:12:22:30 +0000] "GET /outlet/listings/chevrolet-tahoe-ls/ HTTP/1.1" 404 26905 "-" "Mozilla/5.0 (Linux; Android 8.0; Pixel 2 Build/OPD3.170816.012) AppleWebKit/537.36 (KHTML, like Gecko) Chrome/41.0.5453.1040 Mobile Safari/537.36"
74.7.241.33 - - [28/Mar/2026:12:22:47 +0000] "GET /wp-content/uploads/cache/wpml/twig/bb/bb5335e25d93c7f0f040e1ee7c232a3c656be6c96b0b5c6ec7809a4c71615d7d.php HTTP/1.1" 500 20 "https://autozone.com.sa/wp-content/uploads/cache/wpml/twig/bb/" "Mozilla/5.0 AppleWebKit/537.36 (KHTML, like Gecko; compatible; GPTBot/1.3; +https://openai.com/gptbot)"
77.81.95.29 - - [28/Mar/2026:12:22:49 +0000] "GET /wp-content/uploads/2025/01/AZ_White_AR-600x173.png HTTP/1.1" 304 - "https://autozone.com.sa/outlet/listings/chevrolet-tahoe-ls/" "Mozilla/5.0 (Linux; Android 8.0; Pixel 2 Build/OPD3.170816.012) AppleWebKit/537.36 (KHTML, like Gecko) Chrome/41.0.5453.1040 Mobile Safari/537.36"
77.81.95.29 - - [28/Mar/2026:12:22:49 +0000] "GET /wp-content/uploads/elementor/css/post-290.css?ver=1774675858 HTTP/1.1" 200 1461 "https://autozone.com.sa/outlet/listings/chevrolet-tahoe-ls/" "Mozilla/5.0 (Linux; Android 8.0; Pixel 2 Build/OPD3.170816.012) AppleWebKit/537.36 (KHTML, like Gecko) Chrome/41.0.5453.1040 Mobile Safari/537.36"
62.60.130.210 - - [28/Mar/2026:12:23:17 +0000] "GET /wp-login.php HTTP/1.1" 403 1660 "https://t.co/" "Mozilla/5.0 (Macintosh; Intel Mac OS X 13_6_1) AppleWebKit/537.36 (KHTML, like Gecko) Chrome/118.0.0.0 Safari/537.36"
62.60.130.210 - - [28/Mar/2026:12:23:18 +0000] "GET /wp-admin/ HTTP/1.1" 403 1660 "-" "Mozilla/5.0 (Macintosh; Intel Mac OS X 13_6_1) AppleWebKit/605.1.15 (KHTML, like Gecko) Version/17.1 Safari/605.1.15"
74.7.241.33 - - [28/Mar/2026:12:23:48 +0000] "GET /wp-content/uploads/cache/wpml/twig/6f/6f936d43f39c15bb2e70b4055cabcbf70ab6fa7581d8662592ecb7b8fb267ebe.php HTTP/1.1" 500 20 "https://autozone.com.sa/wp-content/uploads/cache/wpml/twig/6f/" "Mozilla/5.0 AppleWebKit/537.36 (KHTML, like Gecko; compatible; GPTBot/1.3; +https://openai.com/gptbot)"
172.105.42.26 - - [28/Mar/2026:12:23:49 +0000] "POST /wp-cron.php?doing_wp_cron=1774700629.1113419532775878906250 HTTP/1.1" 200 20 "-" "WordPress/6.9.4; https://autozone.com.sa"
18.192.166.72 - - [28/Mar/2026:12:23:47 +0000] "HEAD / HTTP/1.1" 200 - "https://autozone.com.sa/" "Mozilla/5.0+(compatible; UptimeRobot/2.0; http://www.uptimerobot.com/)"
82.196.25.136 - - [28/Mar/2026:12:24:06 +0000] "GET /wp-login.php HTTP/1.1" 403 1093 "-" "Mozilla/5.0 (Windows NT 6.1; WOW64; Trident/7.0; NP06; rv:11.0) like Gecko"
82.196.25.136 - - [28/Mar/2026:12:24:07 +0000] "POST /wp-login.php HTTP/1.1" 403 1093 "https://autozone.com.sa/wp-login.php" "Mozilla/5.0 (Windows NT 6.1; WOW64; Trident/7.0; NP06; rv:11.0) like Gecko"
172.105.42.26 - - [28/Mar/2026:12:24:24 +0000] "POST /wp-cron.php?doing_wp_cron=1774700664.3003649711608886718750 HTTP/1.1" 200 20 "-" "WordPress/6.9.4; https://autozone.com.sa"
40.77.167.27 - - [28/Mar/2026:12:24:23 +0000] "GET /?shopdetail/60041447 HTTP/1.1" 301 20 "-" "Mozilla/5.0 AppleWebKit/537.36 (KHTML, like Gecko; compatible; bingbot/2.0; +http://www.bing.com/bingbot.htm) Chrome/116.0.1938.76 Safari/537.36"
2001:16a2:7a17:b300:5838:9d66:78c5:8c70 - - [28/Mar/2026:12:24:30 +0000] "GET /product/jetour-t2-2025/ HTTP/1.1" 200 130755 "https://www.google.com/" "Mozilla/5.0 (iPhone; CPU iPhone OS 18_7 like Mac OS X) AppleWebKit/605.1.15 (KHTML, like Gecko) Version/26.3 Mobile/15E148 Safari/604.1"
2001:16a2:7a17:b300:5838:9d66:78c5:8c70 - - [28/Mar/2026:12:24:34 +0000] "GET /wp-content/plugins/fluentform/assets/css/fluent-forms-elementor-widget.css?ver=6.1.19 HTTP/1.1" 200 914 "https://autozone.com.sa/product/jetour-t2-2025/" "Mozilla/5.0 (iPhone; CPU iPhone OS 18_7 like Mac OS X) AppleWebKit/605.1.15 (KHTML, like Gecko) Version/26.3 Mobile/15E148 Safari/604.1"
2001:16a2:7a17:b300:5838:9d66:78c5:8c70 - - [28/Mar/2026:12:24:34 +0000] "GET /wp-content/plugins/jet-engine/assets/css/frontend.css?ver=3.8.2.1 HTTP/1.1" 200 8047 "https://autozone.com.sa/product/jetour-t2-2025/" "Mozilla/5.0 (iPhone; CPU iPhone OS 18_7 like Mac OS X) AppleWebKit/605.1.15 (KHTML, like Gecko) Version/26.3 Mobile/15E148 Safari/604.1"
2001:16a2:7a17:b300:5838:9d66:78c5:8c70 - - [28/Mar/2026:12:24:34 +0000] "GET /wp-content/plugins/woo-variation-gallery/assets/css/slick.min.css?ver=1.8.1 HTTP/1.1" 200 1108 "https://autozone.com.sa/product/jetour-t2-2025/" "Mozilla/5.0 (iPhone; CPU iPhone OS 18_7 like Mac OS X) AppleWebKit/605.1.15 (KHTML, like Gecko) Version/26.3 Mobile/15E148 Safari/604.1"
2001:16a2:7a17:b300:5838:9d66:78c5:8c70 - - [28/Mar/2026:12:24:34 +0000] "GET /wp-includes/css/dashicons.min.css?ver=6.9.4 HTTP/1.1" 200 35721 "https://autozone.com.sa/product/jetour-t2-2025/" "Mozilla/5.0 (iPhone; CPU iPhone OS 18_7 like Mac OS X) AppleWebKit/605.1.15 (KHTML, like Gecko) Version/26.3 Mobile/15E148 Safari/604.1"
2001:16a2:7a17:b300:5838:9d66:78c5:8c70 - - [28/Mar/2026:12:24:34 +0000] "GET /wp-content/plugins/jetformbuilder/modules/option-field/assets/build/checkbox.css?ver=6e25adbbae5a5d1bb65e HTTP/1.1" 200 502 "https://autozone.com.sa/product/jetour-t2-2025/" "Mozilla/5.0 (iPhone; CPU iPhone OS 18_7 like Mac OS X) AppleWebKit/605.1.15 (KHTML, like Gecko) Version/26.3 Mobile/15E148 Safari/604.1"
2001:16a2:7a17:b300:5838:9d66:78c5:8c70 - - [28/Mar/2026:12:24:34 +0000] "GET /wp-content/plugins/jet-popup/assets/css/jet-popup-frontend.css?ver=2.0.21.1 HTTP/1.1" 200 3228 "https://autozone.com.sa/product/jetour-t2-2025/" "Mozilla/5.0 (iPhone; CPU iPhone OS 18_7 like Mac OS X) AppleWebKit/605.1.15 (KHTML, like Gecko) Version/26.3 Mobile/15E148 Safari/604.1"
2001:16a2:7a17:b300:5838:9d66:78c5:8c70 - - [28/Mar/2026:12:24:34 +0000] "GET /wp-content/plugins/jetformbuilder/modules/wysiwyg/assets/build/wysiwyg.css?ver=5a4d16fb6d7a94700261 HTTP/1.1" 200 871 "https://autozone.com.sa/product/jetour-t2-2025/" "Mozilla/5.0 (iPhone; CPU iPhone OS 18_7 like Mac OS X) AppleWebKit/605.1.15 (KHTML, like Gecko) Version/26.3 Mobile/15E148 Safari/604.1"
2001:16a2:7a17:b300:5838:9d66:78c5:8c70 - - [28/Mar/2026:12:24:34 +0000] "GET /wp-content/uploads/elementor/css/custom-widget-image-gallery-rtl.min.css?ver=1774675920 HTTP/1.1" 200 358 "https://autozone.com.sa/product/jetour-t2-2025/" "Mozilla/5.0 (iPhone; CPU iPhone OS 18_7 like Mac OS X) AppleWebKit/605.1.15 (KHTML, like Gecko) Version/26.3 Mobile/15E148 Safari/604.1"
2001:16a2:7a17:b300:5838:9d66:78c5:8c70 - - [28/Mar/2026:12:24:34 +0000] "GET /wp-content/plugins/jet-compare-wishlist/assets/css/frontend.css?ver=1.5.12.2 HTTP/1.1" 200 501 "https://autozone.com.sa/product/jetour-t2-2025/" "Mozilla/5.0 (iPhone; CPU iPhone OS 18_7 like Mac OS X) AppleWebKit/605.1.15 (KHTML, like Gecko) Version/26.3 Mobile/15E148 Safari/604.1"
2001:16a2:7a17:b300:5838:9d66:78c5:8c70 - - [28/Mar/2026:12:24:34 +0000] "GET /wp-content/plugins/jet-blog/assets/css/jet-blog.css?ver=2.4.8 HTTP/1.1" 200 11021 "https://autozone.com.sa/product/jetour-t2-2025/" "Mozilla/5.0 (iPhone; CPU iPhone OS 18_7 like Mac OS X) AppleWebKit/605.1.15 (KHTML, like Gecko) Version/26.3 Mobile/15E148 Safari/604.1"
2001:16a2:7a17:b300:5838:9d66:78c5:8c70 - - [28/Mar/2026:12:24:34 +0000] "GET /wp-content/plugins/jetformbuilder/modules/switcher/assets/build/switcher.css?ver=06c887a8b9195e5a119d HTTP/1.1" 200 618 "https://autozone.com.sa/product/jetour-t2-2025/" "Mozilla/5.0 (iPhone; CPU iPhone OS 18_7 like Mac OS X) AppleWebKit/605.1.15 (KHTML, like Gecko) Version/26.3 Mobile/15E148 Safari/604.1"
2001:16a2:7a17:b300:5838:9d66:78c5:8c70 - - [28/Mar/2026:12:24:34 +0000] "GET /wp-content/plugins/jetformbuilder/assets/build/frontend/main.css?ver=3.5.6.3 HTTP/1.1" 200 2234 "https://autozone.com.sa/product/jetour-t2-2025/" "Mozilla/5.0 (iPhone; CPU iPhone OS 18_7 like Mac OS X) AppleWebKit/605.1.15 (KHTML, like Gecko) Version/26.3 Mobile/15E148 Safari/604.1"
2001:16a2:7a17:b300:5838:9d66:78c5:8c70 - - [28/Mar/2026:12:24:34 +0000] "GET /wp-content/plugins/jet-compare-wishlist/assets/css/widgets/cw-button.css?ver=1.5.12.2 HTTP/1.1" 200 984 "https://autozone.com.sa/product/jetour-t2-2025/" "Mozilla/5.0 (iPhone; CPU iPhone OS 18_7 like Mac OS X) AppleWebKit/605.1.15 (KHTML, like Gecko) Version/26.3 Mobile/15E148 Safari/604.1"
2001:16a2:7a17:b300:5838:9d66:78c5:8c70 - - [28/Mar/2026:12:24:35 +0000] "GET /wp-content/plugins/jetformbuilder/modules/advanced-choices/assets/build/main.css?ver=ca05550a7cac3b9b55a3 HTTP/1.1" 200 678 "https://autozone.com.sa/product/jetour-t2-2025/" "Mozilla/5.0 (iPhone; CPU iPhone OS 18_7 like Mac OS X) AppleWebKit/605.1.15 (KHTML, like Gecko) Version/26.3 Mobile/15E148 Safari/604.1"
2001:16a2:7a17:b300:5838:9d66:78c5:8c70 - - [28/Mar/2026:12:24:35 +0000] "GET /wp-content/uploads/2024/12/AutoZone-R.woff2 HTTP/1.1" 200 28039 "https://autozone.com.sa/product/jetour-t2-2025/" "Mozilla/5.0 (iPhone; CPU iPhone OS 18_7 like Mac OS X) AppleWebKit/605.1.15 (KHTML, like Gecko) Version/26.3 Mobile/15E148 Safari/604.1"
2001:16a2:7a17:b300:5838:9d66:78c5:8c70 - - [28/Mar/2026:12:24:35 +0000] "GET /wp-content/uploads/2024/12/AutoZone-AR-Bold.woff2 HTTP/1.1" 200 25679 "https://autozone.com.sa/product/jetour-t2-2025/" "Mozilla/5.0 (iPhone; CPU iPhone OS 18_7 like Mac OS X) AppleWebKit/605.1.15 (KHTML, like Gecko) Version/26.3 Mobile/15E148 Safari/604.1"
2001:16a2:7a17:b300:5838:9d66:78c5:8c70 - - [28/Mar/2026:12:24:35 +0000] "GET /wp-content/uploads/2024/12/AutoZone-AR-Plain.woff2 HTTP/1.1" 200 22707 "https://autozone.com.sa/product/jetour-t2-2025/" "Mozilla/5.0 (iPhone; CPU iPhone OS 18_7 like Mac OS X) AppleWebKit/605.1.15 (KHTML, like Gecko) Version/26.3 Mobile/15E148 Safari/604.1"
2001:16a2:7a17:b300:5838:9d66:78c5:8c70 - - [28/Mar/2026:12:24:35 +0000] "GET /wp-content/uploads/2024/12/bg-autozone.jpg HTTP/1.1" 304 - "https://autozone.com.sa/product/jetour-t2-2025/" "Mozilla/5.0 (iPhone; CPU iPhone OS 18_7 like Mac OS X) AppleWebKit/605.1.15 (KHTML, like Gecko) Version/26.3 Mobile/15E148 Safari/604.1"
2001:16a2:7a17:b300:5838:9d66:78c5:8c70 - - [28/Mar/2026:12:24:37 +0000] "GET /wp-content/plugins/woo-variation-gallery/images/slick/ajax-loader.gif HTTP/1.1" 304 - "https://autozone.com.sa/product/jetour-t2-2025/" "Mozilla/5.0 (iPhone; CPU iPhone OS 18_7 like Mac OS X) AppleWebKit/605.1.15 (KHTML, like Gecko) Version/26.3 Mobile/15E148 Safari/604.1"
2001:16a2:7a17:b300:5838:9d66:78c5:8c70 - - [28/Mar/2026:12:24:37 +0000] "GET /wp-content/plugins/elementor/assets/js/nested-tabs.a2401356d329f179475e.bundle.min.js HTTP/1.1" 200 3285 "https://autozone.com.sa/product/jetour-t2-2025/" "Mozilla/5.0 (iPhone; CPU iPhone OS 18_7 like Mac OS X) AppleWebKit/605.1.15 (KHTML, like Gecko) Version/26.3 Mobile/15E148 Safari/604.1"
2001:16a2:7a17:b300:5838:9d66:78c5:8c70 - - [28/Mar/2026:12:24:37 +0000] "POST /?wc-ajax=get_default_gallery HTTP/1.1" 200 433 "https://autozone.com.sa/product/jetour-t2-2025/" "Mozilla/5.0 (iPhone; CPU iPhone OS 18_7 like Mac OS X) AppleWebKit/605.1.15 (KHTML, like Gecko) Version/26.3 Mobile/15E148 Safari/604.1"
2001:16a2:7a17:b300:5838:9d66:78c5:8c70 - - [28/Mar/2026:12:24:37 +0000] "POST /?wc-ajax=get_variation_gallery HTTP/1.1" 200 602 "https://autozone.com.sa/product/jetour-t2-2025/" "Mozilla/5.0 (iPhone; CPU iPhone OS 18_7 like Mac OS X) AppleWebKit/605.1.15 (KHTML, like Gecko) Version/26.3 Mobile/15E148 Safari/604.1"
2001:16a2:7a17:b300:5838:9d66:78c5:8c70 - - [28/Mar/2026:12:24:37 +0000] "POST /?wc-ajax=get_refreshed_fragments HTTP/1.1" 200 999 "https://autozone.com.sa/product/jetour-t2-2025/" "Mozilla/5.0 (iPhone; CPU iPhone OS 18_7 like Mac OS X) AppleWebKit/605.1.15 (KHTML, like Gecko) Version/26.3 Mobile/15E148 Safari/604.1"
2001:16a2:7a17:b300:5838:9d66:78c5:8c70 - - [28/Mar/2026:12:24:37 +0000] "POST /?wc-ajax=get_refreshed_fragments HTTP/1.1" 200 999 "https://autozone.com.sa/product/jetour-t2-2025/" "Mozilla/5.0 (iPhone; CPU iPhone OS 18_7 like Mac OS X) AppleWebKit/605.1.15 (KHTML, like Gecko) Version/26.3 Mobile/15E148 Safari/604.1"
2001:16a2:7a17:b300:5838:9d66:78c5:8c70 - - [28/Mar/2026:12:24:37 +0000] "POST /wp-json/iawp/search HTTP/1.1" 200 36 "https://autozone.com.sa/product/jetour-t2-2025/" "Mozilla/5.0 (iPhone; CPU iPhone OS 18_7 like Mac OS X) AppleWebKit/605.1.15 (KHTML, like Gecko) Version/26.3 Mobile/15E148 Safari/604.1"
2001:16a2:7a17:b300:5838:9d66:78c5:8c70 - - [28/Mar/2026:12:24:39 +0000] "GET /wp-content/uploads/2025/04/BGC_9708-600x600.jpg HTTP/1.1" 304 - "https://autozone.com.sa/product/jetour-t2-2025/" "Mozilla/5.0 (iPhone; CPU iPhone OS 18_7 like Mac OS X) AppleWebKit/605.1.15 (KHTML, like Gecko) Version/26.3 Mobile/15E148 Safari/604.1"
2001:16a2:7a17:b300:5838:9d66:78c5:8c70 - - [28/Mar/2026:12:24:39 +0000] "GET /wp-content/uploads/2025/04/BGC_9690-600x600.jpg HTTP/1.1" 304 - "https://autozone.com.sa/product/jetour-t2-2025/" "Mozilla/5.0 (iPhone; CPU iPhone OS 18_7 like Mac OS X) AppleWebKit/605.1.15 (KHTML, like Gecko) Version/26.3 Mobile/15E148 Safari/604.1"
68.221.75.21 - - [28/Mar/2026:12:25:16 +0000] "GET /en/product/changan-uni-v-elite-2026/ HTTP/1.1" 200 85250 "-" "Mozilla/5.0 AppleWebKit/537.36 (KHTML, like Gecko); compatible; ChatGPT-User/1.0; +https://openai.com/bot"
5.161.177.123 - - [28/Mar/2026:12:25:23 +0000] "POST /wp-load.php?165772=30344 HTTP/1.1" 200 72876 "-" "BlogVault/1.0 (+https://blogvault.net)"
5.161.69.178 - - [28/Mar/2026:12:25:36 +0000] "POST /wp-load.php?e9e240=18676 HTTP/1.1" 200 3729 "https://autozone.com.sa/" "BlogVault/1.0 (+https://blogvault.net)"
74.7.241.33 - - [28/Mar/2026:12:25:56 +0000] "GET /wp-content/uploads/cache/wpml/twig/d9/d9d8c5446fd53b95a283895facd711293bb55ec12edc2c6cf2caf9277ac9e6a7.php HTTP/1.1" 500 20 "https://autozone.com.sa/wp-content/uploads/cache/wpml/twig/d9/" "Mozilla/5.0 AppleWebKit/537.36 (KHTML, like Gecko; compatible; GPTBot/1.3; +https://openai.com/gptbot)"
172.105.42.26 - - [28/Mar/2026:12:26:05 +0000] "POST /wp-cron.php?doing_wp_cron=1774700765.1838440895080566406250 HTTP/1.1" 200 20 "-" "WordPress/6.9.4; https://autozone.com.sa"
176.224.77.247 - - [28/Mar/2026:12:26:01 +0000] "GET / HTTP/1.1" 200 163879 "https://www.google.com/" "Mozilla/5.0 (iPhone; CPU iPhone OS 18_7 like Mac OS X) AppleWebKit/605.1.15 (KHTML, like Gecko) Version/26.3 Mobile/15E148 Safari/604.1"
176.224.77.247 - - [28/Mar/2026:12:26:19 +0000] "POST /?wc-ajax=get_refreshed_fragments HTTP/1.1" 200 999 "https://autozone.com.sa/" "Mozilla/5.0 (iPhone; CPU iPhone OS 18_7 like Mac OS X) AppleWebKit/605.1.15 (KHTML, like Gecko) Version/26.3 Mobile/15E148 Safari/604.1"
176.224.77.247 - - [28/Mar/2026:12:26:19 +0000] "POST /?wc-ajax=get_refreshed_fragments HTTP/1.1" 200 999 "https://autozone.com.sa/" "Mozilla/5.0 (iPhone; CPU iPhone OS 18_7 like Mac OS X) AppleWebKit/605.1.15 (KHTML, like Gecko) Version/26.3 Mobile/15E148 Safari/604.1"
176.224.77.247 - - [28/Mar/2026:12:26:19 +0000] "POST /wp-json/iawp/search HTTP/1.1" 200 36 "https://autozone.com.sa/" "Mozilla/5.0 (iPhone; CPU iPhone OS 18_7 like Mac OS X) AppleWebKit/605.1.15 (KHTML, like Gecko) Version/26.3 Mobile/15E148 Safari/604.1"
172.105.42.26 - - [28/Mar/2026:12:26:28 +0000] "POST /wp-cron.php?doing_wp_cron=1774700788.6063098907470703125000 HTTP/1.1" 200 20 "-" "WordPress/6.9.4; https://autozone.com.sa"
176.224.77.247 - - [28/Mar/2026:12:26:26 +0000] "POST /wp-admin/admin-ajax.php HTTP/1.1" 200 637 "https://autozone.com.sa/" "Mozilla/5.0 (iPhone; CPU iPhone OS 18_7 like Mac OS X) AppleWebKit/605.1.15 (KHTML, like Gecko) Version/26.3 Mobile/15E148 Safari/604.1"
74.7.241.33 - - [28/Mar/2026:12:26:58 +0000] "GET /wp-content/uploads/cache/wpml/twig/13/133223011eeb7e933f0b66ed2bbc12a9564a5fdfad2f751b0a8d7e501ef83efe.php HTTP/1.1" 500 20 "https://autozone.com.sa/wp-content/uploads/cache/wpml/twig/13/" "Mozilla/5.0 AppleWebKit/537.36 (KHTML, like Gecko; compatible; GPTBot/1.3; +https://openai.com/gptbot)"
172.105.42.26 - - [28/Mar/2026:12:27:21 +0000] "POST /wp-cron.php?doing_wp_cron=1774700841.5067780017852783203125 HTTP/1.1" 200 20 "-" "WordPress/6.9.4; https://autozone.com.sa"
176.224.77.247 - - [28/Mar/2026:12:27:27 +0000] "POST /wp-admin/admin-ajax.php HTTP/1.1" 200 46 "https://autozone.com.sa/" "Mozilla/5.0 (iPhone; CPU iPhone OS 18_7 like Mac OS X) AppleWebKit/605.1.15 (KHTML, like Gecko) Version/26.3 Mobile/15E148 Safari/604.1"
176.224.77.247 - - [28/Mar/2026:12:27:32 +0000] "POST //shop/ HTTP/1.1" 200 43716 "https://autozone.com.sa/" "Mozilla/5.0 (iPhone; CPU iPhone OS 18_7 like Mac OS X) AppleWebKit/605.1.15 (KHTML, like Gecko) Version/26.3 Mobile/15E148 Safari/604.1"
176.224.77.247 - - [28/Mar/2026:12:27:37 +0000] "GET /wp-content/uploads/2026/01/BGC_5738-copy-15-scaled.webp HTTP/1.1" 200 229477 "https://autozone.com.sa//shop/" "Mozilla/5.0 (iPhone; CPU iPhone OS 18_7 like Mac OS X) AppleWebKit/605.1.15 (KHTML, like Gecko) Version/26.3 Mobile/15E148 Safari/604.1"
176.224.77.247 - - [28/Mar/2026:12:27:37 +0000] "POST /?wc-ajax=get_refreshed_fragments HTTP/1.1" 200 999 "https://autozone.com.sa//shop/" "Mozilla/5.0 (iPhone; CPU iPhone OS 18_7 like Mac OS X) AppleWebKit/605.1.15 (KHTML, like Gecko) Version/26.3 Mobile/15E148 Safari/604.1"
176.224.77.247 - - [28/Mar/2026:12:27:37 +0000] "POST /wp-json/iawp/search HTTP/1.1" 200 36 "https://autozone.com.sa//shop/" "Mozilla/5.0 (iPhone; CPU iPhone OS 18_7 like Mac OS X) AppleWebKit/605.1.15 (KHTML, like Gecko) Version/26.3 Mobile/15E148 Safari/604.1"
176.224.77.247 - - [28/Mar/2026:12:27:46 +0000] "POST /wp-admin/admin-ajax.php HTTP/1.1" 200 46 "https://autozone.com.sa//shop/" "Mozilla/5.0 (iPhone; CPU iPhone OS 18_7 like Mac OS X) AppleWebKit/605.1.15 (KHTML, like Gecko) Version/26.3 Mobile/15E148 Safari/604.1"
52.167.144.137 - - [28/Mar/2026:12:27:45 +0000] "GET /product/suzuki-carry-std-2025/?nocache=1770488140&jet_blog_ajax=1 HTTP/1.1" 200 129056 "-" "Mozilla/5.0 AppleWebKit/537.36 (KHTML, like Gecko; compatible; bingbot/2.0; +http://www.bing.com/bingbot.htm) Chrome/116.0.1938.76 Safari/537.36"
176.224.77.247 - - [28/Mar/2026:12:27:46 +0000] "POST /wp-admin/admin-ajax.php HTTP/1.1" 200 9375 "https://autozone.com.sa//shop/" "Mozilla/5.0 (iPhone; CPU iPhone OS 18_7 like Mac OS X) AppleWebKit/605.1.15 (KHTML, like Gecko) Version/26.3 Mobile/15E148 Safari/604.1"
176.224.77.247 - - [28/Mar/2026:12:27:47 +0000] "GET /shop/ HTTP/1.1" 200 148557 "https://autozone.com.sa//shop/" "Mozilla/5.0 (iPhone; CPU iPhone OS 18_7 like Mac OS X) AppleWebKit/605.1.15 (KHTML, like Gecko) Version/26.3 Mobile/15E148 Safari/604.1"
176.224.77.247 - - [28/Mar/2026:12:27:51 +0000] "GET /wp-content/uploads/al_opt_content/IMAGE/autozone.com.sa/wp-content/uploads/2025/01/AZ_White_AR.png?bv_host=autozone.com.sa&bv-resized-infos=bv_resized_mobile%3A480%2A139%3Bbv_resized_ipad%3A820%2A237%3Bbv_resized_desktop%3A872%2A252 HTTP/1.1" 304 - "https://autozone.com.sa/shop/" "Mozilla/5.0 (iPhone; CPU iPhone OS 18_7 like Mac OS X) AppleWebKit/605.1.15 (KHTML, like Gecko) Version/26.3 Mobile/15E148 Safari/604.1"
17.241.75.242 - - [28/Mar/2026:12:27:52 +0000] "GET /wp-content/uploads/2025/04/BGC_2436-scaled.jpg HTTP/1.1" 200 157263 "-" "Mozilla/5.0 (Macintosh; Intel Mac OS X 10_15_7) AppleWebKit/605.1.15 (KHTML, like Gecko) Version/17.4 Safari/605.1.15 (Applebot/0.1; +http://www.apple.com/go/applebot)"
176.224.77.247 - - [28/Mar/2026:12:27:58 +0000] "POST /?wc-ajax=get_refreshed_fragments HTTP/1.1" 200 999 "https://autozone.com.sa/shop/" "Mozilla/5.0 (iPhone; CPU iPhone OS 18_7 like Mac OS X) AppleWebKit/605.1.15 (KHTML, like Gecko) Version/26.3 Mobile/15E148 Safari/604.1"
176.224.77.247 - - [28/Mar/2026:12:27:58 +0000] "POST /wp-json/iawp/search HTTP/1.1" 200 36 "https://autozone.com.sa/shop/" "Mozilla/5.0 (iPhone; CPU iPhone OS 18_7 like Mac OS X) AppleWebKit/605.1.15 (KHTML, like Gecko) Version/26.3 Mobile/15E148 Safari/604.1"
74.7.241.33 - - [28/Mar/2026:12:28:03 +0000] "GET /wp-content/uploads/cache/wpml/twig/7a/7a5b86121af949dd8ac687ae9b1c6a4bf2d2ee19149f06934d688ad0bba30abe.php HTTP/1.1" 500 20 "https://autozone.com.sa/wp-content/uploads/cache/wpml/twig/7a/" "Mozilla/5.0 AppleWebKit/537.36 (KHTML, like Gecko; compatible; GPTBot/1.3; +https://openai.com/gptbot)"
176.224.77.247 - - [28/Mar/2026:12:28:06 +0000] "GET /shop/ HTTP/1.1" 200 148535 "https://autozone.com.sa/shop/" "Mozilla/5.0 (iPhone; CPU iPhone OS 18_7 like Mac OS X) AppleWebKit/605.1.15 (KHTML, like Gecko) Version/26.3 Mobile/15E148 Safari/604.1"
