74.7.241.33 - - [28/Mar/2026:14:24:17 +0000] "GET /wp-content/uploads/al_opt_content/SCRIPT/6687129ef619687b87daffed6c8e9d7e.js HTTP/1.1" 200 2504 "https://autozone.com.sa/wp-content/uploads/al_opt_content/SCRIPT/" "Mozilla/5.0 AppleWebKit/537.36 (KHTML, like Gecko; compatible; GPTBot/1.3; +https://openai.com/gptbot)"
74.7.241.33 - - [28/Mar/2026:14:24:18 +0000] "GET /wp-content/uploads/al_opt_content/SCRIPT/3027db11ab93a5b8d87bea65fb1d3300.js HTTP/1.1" 200 26687 "https://autozone.com.sa/wp-content/uploads/al_opt_content/SCRIPT/" "Mozilla/5.0 AppleWebKit/537.36 (KHTML, like Gecko; compatible; GPTBot/1.3; +https://openai.com/gptbot)"
74.7.241.33 - - [28/Mar/2026:14:24:18 +0000] "GET /wp-content/uploads/al_opt_content/FONT/c393f8a4a0b17c9054f46f3cce498afd.woff2 HTTP/1.1" 200 6498 "https://autozone.com.sa/wp-content/uploads/al_opt_content/FONT/" "Mozilla/5.0 AppleWebKit/537.36 (KHTML, like Gecko; compatible; GPTBot/1.3; +https://openai.com/gptbot)"
74.7.241.33 - - [28/Mar/2026:14:24:22 +0000] "GET /wp-content/uploads/al_opt_content/FONT/autozone.com.sa/ HTTP/1.1" 200 393 "https://autozone.com.sa/wp-content/uploads/al_opt_content/FONT/" "Mozilla/5.0 AppleWebKit/537.36 (KHTML, like Gecko; compatible; GPTBot/1.3; +https://openai.com/gptbot)"
2a02:cb80:420a:1c3e:cbd4:f87e:74c6:9fa9 - - [28/Mar/2026:14:24:25 +0000] "POST /wp-admin/admin-ajax.php HTTP/1.1" 200 621 "https://autozone.com.sa/" "Mozilla/5.0 (Linux; Android 10; K) AppleWebKit/537.36 (KHTML, like Gecko) SamsungBrowser/29.0 Chrome/136.0.0.0 Mobile Safari/537.36"
52.236.50.236 - - [28/Mar/2026:14:24:43 +0000] "GET /wp-content/uploads/2022/03/AZ-Ramadan_CS95_1171x582-min.jpg HTTP/1.1" 404 30951 "-" "Mozilla/5.0 (compatible; BingIndexCrawler/1.0)"
2a02:cb80:427b:33f:9329:ba8e:9d8b:3ef4 - - [28/Mar/2026:14:24:44 +0000] "GET /en/product/hyundai-sonata-2025/ HTTP/1.1" 200 85763 "https://www.google.com/" "Mozilla/5.0 (Linux; Android 10; K) AppleWebKit/537.36 (KHTML, like Gecko) Chrome/146.0.0.0 Mobile Safari/537.36"
2a02:cb80:427b:33f:9329:ba8e:9d8b:3ef4 - - [28/Mar/2026:14:24:48 +0000] "GET /wp-includes/css/dashicons.min.css?ver=6.9.4 HTTP/1.1" 200 35721 "https://autozone.com.sa/en/product/hyundai-sonata-2025/" "Mozilla/5.0 (Linux; Android 10; K) AppleWebKit/537.36 (KHTML, like Gecko) Chrome/146.0.0.0 Mobile Safari/537.36"
2a02:cb80:427b:33f:9329:ba8e:9d8b:3ef4 - - [28/Mar/2026:14:24:48 +0000] "GET /wp-content/plugins/fluentform/assets/css/fluent-forms-elementor-widget.css?ver=6.1.19 HTTP/1.1" 200 914 "https://autozone.com.sa/en/product/hyundai-sonata-2025/" "Mozilla/5.0 (Linux; Android 10; K) AppleWebKit/537.36 (KHTML, like Gecko) Chrome/146.0.0.0 Mobile Safari/537.36"
2a02:cb80:427b:33f:9329:ba8e:9d8b:3ef4 - - [28/Mar/2026:14:24:48 +0000] "GET /wp-content/plugins/jet-popup/assets/css/jet-popup-frontend.css?ver=2.0.21.1 HTTP/1.1" 200 3228 "https://autozone.com.sa/en/product/hyundai-sonata-2025/" "Mozilla/5.0 (Linux; Android 10; K) AppleWebKit/537.36 (KHTML, like Gecko) Chrome/146.0.0.0 Mobile Safari/537.36"
2a02:cb80:427b:33f:9329:ba8e:9d8b:3ef4 - - [28/Mar/2026:14:24:48 +0000] "GET /wp-content/plugins/jet-compare-wishlist/assets/css/frontend.css?ver=1.5.12.2 HTTP/1.1" 200 501 "https://autozone.com.sa/en/product/hyundai-sonata-2025/" "Mozilla/5.0 (Linux; Android 10; K) AppleWebKit/537.36 (KHTML, like Gecko) Chrome/146.0.0.0 Mobile Safari/537.36"
2a02:cb80:427b:33f:9329:ba8e:9d8b:3ef4 - - [28/Mar/2026:14:24:48 +0000] "GET /wp-content/plugins/woo-variation-gallery/assets/css/slick.min.css?ver=1.8.1 HTTP/1.1" 200 1108 "https://autozone.com.sa/en/product/hyundai-sonata-2025/" "Mozilla/5.0 (Linux; Android 10; K) AppleWebKit/537.36 (KHTML, like Gecko) Chrome/146.0.0.0 Mobile Safari/537.36"
2a02:cb80:427b:33f:9329:ba8e:9d8b:3ef4 - - [28/Mar/2026:14:24:48 +0000] "GET /wp-content/plugins/jetformbuilder/modules/advanced-choices/assets/build/main.css?ver=ca05550a7cac3b9b55a3 HTTP/1.1" 200 678 "https://autozone.com.sa/en/product/hyundai-sonata-2025/" "Mozilla/5.0 (Linux; Android 10; K) AppleWebKit/537.36 (KHTML, like Gecko) Chrome/146.0.0.0 Mobile Safari/537.36"
2a02:cb80:427b:33f:9329:ba8e:9d8b:3ef4 - - [28/Mar/2026:14:24:48 +0000] "GET /wp-content/plugins/jetformbuilder/modules/wysiwyg/assets/build/wysiwyg.css?ver=5a4d16fb6d7a94700261 HTTP/1.1" 200 871 "https://autozone.com.sa/en/product/hyundai-sonata-2025/" "Mozilla/5.0 (Linux; Android 10; K) AppleWebKit/537.36 (KHTML, like Gecko) Chrome/146.0.0.0 Mobile Safari/537.36"
2a02:cb80:427b:33f:9329:ba8e:9d8b:3ef4 - - [28/Mar/2026:14:24:48 +0000] "GET /wp-content/plugins/jet-blog/assets/css/jet-blog.css?ver=2.4.8 HTTP/1.1" 200 11021 "https://autozone.com.sa/en/product/hyundai-sonata-2025/" "Mozilla/5.0 (Linux; Android 10; K) AppleWebKit/537.36 (KHTML, like Gecko) Chrome/146.0.0.0 Mobile Safari/537.36"
2a02:cb80:427b:33f:9329:ba8e:9d8b:3ef4 - - [28/Mar/2026:14:24:48 +0000] "GET /wp-content/plugins/jet-compare-wishlist/assets/css/widgets/cw-button.css?ver=1.5.12.2 HTTP/1.1" 200 984 "https://autozone.com.sa/en/product/hyundai-sonata-2025/" "Mozilla/5.0 (Linux; Android 10; K) AppleWebKit/537.36 (KHTML, like Gecko) Chrome/146.0.0.0 Mobile Safari/537.36"
216.73.216.14 - - [28/Mar/2026:14:24:46 +0000] "GET /sitemap-5.xml HTTP/1.1" 404 30900 "-" "Mozilla/5.0 AppleWebKit/537.36 (KHTML, like Gecko; compatible; ClaudeBot/1.0; +claudebot@anthropic.com)"
2a02:cb80:427b:33f:9329:ba8e:9d8b:3ef4 - - [28/Mar/2026:14:24:48 +0000] "GET /wp-content/plugins/jetformbuilder/modules/option-field/assets/build/checkbox.css?ver=6e25adbbae5a5d1bb65e HTTP/1.1" 200 502 "https://autozone.com.sa/en/product/hyundai-sonata-2025/" "Mozilla/5.0 (Linux; Android 10; K) AppleWebKit/537.36 (KHTML, like Gecko) Chrome/146.0.0.0 Mobile Safari/537.36"
2a02:cb80:427b:33f:9329:ba8e:9d8b:3ef4 - - [28/Mar/2026:14:24:48 +0000] "GET /wp-content/plugins/jet-engine/assets/css/frontend.css?ver=3.8.2.1 HTTP/1.1" 200 8047 "https://autozone.com.sa/en/product/hyundai-sonata-2025/" "Mozilla/5.0 (Linux; Android 10; K) AppleWebKit/537.36 (KHTML, like Gecko) Chrome/146.0.0.0 Mobile Safari/537.36"
2a02:cb80:427b:33f:9329:ba8e:9d8b:3ef4 - - [28/Mar/2026:14:24:48 +0000] "GET /wp-content/plugins/jetformbuilder/modules/switcher/assets/build/switcher.css?ver=06c887a8b9195e5a119d HTTP/1.1" 200 618 "https://autozone.com.sa/en/product/hyundai-sonata-2025/" "Mozilla/5.0 (Linux; Android 10; K) AppleWebKit/537.36 (KHTML, like Gecko) Chrome/146.0.0.0 Mobile Safari/537.36"
2a02:cb80:427b:33f:9329:ba8e:9d8b:3ef4 - - [28/Mar/2026:14:24:48 +0000] "GET /wp-content/plugins/jetformbuilder/assets/build/frontend/main.css?ver=3.5.6.3 HTTP/1.1" 200 2234 "https://autozone.com.sa/en/product/hyundai-sonata-2025/" "Mozilla/5.0 (Linux; Android 10; K) AppleWebKit/537.36 (KHTML, like Gecko) Chrome/146.0.0.0 Mobile Safari/537.36"
2a02:cb80:427b:33f:9329:ba8e:9d8b:3ef4 - - [28/Mar/2026:14:24:48 +0000] "GET /wp-content/uploads/2025/04/BGC_0008-scaled-copy-1-1536x1024.webp HTTP/1.1" 200 105782 "https://autozone.com.sa/en/product/hyundai-sonata-2025/" "Mozilla/5.0 (Linux; Android 10; K) AppleWebKit/537.36 (KHTML, like Gecko) Chrome/146.0.0.0 Mobile Safari/537.36"
2a02:cb80:427b:33f:9329:ba8e:9d8b:3ef4 - - [28/Mar/2026:14:24:49 +0000] "GET /wp-content/uploads/2024/12/bg-autozone.jpg HTTP/1.1" 304 - "https://autozone.com.sa/wp-content/uploads/elementor/css/post-819.css?ver=1774676201" "Mozilla/5.0 (Linux; Android 10; K) AppleWebKit/537.36 (KHTML, like Gecko) Chrome/146.0.0.0 Mobile Safari/537.36"
74.7.241.33 - - [28/Mar/2026:14:24:50 +0000] "GET /wp-content/uploads/cache/wpml/twig/23/2398da13c57feceba68aa750782bc3ad6a68c81a688cea9f8da2f1faaab08496.php HTTP/1.1" 500 20 "https://autozone.com.sa/wp-content/uploads/cache/wpml/twig/23/" "Mozilla/5.0 AppleWebKit/537.36 (KHTML, like Gecko; compatible; GPTBot/1.3; +https://openai.com/gptbot)"
2a02:cb80:427b:33f:9329:ba8e:9d8b:3ef4 - - [28/Mar/2026:14:24:51 +0000] "GET /wp-content/plugins/woo-variation-gallery/images/slick/ajax-loader.gif HTTP/1.1" 304 - "https://autozone.com.sa/wp-content/plugins/woo-variation-gallery/assets/css/slick.min.css?ver=1.8.1" "Mozilla/5.0 (Linux; Android 10; K) AppleWebKit/537.36 (KHTML, like Gecko) Chrome/146.0.0.0 Mobile Safari/537.36"
2a02:cb80:427b:33f:9329:ba8e:9d8b:3ef4 - - [28/Mar/2026:14:24:51 +0000] "GET /wp-content/plugins/elementor/assets/js/nested-tabs.a2401356d329f179475e.bundle.min.js HTTP/1.1" 200 3285 "https://autozone.com.sa/en/product/hyundai-sonata-2025/" "Mozilla/5.0 (Linux; Android 10; K) AppleWebKit/537.36 (KHTML, like Gecko) Chrome/146.0.0.0 Mobile Safari/537.36"
2a02:cb80:427b:33f:9329:ba8e:9d8b:3ef4 - - [28/Mar/2026:14:24:50 +0000] "POST /en/?wc-ajax=get_default_gallery HTTP/1.1" 200 432 "https://autozone.com.sa/en/product/hyundai-sonata-2025/" "Mozilla/5.0 (Linux; Android 10; K) AppleWebKit/537.36 (KHTML, like Gecko) Chrome/146.0.0.0 Mobile Safari/537.36"
2a02:cb80:427b:33f:9329:ba8e:9d8b:3ef4 - - [28/Mar/2026:14:24:50 +0000] "POST /en/?wc-ajax=get_variation_gallery HTTP/1.1" 200 589 "https://autozone.com.sa/en/product/hyundai-sonata-2025/" "Mozilla/5.0 (Linux; Android 10; K) AppleWebKit/537.36 (KHTML, like Gecko) Chrome/146.0.0.0 Mobile Safari/537.36"
2a02:cb80:427b:33f:9329:ba8e:9d8b:3ef4 - - [28/Mar/2026:14:24:50 +0000] "POST /en/wp-json/iawp/search HTTP/1.1" 200 36 "https://autozone.com.sa/en/product/hyundai-sonata-2025/" "Mozilla/5.0 (Linux; Android 10; K) AppleWebKit/537.36 (KHTML, like Gecko) Chrome/146.0.0.0 Mobile Safari/537.36"
2a02:cb80:427b:33f:9329:ba8e:9d8b:3ef4 - - [28/Mar/2026:14:24:51 +0000] "POST /en/?wc-ajax=get_refreshed_fragments HTTP/1.1" 200 1002 "https://autozone.com.sa/en/product/hyundai-sonata-2025/" "Mozilla/5.0 (Linux; Android 10; K) AppleWebKit/537.36 (KHTML, like Gecko) Chrome/146.0.0.0 Mobile Safari/537.36"
2a02:cb80:427b:33f:9329:ba8e:9d8b:3ef4 - - [28/Mar/2026:14:24:51 +0000] "POST /en/?wc-ajax=get_refreshed_fragments HTTP/1.1" 200 1002 "https://autozone.com.sa/en/product/hyundai-sonata-2025/" "Mozilla/5.0 (Linux; Android 10; K) AppleWebKit/537.36 (KHTML, like Gecko) Chrome/146.0.0.0 Mobile Safari/537.36"
2a02:cb80:427b:33f:9329:ba8e:9d8b:3ef4 - - [28/Mar/2026:14:24:52 +0000] "GET /wp-content/uploads/2025/04/BGC_8583-100x100.jpg HTTP/1.1" 304 - "https://autozone.com.sa/en/product/hyundai-sonata-2025/" "Mozilla/5.0 (Linux; Android 10; K) AppleWebKit/537.36 (KHTML, like Gecko) Chrome/146.0.0.0 Mobile Safari/537.36"
2a02:cb80:427b:33f:9329:ba8e:9d8b:3ef4 - - [28/Mar/2026:14:24:52 +0000] "GET /wp-content/uploads/2025/04/BGC_8599-scaled.jpg HTTP/1.1" 304 - "https://autozone.com.sa/en/product/hyundai-sonata-2025/" "Mozilla/5.0 (Linux; Android 10; K) AppleWebKit/537.36 (KHTML, like Gecko) Chrome/146.0.0.0 Mobile Safari/537.36"
2a02:cb80:427b:33f:9329:ba8e:9d8b:3ef4 - - [28/Mar/2026:14:24:52 +0000] "GET /wp-content/uploads/2025/04/BGC_8599-100x100.jpg HTTP/1.1" 304 - "https://autozone.com.sa/en/product/hyundai-sonata-2025/" "Mozilla/5.0 (Linux; Android 10; K) AppleWebKit/537.36 (KHTML, like Gecko) Chrome/146.0.0.0 Mobile Safari/537.36"
2a02:cb80:427b:33f:9329:ba8e:9d8b:3ef4 - - [28/Mar/2026:14:24:52 +0000] "GET /wp-content/uploads/2025/04/BGC_8587-100x100.jpg HTTP/1.1" 304 - "https://autozone.com.sa/en/product/hyundai-sonata-2025/" "Mozilla/5.0 (Linux; Android 10; K) AppleWebKit/537.36 (KHTML, like Gecko) Chrome/146.0.0.0 Mobile Safari/537.36"
2a02:cb80:427b:33f:9329:ba8e:9d8b:3ef4 - - [28/Mar/2026:14:24:52 +0000] "GET /wp-content/uploads/2025/04/BGC_8599-300x300.jpg HTTP/1.1" 304 - "https://autozone.com.sa/en/product/hyundai-sonata-2025/" "Mozilla/5.0 (Linux; Android 10; K) AppleWebKit/537.36 (KHTML, like Gecko) Chrome/146.0.0.0 Mobile Safari/537.36"
2a02:cb80:427b:33f:9329:ba8e:9d8b:3ef4 - - [28/Mar/2026:14:24:52 +0000] "GET /wp-content/uploads/2025/04/BGC_8583-1536x1536.jpg HTTP/1.1" 304 - "https://autozone.com.sa/en/product/hyundai-sonata-2025/" "Mozilla/5.0 (Linux; Android 10; K) AppleWebKit/537.36 (KHTML, like Gecko) Chrome/146.0.0.0 Mobile Safari/537.36"
2a02:cb80:427b:33f:9329:ba8e:9d8b:3ef4 - - [28/Mar/2026:14:24:52 +0000] "GET /wp-content/uploads/2025/04/BGC_8583-scaled.jpg HTTP/1.1" 304 - "https://autozone.com.sa/en/product/hyundai-sonata-2025/" "Mozilla/5.0 (Linux; Android 10; K) AppleWebKit/537.36 (KHTML, like Gecko) Chrome/146.0.0.0 Mobile Safari/537.36"
2a02:cb80:427b:33f:9329:ba8e:9d8b:3ef4 - - [28/Mar/2026:14:24:52 +0000] "GET /wp-content/uploads/2025/04/BGC_8587-1536x1536.jpg HTTP/1.1" 304 - "https://autozone.com.sa/en/product/hyundai-sonata-2025/" "Mozilla/5.0 (Linux; Android 10; K) AppleWebKit/537.36 (KHTML, like Gecko) Chrome/146.0.0.0 Mobile Safari/537.36"
2a02:cb80:427b:33f:9329:ba8e:9d8b:3ef4 - - [28/Mar/2026:14:24:52 +0000] "GET /wp-content/uploads/2025/04/BGC_8587-scaled.jpg HTTP/1.1" 304 - "https://autozone.com.sa/en/product/hyundai-sonata-2025/" "Mozilla/5.0 (Linux; Android 10; K) AppleWebKit/537.36 (KHTML, like Gecko) Chrome/146.0.0.0 Mobile Safari/537.36"
2a02:cb80:427b:33f:9329:ba8e:9d8b:3ef4 - - [28/Mar/2026:14:24:52 +0000] "GET /wp-content/uploads/2025/04/BGC_8599-1536x1536.jpg HTTP/1.1" 304 - "https://autozone.com.sa/en/product/hyundai-sonata-2025/" "Mozilla/5.0 (Linux; Android 10; K) AppleWebKit/537.36 (KHTML, like Gecko) Chrome/146.0.0.0 Mobile Safari/537.36"
2a02:cb80:427b:33f:9329:ba8e:9d8b:3ef4 - - [28/Mar/2026:14:24:52 +0000] "GET /wp-content/uploads/2025/04/BGC_8583-300x300.jpg HTTP/1.1" 304 - "https://autozone.com.sa/en/product/hyundai-sonata-2025/" "Mozilla/5.0 (Linux; Android 10; K) AppleWebKit/537.36 (KHTML, like Gecko) Chrome/146.0.0.0 Mobile Safari/537.36"
2a02:cb80:427b:33f:9329:ba8e:9d8b:3ef4 - - [28/Mar/2026:14:24:52 +0000] "GET /wp-content/uploads/2025/04/BGC_8587-300x300.jpg HTTP/1.1" 304 - "https://autozone.com.sa/en/product/hyundai-sonata-2025/" "Mozilla/5.0 (Linux; Android 10; K) AppleWebKit/537.36 (KHTML, like Gecko) Chrome/146.0.0.0 Mobile Safari/537.36"
74.7.241.33 - - [28/Mar/2026:14:24:53 +0000] "GET /wp-content/uploads/al_opt_content/FONT/autozone.com.sa/wp-includes/ HTTP/1.1" 200 387 "https://autozone.com.sa/wp-content/uploads/al_opt_content/FONT/autozone.com.sa/" "Mozilla/5.0 AppleWebKit/537.36 (KHTML, like Gecko; compatible; GPTBot/1.3; +https://openai.com/gptbot)"
20.104.183.40 - - [28/Mar/2026:14:24:54 +0000] "GET /outlet/wp-content/uploads/2018/11/xtrail-back-350x205.jpg HTTP/1.1" 301 20 "-" "Mozilla/5.0 (compatible; BingIndexCrawler/1.0)"
2a02:cb80:427b:33f:9329:ba8e:9d8b:3ef4 - - [28/Mar/2026:14:24:53 +0000] "GET /en/make/hyundai/ HTTP/1.1" 200 63295 "https://autozone.com.sa/en/product/hyundai-sonata-2025/" "Mozilla/5.0 (Linux; Android 10; K) AppleWebKit/537.36 (KHTML, like Gecko) Chrome/146.0.0.0 Mobile Safari/537.36"
2a02:cb80:420a:1c3e:cbd4:f87e:74c6:9fa9 - - [28/Mar/2026:14:24:55 +0000] "POST /wp-admin/admin-ajax.php HTTP/1.1" 200 620 "https://autozone.com.sa/" "Mozilla/5.0 (Linux; Android 10; K) AppleWebKit/537.36 (KHTML, like Gecko) SamsungBrowser/29.0 Chrome/136.0.0.0 Mobile Safari/537.36"
74.7.241.33 - - [28/Mar/2026:14:24:55 +0000] "GET /listings/%D8%B4%D8%A7%D9%86%D8%AC%D8%A7%D9%86-%D8%B3%D9%8A-%D8%A7%D8%B3-35-%D8%A8%D9%84%D8%B3-%D8%B3%D9%85%D8%A7%D8%B1%D8%AA-2021/ezgif-2-13f9e0bc47e4-2/ HTTP/1.1" 404 31003 "https://khalidcrm.core3.agency" "Mozilla/5.0 AppleWebKit/537.36 (KHTML, like Gecko; compatible; GPTBot/1.3; +https://openai.com/gptbot)"
20.104.183.40 - - [28/Mar/2026:14:24:55 +0000] "GET /outlet/wp-content/uploads/2018/11/xtrail-back-350x205.jpg HTTP/1.1" 404 30954 "-" "Mozilla/5.0 (compatible; BingIndexCrawler/1.0)"
2a02:cb80:427b:33f:9329:ba8e:9d8b:3ef4 - - [28/Mar/2026:14:25:00 +0000] "GET /wp-content/uploads/2025/04/BGC_8590-300x300.jpg HTTP/1.1" 304 - "https://autozone.com.sa/en/product/hyundai-sonata-2025/" "Mozilla/5.0 (Linux; Android 10; K) AppleWebKit/537.36 (KHTML, like Gecko) Chrome/146.0.0.0 Mobile Safari/537.36"
74.7.241.33 - - [28/Mar/2026:14:24:58 +0000] "GET /listings/%D8%B4%D8%A7%D9%86%D8%AC%D8%A7%D9%86-%D8%B3%D9%8A-%D8%A7%D8%B3-35-%D8%A8%D9%84%D8%B3-%D9%84%D9%8A%D9%85%D8%AA%D8%AF-2021/ezgif-2-f5f6965b2f53-2/ HTTP/1.1" 404 31011 "https://khalidcrm.core3.agency" "Mozilla/5.0 AppleWebKit/537.36 (KHTML, like Gecko; compatible; GPTBot/1.3; +https://openai.com/gptbot)"
74.7.241.33 - - [28/Mar/2026:14:25:00 +0000] "GET /listings/%D8%B4%D8%A7%D9%86%D8%AC%D8%A7%D9%86-%D8%B3%D9%8A-%D8%A7%D8%B3-35-%D8%A8%D9%84%D8%B3-%D8%B3%D9%85%D8%A7%D8%B1%D8%AA-2021/ezgif-2-351426dfe23d-2/ HTTP/1.1" 404 31003 "https://khalidcrm.core3.agency" "Mozilla/5.0 AppleWebKit/537.36 (KHTML, like Gecko; compatible; GPTBot/1.3; +https://openai.com/gptbot)"
2a02:cb80:427b:33f:9329:ba8e:9d8b:3ef4 - - [28/Mar/2026:14:25:05 +0000] "GET /wp-content/uploads/2025/04/BGC_8589-300x300.jpg HTTP/1.1" 304 - "https://autozone.com.sa/en/product/hyundai-sonata-2025/" "Mozilla/5.0 (Linux; Android 10; K) AppleWebKit/537.36 (KHTML, like Gecko) Chrome/146.0.0.0 Mobile Safari/537.36"
77.232.124.27 - - [28/Mar/2026:14:25:01 +0000] "GET /en/ HTTP/1.1" 200 94219 "https://www.google.com/" "Mozilla/5.0 (iPhone; CPU iPhone OS 18_7 like Mac OS X) AppleWebKit/605.1.15 (KHTML, like Gecko) Version/26.2 Mobile/15E148 Safari/604.1"
2a02:cb80:427b:33f:9329:ba8e:9d8b:3ef4 - - [28/Mar/2026:14:25:06 +0000] "GET /wp-content/uploads/2025/04/BGC_8600-300x300.jpg HTTP/1.1" 304 - "https://autozone.com.sa/en/product/hyundai-sonata-2025/" "Mozilla/5.0 (Linux; Android 10; K) AppleWebKit/537.36 (KHTML, like Gecko) Chrome/146.0.0.0 Mobile Safari/537.36"
77.232.124.27 - - [28/Mar/2026:14:25:07 +0000] "GET /wp-content/uploads/2024/12/AutoZone-R.woff2 HTTP/1.1" 200 28039 "https://autozone.com.sa/en/" "Mozilla/5.0 (iPhone; CPU iPhone OS 18_7 like Mac OS X) AppleWebKit/605.1.15 (KHTML, like Gecko) Version/26.2 Mobile/15E148 Safari/604.1"
77.232.124.27 - - [28/Mar/2026:14:25:07 +0000] "GET /wp-content/uploads/2024/12/AutoZone-AR-Plain.woff2 HTTP/1.1" 200 22707 "https://autozone.com.sa/en/" "Mozilla/5.0 (iPhone; CPU iPhone OS 18_7 like Mac OS X) AppleWebKit/605.1.15 (KHTML, like Gecko) Version/26.2 Mobile/15E148 Safari/604.1"
77.232.124.27 - - [28/Mar/2026:14:25:07 +0000] "GET /wp-content/uploads/2024/12/AutoZone-AR-Bold.woff2 HTTP/1.1" 200 25679 "https://autozone.com.sa/en/" "Mozilla/5.0 (iPhone; CPU iPhone OS 18_7 like Mac OS X) AppleWebKit/605.1.15 (KHTML, like Gecko) Version/26.2 Mobile/15E148 Safari/604.1"
2a02:cb80:427b:33f:9329:ba8e:9d8b:3ef4 - - [28/Mar/2026:14:25:07 +0000] "GET /wp-content/uploads/2025/04/BGC_8594-300x300.jpg HTTP/1.1" 304 - "https://autozone.com.sa/en/product/hyundai-sonata-2025/" "Mozilla/5.0 (Linux; Android 10; K) AppleWebKit/537.36 (KHTML, like Gecko) Chrome/146.0.0.0 Mobile Safari/537.36"
2a02:cb80:427b:33f:9329:ba8e:9d8b:3ef4 - - [28/Mar/2026:14:25:07 +0000] "GET /wp-content/uploads/2025/04/BGC_8614-300x300.jpg HTTP/1.1" 304 - "https://autozone.com.sa/en/product/hyundai-sonata-2025/" "Mozilla/5.0 (Linux; Android 10; K) AppleWebKit/537.36 (KHTML, like Gecko) Chrome/146.0.0.0 Mobile Safari/537.36"
40.77.167.24 - - [28/Mar/2026:14:25:06 +0000] "GET /product/%D8%AA%D9%88%D9%8A%D9%88%D8%AA%D8%A7-%D9%83%D9%88%D8%B1%D9%88%D9%84%D8%A7-%D8%A7%D9%83%D8%B3-%D8%A7%D9%84-%D8%A7%D9%8A-%D8%A7%D9%83%D8%B3%D9%83%D8%AA%D9%8A%D9%81-2026-%D9%86%D8%B3%D8%AE%D8%A9/?nocache=1771390226 HTTP/1.1" 200 129694 "-" "Mozilla/5.0 AppleWebKit/537.36 (KHTML, like Gecko; compatible; bingbot/2.0; +http://www.bing.com/bingbot.htm) Chrome/116.0.1938.76 Safari/537.36"
2a02:cb80:427b:33f:9329:ba8e:9d8b:3ef4 - - [28/Mar/2026:14:25:10 +0000] "GET /wp-content/uploads/2025/04/BGC_8608-300x300.jpg HTTP/1.1" 200 15111 "https://autozone.com.sa/en/product/hyundai-sonata-2025/" "Mozilla/5.0 (Linux; Android 10; K) AppleWebKit/537.36 (KHTML, like Gecko) Chrome/146.0.0.0 Mobile Safari/537.36"
2a02:cb80:427b:33f:9329:ba8e:9d8b:3ef4 - - [28/Mar/2026:14:25:11 +0000] "GET /wp-content/uploads/2025/04/BGC_8623-300x300.jpg HTTP/1.1" 304 - "https://autozone.com.sa/en/product/hyundai-sonata-2025/" "Mozilla/5.0 (Linux; Android 10; K) AppleWebKit/537.36 (KHTML, like Gecko) Chrome/146.0.0.0 Mobile Safari/537.36"
77.232.124.27 - - [28/Mar/2026:14:25:10 +0000] "POST /en/wp-json/iawp/search HTTP/1.1" 200 36 "https://autozone.com.sa/en/" "Mozilla/5.0 (iPhone; CPU iPhone OS 18_7 like Mac OS X) AppleWebKit/605.1.15 (KHTML, like Gecko) Version/26.2 Mobile/15E148 Safari/604.1"
77.232.124.27 - - [28/Mar/2026:14:25:10 +0000] "POST /en/?wc-ajax=get_refreshed_fragments HTTP/1.1" 200 1002 "https://autozone.com.sa/en/" "Mozilla/5.0 (iPhone; CPU iPhone OS 18_7 like Mac OS X) AppleWebKit/605.1.15 (KHTML, like Gecko) Version/26.2 Mobile/15E148 Safari/604.1"
77.232.124.27 - - [28/Mar/2026:14:25:10 +0000] "POST /en/?wc-ajax=get_refreshed_fragments HTTP/1.1" 200 1002 "https://autozone.com.sa/en/" "Mozilla/5.0 (iPhone; CPU iPhone OS 18_7 like Mac OS X) AppleWebKit/605.1.15 (KHTML, like Gecko) Version/26.2 Mobile/15E148 Safari/604.1"
2a02:cb80:427b:33f:9329:ba8e:9d8b:3ef4 - - [28/Mar/2026:14:25:11 +0000] "GET /wp-content/uploads/2025/04/BGC_8632-300x300.jpg HTTP/1.1" 304 - "https://autozone.com.sa/en/product/hyundai-sonata-2025/" "Mozilla/5.0 (Linux; Android 10; K) AppleWebKit/537.36 (KHTML, like Gecko) Chrome/146.0.0.0 Mobile Safari/537.36"
2a02:cb80:427b:33f:9329:ba8e:9d8b:3ef4 - - [28/Mar/2026:14:25:13 +0000] "GET /wp-content/uploads/2025/04/BGC_8640-300x300.jpg HTTP/1.1" 304 - "https://autozone.com.sa/en/product/hyundai-sonata-2025/" "Mozilla/5.0 (Linux; Android 10; K) AppleWebKit/537.36 (KHTML, like Gecko) Chrome/146.0.0.0 Mobile Safari/537.36"
2a02:cb80:420a:1c3e:cbd4:f87e:74c6:9fa9 - - [28/Mar/2026:14:25:12 +0000] "POST /wp-admin/admin-ajax.php HTTP/1.1" 200 46 "https://autozone.com.sa/" "Mozilla/5.0 (Linux; Android 10; K) AppleWebKit/537.36 (KHTML, like Gecko) SamsungBrowser/29.0 Chrome/136.0.0.0 Mobile Safari/537.36"
2a02:cb80:427b:33f:9329:ba8e:9d8b:3ef4 - - [28/Mar/2026:14:25:13 +0000] "GET /wp-content/uploads/2025/04/BGC_8646-300x300.jpg HTTP/1.1" 304 - "https://autozone.com.sa/en/product/hyundai-sonata-2025/" "Mozilla/5.0 (Linux; Android 10; K) AppleWebKit/537.36 (KHTML, like Gecko) Chrome/146.0.0.0 Mobile Safari/537.36"
2a02:cb80:427b:33f:9329:ba8e:9d8b:3ef4 - - [28/Mar/2026:14:25:15 +0000] "GET /wp-content/uploads/2025/04/BGC_8647-300x300.jpg HTTP/1.1" 304 - "https://autozone.com.sa/en/product/hyundai-sonata-2025/" "Mozilla/5.0 (Linux; Android 10; K) AppleWebKit/537.36 (KHTML, like Gecko) Chrome/146.0.0.0 Mobile Safari/537.36"
2a02:cb80:427b:33f:9329:ba8e:9d8b:3ef4 - - [28/Mar/2026:14:25:15 +0000] "GET /wp-content/uploads/2025/04/BGC_8655-300x300.jpg HTTP/1.1" 304 - "https://autozone.com.sa/en/product/hyundai-sonata-2025/" "Mozilla/5.0 (Linux; Android 10; K) AppleWebKit/537.36 (KHTML, like Gecko) Chrome/146.0.0.0 Mobile Safari/537.36"
2a02:cb80:427b:33f:9329:ba8e:9d8b:3ef4 - - [28/Mar/2026:14:25:16 +0000] "GET /wp-content/uploads/2025/04/BGC_8656-300x300.jpg HTTP/1.1" 200 14346 "https://autozone.com.sa/en/product/hyundai-sonata-2025/" "Mozilla/5.0 (Linux; Android 10; K) AppleWebKit/537.36 (KHTML, like Gecko) Chrome/146.0.0.0 Mobile Safari/537.36"
74.7.241.33 - - [28/Mar/2026:14:25:15 +0000] "GET /?nocache=1774682888&shopdetail/17148420 HTTP/1.1" 301 20 "https://autozone.com.sa/?shopdetail%2F17148420" "Mozilla/5.0 AppleWebKit/537.36 (KHTML, like Gecko; compatible; GPTBot/1.3; +https://openai.com/gptbot)"
2a02:cb80:427b:33f:9329:ba8e:9d8b:3ef4 - - [28/Mar/2026:14:25:18 +0000] "GET /en/financial-calculator/ HTTP/1.1" 200 73894 "https://autozone.com.sa/en/product/hyundai-sonata-2025/" "Mozilla/5.0 (Linux; Android 10; K) AppleWebKit/537.36 (KHTML, like Gecko) Chrome/146.0.0.0 Mobile Safari/537.36"
172.105.42.26 - - [28/Mar/2026:14:25:22 +0000] "POST /wp-cron.php?doing_wp_cron=1774707921.9675760269165039062500 HTTP/1.1" 200 20 "-" "WordPress/6.9.4; https://autozone.com.sa"
74.7.241.33 - - [28/Mar/2026:14:25:17 +0000] "GET /?nocache=1774682888&shopdetail%2F17148420 HTTP/1.1" 200 163927 "https://autozone.com.sa/?nocache=1774682888&shopdetail/17148420" "Mozilla/5.0 AppleWebKit/537.36 (KHTML, like Gecko; compatible; GPTBot/1.3; +https://openai.com/gptbot)"
74.7.241.33 - - [28/Mar/2026:14:25:22 +0000] "GET /wp-content/uploads/cache/wpml/twig/96/9644bbef5feecb6db23ad7458508f8f714ac0e3ae7c968defaf6a1df419651c3.php HTTP/1.1" 500 20 "https://autozone.com.sa/wp-content/uploads/cache/wpml/twig/96/" "Mozilla/5.0 AppleWebKit/537.36 (KHTML, like Gecko; compatible; GPTBot/1.3; +https://openai.com/gptbot)"
77.232.124.27 - - [28/Mar/2026:14:25:23 +0000] "GET /wp-content/uploads/al_opt_content/IMAGE/autozone.com.sa/wp-content/uploads/2025/04/Go1-02-1.webp?bv_host=autozone.com.sa&bv-resized-infos=bv_resized_mobile%3A480%2A193%3Bbv_resized_ipad%3A820%2A330%3Bbv_resized_desktop%3A1536%2A617 HTTP/1.1" 200 126740 "https://autozone.com.sa/en/" "Mozilla/5.0 (iPhone; CPU iPhone OS 18_7 like Mac OS X) AppleWebKit/605.1.15 (KHTML, like Gecko) Version/26.2 Mobile/15E148 Safari/604.1"
74.7.241.33 - - [28/Mar/2026:14:25:23 +0000] "GET /wp-content/uploads/cache/wpml/twig/cf/cf6be277185c25d67b065835ee9ec3d8046a86aa7ae2d7fd6ec9c1613dc9efa1.php HTTP/1.1" 500 20 "https://autozone.com.sa/wp-content/uploads/cache/wpml/twig/cf/" "Mozilla/5.0 AppleWebKit/537.36 (KHTML, like Gecko; compatible; GPTBot/1.3; +https://openai.com/gptbot)"
172.105.42.26 - - [28/Mar/2026:14:25:23 +0000] "POST /wp-cron.php?doing_wp_cron=1774707923.9369370937347412109375 HTTP/1.1" 200 20 "-" "WordPress/6.9.4; https://autozone.com.sa"
2a02:cb80:420a:1c3e:cbd4:f87e:74c6:9fa9 - - [28/Mar/2026:14:25:21 +0000] "POST //shop/ HTTP/1.1" 200 43691 "https://autozone.com.sa/" "Mozilla/5.0 (Linux; Android 10; K) AppleWebKit/537.36 (KHTML, like Gecko) SamsungBrowser/29.0 Chrome/136.0.0.0 Mobile Safari/537.36"
77.232.124.27 - - [28/Mar/2026:14:25:26 +0000] "GET /wp-content/uploads/al_opt_content/IMAGE/autozone.com.sa/wp-content/uploads/2025/04/Go1-04.webp?bv_host=autozone.com.sa&bv-resized-infos=bv_resized_mobile%3A480%2A193%3Bbv_resized_ipad%3A820%2A330%3Bbv_resized_desktop%3A1536%2A617 HTTP/1.1" 200 110047 "https://autozone.com.sa/en/" "Mozilla/5.0 (iPhone; CPU iPhone OS 18_7 like Mac OS X) AppleWebKit/605.1.15 (KHTML, like Gecko) Version/26.2 Mobile/15E148 Safari/604.1"
74.7.241.33 - - [28/Mar/2026:14:25:27 +0000] "GET /wp-content/uploads/al_opt_content/FONT/autozone.com.sa/wp-includes/fonts/ HTTP/1.1" 200 2410 "https://autozone.com.sa/wp-content/uploads/al_opt_content/FONT/autozone.com.sa/wp-includes/" "Mozilla/5.0 AppleWebKit/537.36 (KHTML, like Gecko; compatible; GPTBot/1.3; +https://openai.com/gptbot)"
52.167.144.176 - - [28/Mar/2026:14:25:27 +0000] "GET /?shopdetail/49195526 HTTP/1.1" 301 20 "-" "Mozilla/5.0 AppleWebKit/537.36 (KHTML, like Gecko; compatible; bingbot/2.0; +http://www.bing.com/bingbot.htm) Chrome/116.0.1938.76 Safari/537.36"
2a02:cb80:420a:1c3e:cbd4:f87e:74c6:9fa9 - - [28/Mar/2026:14:25:27 +0000] "POST /?wc-ajax=get_refreshed_fragments HTTP/1.1" 200 999 "https://autozone.com.sa//shop/" "Mozilla/5.0 (Linux; Android 10; K) AppleWebKit/537.36 (KHTML, like Gecko) SamsungBrowser/29.0 Chrome/136.0.0.0 Mobile Safari/537.36"
2a02:cb80:420a:1c3e:cbd4:f87e:74c6:9fa9 - - [28/Mar/2026:14:25:26 +0000] "POST /wp-json/iawp/search HTTP/1.1" 200 36 "https://autozone.com.sa//shop/" "Mozilla/5.0 (Linux; Android 10; K) AppleWebKit/537.36 (KHTML, like Gecko) SamsungBrowser/29.0 Chrome/136.0.0.0 Mobile Safari/537.36"
77.232.124.27 - - [28/Mar/2026:14:25:30 +0000] "GET /en/make/nissan/ HTTP/1.1" 200 59409 "https://autozone.com.sa/en/" "Mozilla/5.0 (iPhone; CPU iPhone OS 18_7 like Mac OS X) AppleWebKit/605.1.15 (KHTML, like Gecko) Version/26.2 Mobile/15E148 Safari/604.1"
77.232.124.27 - - [28/Mar/2026:14:25:34 +0000] "POST /en/?wc-ajax=get_refreshed_fragments HTTP/1.1" 200 1002 "https://autozone.com.sa/en/make/nissan/" "Mozilla/5.0 (iPhone; CPU iPhone OS 18_7 like Mac OS X) AppleWebKit/605.1.15 (KHTML, like Gecko) Version/26.2 Mobile/15E148 Safari/604.1"
77.232.124.27 - - [28/Mar/2026:14:25:34 +0000] "POST /en/wp-json/iawp/search HTTP/1.1" 200 36 "https://autozone.com.sa/en/make/nissan/" "Mozilla/5.0 (iPhone; CPU iPhone OS 18_7 like Mac OS X) AppleWebKit/605.1.15 (KHTML, like Gecko) Version/26.2 Mobile/15E148 Safari/604.1"
74.7.241.33 - - [28/Mar/2026:14:25:39 +0000] "GET /wp-content/uploads/cache/wpml/twig/fb/fbb15a6f9ae0c160fa2d49c361cbd2c32f519f6f11404a7e24f48c01f4a24dab.php HTTP/1.1" 500 20 "https://autozone.com.sa/wp-content/uploads/cache/wpml/twig/fb/" "Mozilla/5.0 AppleWebKit/537.36 (KHTML, like Gecko; compatible; GPTBot/1.3; +https://openai.com/gptbot)"
74.7.241.33 - - [28/Mar/2026:14:25:50 +0000] "GET /wp-content/uploads/cache/wpml/twig/22/229deb5d9662b4f617bb6ec19030cb0efd91aaaf3d43d503a7e48abcccfcfa8e.php HTTP/1.1" 500 20 "https://autozone.com.sa/wp-content/uploads/cache/wpml/twig/22/" "Mozilla/5.0 AppleWebKit/537.36 (KHTML, like Gecko; compatible; GPTBot/1.3; +https://openai.com/gptbot)"
142.132.180.39 - - [28/Mar/2026:14:26:09 +0000] "HEAD / HTTP/1.1" 200 - "https://autozone.com.sa/" "Mozilla/5.0+(compatible; UptimeRobot/2.0; http://www.uptimerobot.com/)"
77.232.124.27 - - [28/Mar/2026:14:26:17 +0000] "POST /wp-admin/admin-ajax.php HTTP/1.1" 200 1137 "https://autozone.com.sa/en/make/nissan/" "Mozilla/5.0 (iPhone; CPU iPhone OS 18_7 like Mac OS X) AppleWebKit/605.1.15 (KHTML, like Gecko) Version/26.2 Mobile/15E148 Safari/604.1"
74.7.241.33 - - [28/Mar/2026:14:26:20 +0000] "GET /wp-content/uploads/cache/wpml/twig/c2/c24ccfff7bfae86742b2e06127dbe357fcf405170ef73d8bd1db6ada979ec94d.php HTTP/1.1" 500 20 "https://autozone.com.sa/wp-content/uploads/cache/wpml/twig/c2/" "Mozilla/5.0 AppleWebKit/537.36 (KHTML, like Gecko; compatible; GPTBot/1.3; +https://openai.com/gptbot)"
178.156.136.36 - - [28/Mar/2026:14:26:23 +0000] "POST /wp-load.php?778e3f=28732 HTTP/1.1" 200 363063 "-" "BlogVault/1.0 (+https://blogvault.net)"
172.105.42.26 - - [28/Mar/2026:14:26:32 +0000] "POST /wp-cron.php?doing_wp_cron=1774707992.8088319301605224609375 HTTP/1.1" 200 20 "-" "WordPress/6.9.4; https://autozone.com.sa/en/"
77.232.124.27 - - [28/Mar/2026:14:26:31 +0000] "POST /wp-admin/admin-ajax.php HTTP/1.1" 200 1165 "https://autozone.com.sa/en/make/nissan/" "Mozilla/5.0 (iPhone; CPU iPhone OS 18_7 like Mac OS X) AppleWebKit/605.1.15 (KHTML, like Gecko) Version/26.2 Mobile/15E148 Safari/604.1"
5.161.201.188 - - [28/Mar/2026:14:26:35 +0000] "POST /wp-load.php?283999=81107 HTTP/1.1" 200 47007 "https://autozone.com.sa/" "BlogVault/1.0 (+https://blogvault.net)"
2a02:cb80:420a:1c3e:cbd4:f87e:74c6:9fa9 - - [28/Mar/2026:14:26:33 +0000] "GET / HTTP/1.1" 200 138843 "https://www.google.com/" "Mozilla/5.0 (Linux; Android 10; K) AppleWebKit/537.36 (KHTML, like Gecko) SamsungBrowser/29.0 Chrome/136.0.0.0 Mobile Safari/537.36"
2a02:cb80:420a:1c3e:cbd4:f87e:74c6:9fa9 - - [28/Mar/2026:14:26:36 +0000] "GET / HTTP/1.1" 200 138867 "https://www.google.com/" "Mozilla/5.0 (Linux; Android 10; K) AppleWebKit/537.36 (KHTML, like Gecko) SamsungBrowser/29.0 Chrome/136.0.0.0 Mobile Safari/537.36"
2a02:cb80:420a:1c3e:cbd4:f87e:74c6:9fa9 - - [28/Mar/2026:14:26:44 +0000] "POST /?wc-ajax=get_refreshed_fragments HTTP/1.1" 200 999 "https://autozone.com.sa/" "Mozilla/5.0 (Linux; Android 10; K) AppleWebKit/537.36 (KHTML, like Gecko) SamsungBrowser/29.0 Chrome/136.0.0.0 Mobile Safari/537.36"
77.232.124.27 - - [28/Mar/2026:14:26:44 +0000] "POST /wp-admin/admin-ajax.php HTTP/1.1" 200 1190 "https://autozone.com.sa/en/make/nissan/" "Mozilla/5.0 (iPhone; CPU iPhone OS 18_7 like Mac OS X) AppleWebKit/605.1.15 (KHTML, like Gecko) Version/26.2 Mobile/15E148 Safari/604.1"
172.105.42.26 - - [28/Mar/2026:14:26:45 +0000] "POST /wp-cron.php?doing_wp_cron=1774708005.7652599811553955078125 HTTP/1.1" 200 20 "-" "WordPress/6.9.4; https://autozone.com.sa/en/"
77.232.124.27 - - [28/Mar/2026:14:26:44 +0000] "POST /wp-admin/admin-ajax.php HTTP/1.1" 200 46 "https://autozone.com.sa/en/make/nissan/" "Mozilla/5.0 (iPhone; CPU iPhone OS 18_7 like Mac OS X) AppleWebKit/605.1.15 (KHTML, like Gecko) Version/26.2 Mobile/15E148 Safari/604.1"
2a02:cb80:420a:1c3e:cbd4:f87e:74c6:9fa9 - - [28/Mar/2026:14:26:44 +0000] "POST /wp-json/iawp/search HTTP/1.1" 200 36 "https://autozone.com.sa/" "Mozilla/5.0 (Linux; Android 10; K) AppleWebKit/537.36 (KHTML, like Gecko) SamsungBrowser/29.0 Chrome/136.0.0.0 Mobile Safari/537.36"
77.232.124.27 - - [28/Mar/2026:14:26:49 +0000] "POST /wp-admin/admin-ajax.php HTTP/1.1" 200 1192 "https://autozone.com.sa/en/make/nissan/" "Mozilla/5.0 (iPhone; CPU iPhone OS 18_7 like Mac OS X) AppleWebKit/605.1.15 (KHTML, like Gecko) Version/26.2 Mobile/15E148 Safari/604.1"
2a02:cb80:420a:1c3e:cbd4:f87e:74c6:9fa9 - - [28/Mar/2026:14:26:49 +0000] "GET /our-offers/ HTTP/1.1" 200 88334 "https://autozone.com.sa/" "Mozilla/5.0 (Linux; Android 10; K) AppleWebKit/537.36 (KHTML, like Gecko) SamsungBrowser/29.0 Chrome/136.0.0.0 Mobile Safari/537.36"
2a02:cb80:420a:1c3e:cbd4:f87e:74c6:9fa9 - - [28/Mar/2026:14:26:52 +0000] "POST /?wc-ajax=get_refreshed_fragments HTTP/1.1" 200 999 "https://autozone.com.sa/our-offers/" "Mozilla/5.0 (Linux; Android 10; K) AppleWebKit/537.36 (KHTML, like Gecko) SamsungBrowser/29.0 Chrome/136.0.0.0 Mobile Safari/537.36"
2a02:cb80:420a:1c3e:cbd4:f87e:74c6:9fa9 - - [28/Mar/2026:14:26:52 +0000] "POST /wp-json/iawp/search HTTP/1.1" 200 36 "https://autozone.com.sa/our-offers/" "Mozilla/5.0 (Linux; Android 10; K) AppleWebKit/537.36 (KHTML, like Gecko) SamsungBrowser/29.0 Chrome/136.0.0.0 Mobile Safari/537.36"
77.232.124.27 - - [28/Mar/2026:14:26:51 +0000] "GET /en/shop/ HTTP/1.1" 200 64900 "https://autozone.com.sa/en/make/nissan/" "Mozilla/5.0 (iPhone; CPU iPhone OS 18_7 like Mac OS X) AppleWebKit/605.1.15 (KHTML, like Gecko) Version/26.2 Mobile/15E148 Safari/604.1"
77.232.124.27 - - [28/Mar/2026:14:26:56 +0000] "POST /en/?wc-ajax=get_refreshed_fragments HTTP/1.1" 200 1002 "https://autozone.com.sa/en/shop/" "Mozilla/5.0 (iPhone; CPU iPhone OS 18_7 like Mac OS X) AppleWebKit/605.1.15 (KHTML, like Gecko) Version/26.2 Mobile/15E148 Safari/604.1"
77.232.124.27 - - [28/Mar/2026:14:26:56 +0000] "POST /en/wp-json/iawp/search HTTP/1.1" 200 36 "https://autozone.com.sa/en/shop/" "Mozilla/5.0 (iPhone; CPU iPhone OS 18_7 like Mac OS X) AppleWebKit/605.1.15 (KHTML, like Gecko) Version/26.2 Mobile/15E148 Safari/604.1"
77.232.124.27 - - [28/Mar/2026:14:27:00 +0000] "GET /wp-content/uploads/al_opt_content/IMAGE/autozone.com.sa/wp-content/uploads/2025/07/BGC_5036-scaled.webp?bv_host=autozone.com.sa&bv-resized-infos=bv_resized_mobile%3A480%2A320%3Bbv_resized_ipad%3A820%2A547%3Bbv_resized_desktop%3A1536%2A1024 HTTP/1.1" 200 135021 "https://autozone.com.sa/en/shop/" "Mozilla/5.0 (iPhone; CPU iPhone OS 18_7 like Mac OS X) AppleWebKit/605.1.15 (KHTML, like Gecko) Version/26.2 Mobile/15E148 Safari/604.1"
77.232.124.27 - - [28/Mar/2026:14:27:02 +0000] "GET /wp-content/uploads/2026/01/BGC_5738-copy-scaled.webp HTTP/1.1" 200 132511 "https://autozone.com.sa/en/shop/" "Mozilla/5.0 (iPhone; CPU iPhone OS 18_7 like Mac OS X) AppleWebKit/605.1.15 (KHTML, like Gecko) Version/26.2 Mobile/15E148 Safari/604.1"
77.232.124.27 - - [28/Mar/2026:14:27:04 +0000] "GET /wp-content/uploads/al_opt_content/IMAGE/autozone.com.sa/wp-content/uploads/2025/04/BGC_2554-scaled.webp?bv_host=autozone.com.sa&bv-resized-infos=bv_resized_mobile%3A480%2A320%3Bbv_resized_ipad%3A820%2A547%3Bbv_resized_desktop%3A1536%2A1024 HTTP/1.1" 200 223443 "https://autozone.com.sa/en/shop/" "Mozilla/5.0 (iPhone; CPU iPhone OS 18_7 like Mac OS X) AppleWebKit/605.1.15 (KHTML, like Gecko) Version/26.2 Mobile/15E148 Safari/604.1"
2a02:cb80:420a:1c3e:cbd4:f87e:74c6:9fa9 - - [28/Mar/2026:14:27:11 +0000] "GET /news/ HTTP/1.1" 200 111432 "https://autozone.com.sa/our-offers/" "Mozilla/5.0 (Linux; Android 10; K) AppleWebKit/537.36 (KHTML, like Gecko) SamsungBrowser/29.0 Chrome/136.0.0.0 Mobile Safari/537.36"
216.73.216.14 - - [28/Mar/2026:14:27:11 +0000] "GET /sitemap-2.xml HTTP/1.1" 404 30897 "-" "Mozilla/5.0 AppleWebKit/537.36 (KHTML, like Gecko; compatible; ClaudeBot/1.0; +claudebot@anthropic.com)"
77.232.124.27 - - [28/Mar/2026:14:27:13 +0000] "GET /en/product/changan-cs35-smart-2025/ HTTP/1.1" 200 85178 "https://autozone.com.sa/en/shop/" "Mozilla/5.0 (iPhone; CPU iPhone OS 18_7 like Mac OS X) AppleWebKit/605.1.15 (KHTML, like Gecko) Version/26.2 Mobile/15E148 Safari/604.1"
77.232.124.27 - - [28/Mar/2026:14:27:17 +0000] "GET /wp-content/uploads/2025/04/BGC_2554-1536x1024.webp HTTP/1.1" 200 117713 "https://autozone.com.sa/en/product/changan-cs35-smart-2025/" "Mozilla/5.0 (iPhone; CPU iPhone OS 18_7 like Mac OS X) AppleWebKit/605.1.15 (KHTML, like Gecko) Version/26.2 Mobile/15E148 Safari/604.1"
2a02:cb80:420a:1c3e:cbd4:f87e:74c6:9fa9 - - [28/Mar/2026:14:27:17 +0000] "GET /offers/from-eid-to-eid-non-stop-deals-changan-cs35-with-no-tax/ HTTP/1.1" 200 138792 "https://autozone.com.sa/our-offers/" "Mozilla/5.0 (Linux; Android 10; K) AppleWebKit/537.36 (KHTML, like Gecko) SamsungBrowser/29.0 Chrome/136.0.0.0 Mobile Safari/537.36"
2a02:cb80:420a:1c3e:cbd4:f87e:74c6:9fa9 - - [28/Mar/2026:14:27:21 +0000] "GET /wp-content/uploads/elementor/css/custom-widget-image-gallery-rtl.min.css?ver=1774675920 HTTP/1.1" 200 358 "https://autozone.com.sa/offers/from-eid-to-eid-non-stop-deals-changan-cs35-with-no-tax/" "Mozilla/5.0 (Linux; Android 10; K) AppleWebKit/537.36 (KHTML, like Gecko) SamsungBrowser/29.0 Chrome/136.0.0.0 Mobile Safari/537.36"
74.7.241.33 - - [28/Mar/2026:14:27:21 +0000] "GET /wp-content/uploads/cache/wpml/twig/e6/e6f0d47aeae611dd27eedc93761cb34908bf88e25bddb930f2546871c37ca6f3.php HTTP/1.1" 500 20 "https://autozone.com.sa/wp-content/uploads/cache/wpml/twig/e6/" "Mozilla/5.0 AppleWebKit/537.36 (KHTML, like Gecko; compatible; GPTBot/1.3; +https://openai.com/gptbot)"
172.105.42.26 - - [28/Mar/2026:14:27:24 +0000] "POST /wp-cron.php?doing_wp_cron=1774708044.9153978824615478515625 HTTP/1.1" 200 20 "-" "WordPress/6.9.4; https://autozone.com.sa/en/"
77.232.124.27 - - [28/Mar/2026:14:27:23 +0000] "POST /en/?wc-ajax=get_variation_gallery HTTP/1.1" 200 769 "https://autozone.com.sa/en/product/changan-cs35-smart-2025/" "Mozilla/5.0 (iPhone; CPU iPhone OS 18_7 like Mac OS X) AppleWebKit/605.1.15 (KHTML, like Gecko) Version/26.2 Mobile/15E148 Safari/604.1"
77.232.124.27 - - [28/Mar/2026:14:27:23 +0000] "POST /en/?wc-ajax=get_default_gallery HTTP/1.1" 200 426 "https://autozone.com.sa/en/product/changan-cs35-smart-2025/" "Mozilla/5.0 (iPhone; CPU iPhone OS 18_7 like Mac OS X) AppleWebKit/605.1.15 (KHTML, like Gecko) Version/26.2 Mobile/15E148 Safari/604.1"
77.232.124.27 - - [28/Mar/2026:14:27:23 +0000] "POST /en/?wc-ajax=get_refreshed_fragments HTTP/1.1" 200 1002 "https://autozone.com.sa/en/product/changan-cs35-smart-2025/" "Mozilla/5.0 (iPhone; CPU iPhone OS 18_7 like Mac OS X) AppleWebKit/605.1.15 (KHTML, like Gecko) Version/26.2 Mobile/15E148 Safari/604.1"
77.232.124.27 - - [28/Mar/2026:14:27:23 +0000] "POST /en/wp-json/iawp/search HTTP/1.1" 200 36 "https://autozone.com.sa/en/product/changan-cs35-smart-2025/" "Mozilla/5.0 (iPhone; CPU iPhone OS 18_7 like Mac OS X) AppleWebKit/605.1.15 (KHTML, like Gecko) Version/26.2 Mobile/15E148 Safari/604.1"
77.232.124.27 - - [28/Mar/2026:14:27:25 +0000] "GET /wp-content/uploads/2025/11/cs35-2025-april-22-n-1536x1024-1.jpg HTTP/1.1" 304 - "https://autozone.com.sa/en/product/changan-cs35-smart-2025/" "Mozilla/5.0 (iPhone; CPU iPhone OS 18_7 like Mac OS X) AppleWebKit/605.1.15 (KHTML, like Gecko) Version/26.2 Mobile/15E148 Safari/604.1"
77.232.124.27 - - [28/Mar/2026:14:27:25 +0000] "GET /wp-content/uploads/2025/11/cs35-2025-april-22-n-1536x1024-1-600x400.jpg HTTP/1.1" 304 - "https://autozone.com.sa/en/product/changan-cs35-smart-2025/" "Mozilla/5.0 (iPhone; CPU iPhone OS 18_7 like Mac OS X) AppleWebKit/605.1.15 (KHTML, like Gecko) Version/26.2 Mobile/15E148 Safari/604.1"
77.232.124.27 - - [28/Mar/2026:14:27:25 +0000] "GET /wp-content/uploads/2025/11/cs35-2025-april-26-n-1536x1024-1-600x400.jpg HTTP/1.1" 304 - "https://autozone.com.sa/en/product/changan-cs35-smart-2025/" "Mozilla/5.0 (iPhone; CPU iPhone OS 18_7 like Mac OS X) AppleWebKit/605.1.15 (KHTML, like Gecko) Version/26.2 Mobile/15E148 Safari/604.1"
77.232.124.27 - - [28/Mar/2026:14:27:25 +0000] "GET /wp-content/uploads/2025/04/BGC_2540-300x300.webp HTTP/1.1" 200 11002 "https://autozone.com.sa/en/product/changan-cs35-smart-2025/" "Mozilla/5.0 (iPhone; CPU iPhone OS 18_7 like Mac OS X) AppleWebKit/605.1.15 (KHTML, like Gecko) Version/26.2 Mobile/15E148 Safari/604.1"
77.232.124.27 - - [28/Mar/2026:14:27:25 +0000] "GET /wp-content/uploads/2025/04/BGC_2554-300x300.webp HTTP/1.1" 200 16459 "https://autozone.com.sa/en/product/changan-cs35-smart-2025/" "Mozilla/5.0 (iPhone; CPU iPhone OS 18_7 like Mac OS X) AppleWebKit/605.1.15 (KHTML, like Gecko) Version/26.2 Mobile/15E148 Safari/604.1"
77.232.124.27 - - [28/Mar/2026:14:27:25 +0000] "GET /wp-content/uploads/2025/11/cs35-2025-april-25-n-1536x1024-1-100x100.jpg HTTP/1.1" 304 - "https://autozone.com.sa/en/product/changan-cs35-smart-2025/" "Mozilla/5.0 (iPhone; CPU iPhone OS 18_7 like Mac OS X) AppleWebKit/605.1.15 (KHTML, like Gecko) Version/26.2 Mobile/15E148 Safari/604.1"
77.232.124.27 - - [28/Mar/2026:14:27:25 +0000] "GET /wp-content/uploads/2025/04/BGC_2554-100x100.webp HTTP/1.1" 200 3711 "https://autozone.com.sa/en/product/changan-cs35-smart-2025/" "Mozilla/5.0 (iPhone; CPU iPhone OS 18_7 like Mac OS X) AppleWebKit/605.1.15 (KHTML, like Gecko) Version/26.2 Mobile/15E148 Safari/604.1"
77.232.124.27 - - [28/Mar/2026:14:27:25 +0000] "GET /wp-content/uploads/2025/04/BGC_2540-600x400.webp HTTP/1.1" 200 21500 "https://autozone.com.sa/en/product/changan-cs35-smart-2025/" "Mozilla/5.0 (iPhone; CPU iPhone OS 18_7 like Mac OS X) AppleWebKit/605.1.15 (KHTML, like Gecko) Version/26.2 Mobile/15E148 Safari/604.1"
77.232.124.27 - - [28/Mar/2026:14:27:25 +0000] "GET /wp-content/uploads/2025/04/BGC_2557-300x300.webp HTTP/1.1" 200 14068 "https://autozone.com.sa/en/product/changan-cs35-smart-2025/" "Mozilla/5.0 (iPhone; CPU iPhone OS 18_7 like Mac OS X) AppleWebKit/605.1.15 (KHTML, like Gecko) Version/26.2 Mobile/15E148 Safari/604.1"
77.232.124.27 - - [28/Mar/2026:14:27:25 +0000] "GET /wp-content/uploads/2025/04/BGC_2554-scaled.webp HTTP/1.1" 200 223443 "https://autozone.com.sa/en/product/changan-cs35-smart-2025/" "Mozilla/5.0 (iPhone; CPU iPhone OS 18_7 like Mac OS X) AppleWebKit/605.1.15 (KHTML, like Gecko) Version/26.2 Mobile/15E148 Safari/604.1"
77.232.124.27 - - [28/Mar/2026:14:27:25 +0000] "GET /wp-content/uploads/2025/11/cs35-2025-april-25-n-1536x1024-1-300x300.jpg HTTP/1.1" 304 - "https://autozone.com.sa/en/product/changan-cs35-smart-2025/" "Mozilla/5.0 (iPhone; CPU iPhone OS 18_7 like Mac OS X) AppleWebKit/605.1.15 (KHTML, like Gecko) Version/26.2 Mobile/15E148 Safari/604.1"
77.232.124.27 - - [28/Mar/2026:14:27:25 +0000] "GET /wp-content/uploads/2025/04/BGC_2557-600x400.webp HTTP/1.1" 200 31419 "https://autozone.com.sa/en/product/changan-cs35-smart-2025/" "Mozilla/5.0 (iPhone; CPU iPhone OS 18_7 like Mac OS X) AppleWebKit/605.1.15 (KHTML, like Gecko) Version/26.2 Mobile/15E148 Safari/604.1"
77.232.124.27 - - [28/Mar/2026:14:27:25 +0000] "GET /wp-content/uploads/2025/11/cs35-2025-april-22-n-1536x1024-1-100x100.jpg HTTP/1.1" 304 - "https://autozone.com.sa/en/product/changan-cs35-smart-2025/" "Mozilla/5.0 (iPhone; CPU iPhone OS 18_7 like Mac OS X) AppleWebKit/605.1.15 (KHTML, like Gecko) Version/26.2 Mobile/15E148 Safari/604.1"
77.232.124.27 - - [28/Mar/2026:14:27:25 +0000] "GET /wp-content/uploads/2025/04/BGC_2557-1536x1024.webp HTTP/1.1" 200 97388 "https://autozone.com.sa/en/product/changan-cs35-smart-2025/" "Mozilla/5.0 (iPhone; CPU iPhone OS 18_7 like Mac OS X) AppleWebKit/605.1.15 (KHTML, like Gecko) Version/26.2 Mobile/15E148 Safari/604.1"
77.232.124.27 - - [28/Mar/2026:14:27:25 +0000] "GET /wp-content/uploads/2025/11/cs35-2025-april-26-n-1536x1024-1.jpg HTTP/1.1" 304 - "https://autozone.com.sa/en/product/changan-cs35-smart-2025/" "Mozilla/5.0 (iPhone; CPU iPhone OS 18_7 like Mac OS X) AppleWebKit/605.1.15 (KHTML, like Gecko) Version/26.2 Mobile/15E148 Safari/604.1"
77.232.124.27 - - [28/Mar/2026:14:27:25 +0000] "GET /wp-content/uploads/2025/11/cs35-2025-april-26-n-1536x1024-1-100x100.jpg HTTP/1.1" 304 - "https://autozone.com.sa/en/product/changan-cs35-smart-2025/" "Mozilla/5.0 (iPhone; CPU iPhone OS 18_7 like Mac OS X) AppleWebKit/605.1.15 (KHTML, like Gecko) Version/26.2 Mobile/15E148 Safari/604.1"
77.232.124.27 - - [28/Mar/2026:14:27:25 +0000] "GET /wp-content/uploads/2025/11/cs35-2025-april-26-n-1536x1024-1-300x300.jpg HTTP/1.1" 304 - "https://autozone.com.sa/en/product/changan-cs35-smart-2025/" "Mozilla/5.0 (iPhone; CPU iPhone OS 18_7 like Mac OS X) AppleWebKit/605.1.15 (KHTML, like Gecko) Version/26.2 Mobile/15E148 Safari/604.1"
77.232.124.27 - - [28/Mar/2026:14:27:25 +0000] "GET /wp-content/uploads/2025/04/BGC_2554-600x400.webp HTTP/1.1" 200 36143 "https://autozone.com.sa/en/product/changan-cs35-smart-2025/" "Mozilla/5.0 (iPhone; CPU iPhone OS 18_7 like Mac OS X) AppleWebKit/605.1.15 (KHTML, like Gecko) Version/26.2 Mobile/15E148 Safari/604.1"
77.232.124.27 - - [28/Mar/2026:14:27:25 +0000] "GET /wp-content/uploads/2025/11/cs35-2025-april-25-n-1536x1024-1.jpg HTTP/1.1" 304 - "https://autozone.com.sa/en/product/changan-cs35-smart-2025/" "Mozilla/5.0 (iPhone; CPU iPhone OS 18_7 like Mac OS X) AppleWebKit/605.1.15 (KHTML, like Gecko) Version/26.2 Mobile/15E148 Safari/604.1"
77.232.124.27 - - [28/Mar/2026:14:27:25 +0000] "GET /wp-content/uploads/2025/04/BGC_2557-scaled.webp HTTP/1.1" 200 178203 "https://autozone.com.sa/en/product/changan-cs35-smart-2025/" "Mozilla/5.0 (iPhone; CPU iPhone OS 18_7 like Mac OS X) AppleWebKit/605.1.15 (KHTML, like Gecko) Version/26.2 Mobile/15E148 Safari/604.1"
77.232.124.27 - - [28/Mar/2026:14:27:25 +0000] "GET /wp-content/uploads/2025/04/BGC_2540-scaled.webp HTTP/1.1" 200 143533 "https://autozone.com.sa/en/product/changan-cs35-smart-2025/" "Mozilla/5.0 (iPhone; CPU iPhone OS 18_7 like Mac OS X) AppleWebKit/605.1.15 (KHTML, like Gecko) Version/26.2 Mobile/15E148 Safari/604.1"
77.232.124.27 - - [28/Mar/2026:14:27:25 +0000] "GET /wp-content/uploads/2025/04/BGC_2540-100x100.webp HTTP/1.1" 200 2681 "https://autozone.com.sa/en/product/changan-cs35-smart-2025/" "Mozilla/5.0 (iPhone; CPU iPhone OS 18_7 like Mac OS X) AppleWebKit/605.1.15 (KHTML, like Gecko) Version/26.2 Mobile/15E148 Safari/604.1"
77.232.124.27 - - [28/Mar/2026:14:27:25 +0000] "GET /wp-content/uploads/2025/04/BGC_2540-1536x1024.webp HTTP/1.1" 200 72275 "https://autozone.com.sa/en/product/changan-cs35-smart-2025/" "Mozilla/5.0 (iPhone; CPU iPhone OS 18_7 like Mac OS X) AppleWebKit/605.1.15 (KHTML, like Gecko) Version/26.2 Mobile/15E148 Safari/604.1"
77.232.124.27 - - [28/Mar/2026:14:27:25 +0000] "GET /wp-content/uploads/2025/11/cs35-2025-april-25-n-1536x1024-1-600x400.jpg HTTP/1.1" 304 - "https://autozone.com.sa/en/product/changan-cs35-smart-2025/" "Mozilla/5.0 (iPhone; CPU iPhone OS 18_7 like Mac OS X) AppleWebKit/605.1.15 (KHTML, like Gecko) Version/26.2 Mobile/15E148 Safari/604.1"
77.232.124.27 - - [28/Mar/2026:14:27:25 +0000] "GET /wp-content/uploads/2025/11/cs35-2025-april-22-n-1536x1024-1-300x300.jpg HTTP/1.1" 304 - "https://autozone.com.sa/en/product/changan-cs35-smart-2025/" "Mozilla/5.0 (iPhone; CPU iPhone OS 18_7 like Mac OS X) AppleWebKit/605.1.15 (KHTML, like Gecko) Version/26.2 Mobile/15E148 Safari/604.1"
77.232.124.27 - - [28/Mar/2026:14:27:25 +0000] "GET /wp-content/uploads/2025/04/BGC_2557-100x100.webp HTTP/1.1" 200 3373 "https://autozone.com.sa/en/product/changan-cs35-smart-2025/" "Mozilla/5.0 (iPhone; CPU iPhone OS 18_7 like Mac OS X) AppleWebKit/605.1.15 (KHTML, like Gecko) Version/26.2 Mobile/15E148 Safari/604.1"
2a02:cb80:420a:1c3e:cbd4:f87e:74c6:9fa9 - - [28/Mar/2026:14:27:25 +0000] "POST /?wc-ajax=get_refreshed_fragments HTTP/1.1" 200 999 "https://autozone.com.sa/offers/from-eid-to-eid-non-stop-deals-changan-cs35-with-no-tax/" "Mozilla/5.0 (Linux; Android 10; K) AppleWebKit/537.36 (KHTML, like Gecko) SamsungBrowser/29.0 Chrome/136.0.0.0 Mobile Safari/537.36"
2a02:cb80:420a:1c3e:cbd4:f87e:74c6:9fa9 - - [28/Mar/2026:14:27:25 +0000] "POST /wp-json/iawp/search HTTP/1.1" 200 36 "https://autozone.com.sa/offers/from-eid-to-eid-non-stop-deals-changan-cs35-with-no-tax/" "Mozilla/5.0 (Linux; Android 10; K) AppleWebKit/537.36 (KHTML, like Gecko) SamsungBrowser/29.0 Chrome/136.0.0.0 Mobile Safari/537.36"
77.232.124.27 - - [28/Mar/2026:14:27:34 +0000] "GET /wp-content/uploads/2025/04/BGC_2554-300x200.webp HTTP/1.1" 200 13770 "https://autozone.com.sa/en/product/changan-cs35-smart-2025/" "Mozilla/5.0 (iPhone; CPU iPhone OS 18_7 like Mac OS X) AppleWebKit/605.1.15 (KHTML, like Gecko) Version/26.2 Mobile/15E148 Safari/604.1"
77.232.124.27 - - [28/Mar/2026:14:27:34 +0000] "GET /wp-content/uploads/2025/04/BGC_2544-300x200.webp HTTP/1.1" 200 10996 "https://autozone.com.sa/en/product/changan-cs35-smart-2025/" "Mozilla/5.0 (iPhone; CPU iPhone OS 18_7 like Mac OS X) AppleWebKit/605.1.15 (KHTML, like Gecko) Version/26.2 Mobile/15E148 Safari/604.1"
77.232.124.27 - - [28/Mar/2026:14:27:35 +0000] "GET /wp-content/uploads/2025/04/BGC_2559-300x200.webp HTTP/1.1" 200 6176 "https://autozone.com.sa/en/product/changan-cs35-smart-2025/" "Mozilla/5.0 (iPhone; CPU iPhone OS 18_7 like Mac OS X) AppleWebKit/605.1.15 (KHTML, like Gecko) Version/26.2 Mobile/15E148 Safari/604.1"
77.232.124.27 - - [28/Mar/2026:14:27:36 +0000] "GET /wp-content/uploads/2025/04/BGC_2604-300x203.webp HTTP/1.1" 200 13668 "https://autozone.com.sa/en/product/changan-cs35-smart-2025/" "Mozilla/5.0 (iPhone; CPU iPhone OS 18_7 like Mac OS X) AppleWebKit/605.1.15 (KHTML, like Gecko) Version/26.2 Mobile/15E148 Safari/604.1"
77.232.124.27 - - [28/Mar/2026:14:27:37 +0000] "GET /wp-content/uploads/2025/04/BGC_2596-300x200.webp HTTP/1.1" 200 11974 "https://autozone.com.sa/en/product/changan-cs35-smart-2025/" "Mozilla/5.0 (iPhone; CPU iPhone OS 18_7 like Mac OS X) AppleWebKit/605.1.15 (KHTML, like Gecko) Version/26.2 Mobile/15E148 Safari/604.1"
