34.141.230.59 - - [28/May/2026:14:00:07 +0000] "GET /en/product/toyota-land-cruiser-2025/ HTTP/1.1" 200 37043 "-" "LinkupBot/1.0 (LinkupBot for web indexing; https://linkup.so/bot; bot@linkup.so)"
77.232.124.78 - - [28/May/2026:14:00:11 +0000] "GET /wp-content/uploads/2025/04/4-2-300x300.webp HTTP/1.1" 200 11090 "https://autozone.com.sa/shop/page/4/" "Mozilla/5.0 (iPhone; CPU iPhone OS 18_7 like Mac OS X) AppleWebKit/605.1.15 (KHTML, like Gecko) Version/26.5 Mobile/15E148 Safari/604.1"
77.232.124.78 - - [28/May/2026:14:00:10 +0000] "POST /?wc-ajax=get_refreshed_fragments HTTP/1.1" 200 858 "https://autozone.com.sa/shop/page/4/" "Mozilla/5.0 (iPhone; CPU iPhone OS 18_7 like Mac OS X) AppleWebKit/605.1.15 (KHTML, like Gecko) Version/26.5 Mobile/15E148 Safari/604.1"
77.232.124.78 - - [28/May/2026:14:00:10 +0000] "POST /wp-json/iawp/search HTTP/1.1" 200 36 "https://autozone.com.sa/shop/page/4/" "Mozilla/5.0 (iPhone; CPU iPhone OS 18_7 like Mac OS X) AppleWebKit/605.1.15 (KHTML, like Gecko) Version/26.5 Mobile/15E148 Safari/604.1"
77.232.124.78 - - [28/May/2026:14:00:12 +0000] "GET /wp-content/uploads/2025/04/1-2-300x300.webp HTTP/1.1" 200 10003 "https://autozone.com.sa/shop/page/4/" "Mozilla/5.0 (iPhone; CPU iPhone OS 18_7 like Mac OS X) AppleWebKit/605.1.15 (KHTML, like Gecko) Version/26.5 Mobile/15E148 Safari/604.1"
77.232.124.78 - - [28/May/2026:14:00:14 +0000] "GET /wp-content/uploads/2025/04/BGC_9911-300x300.jpg HTTP/1.1" 200 20057 "https://autozone.com.sa/shop/page/4/" "Mozilla/5.0 (iPhone; CPU iPhone OS 18_7 like Mac OS X) AppleWebKit/605.1.15 (KHTML, like Gecko) Version/26.5 Mobile/15E148 Safari/604.1"
77.232.124.78 - - [28/May/2026:14:00:15 +0000] "GET /wp-content/uploads/2025/04/BGC_6217-300x300.webp HTTP/1.1" 200 16978 "https://autozone.com.sa/shop/page/4/" "Mozilla/5.0 (iPhone; CPU iPhone OS 18_7 like Mac OS X) AppleWebKit/605.1.15 (KHTML, like Gecko) Version/26.5 Mobile/15E148 Safari/604.1"
77.232.124.78 - - [28/May/2026:14:00:16 +0000] "GET /wp-content/uploads/2025/02/uni-k-feature-300x300.webp HTTP/1.1" 200 16769 "https://autozone.com.sa/shop/page/4/" "Mozilla/5.0 (iPhone; CPU iPhone OS 18_7 like Mac OS X) AppleWebKit/605.1.15 (KHTML, like Gecko) Version/26.5 Mobile/15E148 Safari/604.1"
77.232.124.78 - - [28/May/2026:14:00:19 +0000] "GET /shop/page/5/ HTTP/1.1" 200 34905 "https://autozone.com.sa/shop/page/4/" "Mozilla/5.0 (iPhone; CPU iPhone OS 18_7 like Mac OS X) AppleWebKit/605.1.15 (KHTML, like Gecko) Version/26.5 Mobile/15E148 Safari/604.1"
77.232.124.78 - - [28/May/2026:14:00:22 +0000] "GET /wp-content/uploads/2025/07/BGC_7613-300x300.webp HTTP/1.1" 200 7521 "https://autozone.com.sa/shop/page/5/" "Mozilla/5.0 (iPhone; CPU iPhone OS 18_7 like Mac OS X) AppleWebKit/605.1.15 (KHTML, like Gecko) Version/26.5 Mobile/15E148 Safari/604.1"
77.232.124.78 - - [28/May/2026:14:00:22 +0000] "GET /wp-content/uploads/2025/02/arrizo-5-feature-300x300.webp HTTP/1.1" 200 14645 "https://autozone.com.sa/shop/page/5/" "Mozilla/5.0 (iPhone; CPU iPhone OS 18_7 like Mac OS X) AppleWebKit/605.1.15 (KHTML, like Gecko) Version/26.5 Mobile/15E148 Safari/604.1"
77.232.124.78 - - [28/May/2026:14:00:22 +0000] "GET /wp-content/uploads/2025/02/arrizo-8-feature-300x300.webp HTTP/1.1" 200 17822 "https://autozone.com.sa/shop/page/5/" "Mozilla/5.0 (iPhone; CPU iPhone OS 18_7 like Mac OS X) AppleWebKit/605.1.15 (KHTML, like Gecko) Version/26.5 Mobile/15E148 Safari/604.1"
77.232.124.78 - - [28/May/2026:14:00:24 +0000] "GET /wp-content/uploads/al_opt_content/IMAGE/autozone.com.sa/wp-content/uploads/2026/01/03-300x300.webp?bv_host=autozone.com.sa&bv-resized-infos=bv_resized_mobile%3A300%2A300%3Bbv_resized_ipad%3A300%2A300%3Bbv_resized_desktop%3A300%2A300 HTTP/1.1" 200 12255 "https://autozone.com.sa/shop/page/5/" "Mozilla/5.0 (iPhone; CPU iPhone OS 18_7 like Mac OS X) AppleWebKit/605.1.15 (KHTML, like Gecko) Version/26.5 Mobile/15E148 Safari/604.1"
77.232.124.78 - - [28/May/2026:14:00:24 +0000] "GET /wp-content/uploads/2025/02/tiggo-7-feature-300x300.webp HTTP/1.1" 200 16621 "https://autozone.com.sa/shop/page/5/" "Mozilla/5.0 (iPhone; CPU iPhone OS 18_7 like Mac OS X) AppleWebKit/605.1.15 (KHTML, like Gecko) Version/26.5 Mobile/15E148 Safari/604.1"
77.232.124.78 - - [28/May/2026:14:00:24 +0000] "POST /?wc-ajax=get_refreshed_fragments HTTP/1.1" 200 858 "https://autozone.com.sa/shop/page/5/" "Mozilla/5.0 (iPhone; CPU iPhone OS 18_7 like Mac OS X) AppleWebKit/605.1.15 (KHTML, like Gecko) Version/26.5 Mobile/15E148 Safari/604.1"
77.232.124.78 - - [28/May/2026:14:00:24 +0000] "POST /wp-json/iawp/search HTTP/1.1" 200 36 "https://autozone.com.sa/shop/page/5/" "Mozilla/5.0 (iPhone; CPU iPhone OS 18_7 like Mac OS X) AppleWebKit/605.1.15 (KHTML, like Gecko) Version/26.5 Mobile/15E148 Safari/604.1"
77.232.124.78 - - [28/May/2026:14:00:26 +0000] "GET /wp-content/uploads/al_opt_content/IMAGE/autozone.com.sa/wp-content/uploads/2025/04/BGC_0008-scaled-copy-300x300.webp?bv_host=autozone.com.sa&bv-resized-infos=bv_resized_mobile%3A300%2A300%3Bbv_resized_ipad%3A300%2A300%3Bbv_resized_desktop%3A300%2A300 HTTP/1.1" 200 18232 "https://autozone.com.sa/shop/page/5/" "Mozilla/5.0 (iPhone; CPU iPhone OS 18_7 like Mac OS X) AppleWebKit/605.1.15 (KHTML, like Gecko) Version/26.5 Mobile/15E148 Safari/604.1"
77.232.124.78 - - [28/May/2026:14:00:26 +0000] "GET /wp-content/uploads/2025/07/BGC_5036-300x300.webp HTTP/1.1" 200 9535 "https://autozone.com.sa/shop/page/5/" "Mozilla/5.0 (iPhone; CPU iPhone OS 18_7 like Mac OS X) AppleWebKit/605.1.15 (KHTML, like Gecko) Version/26.5 Mobile/15E148 Safari/604.1"
77.232.124.78 - - [28/May/2026:14:00:28 +0000] "GET /wp-content/uploads/2026/01/02-1-300x300.webp HTTP/1.1" 200 8175 "https://autozone.com.sa/shop/page/5/" "Mozilla/5.0 (iPhone; CPU iPhone OS 18_7 like Mac OS X) AppleWebKit/605.1.15 (KHTML, like Gecko) Version/26.5 Mobile/15E148 Safari/604.1"
77.232.124.78 - - [28/May/2026:14:00:30 +0000] "GET /wp-content/uploads/2025/04/BGC_5738-300x300.webp HTTP/1.1" 200 16539 "https://autozone.com.sa/shop/page/5/" "Mozilla/5.0 (iPhone; CPU iPhone OS 18_7 like Mac OS X) AppleWebKit/605.1.15 (KHTML, like Gecko) Version/26.5 Mobile/15E148 Safari/604.1"
77.232.124.78 - - [28/May/2026:14:00:30 +0000] "GET /wp-content/uploads/2026/01/BGC_5738-copy-15-300x300.webp HTTP/1.1" 200 19647 "https://autozone.com.sa/shop/page/5/" "Mozilla/5.0 (iPhone; CPU iPhone OS 18_7 like Mac OS X) AppleWebKit/605.1.15 (KHTML, like Gecko) Version/26.5 Mobile/15E148 Safari/604.1"
77.232.124.78 - - [28/May/2026:14:00:31 +0000] "GET /wp-content/uploads/2025/07/BGC_7943-300x300.webp HTTP/1.1" 200 9615 "https://autozone.com.sa/shop/page/5/" "Mozilla/5.0 (iPhone; CPU iPhone OS 18_7 like Mac OS X) AppleWebKit/605.1.15 (KHTML, like Gecko) Version/26.5 Mobile/15E148 Safari/604.1"
77.232.124.78 - - [28/May/2026:14:00:31 +0000] "GET /wp-content/uploads/2026/01/BGC_5738-copy-14-300x300.webp HTTP/1.1" 200 10641 "https://autozone.com.sa/shop/page/5/" "Mozilla/5.0 (iPhone; CPU iPhone OS 18_7 like Mac OS X) AppleWebKit/605.1.15 (KHTML, like Gecko) Version/26.5 Mobile/15E148 Safari/604.1"
77.232.124.78 - - [28/May/2026:14:00:35 +0000] "GET /shop/page/6/ HTTP/1.1" 200 35102 "https://autozone.com.sa/shop/page/5/" "Mozilla/5.0 (iPhone; CPU iPhone OS 18_7 like Mac OS X) AppleWebKit/605.1.15 (KHTML, like Gecko) Version/26.5 Mobile/15E148 Safari/604.1"
77.232.124.78 - - [28/May/2026:14:00:37 +0000] "GET /wp-content/uploads/2026/01/03-2-300x300.webp HTTP/1.1" 200 9863 "https://autozone.com.sa/shop/page/6/" "Mozilla/5.0 (iPhone; CPU iPhone OS 18_7 like Mac OS X) AppleWebKit/605.1.15 (KHTML, like Gecko) Version/26.5 Mobile/15E148 Safari/604.1"
77.232.124.78 - - [28/May/2026:14:00:37 +0000] "GET /wp-content/uploads/2025/04/BGC_5111-300x300.webp HTTP/1.1" 200 16722 "https://autozone.com.sa/shop/page/6/" "Mozilla/5.0 (iPhone; CPU iPhone OS 18_7 like Mac OS X) AppleWebKit/605.1.15 (KHTML, like Gecko) Version/26.5 Mobile/15E148 Safari/604.1"
77.232.124.78 - - [28/May/2026:14:00:37 +0000] "GET /wp-content/uploads/2026/01/6796129b2bc3b20cf285f980_%E8%AF%95%E9%A9%BE%E7%BE%8E%E5%9B%BE-19-min-p-1600-300x300.webp HTTP/1.1" 200 24701 "https://autozone.com.sa/shop/page/6/" "Mozilla/5.0 (iPhone; CPU iPhone OS 18_7 like Mac OS X) AppleWebKit/605.1.15 (KHTML, like Gecko) Version/26.5 Mobile/15E148 Safari/604.1"
77.232.124.78 - - [28/May/2026:14:00:37 +0000] "GET /wp-content/uploads/2026/01/6704d68784dcbf95a5745dbf_min-001%E5%B9%B3%E8%A7%86%E5%B7%A6%E4%BE%A760%E5%BA%A6-%E6%8B%B7%E8%B4%9D-3-p-1600-300x300.webp HTTP/1.1" 200 7729 "https://autozone.com.sa/shop/page/6/" "Mozilla/5.0 (iPhone; CPU iPhone OS 18_7 like Mac OS X) AppleWebKit/605.1.15 (KHTML, like Gecko) Version/26.5 Mobile/15E148 Safari/604.1"
77.232.124.78 - - [28/May/2026:14:00:39 +0000] "POST /wp-json/iawp/search HTTP/1.1" 200 36 "https://autozone.com.sa/shop/page/6/" "Mozilla/5.0 (iPhone; CPU iPhone OS 18_7 like Mac OS X) AppleWebKit/605.1.15 (KHTML, like Gecko) Version/26.5 Mobile/15E148 Safari/604.1"
77.232.124.78 - - [28/May/2026:14:00:39 +0000] "POST /?wc-ajax=get_refreshed_fragments HTTP/1.1" 200 858 "https://autozone.com.sa/shop/page/6/" "Mozilla/5.0 (iPhone; CPU iPhone OS 18_7 like Mac OS X) AppleWebKit/605.1.15 (KHTML, like Gecko) Version/26.5 Mobile/15E148 Safari/604.1"
77.232.124.78 - - [28/May/2026:14:00:41 +0000] "GET /wp-content/uploads/2025/02/haval-jolion-feature-300x300.webp HTTP/1.1" 200 18078 "https://autozone.com.sa/shop/page/6/" "Mozilla/5.0 (iPhone; CPU iPhone OS 18_7 like Mac OS X) AppleWebKit/605.1.15 (KHTML, like Gecko) Version/26.5 Mobile/15E148 Safari/604.1"
77.232.124.78 - - [28/May/2026:14:00:42 +0000] "GET /wp-content/uploads/al_opt_content/IMAGE/autozone.com.sa/wp-content/uploads/2026/04/02-300x300.webp?bv_host=autozone.com.sa&bv-resized-infos=bv_resized_mobile%3A300%2A300%3Bbv_resized_ipad%3A300%2A300%3Bbv_resized_desktop%3A300%2A300 HTTP/1.1" 200 13751 "https://autozone.com.sa/shop/page/6/" "Mozilla/5.0 (iPhone; CPU iPhone OS 18_7 like Mac OS X) AppleWebKit/605.1.15 (KHTML, like Gecko) Version/26.5 Mobile/15E148 Safari/604.1"
77.232.124.78 - - [28/May/2026:14:00:42 +0000] "GET /wp-content/uploads/2025/02/hr-v-feature-300x300.webp HTTP/1.1" 200 10493 "https://autozone.com.sa/shop/page/6/" "Mozilla/5.0 (iPhone; CPU iPhone OS 18_7 like Mac OS X) AppleWebKit/605.1.15 (KHTML, like Gecko) Version/26.5 Mobile/15E148 Safari/604.1"
77.232.124.78 - - [28/May/2026:14:00:43 +0000] "GET /wp-content/uploads/2026/01/BGC_5738-copy-12-300x300.webp HTTP/1.1" 200 18371 "https://autozone.com.sa/shop/page/6/" "Mozilla/5.0 (iPhone; CPU iPhone OS 18_7 like Mac OS X) AppleWebKit/605.1.15 (KHTML, like Gecko) Version/26.5 Mobile/15E148 Safari/604.1"
77.232.124.78 - - [28/May/2026:14:00:43 +0000] "GET /wp-content/uploads/2026/01/BGC_5738-copy-11-300x300.webp HTTP/1.1" 200 6963 "https://autozone.com.sa/shop/page/6/" "Mozilla/5.0 (iPhone; CPU iPhone OS 18_7 like Mac OS X) AppleWebKit/605.1.15 (KHTML, like Gecko) Version/26.5 Mobile/15E148 Safari/604.1"
2a03:2880:16ff:4:: - - [28/May/2026:14:00:42 +0000] "GET /meta.json?utm_source=INSTAGRAM&utm_medium=CPC&utm_campaign=Ramadan_0_Profit_Feb_24&utm_id=Ramadan_0_Profit_Feb_24 HTTP/1.1" 404 16964 "-" "facebookexternalhit/1.1 (+http://www.facebook.com/externalhit_uatext.php)"
77.232.124.78 - - [28/May/2026:14:00:52 +0000] "GET /wp-content/uploads/2026/01/BGC_5738-copy-13-300x300.webp HTTP/1.1" 200 12587 "https://autozone.com.sa/shop/page/6/" "Mozilla/5.0 (iPhone; CPU iPhone OS 18_7 like Mac OS X) AppleWebKit/605.1.15 (KHTML, like Gecko) Version/26.5 Mobile/15E148 Safari/604.1"
66.249.75.109 - - [28/May/2026:14:00:59 +0000] "GET /wp-content/uploads/2026/01/18XLISide-300x225.webp HTTP/1.1" 200 5823 "-" "GoogleOther-Image/1.0"
172.105.42.26 - - [28/May/2026:14:01:00 +0000] "POST /wp-cron.php?doing_wp_cron=1779976860.2243800163269042968750 HTTP/1.1" 200 20 "-" "WordPress/7.0; https://autozone.com.sa"
77.232.124.78 - - [28/May/2026:14:00:58 +0000] "GET /product/%d9%87%d9%88%d9%86%d8%af%d8%a7-%d8%a7%d9%83%d9%88%d8%b1%d8%af-%d8%a7%d9%84-%d8%a7%d9%83%d8%b3-%d9%8a%d9%88-2023/ HTTP/1.1" 200 38587 "https://autozone.com.sa/shop/page/6/" "Mozilla/5.0 (iPhone; CPU iPhone OS 18_7 like Mac OS X) AppleWebKit/605.1.15 (KHTML, like Gecko) Version/26.5 Mobile/15E148 Safari/604.1"
77.232.124.78 - - [28/May/2026:14:01:00 +0000] "GET /product/%d9%87%d9%88%d9%86%d8%af%d8%a7-%d8%a7%d9%83%d9%88%d8%b1%d8%af-%d8%a7%d9%84-%d8%a7%d9%83%d8%b3-%d9%8a%d9%88-2023/ HTTP/1.1" 200 38626 "https://autozone.com.sa/shop/page/6/" "Mozilla/5.0 (iPhone; CPU iPhone OS 18_7 like Mac OS X) AppleWebKit/605.1.15 (KHTML, like Gecko) Version/26.5 Mobile/15E148 Safari/604.1"
77.232.124.78 - - [28/May/2026:14:01:03 +0000] "GET /wp-content/uploads/2026/01/BGC_5738-copy-11-1536x1024.webp HTTP/1.1" 200 43394 "https://autozone.com.sa/product/%d9%87%d9%88%d9%86%d8%af%d8%a7-%d8%a7%d9%83%d9%88%d8%b1%d8%af-%d8%a7%d9%84-%d8%a7%d9%83%d8%b3-%d9%8a%d9%88-2023/" "Mozilla/5.0 (iPhone; CPU iPhone OS 18_7 like Mac OS X) AppleWebKit/605.1.15 (KHTML, like Gecko) Version/26.5 Mobile/15E148 Safari/604.1"
77.232.124.78 - - [28/May/2026:14:01:03 +0000] "GET /wp-content/plugins/woocommerce/assets/js/frontend/single-product.min.js?ver=10.8.0 HTTP/1.1" 200 2937 "-" "Mozilla/5.0 (iPhone; CPU iPhone OS 18_7 like Mac OS X) AppleWebKit/605.1.15 (KHTML, like Gecko) Version/26.5 Mobile/15E148 Safari/604.1"
77.232.124.78 - - [28/May/2026:14:01:03 +0000] "GET /wp-content/plugins/woocommerce/assets/js/photoswipe/photoswipe-ui-default.min.js?ver=4.1.1-wc.10.8.0 HTTP/1.1" 200 3674 "-" "Mozilla/5.0 (iPhone; CPU iPhone OS 18_7 like Mac OS X) AppleWebKit/605.1.15 (KHTML, like Gecko) Version/26.5 Mobile/15E148 Safari/604.1"
77.232.124.78 - - [28/May/2026:14:01:03 +0000] "GET /wp-content/plugins/woocommerce/assets/js/photoswipe/photoswipe.min.js?ver=4.1.1-wc.10.8.0 HTTP/1.1" 200 12042 "-" "Mozilla/5.0 (iPhone; CPU iPhone OS 18_7 like Mac OS X) AppleWebKit/605.1.15 (KHTML, like Gecko) Version/26.5 Mobile/15E148 Safari/604.1"
77.232.124.78 - - [28/May/2026:14:01:03 +0000] "GET /wp-content/plugins/woocommerce/assets/js/flexslider/jquery.flexslider.min.js?ver=2.7.2-wc.10.8.0 HTTP/1.1" 200 6204 "-" "Mozilla/5.0 (iPhone; CPU iPhone OS 18_7 like Mac OS X) AppleWebKit/605.1.15 (KHTML, like Gecko) Version/26.5 Mobile/15E148 Safari/604.1"
77.232.124.78 - - [28/May/2026:14:01:03 +0000] "GET /wp-content/plugins/woocommerce/assets/js/zoom/jquery.zoom.min.js?ver=1.7.21-wc.10.8.0 HTTP/1.1" 200 1192 "-" "Mozilla/5.0 (iPhone; CPU iPhone OS 18_7 like Mac OS X) AppleWebKit/605.1.15 (KHTML, like Gecko) Version/26.5 Mobile/15E148 Safari/604.1"
14.191.120.170 - - [28/May/2026:14:01:05 +0000] "GET /?shopdetail/73623940 HTTP/1.1" 301 20 "https://autozone.com.sa/" "Mozilla/5.0 (Windows NT 10.0; Win64; x64) AppleWebKit/537.36 (KHTML, like Gecko) Chrome/135.0.0.0 Safari/537.36"
190.5.40.16 - - [28/May/2026:14:01:09 +0000] "GET /?shopdetail/73623940 HTTP/1.1" 301 20 "https://autozone.com.sa/" "Mozilla/5.0 (Windows NT 10.0; Win64; x64) AppleWebKit/537.36 (KHTML, like Gecko) Chrome/135.0.0.0 Safari/537.36"
2a03:2880:f802:1c:: - - [28/May/2026:14:01:09 +0000] "GET /product/%d9%81%d9%88%d8%b1%d8%af-%d8%aa%d9%88%d8%b1%d8%b3-%d8%aa%d9%8a%d8%aa%d8%a7%d9%86%d9%8a%d9%88%d9%85-2026-%d9%86%d8%b3%d8%ae%d8%a9/ HTTP/1.1" 200 40483 "-" "meta-externalagent/1.1 (+https://developers.facebook.com/docs/sharing/webmasters/crawler)"
77.232.124.78 - - [28/May/2026:14:01:14 +0000] "GET /wp-content/uploads/2026/01/BGC_5738-copy-11-scaled.webp HTTP/1.1" 200 73972 "https://autozone.com.sa/product/%d9%87%d9%88%d9%86%d8%af%d8%a7-%d8%a7%d9%83%d9%88%d8%b1%d8%af-%d8%a7%d9%84-%d8%a7%d9%83%d8%b3-%d9%8a%d9%88-2023/" "Mozilla/5.0 (iPhone; CPU iPhone OS 18_7 like Mac OS X) AppleWebKit/605.1.15 (KHTML, like Gecko) Version/26.5 Mobile/15E148 Safari/604.1"
77.232.124.78 - - [28/May/2026:14:01:13 +0000] "POST /?wc-ajax=get_variation_gallery HTTP/1.1" 200 556 "https://autozone.com.sa/product/%d9%87%d9%88%d9%86%d8%af%d8%a7-%d8%a7%d9%83%d9%88%d8%b1%d8%af-%d8%a7%d9%84-%d8%a7%d9%83%d8%b3-%d9%8a%d9%88-2023/" "Mozilla/5.0 (iPhone; CPU iPhone OS 18_7 like Mac OS X) AppleWebKit/605.1.15 (KHTML, like Gecko) Version/26.5 Mobile/15E148 Safari/604.1"
77.232.124.78 - - [28/May/2026:14:01:14 +0000] "POST /?wc-ajax=get_default_gallery HTTP/1.1" 200 436 "https://autozone.com.sa/product/%d9%87%d9%88%d9%86%d8%af%d8%a7-%d8%a7%d9%83%d9%88%d8%b1%d8%af-%d8%a7%d9%84-%d8%a7%d9%83%d8%b3-%d9%8a%d9%88-2023/" "Mozilla/5.0 (iPhone; CPU iPhone OS 18_7 like Mac OS X) AppleWebKit/605.1.15 (KHTML, like Gecko) Version/26.5 Mobile/15E148 Safari/604.1"
77.232.124.78 - - [28/May/2026:14:01:14 +0000] "POST /?wc-ajax=get_refreshed_fragments HTTP/1.1" 200 858 "https://autozone.com.sa/product/%d9%87%d9%88%d9%86%d8%af%d8%a7-%d8%a7%d9%83%d9%88%d8%b1%d8%af-%d8%a7%d9%84-%d8%a7%d9%83%d8%b3-%d9%8a%d9%88-2023/" "Mozilla/5.0 (iPhone; CPU iPhone OS 18_7 like Mac OS X) AppleWebKit/605.1.15 (KHTML, like Gecko) Version/26.5 Mobile/15E148 Safari/604.1"
77.232.124.78 - - [28/May/2026:14:01:14 +0000] "POST /wp-json/iawp/search HTTP/1.1" 200 36 "https://autozone.com.sa/product/%d9%87%d9%88%d9%86%d8%af%d8%a7-%d8%a7%d9%83%d9%88%d8%b1%d8%af-%d8%a7%d9%84-%d8%a7%d9%83%d8%b3-%d9%8a%d9%88-2023/" "Mozilla/5.0 (iPhone; CPU iPhone OS 18_7 like Mac OS X) AppleWebKit/605.1.15 (KHTML, like Gecko) Version/26.5 Mobile/15E148 Safari/604.1"
77.232.124.78 - - [28/May/2026:14:01:15 +0000] "GET /wp-content/uploads/2026/01/Radiant-Red-Metallic-Honda-Accord-E-Hev-600x171.webp HTTP/1.1" 200 15583 "https://autozone.com.sa/product/%d9%87%d9%88%d9%86%d8%af%d8%a7-%d8%a7%d9%83%d9%88%d8%b1%d8%af-%d8%a7%d9%84-%d8%a7%d9%83%d8%b3-%d9%8a%d9%88-2023/" "Mozilla/5.0 (iPhone; CPU iPhone OS 18_7 like Mac OS X) AppleWebKit/605.1.15 (KHTML, like Gecko) Version/26.5 Mobile/15E148 Safari/604.1"
77.232.124.78 - - [28/May/2026:14:01:15 +0000] "GET /wp-content/uploads/2026/01/Radiant-Red-Metallic-Honda-Accord-E-Hev.webp HTTP/1.1" 200 17261 "https://autozone.com.sa/product/%d9%87%d9%88%d9%86%d8%af%d8%a7-%d8%a7%d9%83%d9%88%d8%b1%d8%af-%d8%a7%d9%84-%d8%a7%d9%83%d8%b3-%d9%8a%d9%88-2023/" "Mozilla/5.0 (iPhone; CPU iPhone OS 18_7 like Mac OS X) AppleWebKit/605.1.15 (KHTML, like Gecko) Version/26.5 Mobile/15E148 Safari/604.1"
77.232.124.78 - - [28/May/2026:14:01:15 +0000] "GET /wp-content/uploads/2026/01/Radiant-Red-Metallic-Honda-Accord-E-Hev-300x185.webp HTTP/1.1" 200 8785 "https://autozone.com.sa/product/%d9%87%d9%88%d9%86%d8%af%d8%a7-%d8%a7%d9%83%d9%88%d8%b1%d8%af-%d8%a7%d9%84-%d8%a7%d9%83%d8%b3-%d9%8a%d9%88-2023/" "Mozilla/5.0 (iPhone; CPU iPhone OS 18_7 like Mac OS X) AppleWebKit/605.1.15 (KHTML, like Gecko) Version/26.5 Mobile/15E148 Safari/604.1"
77.232.124.78 - - [28/May/2026:14:01:15 +0000] "GET /wp-content/uploads/2026/01/Radiant-Red-Metallic-Honda-Accord-E-Hev-100x100.webp HTTP/1.1" 200 2033 "https://autozone.com.sa/product/%d9%87%d9%88%d9%86%d8%af%d8%a7-%d8%a7%d9%83%d9%88%d8%b1%d8%af-%d8%a7%d9%84-%d8%a7%d9%83%d8%b3-%d9%8a%d9%88-2023/" "Mozilla/5.0 (iPhone; CPU iPhone OS 18_7 like Mac OS X) AppleWebKit/605.1.15 (KHTML, like Gecko) Version/26.5 Mobile/15E148 Safari/604.1"
77.232.124.78 - - [28/May/2026:14:01:15 +0000] "GET /wp-content/uploads/2026/01/Honda-Accord-Warranty-Img-English-Final.webp HTTP/1.1" 200 9840 "https://autozone.com.sa/product/%d9%87%d9%88%d9%86%d8%af%d8%a7-%d8%a7%d9%83%d9%88%d8%b1%d8%af-%d8%a7%d9%84-%d8%a7%d9%83%d8%b3-%d9%8a%d9%88-2023/" "Mozilla/5.0 (iPhone; CPU iPhone OS 18_7 like Mac OS X) AppleWebKit/605.1.15 (KHTML, like Gecko) Version/26.5 Mobile/15E148 Safari/604.1"
77.232.124.78 - - [28/May/2026:14:01:16 +0000] "GET /wp-content/uploads/2026/01/Honda-Accord-Warranty-Img-English-Final-300x300.webp HTTP/1.1" 200 8949 "https://autozone.com.sa/product/%d9%87%d9%88%d9%86%d8%af%d8%a7-%d8%a7%d9%83%d9%88%d8%b1%d8%af-%d8%a7%d9%84-%d8%a7%d9%83%d8%b3-%d9%8a%d9%88-2023/" "Mozilla/5.0 (iPhone; CPU iPhone OS 18_7 like Mac OS X) AppleWebKit/605.1.15 (KHTML, like Gecko) Version/26.5 Mobile/15E148 Safari/604.1"
77.232.124.78 - - [28/May/2026:14:01:16 +0000] "GET /wp-content/uploads/2026/01/Honda-Accord-Warranty-Img-English-Final-100x100.webp HTTP/1.1" 200 2295 "https://autozone.com.sa/product/%d9%87%d9%88%d9%86%d8%af%d8%a7-%d8%a7%d9%83%d9%88%d8%b1%d8%af-%d8%a7%d9%84-%d8%a7%d9%83%d8%b3-%d9%8a%d9%88-2023/" "Mozilla/5.0 (iPhone; CPU iPhone OS 18_7 like Mac OS X) AppleWebKit/605.1.15 (KHTML, like Gecko) Version/26.5 Mobile/15E148 Safari/604.1"
103.137.231.237 - - [28/May/2026:14:01:22 +0000] "GET /?shopdetail/17627890 HTTP/1.1" 301 20 "https://autozone.com.sa/" "Mozilla/5.0 (Windows NT 10.0; Win64; x64) AppleWebKit/537.36 (KHTML, like Gecko) Chrome/131.0.0.0 Safari/537.36"
77.232.124.78 - - [28/May/2026:14:01:22 +0000] "GET /shop/page/6/ HTTP/1.1" 200 35124 "https://autozone.com.sa/shop/page/5/" "Mozilla/5.0 (iPhone; CPU iPhone OS 18_7 like Mac OS X) AppleWebKit/605.1.15 (KHTML, like Gecko) Version/26.5 Mobile/15E148 Safari/604.1"
102.204.90.64 - - [28/May/2026:14:01:24 +0000] "GET /?shopdetail/17627890 HTTP/1.1" 301 20 "https://autozone.com.sa/" "Mozilla/5.0 (Windows NT 10.0; Win64; x64) AppleWebKit/537.36 (KHTML, like Gecko) Chrome/131.0.0.0 Safari/537.36"
34.141.230.59 - - [28/May/2026:14:01:29 +0000] "GET /product/changan-uni-v-sport-2025/ HTTP/1.1" 200 37939 "-" "LinkupBot/1.0 (LinkupBot for web indexing; https://linkup.so/bot; bot@linkup.so)"
77.232.124.78 - - [28/May/2026:14:01:31 +0000] "POST /?wc-ajax=get_refreshed_fragments HTTP/1.1" 200 858 "https://autozone.com.sa/shop/page/6/" "Mozilla/5.0 (iPhone; CPU iPhone OS 18_7 like Mac OS X) AppleWebKit/605.1.15 (KHTML, like Gecko) Version/26.5 Mobile/15E148 Safari/604.1"
77.232.124.78 - - [28/May/2026:14:01:31 +0000] "POST /wp-json/iawp/search HTTP/1.1" 200 36 "https://autozone.com.sa/shop/page/6/" "Mozilla/5.0 (iPhone; CPU iPhone OS 18_7 like Mac OS X) AppleWebKit/605.1.15 (KHTML, like Gecko) Version/26.5 Mobile/15E148 Safari/604.1"
34.141.230.59 - - [28/May/2026:14:01:33 +0000] "GET /en/product/toyota-yaris-y-plus-2026/ HTTP/1.1" 200 36844 "-" "LinkupBot/1.0 (LinkupBot for web indexing; https://linkup.so/bot; bot@linkup.so)"
172.105.42.26 - - [28/May/2026:14:01:48 +0000] "POST /wp-cron.php?doing_wp_cron=1779976908.6808109283447265625000 HTTP/1.1" 200 20 "-" "WordPress/7.0; https://autozone.com.sa"
77.232.124.78 - - [28/May/2026:14:01:46 +0000] "GET /product/honda-accord-ex-2023/ HTTP/1.1" 200 38404 "https://autozone.com.sa/shop/page/6/" "Mozilla/5.0 (iPhone; CPU iPhone OS 18_7 like Mac OS X) AppleWebKit/605.1.15 (KHTML, like Gecko) Version/26.5 Mobile/15E148 Safari/604.1"
172.105.42.26 - - [28/May/2026:14:01:51 +0000] "POST /wp-cron.php?doing_wp_cron=1779976911.6540141105651855468750 HTTP/1.1" 200 20 "-" "WordPress/7.0; https://autozone.com.sa"
102.205.239.190 - - [28/May/2026:14:01:50 +0000] "GET /?shopdetail/21674916 HTTP/1.1" 301 20 "https://autozone.com.sa/" "Mozilla/5.0 (Macintosh; Intel Mac OS X 10_15_7) AppleWebKit/537.36 (KHTML, like Gecko) Chrome/134.0.0.0 Safari/537.36"
77.232.124.78 - - [28/May/2026:14:01:51 +0000] "POST /?wc-ajax=get_default_gallery HTTP/1.1" 200 436 "https://autozone.com.sa/product/honda-accord-ex-2023/" "Mozilla/5.0 (iPhone; CPU iPhone OS 18_7 like Mac OS X) AppleWebKit/605.1.15 (KHTML, like Gecko) Version/26.5 Mobile/15E148 Safari/604.1"
77.232.124.78 - - [28/May/2026:14:01:51 +0000] "POST /?wc-ajax=get_variation_gallery HTTP/1.1" 200 556 "https://autozone.com.sa/product/honda-accord-ex-2023/" "Mozilla/5.0 (iPhone; CPU iPhone OS 18_7 like Mac OS X) AppleWebKit/605.1.15 (KHTML, like Gecko) Version/26.5 Mobile/15E148 Safari/604.1"
77.232.124.78 - - [28/May/2026:14:01:51 +0000] "POST /?wc-ajax=get_refreshed_fragments HTTP/1.1" 200 858 "https://autozone.com.sa/product/honda-accord-ex-2023/" "Mozilla/5.0 (iPhone; CPU iPhone OS 18_7 like Mac OS X) AppleWebKit/605.1.15 (KHTML, like Gecko) Version/26.5 Mobile/15E148 Safari/604.1"
172.105.42.26 - - [28/May/2026:14:01:53 +0000] "POST /wp-cron.php?doing_wp_cron=1779976913.2585508823394775390625 HTTP/1.1" 200 20 "-" "WordPress/7.0; https://autozone.com.sa"
77.232.124.78 - - [28/May/2026:14:01:51 +0000] "POST /wp-json/iawp/search HTTP/1.1" 200 36 "https://autozone.com.sa/product/honda-accord-ex-2023/" "Mozilla/5.0 (iPhone; CPU iPhone OS 18_7 like Mac OS X) AppleWebKit/605.1.15 (KHTML, like Gecko) Version/26.5 Mobile/15E148 Safari/604.1"
77.232.124.78 - - [28/May/2026:14:01:51 +0000] "GET /shop/page/6/ HTTP/1.1" 200 35144 "https://autozone.com.sa/shop/page/5/" "Mozilla/5.0 (iPhone; CPU iPhone OS 18_7 like Mac OS X) AppleWebKit/605.1.15 (KHTML, like Gecko) Version/26.5 Mobile/15E148 Safari/604.1"
94.179.156.97 - - [28/May/2026:14:01:53 +0000] "GET /?shopdetail/21674916 HTTP/1.1" 301 20 "https://autozone.com.sa/" "Mozilla/5.0 (Macintosh; Intel Mac OS X 10_15_7) AppleWebKit/537.36 (KHTML, like Gecko) Chrome/134.0.0.0 Safari/537.36"
77.232.124.78 - - [28/May/2026:14:01:56 +0000] "POST /?wc-ajax=get_refreshed_fragments HTTP/1.1" 200 858 "https://autozone.com.sa/shop/page/6/" "Mozilla/5.0 (iPhone; CPU iPhone OS 18_7 like Mac OS X) AppleWebKit/605.1.15 (KHTML, like Gecko) Version/26.5 Mobile/15E148 Safari/604.1"
77.232.124.78 - - [28/May/2026:14:01:56 +0000] "POST /wp-json/iawp/search HTTP/1.1" 200 36 "https://autozone.com.sa/shop/page/6/" "Mozilla/5.0 (iPhone; CPU iPhone OS 18_7 like Mac OS X) AppleWebKit/605.1.15 (KHTML, like Gecko) Version/26.5 Mobile/15E148 Safari/604.1"
77.232.124.78 - - [28/May/2026:14:01:56 +0000] "GET /product/honda-accord-lx-hybrid-2023/ HTTP/1.1" 200 38552 "https://autozone.com.sa/shop/page/6/" "Mozilla/5.0 (iPhone; CPU iPhone OS 18_7 like Mac OS X) AppleWebKit/605.1.15 (KHTML, like Gecko) Version/26.5 Mobile/15E148 Safari/604.1"
77.232.124.78 - - [28/May/2026:14:01:58 +0000] "GET /wp-content/uploads/2026/01/BGC_5738-copy-12-1536x1024.webp HTTP/1.1" 200 137487 "https://autozone.com.sa/product/honda-accord-lx-hybrid-2023/" "Mozilla/5.0 (iPhone; CPU iPhone OS 18_7 like Mac OS X) AppleWebKit/605.1.15 (KHTML, like Gecko) Version/26.5 Mobile/15E148 Safari/604.1"
77.232.124.78 - - [28/May/2026:14:02:10 +0000] "GET /wp-content/uploads/2026/01/BGC_5738-copy-12-scaled.webp HTTP/1.1" 200 245452 "https://autozone.com.sa/product/honda-accord-lx-hybrid-2023/" "Mozilla/5.0 (iPhone; CPU iPhone OS 18_7 like Mac OS X) AppleWebKit/605.1.15 (KHTML, like Gecko) Version/26.5 Mobile/15E148 Safari/604.1"
77.232.124.78 - - [28/May/2026:14:02:10 +0000] "POST /?wc-ajax=get_default_gallery HTTP/1.1" 200 436 "https://autozone.com.sa/product/honda-accord-lx-hybrid-2023/" "Mozilla/5.0 (iPhone; CPU iPhone OS 18_7 like Mac OS X) AppleWebKit/605.1.15 (KHTML, like Gecko) Version/26.5 Mobile/15E148 Safari/604.1"
77.232.124.78 - - [28/May/2026:14:02:10 +0000] "POST /?wc-ajax=get_variation_gallery HTTP/1.1" 200 664 "https://autozone.com.sa/product/honda-accord-lx-hybrid-2023/" "Mozilla/5.0 (iPhone; CPU iPhone OS 18_7 like Mac OS X) AppleWebKit/605.1.15 (KHTML, like Gecko) Version/26.5 Mobile/15E148 Safari/604.1"
77.232.124.78 - - [28/May/2026:14:02:10 +0000] "POST /?wc-ajax=get_refreshed_fragments HTTP/1.1" 200 858 "https://autozone.com.sa/product/honda-accord-lx-hybrid-2023/" "Mozilla/5.0 (iPhone; CPU iPhone OS 18_7 like Mac OS X) AppleWebKit/605.1.15 (KHTML, like Gecko) Version/26.5 Mobile/15E148 Safari/604.1"
77.232.124.78 - - [28/May/2026:14:02:10 +0000] "POST /wp-json/iawp/search HTTP/1.1" 200 36 "https://autozone.com.sa/product/honda-accord-lx-hybrid-2023/" "Mozilla/5.0 (iPhone; CPU iPhone OS 18_7 like Mac OS X) AppleWebKit/605.1.15 (KHTML, like Gecko) Version/26.5 Mobile/15E148 Safari/604.1"
40.77.167.28 - - [28/May/2026:14:02:12 +0000] "GET /wp-includes/class-walker-page-dropdown.php HTTP/1.1" 500 20 "-" "Mozilla/5.0 AppleWebKit/537.36 (KHTML, like Gecko; compatible; bingbot/2.0; +http://www.bing.com/bingbot.htm) Chrome/116.0.1938.76 Safari/537.36"
77.232.124.78 - - [28/May/2026:14:02:12 +0000] "GET /wp-content/uploads/2026/01/1-Gallery-Large-Image-New-600x294.webp HTTP/1.1" 200 25549 "https://autozone.com.sa/product/honda-accord-lx-hybrid-2023/" "Mozilla/5.0 (iPhone; CPU iPhone OS 18_7 like Mac OS X) AppleWebKit/605.1.15 (KHTML, like Gecko) Version/26.5 Mobile/15E148 Safari/604.1"
77.232.124.78 - - [28/May/2026:14:02:12 +0000] "GET /wp-content/uploads/2026/01/Canyon-River-Blue-Metallic-Honda-Accord-E-Hev-600x171.webp HTTP/1.1" 200 16615 "https://autozone.com.sa/product/honda-accord-lx-hybrid-2023/" "Mozilla/5.0 (iPhone; CPU iPhone OS 18_7 like Mac OS X) AppleWebKit/605.1.15 (KHTML, like Gecko) Version/26.5 Mobile/15E148 Safari/604.1"
77.232.124.78 - - [28/May/2026:14:02:12 +0000] "GET /wp-content/uploads/2026/01/3-Gallery-Large-Image-New-300x300.webp HTTP/1.1" 200 12973 "https://autozone.com.sa/product/honda-accord-lx-hybrid-2023/" "Mozilla/5.0 (iPhone; CPU iPhone OS 18_7 like Mac OS X) AppleWebKit/605.1.15 (KHTML, like Gecko) Version/26.5 Mobile/15E148 Safari/604.1"
77.232.124.78 - - [28/May/2026:14:02:12 +0000] "GET /wp-content/uploads/2026/01/1-Gallery-Large-Image-New-300x300.webp HTTP/1.1" 200 14059 "https://autozone.com.sa/product/honda-accord-lx-hybrid-2023/" "Mozilla/5.0 (iPhone; CPU iPhone OS 18_7 like Mac OS X) AppleWebKit/605.1.15 (KHTML, like Gecko) Version/26.5 Mobile/15E148 Safari/604.1"
77.232.124.78 - - [28/May/2026:14:02:12 +0000] "GET /wp-content/uploads/2026/01/Canyon-River-Blue-Metallic-Honda-Accord-E-Hev-100x100.webp HTTP/1.1" 200 2003 "https://autozone.com.sa/product/honda-accord-lx-hybrid-2023/" "Mozilla/5.0 (iPhone; CPU iPhone OS 18_7 like Mac OS X) AppleWebKit/605.1.15 (KHTML, like Gecko) Version/26.5 Mobile/15E148 Safari/604.1"
77.232.124.78 - - [28/May/2026:14:02:12 +0000] "GET /wp-content/uploads/2026/01/Canyon-River-Blue-Metallic-Honda-Accord-E-Hev-300x300.webp HTTP/1.1" 200 8635 "https://autozone.com.sa/product/honda-accord-lx-hybrid-2023/" "Mozilla/5.0 (iPhone; CPU iPhone OS 18_7 like Mac OS X) AppleWebKit/605.1.15 (KHTML, like Gecko) Version/26.5 Mobile/15E148 Safari/604.1"
77.232.124.78 - - [28/May/2026:14:02:12 +0000] "GET /wp-content/uploads/2026/01/1-Gallery-Large-Image-New-100x100.webp HTTP/1.1" 200 2821 "https://autozone.com.sa/product/honda-accord-lx-hybrid-2023/" "Mozilla/5.0 (iPhone; CPU iPhone OS 18_7 like Mac OS X) AppleWebKit/605.1.15 (KHTML, like Gecko) Version/26.5 Mobile/15E148 Safari/604.1"
77.232.124.78 - - [28/May/2026:14:02:12 +0000] "GET /wp-content/uploads/2026/01/3-Gallery-Large-Image-New-1536x753.webp HTTP/1.1" 200 128832 "https://autozone.com.sa/product/honda-accord-lx-hybrid-2023/" "Mozilla/5.0 (iPhone; CPU iPhone OS 18_7 like Mac OS X) AppleWebKit/605.1.15 (KHTML, like Gecko) Version/26.5 Mobile/15E148 Safari/604.1"
77.232.124.78 - - [28/May/2026:14:02:12 +0000] "GET /wp-content/uploads/2026/01/3-Gallery-Large-Image-New.webp HTTP/1.1" 200 198513 "https://autozone.com.sa/product/honda-accord-lx-hybrid-2023/" "Mozilla/5.0 (iPhone; CPU iPhone OS 18_7 like Mac OS X) AppleWebKit/605.1.15 (KHTML, like Gecko) Version/26.5 Mobile/15E148 Safari/604.1"
77.232.124.78 - - [28/May/2026:14:02:12 +0000] "GET /wp-content/uploads/2026/01/1-Gallery-Large-Image-New-1536x753.webp HTTP/1.1" 200 108286 "https://autozone.com.sa/product/honda-accord-lx-hybrid-2023/" "Mozilla/5.0 (iPhone; CPU iPhone OS 18_7 like Mac OS X) AppleWebKit/605.1.15 (KHTML, like Gecko) Version/26.5 Mobile/15E148 Safari/604.1"
77.232.124.78 - - [28/May/2026:14:02:12 +0000] "GET /wp-content/uploads/2026/01/Canyon-River-Blue-Metallic-Honda-Accord-E-Hev.webp HTTP/1.1" 200 48801 "https://autozone.com.sa/product/honda-accord-lx-hybrid-2023/" "Mozilla/5.0 (iPhone; CPU iPhone OS 18_7 like Mac OS X) AppleWebKit/605.1.15 (KHTML, like Gecko) Version/26.5 Mobile/15E148 Safari/604.1"
77.232.124.78 - - [28/May/2026:14:02:12 +0000] "GET /wp-content/uploads/2026/01/3-Gallery-Large-Image-New-600x294.webp HTTP/1.1" 200 23761 "https://autozone.com.sa/product/honda-accord-lx-hybrid-2023/" "Mozilla/5.0 (iPhone; CPU iPhone OS 18_7 like Mac OS X) AppleWebKit/605.1.15 (KHTML, like Gecko) Version/26.5 Mobile/15E148 Safari/604.1"
77.232.124.78 - - [28/May/2026:14:02:12 +0000] "GET /wp-content/uploads/2026/01/3-Gallery-Large-Image-New-100x100.webp HTTP/1.1" 200 2185 "https://autozone.com.sa/product/honda-accord-lx-hybrid-2023/" "Mozilla/5.0 (iPhone; CPU iPhone OS 18_7 like Mac OS X) AppleWebKit/605.1.15 (KHTML, like Gecko) Version/26.5 Mobile/15E148 Safari/604.1"
77.232.124.78 - - [28/May/2026:14:02:12 +0000] "GET /wp-content/uploads/2026/01/1-Gallery-Large-Image-New.webp HTTP/1.1" 200 146441 "https://autozone.com.sa/product/honda-accord-lx-hybrid-2023/" "Mozilla/5.0 (iPhone; CPU iPhone OS 18_7 like Mac OS X) AppleWebKit/605.1.15 (KHTML, like Gecko) Version/26.5 Mobile/15E148 Safari/604.1"
2a02:c207:2331:5400::1 - - [28/May/2026:14:02:11 +0000] "GET /wp-content/uploads/2020/01/Resaize_KIA-Pegas-43-min-797x466.jpg HTTP/1.1" 404 16957 "-" "Mozilla/5.0 (Windows NT 10.0; Win64; x64) AppleWebKit/537.36 (KHTML, like Gecko) Chrome/120.0.0.0 Safari/537.36"
207.46.13.126 - - [28/May/2026:14:02:17 +0000] "GET /yaris-interior-798x466/ HTTP/1.1" 404 16894 "-" "Mozilla/5.0 AppleWebKit/537.36 (KHTML, like Gecko; compatible; bingbot/2.0; +http://www.bing.com/bingbot.htm) Chrome/116.0.1938.76 Safari/537.36"
40.77.167.150 - - [28/May/2026:14:02:18 +0000] "GET /en/mazda-cx5/ HTTP/1.1" 404 15751 "-" "Mozilla/5.0 AppleWebKit/537.36 (KHTML, like Gecko; compatible; bingbot/2.0; +http://www.bing.com/bingbot.htm) Chrome/116.0.1938.76 Safari/537.36"
40.77.167.151 - - [28/May/2026:14:02:20 +0000] "GET /thumbnail_02-web-slider-makkah-kakiyah-1200x600-min/ HTTP/1.1" 404 16923 "-" "Mozilla/5.0 AppleWebKit/537.36 (KHTML, like Gecko; compatible; bingbot/2.0; +http://www.bing.com/bingbot.htm) Chrome/116.0.1938.76 Safari/537.36"
207.46.13.126 - - [28/May/2026:14:02:21 +0000] "GET /model/great-wall-poer-s-lux-2-0l-4wd-diesel-a-t-d-c-2024/ HTTP/1.1" 200 32756 "-" "Mozilla/5.0 AppleWebKit/537.36 (KHTML, like Gecko; compatible; bingbot/2.0; +http://www.bing.com/bingbot.htm) Chrome/116.0.1938.76 Safari/537.36"
40.77.167.151 - - [28/May/2026:14:02:31 +0000] "GET /en/showroom/ HTTP/1.1" 200 35227 "-" "Mozilla/5.0 AppleWebKit/537.36 (KHTML, like Gecko; compatible; bingbot/2.0; +http://www.bing.com/bingbot.htm) Chrome/116.0.1938.76 Safari/537.36"
77.232.124.78 - - [28/May/2026:14:02:40 +0000] "GET /shop/page/6/ HTTP/1.1" 200 35143 "https://autozone.com.sa/shop/page/5/" "Mozilla/5.0 (iPhone; CPU iPhone OS 18_7 like Mac OS X) AppleWebKit/605.1.15 (KHTML, like Gecko) Version/26.5 Mobile/15E148 Safari/604.1"
172.105.42.26 - - [28/May/2026:14:04:03 +0000] "POST /wp-cron.php?doing_wp_cron=1779977043.0883920192718505859375 HTTP/1.1" 200 20 "-" "WordPress/7.0; https://autozone.com.sa"
2a03:2880:16ff:5a:: - - [28/May/2026:14:03:58 +0000] "GET /meta.json?utm_source=Instagram&utm_medium=CPC&utm_campaign=Changan_CS35_PLUS_APR_2024&utm_id=Changan_CS35_PLUS_APR_2024 HTTP/1.1" 404 16964 "-" "facebookexternalhit/1.1 (+http://www.facebook.com/externalhit_uatext.php)"
172.105.42.26 - - [28/May/2026:14:04:03 +0000] "POST /wp-cron.php?doing_wp_cron=1779977043.5899889469146728515625 HTTP/1.1" 200 20 "-" "WordPress/7.0; https://autozone.com.sa/en/"
17.246.15.13 - - [28/May/2026:14:04:01 +0000] "GET /en/autozone-gold-competition/ HTTP/1.1" 200 36380 "-" "Mozilla/5.0 (Macintosh; Intel Mac OS X 10_15_7) AppleWebKit/605.1.15 (KHTML, like Gecko) Version/17.4 Safari/605.1.15 (Applebot/0.1; +http://www.apple.com/go/applebot)"
2a02:c207:2331:4725::1 - - [28/May/2026:14:04:18 +0000] "GET /wp-content/uploads/2019/12/reno-04-min-798x466.jpg HTTP/1.1" 301 20 "-" "Mozilla/5.0 (Windows NT 10.0; Win64; x64) AppleWebKit/537.36 (KHTML, like Gecko) Chrome/120.0.0.0 Safari/537.36"
2a02:c207:2331:4725::1 - - [28/May/2026:14:04:21 +0000] "GET /wp-content/uploads/2019/12/reno-04-min-798x466.jpg HTTP/1.1" 404 16948 "-" "Mozilla/5.0 (Windows NT 10.0; Win64; x64) AppleWebKit/537.36 (KHTML, like Gecko) Chrome/120.0.0.0 Safari/537.36"
2.189.5.142 - - [28/May/2026:14:04:22 +0000] "GET / HTTP/1.1" 200 65333 "-" "Mozilla/5.0 (X11; Linux x86_64; rv:10.0) Gecko/20100101 Firefox/10.0"
172.105.42.26 - - [28/May/2026:14:04:27 +0000] "POST /wp-cron.php?doing_wp_cron=1779977067.4349000453948974609375 HTTP/1.1" 200 20 "-" "WordPress/7.0; https://autozone.com.sa"
8.229.77.42 - - [28/May/2026:14:04:25 +0000] "GET /wp-content/uploads/2020/01/AZ-Buraidah-Opening-Ads_WS-1200X600-EN-min-300x150.jpg HTTP/1.1" 404 16978 "-" "Mozilla/5.0 (X11; Linux x86_64) AppleWebKit/537.36 (KHTML, like Gecko) Chrome/91.0.4472.114 Safari/537.36"
3.77.67.4 - - [28/May/2026:14:04:27 +0000] "HEAD / HTTP/1.1" 200 - "https://autozone.com.sa/" "Mozilla/5.0+(compatible; UptimeRobot/2.0; http://www.uptimerobot.com/)"
172.105.42.26 - - [28/May/2026:14:04:56 +0000] "POST /wp-cron.php?doing_wp_cron=1779977096.5844280719757080078125 HTTP/1.1" 200 20 "-" "WordPress/7.0; https://autozone.com.sa"
51.195.183.242 - - [28/May/2026:14:04:54 +0000] "GET /sitemap-1.xml HTTP/1.1" 404 16890 "-" "Mozilla/5.0 (compatible; AhrefsBot/7.0; +http://ahrefs.com/robot/)"
136.118.246.169 - - [28/May/2026:14:05:34 +0000] "GET /wp-content/uploads/2019/09/suzuki-black-300x150.png HTTP/1.1" 404 16938 "-" "Mozilla/5.0 (X11; Linux x86_64) AppleWebKit/537.36 (KHTML, like Gecko) Chrome/91.0.4472.114 Safari/537.36"
172.105.42.26 - - [28/May/2026:14:05:59 +0000] "POST /wp-cron.php?doing_wp_cron=1779977159.2346038818359375000000 HTTP/1.1" 200 20 "-" "WordPress/7.0; https://autozone.com.sa"
2.189.5.162 - - [28/May/2026:14:05:55 +0000] "GET / HTTP/1.1" 200 65321 "-" "Mozilla/5.0 (X11; Fedora; Linux x86_64; rv:109.0) Gecko/20100101 Firefox/118.0"
66.249.75.110 - - [28/May/2026:14:06:09 +0000] "GET /wp-content/uploads/2026/01/18XLIQuarterFront-300x225.webp HTTP/1.1" 200 7547 "-" "GoogleOther-Image/1.0"
129.208.4.21 - - [28/May/2026:14:09:08 +0000] "GET /wp-content/uploads/2025/04/BGC_6303-600x400.webp HTTP/1.1" 200 33146 "https://www.google.com/" "Mozilla/5.0 (Android 16; Mobile; rv:151.0) Gecko/151.0 Firefox/151.0"
172.105.42.26 - - [28/May/2026:14:09:26 +0000] "POST /wp-cron.php?doing_wp_cron=1779977366.7362339496612548828125 HTTP/1.1" 200 20 "-" "WordPress/7.0; https://autozone.com.sa"
51.195.215.141 - - [28/May/2026:14:09:22 +0000] "GET /shopdetail/59651072 HTTP/1.1" 404 16905 "-" "Mozilla/5.0 (compatible; AhrefsBot/7.0; +http://ahrefs.com/robot/)"
49.13.167.123 - - [28/May/2026:14:09:34 +0000] "HEAD / HTTP/1.1" 200 - "https://autozone.com.sa/" "Mozilla/5.0+(compatible; UptimeRobot/2.0; http://www.uptimerobot.com/)"
207.46.13.126 - - [28/May/2026:14:09:39 +0000] "GET /wp-json/wp/v2/model/622 HTTP/1.1" 200 366 "-" "Mozilla/5.0 AppleWebKit/537.36 (KHTML, like Gecko; compatible; bingbot/2.0; +http://www.bing.com/bingbot.htm) Chrome/116.0.1938.76 Safari/537.36"
207.46.13.126 - - [28/May/2026:14:09:41 +0000] "GET /en/s-offer-2-min-1-3-2/ HTTP/1.1" 404 15754 "-" "Mozilla/5.0 AppleWebKit/537.36 (KHTML, like Gecko; compatible; bingbot/2.0; +http://www.bing.com/bingbot.htm) Chrome/116.0.1938.76 Safari/537.36"
172.105.42.26 - - [28/May/2026:14:09:45 +0000] "POST /wp-cron.php?doing_wp_cron=1779977385.2693290710449218750000 HTTP/1.1" 200 20 "-" "WordPress/7.0; https://autozone.com.sa"
52.167.144.205 - - [28/May/2026:14:09:43 +0000] "GET /hyundai-accent-mid-2022-cashback-ramadan-2000/az-ramadan_xtrail_1200x600-min/ HTTP/1.1" 404 16955 "-" "Mozilla/5.0 AppleWebKit/537.36 (KHTML, like Gecko; compatible; bingbot/2.0; +http://www.bing.com/bingbot.htm) Chrome/116.0.1938.76 Safari/537.36"
52.167.144.161 - - [28/May/2026:14:09:42 +0000] "GET /?shopdetail%2F57228712 HTTP/1.1" 200 65357 "-" "Mozilla/5.0 AppleWebKit/537.36 (KHTML, like Gecko; compatible; bingbot/2.0; +http://www.bing.com/bingbot.htm) Chrome/116.0.1938.76 Safari/537.36"
52.167.144.205 - - [28/May/2026:14:09:45 +0000] "GET /model/toyota-corolla-xli-2-0l-2wd-petrol-a-t-2025/feed/ HTTP/1.1" 200 899 "-" "Mozilla/5.0 AppleWebKit/537.36 (KHTML, like Gecko; compatible; bingbot/2.0; +http://www.bing.com/bingbot.htm) Chrome/116.0.1938.76 Safari/537.36"
51.36.131.203 - - [28/May/2026:14:09:45 +0000] "GET /ramadan-2021-offer-sedan/ HTTP/1.1" 404 16911 "-" "Mozilla/5.0 (iPhone; CPU iPhone OS 18_7 like Mac OS X) AppleWebKit/605.1.15 (KHTML, like Gecko) Version/26.5 Mobile/15E148 Safari/604.1"
51.36.131.203 - - [28/May/2026:14:09:48 +0000] "GET /apple-touch-icon-120x120-precomposed.png HTTP/1.1" 404 16897 "-" "Mozilla/5.0 (iPhone; CPU iPhone OS 18_7 like Mac OS X) AppleWebKit/605.1.15 (KHTML, like Gecko) Safari"
172.105.42.26 - - [28/May/2026:14:09:51 +0000] "POST /wp-cron.php?doing_wp_cron=1779977391.2951569557189941406250 HTTP/1.1" 200 20 "-" "WordPress/7.0; https://autozone.com.sa"
52.167.144.205 - - [28/May/2026:14:09:47 +0000] "GET /?shopdetail%2F15480149 HTTP/1.1" 200 65366 "-" "Mozilla/5.0 AppleWebKit/537.36 (KHTML, like Gecko; compatible; bingbot/2.0; +http://www.bing.com/bingbot.htm) Chrome/116.0.1938.76 Safari/537.36"
51.36.131.203 - - [28/May/2026:14:09:50 +0000] "GET /apple-touch-icon-120x120.png HTTP/1.1" 404 16900 "-" "Mozilla/5.0 (iPhone; CPU iPhone OS 18_7 like Mac OS X) AppleWebKit/605.1.15 (KHTML, like Gecko) Safari"
172.105.42.26 - - [28/May/2026:14:09:54 +0000] "POST /wp-cron.php?doing_wp_cron=1779977394.8612399101257324218750 HTTP/1.1" 200 20 "-" "WordPress/7.0; https://autozone.com.sa"
52.167.144.161 - - [28/May/2026:14:09:51 +0000] "GET /?shopdetail%2F79938905 HTTP/1.1" 200 65365 "-" "Mozilla/5.0 AppleWebKit/537.36 (KHTML, like Gecko; compatible; bingbot/2.0; +http://www.bing.com/bingbot.htm) Chrome/116.0.1938.76 Safari/537.36"
52.167.144.161 - - [28/May/2026:14:09:55 +0000] "GET /wp-content/uploads/2026/01/18XLICarPlay1.webp HTTP/1.1" 200 460836 "-" "Mozilla/5.0 AppleWebKit/537.36 (KHTML, like Gecko; compatible; bingbot/2.0; +http://www.bing.com/bingbot.htm) Chrome/116.0.1938.76 Safari/537.36"
52.167.144.161 - - [28/May/2026:14:09:56 +0000] "GET /wp-content/plugins/elementor/assets/js/1564d2bfa4591bf857f3.bundle.min.js HTTP/1.1" 200 107 "-" "Mozilla/5.0 AppleWebKit/537.36 (KHTML, like Gecko; compatible; bingbot/2.0; +http://www.bing.com/bingbot.htm) Chrome/116.0.1938.76 Safari/537.36"
18.215.219.36 - - [28/May/2026:14:09:59 +0000] "GET /robots.txt HTTP/1.1" 200 104 "-" "Mozilla/5.0 (Macintosh; Intel Mac OS X 10_10_1) AppleWebKit/600.2.5 (KHTML, like Gecko) Version/8.0.2 Safari/600.2.5 (Gort)"
157.55.39.192 - - [28/May/2026:14:10:20 +0000] "GET /shopdetail/36626803 HTTP/1.1" 301 20 "-" "Mozilla/5.0 AppleWebKit/537.36 (KHTML, like Gecko; compatible; bingbot/2.0; +http://www.bing.com/bingbot.htm) Chrome/116.0.1938.76 Safari/537.36"
185.71.88.58 - - [28/May/2026:14:10:20 +0000] "GET /?shopdetail/78691752 HTTP/1.1" 301 20 "https://autozone.com.sa/" "Mozilla/5.0 (Windows NT 10.0; Win64; x64) AppleWebKit/537.36 (KHTML, like Gecko) Chrome/135.0.0.0 Safari/537.36"
190.5.34.7 - - [28/May/2026:14:10:24 +0000] "GET /?shopdetail/78691752 HTTP/1.1" 301 20 "https://autozone.com.sa/" "Mozilla/5.0 (Windows NT 10.0; Win64; x64) AppleWebKit/537.36 (KHTML, like Gecko) Chrome/135.0.0.0 Safari/537.36"
35.252.151.155 - - [28/May/2026:14:10:24 +0000] "GET /wp-content/uploads/2020/02/Navara-02-min-300x175.jpg HTTP/1.1" 404 16947 "-" "Mozilla/5.0 (X11; Linux x86_64) AppleWebKit/537.36 (KHTML, like Gecko) Chrome/91.0.4472.114 Safari/537.36"
66.42.61.105 - - [28/May/2026:14:10:47 +0000] "POST /wp-load.php?de539f=49417 HTTP/1.1" 200 297579 "-" "BlogVault/1.0 (+https://blogvault.net)"
172.105.42.26 - - [28/May/2026:14:10:55 +0000] "POST /wp-cron.php?doing_wp_cron=1779977455.5441350936889648437500 HTTP/1.1" 200 20 "-" "WordPress/7.0; https://autozone.com.sa"
190.251.246.187 - - [28/May/2026:14:10:54 +0000] "GET /?shopdetail/71547618 HTTP/1.1" 301 20 "https://autozone.com.sa/" "Mozilla/5.0 (Windows NT 10.0; Win64; x64) AppleWebKit/537.36 (KHTML, like Gecko) Chrome/134.0.0.0 Safari/537.36"
168.196.88.240 - - [28/May/2026:14:10:57 +0000] "GET /?shopdetail/71547618 HTTP/1.1" 301 20 "https://autozone.com.sa/" "Mozilla/5.0 (Windows NT 10.0; Win64; x64) AppleWebKit/537.36 (KHTML, like Gecko) Chrome/134.0.0.0 Safari/537.36"
5.161.201.188 - - [28/May/2026:14:11:00 +0000] "POST /wp-load.php?6d9a23=65189 HTTP/1.1" 200 4446 "https://autozone.com.sa/" "BlogVault/1.0 (+https://blogvault.net)"
66.249.75.109 - - [28/May/2026:14:11:20 +0000] "GET /wp-content/uploads/2026/01/18XLIBack-300x225.webp HTTP/1.1" 200 4775 "-" "GoogleOther-Image/1.0"
40.77.167.62 - - [28/May/2026:14:11:20 +0000] "GET /shopdetail/39282220 HTTP/1.1" 301 20 "-" "Mozilla/5.0 AppleWebKit/537.36 (KHTML, like Gecko; compatible; bingbot/2.0; +http://www.bing.com/bingbot.htm) Chrome/116.0.1938.76 Safari/537.36"
17.246.19.208 - - [28/May/2026:14:11:26 +0000] "GET /wp-content/plugins/woocommerce/assets/css/woocommerce-layout.css?ver=10.8.0 HTTP/1.1" 200 3423 "https://autozone.com.sa/en/autozone-gold-competition/" "Mozilla/5.0 (Macintosh; Intel Mac OS X 10_15_7) AppleWebKit/605.1.15 (KHTML, like Gecko) Version/17.4 Safari/605.1.15 (Applebot/0.1; +http://www.apple.com/go/applebot)"
17.246.19.212 - - [28/May/2026:14:11:26 +0000] "GET /wp-content/plugins/woocommerce/assets/css/woocommerce.css?ver=10.8.0 HTTP/1.1" 200 11128 "https://autozone.com.sa/en/autozone-gold-competition/" "Mozilla/5.0 (Macintosh; Intel Mac OS X 10_15_7) AppleWebKit/605.1.15 (KHTML, like Gecko) Version/17.4 Safari/605.1.15 (Applebot/0.1; +http://www.apple.com/go/applebot)"
17.246.19.169 - - [28/May/2026:14:11:26 +0000] "GET /wp-content/plugins/jet-blog/assets/css/jet-blog.css?ver=2.4.8 HTTP/1.1" 200 11021 "https://autozone.com.sa/en/autozone-gold-competition/" "Mozilla/5.0 (Macintosh; Intel Mac OS X 10_15_7) AppleWebKit/605.1.15 (KHTML, like Gecko) Version/17.4 Safari/605.1.15 (Applebot/0.1; +http://www.apple.com/go/applebot)"
17.246.19.208 - - [28/May/2026:14:11:27 +0000] "GET /wp-content/uploads/elementor/css/custom-jet-blocks.css?ver=1779946114&ver=1.4.0 HTTP/1.1" 200 5869 "https://autozone.com.sa/en/autozone-gold-competition/" "Mozilla/5.0 (Macintosh; Intel Mac OS X 10_15_7) AppleWebKit/605.1.15 (KHTML, like Gecko) Version/17.4 Safari/605.1.15 (Applebot/0.1; +http://www.apple.com/go/applebot)"
17.246.19.169 - - [28/May/2026:14:11:27 +0000] "GET /wp-content/plugins/elementor/assets/lib/swiper/v8/css/swiper.min.css?ver=8.4.5 HTTP/1.1" 200 4583 "https://autozone.com.sa/en/autozone-gold-competition/" "Mozilla/5.0 (Macintosh; Intel Mac OS X 10_15_7) AppleWebKit/605.1.15 (KHTML, like Gecko) Version/17.4 Safari/605.1.15 (Applebot/0.1; +http://www.apple.com/go/applebot)"
17.246.19.208 - - [28/May/2026:14:11:28 +0000] "GET /wp-content/plugins/jet-tabs/assets/css/jet-tabs-frontend.css?ver=2.3.0 HTTP/1.1" 200 4331 "https://autozone.com.sa/en/autozone-gold-competition/" "Mozilla/5.0 (Macintosh; Intel Mac OS X 10_15_7) AppleWebKit/605.1.15 (KHTML, like Gecko) Version/17.4 Safari/605.1.15 (Applebot/0.1; +http://www.apple.com/go/applebot)"
17.246.19.212 - - [28/May/2026:14:11:28 +0000] "GET /wp-content/plugins/bdthemes-element-pack/assets/css/bdt-uikit.css?ver=3.21.7 HTTP/1.1" 200 16518 "https://autozone.com.sa/en/autozone-gold-competition/" "Mozilla/5.0 (Macintosh; Intel Mac OS X 10_15_7) AppleWebKit/605.1.15 (KHTML, like Gecko) Version/17.4 Safari/605.1.15 (Applebot/0.1; +http://www.apple.com/go/applebot)"
17.246.19.169 - - [28/May/2026:14:11:29 +0000] "GET /wp-content/plugins/elementor/assets/css/widget-image.min.css?ver=4.0.4 HTTP/1.1" 200 135 "https://autozone.com.sa/en/autozone-gold-competition/" "Mozilla/5.0 (Macintosh; Intel Mac OS X 10_15_7) AppleWebKit/605.1.15 (KHTML, like Gecko) Version/17.4 Safari/605.1.15 (Applebot/0.1; +http://www.apple.com/go/applebot)"
17.246.19.208 - - [28/May/2026:14:11:29 +0000] "GET /wp-content/plugins/jet-tricks/assets/css/jet-tricks-frontend.css?ver=1.5.10 HTTP/1.1" 200 3414 "https://autozone.com.sa/en/autozone-gold-competition/" "Mozilla/5.0 (Macintosh; Intel Mac OS X 10_15_7) AppleWebKit/605.1.15 (KHTML, like Gecko) Version/17.4 Safari/605.1.15 (Applebot/0.1; +http://www.apple.com/go/applebot)"
17.246.19.212 - - [28/May/2026:14:11:30 +0000] "GET /wp-content/plugins/woocommerce/assets/client/blocks/wc-blocks.css?ver=wc-10.8.0 HTTP/1.1" 200 2618 "https://autozone.com.sa/en/autozone-gold-competition/" "Mozilla/5.0 (Macintosh; Intel Mac OS X 10_15_7) AppleWebKit/605.1.15 (KHTML, like Gecko) Version/17.4 Safari/605.1.15 (Applebot/0.1; +http://www.apple.com/go/applebot)"
17.246.19.169 - - [28/May/2026:14:11:30 +0000] "GET /wp-content/uploads/elementor/css/post-2068.css?ver=1779977043 HTTP/1.1" 200 536 "https://autozone.com.sa/en/autozone-gold-competition/" "Mozilla/5.0 (Macintosh; Intel Mac OS X 10_15_7) AppleWebKit/605.1.15 (KHTML, like Gecko) Version/17.4 Safari/605.1.15 (Applebot/0.1; +http://www.apple.com/go/applebot)"
17.246.19.208 - - [28/May/2026:14:11:30 +0000] "GET /wp-content/plugins/elementor/assets/css/widget-heading.min.css?ver=4.0.4 HTTP/1.1" 200 160 "https://autozone.com.sa/en/autozone-gold-competition/" "Mozilla/5.0 (Macintosh; Intel Mac OS X 10_15_7) AppleWebKit/605.1.15 (KHTML, like Gecko) Version/17.4 Safari/605.1.15 (Applebot/0.1; +http://www.apple.com/go/applebot)"
17.246.19.169 - - [28/May/2026:14:11:31 +0000] "GET /wp-content/plugins/bdthemes-prime-slider-lite/assets/css/prime-slider-site.css?ver=4.1.12 HTTP/1.1" 200 2963 "https://autozone.com.sa/en/autozone-gold-competition/" "Mozilla/5.0 (Macintosh; Intel Mac OS X 10_15_7) AppleWebKit/605.1.15 (KHTML, like Gecko) Version/17.4 Safari/605.1.15 (Applebot/0.1; +http://www.apple.com/go/applebot)"
157.55.39.192 - - [28/May/2026:14:11:30 +0000] "GET /shopdetail/79307675 HTTP/1.1" 301 20 "-" "Mozilla/5.0 AppleWebKit/537.36 (KHTML, like Gecko; compatible; bingbot/2.0; +http://www.bing.com/bingbot.htm) Chrome/116.0.1938.76 Safari/537.36"
17.246.19.208 - - [28/May/2026:14:11:32 +0000] "GET /wp-content/plugins/ultimate-post-kit/assets/css/upk-site.css?ver=4.1.5 HTTP/1.1" 200 5628 "https://autozone.com.sa/en/autozone-gold-competition/" "Mozilla/5.0 (Macintosh; Intel Mac OS X 10_15_7) AppleWebKit/605.1.15 (KHTML, like Gecko) Version/17.4 Safari/605.1.15 (Applebot/0.1; +http://www.apple.com/go/applebot)"
34.141.230.59 - - [28/May/2026:14:11:30 +0000] "GET /en/product/toyota-fortuner-2025/ HTTP/1.1" 200 36759 "-" "LinkupBot/1.0 (LinkupBot for web indexing; https://linkup.so/bot; bot@linkup.so)"
