2a02:ce0:3002:fc24:91fd:1826:f99b:901b - - [28/May/2026:12:53:54 +0000] "GET /wp-content/uploads/al_opt_content/SCRIPT/autozone.com.sa/wp-content/plugins/pixelyoursite/dist/scripts/6a1780a75612b793c363005e/6a1780a75612b793c363005e-602b7e34f2b2dccf867a691ddd6992a6_public.js?ver=11.2.0.6 HTTP/1.1" 200 17923 "-" "Mozilla/5.0 (Linux; Android 10; K) AppleWebKit/537.36 (KHTML, like Gecko) Chrome/148.0.0.0 Mobile Safari/537.36"
2a02:ce0:3002:fc24:91fd:1826:f99b:901b - - [28/May/2026:12:53:54 +0000] "GET /wp-content/uploads/al_opt_content/SCRIPT/autozone.com.sa/wp-content/plugins/elementor/assets/js/6a1780a75612b793c363005e/6a1780a75612b793c363005e-070048edd0950b156f2884cc6be49958_frontend.min.js?ver=4.0.4 HTTP/1.1" 200 10339 "-" "Mozilla/5.0 (Linux; Android 10; K) AppleWebKit/537.36 (KHTML, like Gecko) Chrome/148.0.0.0 Mobile Safari/537.36"
2a02:ce0:3002:fc24:91fd:1826:f99b:901b - - [28/May/2026:12:53:54 +0000] "GET /wp-content/plugins/sitepress-multilingual-cms/res/flags/en.svg HTTP/1.1" 200 568 "https://autozone.com.sa/" "Mozilla/5.0 (Linux; Android 10; K) AppleWebKit/537.36 (KHTML, like Gecko) Chrome/148.0.0.0 Mobile Safari/537.36"
2a02:ce0:3002:fc24:91fd:1826:f99b:901b - - [28/May/2026:12:53:54 +0000] "GET /wp-content/uploads/al_opt_content/SCRIPT/autozone.com.sa/wp-content/plugins/jet-tricks/assets/js/lib/tippy/6a1780a75612b793c363005e/6a1780a75612b793c363005e-b586d1460aad676dc4673760b21727f0_tippy-bundle.js?ver=6.3.7 HTTP/1.1" 200 14513 "-" "Mozilla/5.0 (Linux; Android 10; K) AppleWebKit/537.36 (KHTML, like Gecko) Chrome/148.0.0.0 Mobile Safari/537.36"
2a02:ce0:3002:fc24:91fd:1826:f99b:901b - - [28/May/2026:12:53:54 +0000] "GET /wp-content/uploads/al_opt_content/SCRIPT/autozone.com.sa/wp-includes/js/6a1780a75612b793c363005e/6a1780a75612b793c363005e-6823120876c9afc8929418c9a6f8e343_imagesloaded.min.js?ver=5.0.0 HTTP/1.1" 200 1803 "-" "Mozilla/5.0 (Linux; Android 10; K) AppleWebKit/537.36 (KHTML, like Gecko) Chrome/148.0.0.0 Mobile Safari/537.36"
2a02:ce0:3002:fc24:91fd:1826:f99b:901b - - [28/May/2026:12:53:54 +0000] "GET /wp-content/uploads/al_opt_content/SCRIPT/autozone.com.sa/wp-includes/js/dist/6a1780a75612b793c363005e/6a1780a75612b793c363005e-4aa4ac645f553ba863c940a9f60ceb4e_url.min.js?ver=bb0f766c3d2efe497871 HTTP/1.1" 200 3875 "-" "Mozilla/5.0 (Linux; Android 10; K) AppleWebKit/537.36 (KHTML, like Gecko) Chrome/148.0.0.0 Mobile Safari/537.36"
2a02:ce0:3002:fc24:91fd:1826:f99b:901b - - [28/May/2026:12:53:54 +0000] "GET /wp-content/uploads/al_opt_content/SCRIPT/autozone.com.sa/wp-content/plugins/jet-elements/assets/js/addons/6a1780a75612b793c363005e/6a1780a75612b793c363005e-df67f377a9336736a55a9a4614538941_jet-countdown-timer.min.js?ver=2.8.1.1 HTTP/1.1" 200 988 "-" "Mozilla/5.0 (Linux; Android 10; K) AppleWebKit/537.36 (KHTML, like Gecko) Chrome/148.0.0.0 Mobile Safari/537.36"
2a02:ce0:3002:fc24:91fd:1826:f99b:901b - - [28/May/2026:12:53:54 +0000] "GET /wp-content/uploads/al_opt_content/SCRIPT/autozone.com.sa/wp-content/plugins/elementor/assets/js/6a1780a75612b793c363005e/6a1780a75612b793c363005e-9cd57e8cc70f6a9fc319c4c45fef6134_webpack.runtime.min.js?ver=4.0.4 HTTP/1.1" 200 2496 "-" "Mozilla/5.0 (Linux; Android 10; K) AppleWebKit/537.36 (KHTML, like Gecko) Chrome/148.0.0.0 Mobile Safari/537.36"
2a02:ce0:3002:fc24:91fd:1826:f99b:901b - - [28/May/2026:12:53:54 +0000] "GET /wp-content/uploads/al_opt_content/SCRIPT/autozone.com.sa/wp-content/plugins/jet-tricks/assets/js/6a1780a75612b793c363005e/6a1780a75612b793c363005e-fe80a700e636965d3083ed128737a1ed_jet-tricks-frontend.js?ver=1.5.10 HTTP/1.1" 200 8281 "-" "Mozilla/5.0 (Linux; Android 10; K) AppleWebKit/537.36 (KHTML, like Gecko) Chrome/148.0.0.0 Mobile Safari/537.36"
2a02:ce0:3002:fc24:91fd:1826:f99b:901b - - [28/May/2026:12:53:54 +0000] "GET /wp-content/uploads/al_opt_content/SCRIPT/autozone.com.sa/wp-content/plugins/jet-engine/assets/js/frontend/6a1780a75612b793c363005e/6a1780a75612b793c363005e-89d452c29e76357710d9f5177e93d088_frontend.js?ver=3.8.7 HTTP/1.1" 200 8273 "-" "Mozilla/5.0 (Linux; Android 10; K) AppleWebKit/537.36 (KHTML, like Gecko) Chrome/148.0.0.0 Mobile Safari/537.36"
2a02:ce0:3002:fc24:91fd:1826:f99b:901b - - [28/May/2026:12:53:54 +0000] "GET /wp-content/uploads/al_opt_content/SCRIPT/autozone.com.sa/wp-includes/js/jquery/ui/6a1780a75612b793c363005e/6a1780a75612b793c363005e-da215ae12b95b3aeeb2047667016c7f8_core.min.js?ver=1.13.3 HTTP/1.1" 200 7106 "-" "Mozilla/5.0 (Linux; Android 10; K) AppleWebKit/537.36 (KHTML, like Gecko) Chrome/148.0.0.0 Mobile Safari/537.36"
2a02:ce0:3002:fc24:91fd:1826:f99b:901b - - [28/May/2026:12:53:54 +0000] "GET /wp-content/uploads/al_opt_content/SCRIPT/autozone.com.sa/wp-content/plugins/sitepress-multilingual-cms/res/js/cookies/6a1780a75612b793c363005e/6a1780a75612b793c363005e-f3606e4db5e156a1b086bcfeb3b2d9b4_language-cookie.js?ver=494000 HTTP/1.1" 200 187 "-" "Mozilla/5.0 (Linux; Android 10; K) AppleWebKit/537.36 (KHTML, like Gecko) Chrome/148.0.0.0 Mobile Safari/537.36"
2a02:ce0:3002:fc24:91fd:1826:f99b:901b - - [28/May/2026:12:53:54 +0000] "GET /wp-content/uploads/al_opt_content/SCRIPT/autozone.com.sa/wp-includes/js/dist/vendor/6a1780a75612b793c363005e/6a1780a75612b793c363005e-2a0cb0bd8152d382ef36632028dc6d04_wp-polyfill.min.js?ver=3.15.0 HTTP/1.1" 200 11897 "-" "Mozilla/5.0 (Linux; Android 10; K) AppleWebKit/537.36 (KHTML, like Gecko) Chrome/148.0.0.0 Mobile Safari/537.36"
2a02:ce0:3002:fc24:91fd:1826:f99b:901b - - [28/May/2026:12:53:54 +0000] "GET /wp-content/plugins/sitepress-multilingual-cms/res/flags/ar.svg HTTP/1.1" 200 452 "https://autozone.com.sa/" "Mozilla/5.0 (Linux; Android 10; K) AppleWebKit/537.36 (KHTML, like Gecko) Chrome/148.0.0.0 Mobile Safari/537.36"
2a02:ce0:3002:fc24:91fd:1826:f99b:901b - - [28/May/2026:12:53:54 +0000] "GET /wp-content/uploads/al_opt_content/SCRIPT/autozone.com.sa/wp-content/plugins/jet-woo-product-gallery/assets/lib/swiper/6a1780a75612b793c363005e/6a1780a75612b793c363005e-15bb2b8491fc7e84137d65f610e1685a_swiper.min.js?ver=5.3.6 HTTP/1.1" 200 35491 "-" "Mozilla/5.0 (Linux; Android 10; K) AppleWebKit/537.36 (KHTML, like Gecko) Chrome/148.0.0.0 Mobile Safari/537.36"
2a02:ce0:3002:fc24:91fd:1826:f99b:901b - - [28/May/2026:12:53:54 +0000] "GET /wp-content/uploads/al_opt_content/SCRIPT/autozone.com.sa/wp-includes/js/jquery/ui/6a1780a75612b793c363005e/6a1780a75612b793c363005e-9ea5bf2de411f7ccb52e57e1415ec3d1_datepicker.min.js?ver=1.13.3 HTTP/1.1" 200 10907 "-" "Mozilla/5.0 (Linux; Android 10; K) AppleWebKit/537.36 (KHTML, like Gecko) Chrome/148.0.0.0 Mobile Safari/537.36"
2a02:ce0:3002:fc24:91fd:1826:f99b:901b - - [28/May/2026:12:53:54 +0000] "GET /wp-content/uploads/al_opt_content/SCRIPT/autozone.com.sa/wp-content/plugins/woocommerce/assets/js/frontend/6a1780a75612b793c363005e/6a1780a75612b793c363005e-a5705b9052821b74c1909a723583893e_woocommerce.min.js?ver=10.8.0 HTTP/1.1" 200 1586 "-" "Mozilla/5.0 (Linux; Android 10; K) AppleWebKit/537.36 (KHTML, like Gecko) Chrome/148.0.0.0 Mobile Safari/537.36"
2a02:ce0:3002:fc24:91fd:1826:f99b:901b - - [28/May/2026:12:53:54 +0000] "GET /wp-content/uploads/al_opt_content/SCRIPT/autozone.com.sa/wp-content/plugins/woocommerce-multilingual/res/js/6a1780a75612b793c363005e/6a1780a75612b793c363005e-a196fc442165c7871d8623233601b2d5_cart_widget.min.js?ver=5.5.5 HTTP/1.1" 200 523 "-" "Mozilla/5.0 (Linux; Android 10; K) AppleWebKit/537.36 (KHTML, like Gecko) Chrome/148.0.0.0 Mobile Safari/537.36"
2a02:ce0:3002:fc24:91fd:1826:f99b:901b - - [28/May/2026:12:53:54 +0000] "GET /wp-content/uploads/al_opt_content/SCRIPT/autozone.com.sa/wp-content/plugins/woocommerce/assets/js/js-cookie/6a1780a75612b793c363005e/6a1780a75612b793c363005e-691a1e43450e7cda541a3bd6f10fd5db_js.cookie.min.js?ver=2.1.4-wc.10.8.0 HTTP/1.1" 200 833 "-" "Mozilla/5.0 (Linux; Android 10; K) AppleWebKit/537.36 (KHTML, like Gecko) Chrome/148.0.0.0 Mobile Safari/537.36"
2a02:ce0:3002:fc24:91fd:1826:f99b:901b - - [28/May/2026:12:53:54 +0000] "GET /wp-content/uploads/al_opt_content/SCRIPT/autozone.com.sa/wp-content/plugins/jet-popup/includes/elementor/assets/js/6a1780a75612b793c363005e/6a1780a75612b793c363005e-3f09ea3cee04647df66535f6cbd1b0c1_jet-popup-elementor-frontend.js?ver=2.0.21.1 HTTP/1.1" 200 2342 "-" "Mozilla/5.0 (Linux; Android 10; K) AppleWebKit/537.36 (KHTML, like Gecko) Chrome/148.0.0.0 Mobile Safari/537.36"
2a02:ce0:3002:fc24:91fd:1826:f99b:901b - - [28/May/2026:12:53:54 +0000] "GET /wp-content/uploads/al_opt_content/SCRIPT/autozone.com.sa/wp-content/themes/hello-elementor/assets/js/6a1780a75612b793c363005e/6a1780a75612b793c363005e-1d18b2ccd0ac9b96603ea918df33ae9f_hello-frontend.js?ver=3.4.6 HTTP/1.1" 200 549 "-" "Mozilla/5.0 (Linux; Android 10; K) AppleWebKit/537.36 (KHTML, like Gecko) Chrome/148.0.0.0 Mobile Safari/537.36"
2a02:ce0:3002:fc24:91fd:1826:f99b:901b - - [28/May/2026:12:53:54 +0000] "GET /wp-content/uploads/al_opt_content/SCRIPT/autozone.com.sa/wp-content/plugins/jet-smart-filters/assets/js/6a1780a75612b793c363005e/6a1780a75612b793c363005e-88182ba92b854513e85400a04af0ae46_public.js?ver=3.7.5 HTTP/1.1" 200 35338 "-" "Mozilla/5.0 (Linux; Android 10; K) AppleWebKit/537.36 (KHTML, like Gecko) Chrome/148.0.0.0 Mobile Safari/537.36"
2a02:ce0:3002:fc24:91fd:1826:f99b:901b - - [28/May/2026:12:53:54 +0000] "GET /wp-content/uploads/al_opt_content/SCRIPT/autozone.com.sa/wp-content/plugins/bdthemes-element-pack/assets/js/6a1780a75612b793c363005e/6a1780a75612b793c363005e-b9a3f6f2eb439a49c5a5d3bddc9c1322_bdt-uikit.min.js?ver=3.21.7 HTTP/1.1" 200 49707 "-" "Mozilla/5.0 (Linux; Android 10; K) AppleWebKit/537.36 (KHTML, like Gecko) Chrome/148.0.0.0 Mobile Safari/537.36"
2a02:ce0:3002:fc24:91fd:1826:f99b:901b - - [28/May/2026:12:53:54 +0000] "GET /wp-content/uploads/al_opt_content/SCRIPT/autozone.com.sa/wp-content/plugins/jet-engine/assets/js/frontend/modules/6a1780a75612b793c363005e/6a1780a75612b793c363005e-a38ae28646e5d424d2d2e6223f63733a_jet-smart-filters.js?ver=3.8.7 HTTP/1.1" 200 696 "-" "Mozilla/5.0 (Linux; Android 10; K) AppleWebKit/537.36 (KHTML, like Gecko) Chrome/148.0.0.0 Mobile Safari/537.36"
2a02:ce0:3002:fc24:91fd:1826:f99b:901b - - [28/May/2026:12:53:59 +0000] "GET /wp-content/plugins/elementor/assets/js/shared-frontend-handlers.03caa53373b56d3bab67.bundle.min.js HTTP/1.1" 200 2644 "https://autozone.com.sa/" "Mozilla/5.0 (Linux; Android 10; K) AppleWebKit/537.36 (KHTML, like Gecko) Chrome/148.0.0.0 Mobile Safari/537.36"
2a02:ce0:3002:fc24:91fd:1826:f99b:901b - - [28/May/2026:12:53:59 +0000] "GET /wp-content/plugins/elementor/assets/js/text-editor.45609661e409413f1cef.bundle.min.js HTTP/1.1" 200 648 "https://autozone.com.sa/" "Mozilla/5.0 (Linux; Android 10; K) AppleWebKit/537.36 (KHTML, like Gecko) Chrome/148.0.0.0 Mobile Safari/537.36"
2a02:ce0:3002:fc24:91fd:1826:f99b:901b - - [28/May/2026:12:53:59 +0000] "GET /wp-content/plugins/elementor/assets/js/nested-tabs.a2401356d329f179475e.bundle.min.js HTTP/1.1" 200 3285 "https://autozone.com.sa/" "Mozilla/5.0 (Linux; Android 10; K) AppleWebKit/537.36 (KHTML, like Gecko) Chrome/148.0.0.0 Mobile Safari/537.36"
2a02:ce0:3002:fc24:91fd:1826:f99b:901b - - [28/May/2026:12:53:59 +0000] "POST /?wc-ajax=get_refreshed_fragments HTTP/1.1" 200 858 "https://autozone.com.sa/" "Mozilla/5.0 (Linux; Android 10; K) AppleWebKit/537.36 (KHTML, like Gecko) Chrome/148.0.0.0 Mobile Safari/537.36"
2a02:ce0:3002:fc24:91fd:1826:f99b:901b - - [28/May/2026:12:53:58 +0000] "POST /wp-json/iawp/search HTTP/1.1" 200 36 "https://autozone.com.sa/" "Mozilla/5.0 (Linux; Android 10; K) AppleWebKit/537.36 (KHTML, like Gecko) Chrome/148.0.0.0 Mobile Safari/537.36"
2a02:ce0:3002:fc24:91fd:1826:f99b:901b - - [28/May/2026:12:53:59 +0000] "POST /?wc-ajax=get_refreshed_fragments HTTP/1.1" 200 858 "https://autozone.com.sa/" "Mozilla/5.0 (Linux; Android 10; K) AppleWebKit/537.36 (KHTML, like Gecko) Chrome/148.0.0.0 Mobile Safari/537.36"
2a02:ce0:3002:fc24:91fd:1826:f99b:901b - - [28/May/2026:12:54:01 +0000] "GET /wp-content/plugins/elementor/assets/js/nested-title-keyboard-handler.2a67d3cc630e11815acc.bundle.min.js HTTP/1.1" 200 1506 "https://autozone.com.sa/" "Mozilla/5.0 (Linux; Android 10; K) AppleWebKit/537.36 (KHTML, like Gecko) Chrome/148.0.0.0 Mobile Safari/537.36"
2a02:ce0:3002:fc24:91fd:1826:f99b:901b - - [28/May/2026:12:54:01 +0000] "GET /wp-includes/js/wp-emoji-release.min.js?ver=7.0 HTTP/1.1" 200 5375 "https://autozone.com.sa/" "Mozilla/5.0 (Linux; Android 10; K) AppleWebKit/537.36 (KHTML, like Gecko) Chrome/148.0.0.0 Mobile Safari/537.36"
2a02:ce0:3002:fc24:91fd:1826:f99b:901b - - [28/May/2026:12:54:09 +0000] "GET /wp-content/uploads/al_opt_content/IMAGE/autozone.com.sa/wp-content/uploads/2025/01/1.webp.bv_resized_mobile.webp.bv.webp?bv_host=autozone.com.sa HTTP/1.1" 200 4390 "https://autozone.com.sa/" "Mozilla/5.0 (Linux; Android 10; K) AppleWebKit/537.36 (KHTML, like Gecko) Chrome/148.0.0.0 Mobile Safari/537.36"
2a02:ce0:3002:fc24:91fd:1826:f99b:901b - - [28/May/2026:12:54:11 +0000] "GET /wp-content/uploads/al_opt_content/IMAGE/autozone.com.sa/wp-content/uploads/2025/01/2.webp.bv_resized_mobile.webp.bv.webp?bv_host=autozone.com.sa HTTP/1.1" 200 4365 "https://autozone.com.sa/" "Mozilla/5.0 (Linux; Android 10; K) AppleWebKit/537.36 (KHTML, like Gecko) Chrome/148.0.0.0 Mobile Safari/537.36"
2a02:ce0:3002:fc24:91fd:1826:f99b:901b - - [28/May/2026:12:54:11 +0000] "GET /wp-content/uploads/al_opt_content/IMAGE/autozone.com.sa/wp-content/uploads/2025/01/3.webp.bv_resized_mobile.webp.bv.webp?bv_host=autozone.com.sa HTTP/1.1" 200 3801 "https://autozone.com.sa/" "Mozilla/5.0 (Linux; Android 10; K) AppleWebKit/537.36 (KHTML, like Gecko) Chrome/148.0.0.0 Mobile Safari/537.36"
2a02:ce0:3002:fc24:91fd:1826:f99b:901b - - [28/May/2026:12:54:13 +0000] "GET /wp-content/uploads/al_opt_content/IMAGE/autozone.com.sa/wp-content/uploads/2025/04/Go1-04.webp.bv_resized_mobile.webp.bv.webp?bv_host=autozone.com.sa HTTP/1.1" 200 15048 "https://autozone.com.sa/" "Mozilla/5.0 (Linux; Android 10; K) AppleWebKit/537.36 (KHTML, like Gecko) Chrome/148.0.0.0 Mobile Safari/537.36"
2a02:ce0:3002:fc24:91fd:1826:f99b:901b - - [28/May/2026:12:54:14 +0000] "GET /wp-content/uploads/al_opt_content/IMAGE/autozone.com.sa/wp-content/uploads/2024/12/f58d4b0f-1ca5-447d-b38b-d8ad46337f23.png.bv.webp?bv_host=autozone.com.sa HTTP/1.1" 200 4061 "https://autozone.com.sa/" "Mozilla/5.0 (Linux; Android 10; K) AppleWebKit/537.36 (KHTML, like Gecko) Chrome/148.0.0.0 Mobile Safari/537.36"
2a02:ce0:3002:fc24:91fd:1826:f99b:901b - - [28/May/2026:12:54:14 +0000] "GET /wp-content/uploads/al_opt_content/IMAGE/autozone.com.sa/wp-content/uploads/2024/12/2c2947dd-5636-4745-aeb7-3d5762119bf7.png.bv.webp?bv_host=autozone.com.sa HTTP/1.1" 200 3796 "https://autozone.com.sa/" "Mozilla/5.0 (Linux; Android 10; K) AppleWebKit/537.36 (KHTML, like Gecko) Chrome/148.0.0.0 Mobile Safari/537.36"
2a02:ce0:3002:fc24:91fd:1826:f99b:901b - - [28/May/2026:12:54:15 +0000] "GET /wp-content/uploads/al_opt_content/IMAGE/autozone.com.sa/wp-content/uploads/2025/04/Go1-01-1.webp.bv_resized_mobile.webp.bv.webp?bv_host=autozone.com.sa HTTP/1.1" 200 21746 "https://autozone.com.sa/" "Mozilla/5.0 (Linux; Android 10; K) AppleWebKit/537.36 (KHTML, like Gecko) Chrome/148.0.0.0 Mobile Safari/537.36"
2a02:ce0:3002:fc24:91fd:1826:f99b:901b - - [28/May/2026:12:54:18 +0000] "GET /car-type/%d8%b3%d9%8a%d8%af%d8%a7%d9%86-%d9%85%d8%aa%d9%88%d8%b3%d8%b7/ HTTP/1.1" 200 34910 "https://autozone.com.sa/" "Mozilla/5.0 (Linux; Android 10; K) AppleWebKit/537.36 (KHTML, like Gecko) Chrome/148.0.0.0 Mobile Safari/537.36"
2a02:ce0:3002:fc24:91fd:1826:f99b:901b - - [28/May/2026:12:54:20 +0000] "GET /wp-content/uploads/2026/01/BGC_5738-copy-24-300x300.webp HTTP/1.1" 200 11677 "https://autozone.com.sa/car-type/%d8%b3%d9%8a%d8%af%d8%a7%d9%86-%d9%85%d8%aa%d9%88%d8%b3%d8%b7/" "Mozilla/5.0 (Linux; Android 10; K) AppleWebKit/537.36 (KHTML, like Gecko) Chrome/148.0.0.0 Mobile Safari/537.36"
2a02:ce0:3002:fc24:91fd:1826:f99b:901b - - [28/May/2026:12:54:20 +0000] "GET /wp-content/uploads/2025/04/5BGC_0008-scaled-copy-300x300.webp HTTP/1.1" 200 15578 "https://autozone.com.sa/car-type/%d8%b3%d9%8a%d8%af%d8%a7%d9%86-%d9%85%d8%aa%d9%88%d8%b3%d8%b7/" "Mozilla/5.0 (Linux; Android 10; K) AppleWebKit/537.36 (KHTML, like Gecko) Chrome/148.0.0.0 Mobile Safari/537.36"
2a02:ce0:3002:fc24:91fd:1826:f99b:901b - - [28/May/2026:12:54:26 +0000] "GET /wp-content/uploads/2026/01/BGC_5738-copy-23-300x300.webp HTTP/1.1" 200 11341 "https://autozone.com.sa/car-type/%d8%b3%d9%8a%d8%af%d8%a7%d9%86-%d9%85%d8%aa%d9%88%d8%b3%d8%b7/" "Mozilla/5.0 (Linux; Android 10; K) AppleWebKit/537.36 (KHTML, like Gecko) Chrome/148.0.0.0 Mobile Safari/537.36"
2a02:ce0:3002:fc24:91fd:1826:f99b:901b - - [28/May/2026:12:54:26 +0000] "GET /wp-content/uploads/2026/01/BGC_5738-copy-22-300x300.webp HTTP/1.1" 200 10951 "https://autozone.com.sa/car-type/%d8%b3%d9%8a%d8%af%d8%a7%d9%86-%d9%85%d8%aa%d9%88%d8%b3%d8%b7/" "Mozilla/5.0 (Linux; Android 10; K) AppleWebKit/537.36 (KHTML, like Gecko) Chrome/148.0.0.0 Mobile Safari/537.36"
2a02:ce0:3002:fc24:91fd:1826:f99b:901b - - [28/May/2026:12:54:26 +0000] "POST /wp-json/iawp/search HTTP/1.1" 200 36 "https://autozone.com.sa/car-type/%d8%b3%d9%8a%d8%af%d8%a7%d9%86-%d9%85%d8%aa%d9%88%d8%b3%d8%b7/" "Mozilla/5.0 (Linux; Android 10; K) AppleWebKit/537.36 (KHTML, like Gecko) Chrome/148.0.0.0 Mobile Safari/537.36"
2a02:ce0:3002:fc24:91fd:1826:f99b:901b - - [28/May/2026:12:54:26 +0000] "GET /product/toyota-corola-xli-2025/ HTTP/1.1" 200 38551 "https://autozone.com.sa/car-type/%d8%b3%d9%8a%d8%af%d8%a7%d9%86-%d9%85%d8%aa%d9%88%d8%b3%d8%b7/" "Mozilla/5.0 (Linux; Android 10; K) AppleWebKit/537.36 (KHTML, like Gecko) Chrome/148.0.0.0 Mobile Safari/537.36"
2a02:ce0:3002:fc24:91fd:1826:f99b:901b - - [28/May/2026:12:54:26 +0000] "POST /?wc-ajax=get_refreshed_fragments HTTP/1.1" 200 858 "https://autozone.com.sa/car-type/%d8%b3%d9%8a%d8%af%d8%a7%d9%86-%d9%85%d8%aa%d9%88%d8%b3%d8%b7/" "Mozilla/5.0 (Linux; Android 10; K) AppleWebKit/537.36 (KHTML, like Gecko) Chrome/148.0.0.0 Mobile Safari/537.36"
2a02:ce0:3002:fc24:91fd:1826:f99b:901b - - [28/May/2026:12:54:34 +0000] "GET /wp-content/uploads/2025/07/BGC_2335-300x300.webp HTTP/1.1" 200 9993 "https://autozone.com.sa/car-type/%d8%b3%d9%8a%d8%af%d8%a7%d9%86-%d9%85%d8%aa%d9%88%d8%b3%d8%b7/" "Mozilla/5.0 (Linux; Android 10; K) AppleWebKit/537.36 (KHTML, like Gecko) Chrome/148.0.0.0 Mobile Safari/537.36"
2a02:ce0:3002:fc24:91fd:1826:f99b:901b - - [28/May/2026:12:54:33 +0000] "GET /product/toyota-corolla-xli-executive-2026/ HTTP/1.1" 200 38562 "https://autozone.com.sa/car-type/%d8%b3%d9%8a%d8%af%d8%a7%d9%86-%d9%85%d8%aa%d9%88%d8%b3%d8%b7/" "Mozilla/5.0 (Linux; Android 10; K) AppleWebKit/537.36 (KHTML, like Gecko) Chrome/148.0.0.0 Mobile Safari/537.36"
2a02:ce0:3002:fc24:91fd:1826:f99b:901b - - [28/May/2026:12:54:36 +0000] "GET /wp-content/uploads/2025/02/arrizo-5-feature-300x300.webp HTTP/1.1" 200 14645 "https://autozone.com.sa/car-type/%d8%b3%d9%8a%d8%af%d8%a7%d9%86-%d9%85%d8%aa%d9%88%d8%b3%d8%b7/" "Mozilla/5.0 (Linux; Android 10; K) AppleWebKit/537.36 (KHTML, like Gecko) Chrome/148.0.0.0 Mobile Safari/537.36"
2a02:ce0:3002:fc24:91fd:1826:f99b:901b - - [28/May/2026:12:54:36 +0000] "GET /wp-content/uploads/al_opt_content/IMAGE/autozone.com.sa/wp-content/uploads/2025/04/BGC_0008-scaled-copy-300x300.webp.bv.webp?bv_host=autozone.com.sa HTTP/1.1" 200 18232 "https://autozone.com.sa/car-type/%d8%b3%d9%8a%d8%af%d8%a7%d9%86-%d9%85%d8%aa%d9%88%d8%b3%d8%b7/" "Mozilla/5.0 (Linux; Android 10; K) AppleWebKit/537.36 (KHTML, like Gecko) Chrome/148.0.0.0 Mobile Safari/537.36"
2a02:ce0:3002:fc24:91fd:1826:f99b:901b - - [28/May/2026:12:54:37 +0000] "GET /wp-content/uploads/2025/04/BGC_5111-300x300.webp HTTP/1.1" 200 16722 "https://autozone.com.sa/car-type/%d8%b3%d9%8a%d8%af%d8%a7%d9%86-%d9%85%d8%aa%d9%88%d8%b3%d8%b7/" "Mozilla/5.0 (Linux; Android 10; K) AppleWebKit/537.36 (KHTML, like Gecko) Chrome/148.0.0.0 Mobile Safari/537.36"
2a02:ce0:3002:fc24:91fd:1826:f99b:901b - - [28/May/2026:12:54:36 +0000] "GET /product/geely-preface-2025/ HTTP/1.1" 200 38491 "https://autozone.com.sa/car-type/%d8%b3%d9%8a%d8%af%d8%a7%d9%86-%d9%85%d8%aa%d9%88%d8%b3%d8%b7/" "Mozilla/5.0 (Linux; Android 10; K) AppleWebKit/537.36 (KHTML, like Gecko) Chrome/148.0.0.0 Mobile Safari/537.36"
2a02:ce0:3002:fc24:91fd:1826:f99b:901b - - [28/May/2026:12:54:39 +0000] "GET /wp-content/uploads/2025/04/BGC_0008-scaled-copy-1-300x300.webp HTTP/1.1" 200 16139 "https://autozone.com.sa/car-type/%d8%b3%d9%8a%d8%af%d8%a7%d9%86-%d9%85%d8%aa%d9%88%d8%b3%d8%b7/" "Mozilla/5.0 (Linux; Android 10; K) AppleWebKit/537.36 (KHTML, like Gecko) Chrome/148.0.0.0 Mobile Safari/537.36"
2a02:ce0:3002:fc24:91fd:1826:f99b:901b - - [28/May/2026:12:54:39 +0000] "GET /wp-content/uploads/2026/01/BGC_5738-copy-13-300x300.webp HTTP/1.1" 200 12587 "https://autozone.com.sa/car-type/%d8%b3%d9%8a%d8%af%d8%a7%d9%86-%d9%85%d8%aa%d9%88%d8%b3%d8%b7/" "Mozilla/5.0 (Linux; Android 10; K) AppleWebKit/537.36 (KHTML, like Gecko) Chrome/148.0.0.0 Mobile Safari/537.36"
2a02:ce0:3002:fc24:91fd:1826:f99b:901b - - [28/May/2026:12:54:38 +0000] "GET /product/%d9%81%d9%88%d8%b1%d8%af-%d8%aa%d9%88%d8%b1%d8%b3-%d8%aa%d9%8a%d8%aa%d8%a7%d9%86%d9%8a%d9%88%d9%85-2026-%d9%86%d8%b3%d8%ae%d8%a9/ HTTP/1.1" 200 40435 "https://autozone.com.sa/car-type/%d8%b3%d9%8a%d8%af%d8%a7%d9%86-%d9%85%d8%aa%d9%88%d8%b3%d8%b7/" "Mozilla/5.0 (Linux; Android 10; K) AppleWebKit/537.36 (KHTML, like Gecko) Chrome/148.0.0.0 Mobile Safari/537.36"
2a02:ce0:3002:fc24:91fd:1826:f99b:901b - - [28/May/2026:12:54:40 +0000] "GET /product/nissan-sunny-comfort-2024/ HTTP/1.1" 200 37983 "https://autozone.com.sa/car-type/%d8%b3%d9%8a%d8%af%d8%a7%d9%86-%d9%85%d8%aa%d9%88%d8%b3%d8%b7/" "Mozilla/5.0 (Linux; Android 10; K) AppleWebKit/537.36 (KHTML, like Gecko) Chrome/148.0.0.0 Mobile Safari/537.36"
172.105.42.26 - - [28/May/2026:12:54:48 +0000] "POST /wp-cron.php?doing_wp_cron=1779972887.8926169872283935546875 HTTP/1.1" 200 20 "-" "WordPress/7.0; https://autozone.com.sa"
2a02:ce0:3002:fc24:91fd:1826:f99b:901b - - [28/May/2026:12:54:46 +0000] "GET /product/hyundai-sonata-2025/ HTTP/1.1" 200 38464 "https://autozone.com.sa/car-type/%d8%b3%d9%8a%d8%af%d8%a7%d9%86-%d9%85%d8%aa%d9%88%d8%b3%d8%b7/" "Mozilla/5.0 (Linux; Android 10; K) AppleWebKit/537.36 (KHTML, like Gecko) Chrome/148.0.0.0 Mobile Safari/537.36"
172.105.42.26 - - [28/May/2026:12:54:57 +0000] "POST /wp-cron.php?doing_wp_cron=1779972897.8916029930114746093750 HTTP/1.1" 200 20 "-" "WordPress/7.0; https://autozone.com.sa"
2a02:ce0:3002:fc24:91fd:1826:f99b:901b - - [28/May/2026:12:54:54 +0000] "GET / HTTP/1.1" 200 65357 "https://www.google.com/" "Mozilla/5.0 (Linux; Android 10; K) AppleWebKit/537.36 (KHTML, like Gecko) Chrome/148.0.0.0 Mobile Safari/537.36"
2a02:ce0:3002:fc24:91fd:1826:f99b:901b - - [28/May/2026:12:54:59 +0000] "GET /our-offers/ HTTP/1.1" 200 40439 "https://www.google.com/" "Mozilla/5.0 (Linux; Android 10; K) AppleWebKit/537.36 (KHTML, like Gecko) Chrome/148.0.0.0 Mobile Safari/537.36"
2a02:ce0:3002:fc24:91fd:1826:f99b:901b - - [28/May/2026:12:55:02 +0000] "GET /wp-content/uploads/elementor/css/post-787.css?ver=1779946585 HTTP/1.1" 200 948 "https://autozone.com.sa/our-offers/" "Mozilla/5.0 (Linux; Android 10; K) AppleWebKit/537.36 (KHTML, like Gecko) Chrome/148.0.0.0 Mobile Safari/537.36"
2a02:ce0:3002:fc24:91fd:1826:f99b:901b - - [28/May/2026:12:55:02 +0000] "GET /wp-content/plugins/elementor/assets/css/conditionals/shapes.min.css?ver=4.0.4 HTTP/1.1" 200 288 "https://autozone.com.sa/our-offers/" "Mozilla/5.0 (Linux; Android 10; K) AppleWebKit/537.36 (KHTML, like Gecko) Chrome/148.0.0.0 Mobile Safari/537.36"
2a02:ce0:3002:fc24:91fd:1826:f99b:901b - - [28/May/2026:12:55:02 +0000] "GET /wp-content/uploads/2024/12/bg-autozone.jpg HTTP/1.1" 304 - "https://autozone.com.sa/wp-content/uploads/elementor/css/post-787.css?ver=1779946585" "Mozilla/5.0 (Linux; Android 10; K) AppleWebKit/537.36 (KHTML, like Gecko) Chrome/148.0.0.0 Mobile Safari/537.36"
2a02:ce0:3002:fc24:91fd:1826:f99b:901b - - [28/May/2026:12:55:03 +0000] "GET /wp-content/uploads/al_opt_content/IMAGE/autozone.com.sa/wp-content/uploads/2026/04/special-offer-4.png.bv_resized_mobile.png.bv.webp?bv_host=autozone.com.sa HTTP/1.1" 200 32853 "https://autozone.com.sa/our-offers/" "Mozilla/5.0 (Linux; Android 10; K) AppleWebKit/537.36 (KHTML, like Gecko) Chrome/148.0.0.0 Mobile Safari/537.36"
2a02:ce0:3002:fc24:91fd:1826:f99b:901b - - [28/May/2026:12:55:08 +0000] "GET /wp-content/uploads/al_opt_content/IMAGE/autozone.com.sa/wp-content/uploads/2026/04/uni-t-special-offer.png.bv_resized_mobile.png.bv.webp?bv_host=autozone.com.sa HTTP/1.1" 200 40283 "https://autozone.com.sa/our-offers/" "Mozilla/5.0 (Linux; Android 10; K) AppleWebKit/537.36 (KHTML, like Gecko) Chrome/148.0.0.0 Mobile Safari/537.36"
2a02:ce0:3002:fc24:91fd:1826:f99b:901b - - [28/May/2026:12:55:07 +0000] "POST /?wc-ajax=get_refreshed_fragments HTTP/1.1" 200 858 "https://autozone.com.sa/our-offers/" "Mozilla/5.0 (Linux; Android 10; K) AppleWebKit/537.36 (KHTML, like Gecko) Chrome/148.0.0.0 Mobile Safari/537.36"
2a02:ce0:3002:fc24:91fd:1826:f99b:901b - - [28/May/2026:12:55:07 +0000] "POST /?wc-ajax=get_refreshed_fragments HTTP/1.1" 200 858 "https://autozone.com.sa/our-offers/" "Mozilla/5.0 (Linux; Android 10; K) AppleWebKit/537.36 (KHTML, like Gecko) Chrome/148.0.0.0 Mobile Safari/537.36"
2a02:ce0:3002:fc24:91fd:1826:f99b:901b - - [28/May/2026:12:55:07 +0000] "POST /wp-json/iawp/search HTTP/1.1" 200 36 "https://autozone.com.sa/our-offers/" "Mozilla/5.0 (Linux; Android 10; K) AppleWebKit/537.36 (KHTML, like Gecko) Chrome/148.0.0.0 Mobile Safari/537.36"
178.156.136.36 - - [28/May/2026:12:55:14 +0000] "POST /wp-load.php?407428=76282 HTTP/1.1" 200 135110 "-" "BlogVault/1.0 (+https://blogvault.net)"
2a02:ce0:3002:fc24:91fd:1826:f99b:901b - - [28/May/2026:12:55:24 +0000] "GET /wp-content/uploads/al_opt_content/IMAGE/autozone.com.sa/wp-content/uploads/2026/03/hyundai-accent-haval-jolion-special-offer.jpg.bv_resized_mobile.jpg.bv.webp?bv_host=autozone.com.sa HTTP/1.1" 200 38050 "https://autozone.com.sa/our-offers/" "Mozilla/5.0 (Linux; Android 10; K) AppleWebKit/537.36 (KHTML, like Gecko) Chrome/148.0.0.0 Mobile Safari/537.36"
2a02:ce0:3002:fc24:91fd:1826:f99b:901b - - [28/May/2026:12:55:24 +0000] "GET /wp-content/uploads/al_opt_content/IMAGE/autozone.com.sa/wp-content/uploads/2026/03/cs35-special-offer-ar.jpg.bv_resized_mobile.jpg.bv.webp?bv_host=autozone.com.sa HTTP/1.1" 200 38620 "https://autozone.com.sa/our-offers/" "Mozilla/5.0 (Linux; Android 10; K) AppleWebKit/537.36 (KHTML, like Gecko) Chrome/148.0.0.0 Mobile Safari/537.36"
178.156.136.36 - - [28/May/2026:12:55:26 +0000] "POST /wp-load.php?3b2095=9027 HTTP/1.1" 200 3725 "https://autozone.com.sa/" "BlogVault/1.0 (+https://blogvault.net)"
172.105.42.26 - - [28/May/2026:12:57:55 +0000] "POST /wp-cron.php?doing_wp_cron=1779973075.3276100158691406250000 HTTP/1.1" 200 20 "-" "WordPress/7.0; https://autozone.com.sa"
168.119.53.160 - - [28/May/2026:12:57:51 +0000] "HEAD / HTTP/1.1" 200 - "https://autozone.com.sa/" "Mozilla/5.0+(compatible; UptimeRobot/2.0; http://www.uptimerobot.com/)"
34.141.230.59 - - [28/May/2026:12:58:29 +0000] "GET /product/%D9%81%D9%88%D8%B1%D8%AF-%D8%AA%D9%88%D8%B1%D8%B3-%D8%AA%D9%8A%D8%AA%D8%A7%D9%86%D9%8A%D9%88%D9%85-2026-%D9%86%D8%B3%D8%AE%D8%A9/ HTTP/1.1" 200 40650 "-" "LinkupBot/1.0 (LinkupBot for web indexing; https://linkup.so/bot; bot@linkup.so)"
34.141.230.59 - - [28/May/2026:12:58:38 +0000] "GET /en/product/haval-jolion-pro-premium-2025/ HTTP/1.1" 200 38629 "-" "LinkupBot/1.0 (LinkupBot for web indexing; https://linkup.so/bot; bot@linkup.so)"
172.105.42.26 - - [28/May/2026:12:59:01 +0000] "POST /wp-cron.php?doing_wp_cron=1779973141.6551361083984375000000 HTTP/1.1" 200 20 "-" "WordPress/7.0; https://autozone.com.sa"
35.252.141.163 - - [28/May/2026:12:58:59 +0000] "GET /wp-content/uploads/2020/03/Cars-Images-02-min-1-300x300.jpg HTTP/1.1" 404 16951 "-" "Mozilla/5.0 (X11; Linux x86_64) AppleWebKit/537.36 (KHTML, like Gecko) Chrome/91.0.4472.114 Safari/537.36"
34.145.51.160 - - [28/May/2026:12:59:08 +0000] "GET /wp-content/uploads/2019/06/R2019-NewText-LP_WS-1200X600-min-300x150.jpg HTTP/1.1" 404 16965 "-" "Mozilla/5.0 (X11; Linux x86_64) AppleWebKit/537.36 (KHTML, like Gecko) Chrome/91.0.4472.114 Safari/537.36"
35.252.231.29 - - [28/May/2026:12:59:19 +0000] "GET /wp-content/uploads/2021/03/Digital-Ads-SEDAN-S_Special-Offer-750X540-min-300x216.jpg HTTP/1.1" 404 16978 "-" "Mozilla/5.0 (X11; Linux x86_64) AppleWebKit/537.36 (KHTML, like Gecko) Chrome/91.0.4472.114 Safari/537.36"
34.141.230.59 - - [28/May/2026:12:59:31 +0000] "GET /en/product/ford-taurus-ambiente-2026/ HTTP/1.1" 200 38523 "-" "LinkupBot/1.0 (LinkupBot for web indexing; https://linkup.so/bot; bot@linkup.so)"
34.141.230.59 - - [28/May/2026:12:59:38 +0000] "GET /en/product/4416/ HTTP/1.1" 200 36703 "-" "LinkupBot/1.0 (LinkupBot for web indexing; https://linkup.so/bot; bot@linkup.so)"
172.105.42.26 - - [28/May/2026:12:59:45 +0000] "POST /wp-cron.php?doing_wp_cron=1779973185.3462400436401367187500 HTTP/1.1" 200 20 "-" "WordPress/7.0; https://autozone.com.sa/en/"
34.141.230.59 - - [28/May/2026:12:59:43 +0000] "GET /en/showroom/ HTTP/1.1" 200 35257 "-" "LinkupBot/1.0 (LinkupBot for web indexing; https://linkup.so/bot; bot@linkup.so)"
172.105.42.26 - - [28/May/2026:13:00:13 +0000] "POST /wp-cron.php?doing_wp_cron=1779973213.2541871070861816406250 HTTP/1.1" 200 20 "-" "WordPress/7.0; https://autozone.com.sa"
165.16.167.41 - - [28/May/2026:13:00:11 +0000] "GET /?shopdetail/17588909 HTTP/1.1" 301 20 "https://www.autozone.com.sa/" "Mozilla/5.0 (Windows NT 10.0; Win64; x64) AppleWebKit/537.36 (KHTML, like Gecko) Chrome/135.0.0.0 Safari/537.36"
8.229.77.42 - - [28/May/2026:13:00:12 +0000] "GET /wp-content/uploads/2019/12/AZ-Buraidah-Opening_WS-1200X600-EN-min-300x150.jpg HTTP/1.1" 404 16973 "-" "Mozilla/5.0 (X11; Linux x86_64) AppleWebKit/537.36 (KHTML, like Gecko) Chrome/91.0.4472.114 Safari/537.36"
185.24.61.81 - - [28/May/2026:13:00:14 +0000] "GET /?shopdetail/17588909 HTTP/1.1" 301 20 "https://www.autozone.com.sa/" "Mozilla/5.0 (Windows NT 10.0; Win64; x64) AppleWebKit/537.36 (KHTML, like Gecko) Chrome/135.0.0.0 Safari/537.36"
27.147.160.62 - - [28/May/2026:13:00:22 +0000] "GET /?shopdetail/72778473 HTTP/1.1" 301 20 "https://www.autozone.com.sa/" "Mozilla/5.0 (Windows NT 10.0; Win64; x64) AppleWebKit/537.36 (KHTML, like Gecko) Chrome/134.0.0.0 Safari/537.36 Edg/134.0.0.0"
94.158.58.185 - - [28/May/2026:13:00:26 +0000] "GET /?shopdetail/72778473 HTTP/1.1" 301 20 "https://www.autozone.com.sa/" "Mozilla/5.0 (Windows NT 10.0; Win64; x64) AppleWebKit/537.36 (KHTML, like Gecko) Chrome/134.0.0.0 Safari/537.36 Edg/134.0.0.0"
172.105.42.26 - - [28/May/2026:13:00:54 +0000] "POST /wp-cron.php?doing_wp_cron=1779973254.1040349006652832031250 HTTP/1.1" 200 20 "-" "WordPress/7.0; https://autozone.com.sa"
212.237.123.50 - - [28/May/2026:13:00:52 +0000] "GET /?shopdetail/78843143 HTTP/1.1" 301 20 "https://autozone.com.sa/" "Mozilla/5.0 (X11; Linux x86_64) AppleWebKit/537.36 (KHTML, like Gecko) Chrome/114.0.0.0 Safari/537.36"
197.202.177.100 - - [28/May/2026:13:00:56 +0000] "GET /?shopdetail/78843143 HTTP/1.1" 301 20 "https://autozone.com.sa/" "Mozilla/5.0 (X11; Linux x86_64) AppleWebKit/537.36 (KHTML, like Gecko) Chrome/114.0.0.0 Safari/537.36"
187.120.23.219 - - [28/May/2026:13:00:56 +0000] "GET /?shopdetail/52983456 HTTP/1.1" 301 20 "https://autozone.com.sa/" "Mozilla/5.0 (Windows NT 10.0; Win64; x64) AppleWebKit/537.36 (KHTML, like Gecko) Chrome/135.0.0.0 Safari/537.36 Edg/135.0.0.0"
14.191.241.168 - - [28/May/2026:13:00:58 +0000] "GET /?shopdetail/52983456 HTTP/1.1" 301 20 "https://autozone.com.sa/" "Mozilla/5.0 (Windows NT 10.0; Win64; x64) AppleWebKit/537.36 (KHTML, like Gecko) Chrome/135.0.0.0 Safari/537.36 Edg/135.0.0.0"
66.249.75.109 - - [28/May/2026:13:00:59 +0000] "GET /en/?nocache=1779148443&jet_blog_ajax=1 HTTP/1.1" 200 62073 "-" "Mozilla/5.0 (Linux; Android 6.0.1; Nexus 5X Build/MMB29P) AppleWebKit/537.36 (KHTML, like Gecko) Chrome/148.0.7778.96 Mobile Safari/537.36 (compatible; Googlebot/2.1; +http://www.google.com/bot.html)"
66.249.75.109 - - [28/May/2026:13:01:07 +0000] "GET /wp-content/plugins/elementor/assets/css/widget-spacer.min.css?ver=4.0.4 HTTP/1.1" 200 338 "https://autozone.com.sa/en/?nocache=1779148443&jet_blog_ajax=1" "Mozilla/5.0 (Linux; Android 6.0.1; Nexus 5X Build/MMB29P) AppleWebKit/537.36 (KHTML, like Gecko) Chrome/148.0.7778.96 Mobile Safari/537.36 (compatible; Googlebot/2.1; +http://www.google.com/bot.html)"
157.55.39.201 - - [28/May/2026:13:01:06 +0000] "GET /en/car-type/large-suv/page/2/ HTTP/1.1" 200 31613 "-" "Mozilla/5.0 AppleWebKit/537.36 (KHTML, like Gecko; compatible; bingbot/2.0; +http://www.bing.com/bingbot.htm) Chrome/116.0.1938.76 Safari/537.36"
171.250.162.85 - - [28/May/2026:13:01:14 +0000] "GET /?shopdetail/57177464 HTTP/1.1" 301 20 "https://www.autozone.com.sa/" "Mozilla/5.0 (Windows NT 10.0; Win64; x64) AppleWebKit/537.36 (KHTML, like Gecko) Chrome/134.0.0.0 Safari/537.36 Edg/134.0.0.0"
103.204.211.59 - - [28/May/2026:13:01:17 +0000] "GET /?shopdetail/57177464 HTTP/1.1" 301 20 "https://www.autozone.com.sa/" "Mozilla/5.0 (Windows NT 10.0; Win64; x64) AppleWebKit/537.36 (KHTML, like Gecko) Chrome/134.0.0.0 Safari/537.36 Edg/134.0.0.0"
2.189.5.222 - - [28/May/2026:13:01:24 +0000] "GET / HTTP/1.1" 200 65326 "-" "Mozilla/5.0 (X11; Ubuntu; Linux i686; rv:109.0) Gecko/20100101 Firefox/118.0"
172.105.42.26 - - [28/May/2026:13:02:24 +0000] "POST /wp-cron.php?doing_wp_cron=1779973344.8536460399627685546875 HTTP/1.1" 200 20 "-" "WordPress/7.0; https://autozone.com.sa"
51.195.244.202 - - [28/May/2026:13:02:20 +0000] "GET /shopdetail/76739097 HTTP/1.1" 404 16904 "-" "Mozilla/5.0 (compatible; AhrefsBot/7.0; +http://ahrefs.com/robot/)"
2001:41d0:303:a16d::1 - - [28/May/2026:13:02:35 +0000] "GET /robots.txt HTTP/1.1" 200 104 "-" "Mozilla/5.0 (compatible; MJ12bot/v1.4.8; http://mj12bot.com/)"
2001:41d0:303:a16d::1 - - [28/May/2026:13:02:37 +0000] "GET /listings/chevrolet-tahoe-lt/ HTTP/1.1" 301 20 "-" "Mozilla/5.0 (compatible; MJ12bot/v1.4.8; http://mj12bot.com/)"
2001:41d0:303:a16d::1 - - [28/May/2026:13:02:39 +0000] "GET /robots.txt HTTP/1.1" 200 104 "-" "Mozilla/5.0 (compatible; MJ12bot/v1.4.8; http://mj12bot.com/)"
2001:41d0:303:a16d::1 - - [28/May/2026:13:02:41 +0000] "GET /listings/chevrolet-tahoe-lt/ HTTP/1.1" 404 16915 "-" "Mozilla/5.0 (compatible; MJ12bot/v1.4.8; http://mj12bot.com/)"
172.105.42.26 - - [28/May/2026:13:02:46 +0000] "POST /wp-cron.php?doing_wp_cron=1779973366.2406148910522460937500 HTTP/1.1" 200 20 "-" "WordPress/7.0; https://autozone.com.sa"
2001:41d0:303:a16d::1 - - [28/May/2026:13:02:44 +0000] "GET /listings/hyundai-tucson-gl-2-0l-2019/ HTTP/1.1" 301 20 "-" "Mozilla/5.0 (compatible; MJ12bot/v1.4.8; http://mj12bot.com/)"
2001:41d0:303:a16d::1 - - [28/May/2026:13:02:48 +0000] "GET /listings/hyundai-tucson-gl-2-0l-2019/ HTTP/1.1" 404 16924 "-" "Mozilla/5.0 (compatible; MJ12bot/v1.4.8; http://mj12bot.com/)"
172.105.42.26 - - [28/May/2026:13:02:53 +0000] "POST /wp-cron.php?doing_wp_cron=1779973373.0164780616760253906250 HTTP/1.1" 200 20 "-" "WordPress/7.0; https://autozone.com.sa"
2001:41d0:303:a16d::1 - - [28/May/2026:13:02:51 +0000] "GET /outlet/listings/chevrolet-spark-ls/ HTTP/1.1" 301 20 "-" "Mozilla/5.0 (compatible; MJ12bot/v1.4.8; http://mj12bot.com/)"
2001:41d0:303:a16d::1 - - [28/May/2026:13:02:54 +0000] "GET /outlet/listings/chevrolet-spark-ls/ HTTP/1.1" 404 16927 "-" "Mozilla/5.0 (compatible; MJ12bot/v1.4.8; http://mj12bot.com/)"
2001:41d0:303:a16d::1 - - [28/May/2026:13:02:58 +0000] "GET /outlet/listings/chevrolet-tahoe-lt/ HTTP/1.1" 301 20 "-" "Mozilla/5.0 (compatible; MJ12bot/v1.4.8; http://mj12bot.com/)"
128.140.41.193 - - [28/May/2026:13:03:00 +0000] "HEAD / HTTP/1.1" 200 - "https://autozone.com.sa/" "Mozilla/5.0+(compatible; UptimeRobot/2.0; http://www.uptimerobot.com/)"
2001:41d0:303:a16d::1 - - [28/May/2026:13:03:01 +0000] "GET /outlet/listings/chevrolet-tahoe-lt/ HTTP/1.1" 404 16928 "-" "Mozilla/5.0 (compatible; MJ12bot/v1.4.8; http://mj12bot.com/)"
2001:41d0:303:a16d::1 - - [28/May/2026:13:03:05 +0000] "GET /outlet/listings/toyota-yaris-yx-cvt/ HTTP/1.1" 301 20 "-" "Mozilla/5.0 (compatible; MJ12bot/v1.4.8; http://mj12bot.com/)"
2001:41d0:303:a16d::1 - - [28/May/2026:13:03:08 +0000] "GET /outlet/listings/toyota-yaris-yx-cvt/ HTTP/1.1" 404 16928 "-" "Mozilla/5.0 (compatible; MJ12bot/v1.4.8; http://mj12bot.com/)"
2001:41d0:303:a16d::1 - - [28/May/2026:13:03:11 +0000] "GET /spark/ HTTP/1.1" 301 20 "-" "Mozilla/5.0 (compatible; MJ12bot/v1.4.8; http://mj12bot.com/)"
2001:41d0:303:a16d::1 - - [28/May/2026:13:03:14 +0000] "GET /spark/ HTTP/1.1" 404 16887 "-" "Mozilla/5.0 (compatible; MJ12bot/v1.4.8; http://mj12bot.com/)"
207.46.13.36 - - [28/May/2026:13:03:16 +0000] "GET /en/new-year-2021-offer-sedan-l/ HTTP/1.1" 301 20 "-" "Mozilla/5.0 AppleWebKit/537.36 (KHTML, like Gecko; compatible; bingbot/2.0; +http://www.bing.com/bingbot.htm) Chrome/116.0.1938.76 Safari/537.36"
172.105.42.26 - - [28/May/2026:13:04:05 +0000] "POST /wp-cron.php?doing_wp_cron=1779973445.0546889305114746093750 HTTP/1.1" 200 20 "-" "WordPress/7.0; https://autozone.com.sa/en/"
43.173.173.57 - - [28/May/2026:13:04:02 +0000] "GET /en/wp-json/oembed/1.0/embed?format=xml&url=https%3A%2F%2Fautozone.com.sa%2Fen%2Fproduct%2Fchangan-uni-v-sport-2025-2%2F HTTP/1.1" 200 1351 "-" "Mozilla/5.0 (Windows NT 10.0; Win64; x64) AppleWebKit/537.36 (KHTML, like Gecko) Chrome/108.0.0.0 Safari/537.36"
34.141.230.59 - - [28/May/2026:13:04:00 +0000] "GET /product/toyota-veloz-2025/ HTTP/1.1" 200 38461 "-" "LinkupBot/1.0 (LinkupBot for web indexing; https://linkup.so/bot; bot@linkup.so)"
172.105.42.26 - - [28/May/2026:13:04:45 +0000] "POST /wp-cron.php?doing_wp_cron=1779973484.9918529987335205078125 HTTP/1.1" 200 20 "-" "WordPress/7.0; https://autozone.com.sa"
172.213.21.24 - - [28/May/2026:13:04:38 +0000] "GET / HTTP/1.1" 200 65338 "-" "Mozilla/5.0 AppleWebKit/537.36 (KHTML, like Gecko); compatible; ChatGPT-User/1.0; +https://openai.com/bot"
172.105.42.26 - - [28/May/2026:13:05:01 +0000] "POST /wp-cron.php?doing_wp_cron=1779973501.8299820423126220703125 HTTP/1.1" 200 20 "-" "WordPress/7.0; https://autozone.com.sa"
34.187.153.35 - - [28/May/2026:13:05:00 +0000] "GET /wp-content/uploads/2020/03/Showroom-Closure-Announcemeny-2-01-min-300x150.jpg HTTP/1.1" 404 16959 "-" "Mozilla/5.0 (X11; Linux x86_64) AppleWebKit/537.36 (KHTML, like Gecko) Chrome/91.0.4472.114 Safari/537.36"
2.189.5.142 - - [28/May/2026:13:05:07 +0000] "GET / HTTP/1.1" 200 65357 "-" "Mozilla/5.0 (iPad; CPU OS 13_6 like Mac OS X) AppleWebKit/605.1.15 (KHTML, like Gecko) FxiOS/118.0 Mobile/15E148 Safari/605.1.15"
172.105.42.26 - - [28/May/2026:13:05:49 +0000] "POST /wp-cron.php?doing_wp_cron=1779973549.9043290615081787109375 HTTP/1.1" 200 20 "-" "WordPress/7.0; https://autozone.com.sa"
17.241.75.180 - - [28/May/2026:13:05:45 +0000] "GET /outlet/listings/feed/ HTTP/1.1" 301 20 "-" "Mozilla/5.0 (Macintosh; Intel Mac OS X 10_15_7) AppleWebKit/605.1.15 (KHTML, like Gecko) Version/17.4 Safari/605.1.15 (Applebot/0.1; +http://www.apple.com/go/applebot)"
17.241.219.229 - - [28/May/2026:13:05:50 +0000] "GET /robots.txt HTTP/1.1" 200 104 "-" "Mozilla/5.0 (Macintosh; Intel Mac OS X 10_15_7) AppleWebKit/605.1.15 (KHTML, like Gecko) Version/17.4 Safari/605.1.15 (Applebot/0.1; +http://www.apple.com/go/applebot)"
17.241.219.229 - - [28/May/2026:13:05:50 +0000] "GET /outlet/listings/feed/ HTTP/1.1" 200 450 "-" "Mozilla/5.0 (Macintosh; Intel Mac OS X 10_15_7) AppleWebKit/605.1.15 (KHTML, like Gecko) Version/17.4 Safari/605.1.15 (Applebot/0.1; +http://www.apple.com/go/applebot)"
136.117.13.73 - - [28/May/2026:13:06:19 +0000] "GET /wp-content/uploads/2019/12/reno-05-min-300x175.jpg HTTP/1.1" 404 16949 "-" "Mozilla/5.0 (X11; Linux x86_64) AppleWebKit/537.36 (KHTML, like Gecko) Chrome/91.0.4472.114 Safari/537.36"
172.105.42.26 - - [28/May/2026:13:08:11 +0000] "POST /wp-cron.php?doing_wp_cron=1779973691.1651480197906494140625 HTTP/1.1" 200 20 "-" "WordPress/7.0; https://autozone.com.sa"
49.13.164.148 - - [28/May/2026:13:08:07 +0000] "HEAD / HTTP/1.1" 200 - "https://autozone.com.sa/" "Mozilla/5.0+(compatible; UptimeRobot/2.0; http://www.uptimerobot.com/)"
172.105.42.26 - - [28/May/2026:13:08:13 +0000] "POST /wp-admin/admin-ajax.php?action=wordfence_testAjax HTTP/1.1" 200 32 "-" "WordPress/7.0; https://autozone.com.sa"
172.105.42.26 - - [28/May/2026:13:08:14 +0000] "POST /wp-admin/admin-ajax.php?action=wp_iawp_sync_module_background_job&nonce=275887053e HTTP/1.1" 200 20 "-" "WordPress/7.0; https://autozone.com.sa"
172.105.42.26 - - [28/May/2026:13:08:16 +0000] "GET /wp-admin/admin-ajax.php?action=wordfence_doScan&isFork=0&scanMode=quick&cronKey=45736727eb111fda90c5fc26a78bb109&signature=a2480eb398dc63920f61fe44b7ef154c44508a33093a7416687da0f450d104f1 HTTP/1.1" 200 20 "-" "WordPress/7.0; https://autozone.com.sa"
172.105.42.26 - - [28/May/2026:13:08:21 +0000] "POST /wp-cron.php?doing_wp_cron=1779973701.6539630889892578125000 HTTP/1.1" 200 20 "-" "WordPress/7.0; https://autozone.com.sa"
34.143.66.149 - - [28/May/2026:13:08:19 +0000] "GET /wp-content/uploads/2020/01/AZ-Buraidah-Opening-Ads_S-Offer-750X540-EN-min-1-300x216.jpg HTTP/1.1" 404 16978 "-" "Mozilla/5.0 (X11; Linux x86_64) AppleWebKit/537.36 (KHTML, like Gecko) Chrome/91.0.4472.114 Safari/537.36"
172.105.42.26 - - [28/May/2026:13:09:28 +0000] "POST /wp-cron.php?doing_wp_cron=1779973768.6539630889892578125000 HTTP/1.1" 200 20 "-" "WordPress/7.0; https://autozone.com.sa"
34.209.124.163 - - [28/May/2026:13:09:24 +0000] "GET /feed/ HTTP/1.1" 200 582 "-" "UniversalFeedParser/5.2.1 +https://code.google.com/p/feedparser/"
35.230.112.202 - - [28/May/2026:13:09:26 +0000] "GET /wp-content/uploads/2020/03/Cars-Images-06-min-300x300.jpg HTTP/1.1" 404 16948 "-" "Mozilla/5.0 (X11; Linux x86_64) AppleWebKit/537.36 (KHTML, like Gecko) Chrome/91.0.4472.114 Safari/537.36"
172.105.42.26 - - [28/May/2026:13:09:44 +0000] "POST /wp-cron.php?doing_wp_cron=1779973784.6929049491882324218750 HTTP/1.1" 200 20 "-" "WordPress/7.0; https://autozone.com.sa"
51.89.129.67 - - [28/May/2026:13:09:42 +0000] "GET /shopdetail/29497119 HTTP/1.1" 404 16903 "-" "Mozilla/5.0 (compatible; AhrefsBot/7.0; +http://ahrefs.com/robot/)"
172.105.42.26 - - [28/May/2026:13:10:05 +0000] "POST /wp-cron.php?doing_wp_cron=1779973805.4966270923614501953125 HTTP/1.1" 200 20 "-" "WordPress/7.0; https://autozone.com.sa"
40.77.167.151 - - [28/May/2026:13:10:03 +0000] "GET /?taxonomy=trim&term=%D9%83%D9%8A%D8%A7-%D8%B3%D9%8A%D8%B1%D8%A7%D8%AA%D9%88-l HTTP/1.1" 404 16922 "-" "Mozilla/5.0 AppleWebKit/537.36 (KHTML, like Gecko; compatible; bingbot/2.0; +http://www.bing.com/bingbot.htm) Chrome/116.0.1938.76 Safari/537.36"
40.77.167.116 - - [28/May/2026:13:10:04 +0000] "GET /en/wp-json/wp/v2/product/5701 HTTP/1.1" 200 954 "-" "Mozilla/5.0 AppleWebKit/537.36 (KHTML, like Gecko; compatible; bingbot/2.0; +http://www.bing.com/bingbot.htm) Chrome/116.0.1938.76 Safari/537.36"
40.77.167.151 - - [28/May/2026:13:10:07 +0000] "GET /wp-includes/SimplePie/src/IRI.php HTTP/1.1" 200 20 "-" "Mozilla/5.0 AppleWebKit/537.36 (KHTML, like Gecko; compatible; bingbot/2.0; +http://www.bing.com/bingbot.htm) Chrome/116.0.1938.76 Safari/537.36"
40.77.167.151 - - [28/May/2026:13:10:06 +0000] "GET /en/?s=%E5%9B%BA%E4%BD%93%E7%81%AB%E7%AE%AD%E5%8F%91%E5%8A%A8%E6%9C%BA%E5%AF%BF%E5%91%BD%E9%A2%84%E4%BC%B0%E7%A0%94%E7%A9%B6%E7%9A%84%E5%8F%91%E5%B1%95+%E5%92%8C%E5%B1%95%E6%9C%9B HTTP/1.1" 200 16229 "-" "Mozilla/5.0 AppleWebKit/537.36 (KHTML, like Gecko; compatible; bingbot/2.0; +http://www.bing.com/bingbot.htm) Chrome/116.0.1938.76 Safari/537.36"
207.46.13.54 - - [28/May/2026:13:10:08 +0000] "GET /?s=%E4%B8%AD%E5%9B%BD%E9%A9%BB%E6%B3%95%E5%9B%BD%E5%A4%A7%E4%BD%BF%E9%A6%86 HTTP/1.1" 200 17184 "-" "Mozilla/5.0 AppleWebKit/537.36 (KHTML, like Gecko; compatible; bingbot/2.0; +http://www.bing.com/bingbot.htm) Chrome/116.0.1938.76 Safari/537.36"
178.156.128.204 - - [28/May/2026:13:10:17 +0000] "POST /wp-load.php?a529eb=32340 HTTP/1.1" 200 79429 "-" "BlogVault/1.0 (+https://blogvault.net)"
178.156.136.36 - - [28/May/2026:13:10:28 +0000] "POST /wp-load.php?aede24=83173 HTTP/1.1" 200 10092 "https://autozone.com.sa/" "BlogVault/1.0 (+https://blogvault.net)"
172.105.42.26 - - [28/May/2026:13:10:57 +0000] "POST /wp-cron.php?doing_wp_cron=1779973857.9125890731811523437500 HTTP/1.1" 200 20 "-" "WordPress/7.0; https://autozone.com.sa"
102.142.31.131 - - [28/May/2026:13:10:56 +0000] "GET /?shopdetail/84506707 HTTP/1.1" 301 20 "https://www.autozone.com.sa/" "Mozilla/5.0 (Windows NT 10.0; Win64; x64) AppleWebKit/537.36 (KHTML, like Gecko) Chrome/135.0.0.0 Safari/537.36"
78.111.45.156 - - [28/May/2026:13:10:59 +0000] "GET /?shopdetail/84506707 HTTP/1.1" 301 20 "https://www.autozone.com.sa/" "Mozilla/5.0 (Windows NT 10.0; Win64; x64) AppleWebKit/537.36 (KHTML, like Gecko) Chrome/135.0.0.0 Safari/537.36"
207.46.13.36 - - [28/May/2026:13:11:07 +0000] "GET /outlet/listings/?make=%D9%81%D9%88%D8%B1%D8%AF HTTP/1.1" 301 20 "-" "Mozilla/5.0 AppleWebKit/537.36 (KHTML, like Gecko; compatible; bingbot/2.0; +http://www.bing.com/bingbot.htm) Chrome/116.0.1938.76 Safari/537.36"
52.167.144.212 - - [28/May/2026:13:11:14 +0000] "GET /activites/Rennes/activites-aquatiques-entre-amis HTTP/1.1" 301 20 "-" "Mozilla/5.0 AppleWebKit/537.36 (KHTML, like Gecko; compatible; bingbot/2.0; +http://www.bing.com/bingbot.htm) Chrome/116.0.1938.76 Safari/537.36"
172.105.42.26 - - [28/May/2026:13:12:32 +0000] "POST /wp-cron.php?doing_wp_cron=1779973952.2525599002838134765625 HTTP/1.1" 200 20 "-" "WordPress/7.0; https://autozone.com.sa"
151.254.75.115 - - [28/May/2026:13:12:26 +0000] "GET / HTTP/1.1" 200 65354 "https://www.google.com/" "Mozilla/5.0 (Linux; Android 10; K) AppleWebKit/537.36 (KHTML, like Gecko) Chrome/148.0.0.0 Mobile Safari/537.36"
151.254.75.115 - - [28/May/2026:13:12:32 +0000] "GET /wp-content/plugins/fluentform/assets/css/fluent-forms-elementor-widget.css?ver=6.2.0 HTTP/1.1" 200 914 "https://autozone.com.sa/" "Mozilla/5.0 (Linux; Android 10; K) AppleWebKit/537.36 (KHTML, like Gecko) Chrome/148.0.0.0 Mobile Safari/537.36"
151.254.75.115 - - [28/May/2026:13:12:32 +0000] "GET /wp-content/plugins/jet-engine/assets/css/frontend.css?ver=3.8.7 HTTP/1.1" 200 8567 "https://autozone.com.sa/" "Mozilla/5.0 (Linux; Android 10; K) AppleWebKit/537.36 (KHTML, like Gecko) Chrome/148.0.0.0 Mobile Safari/537.36"
151.254.75.115 - - [28/May/2026:13:12:32 +0000] "GET /wp-content/plugins/sitepress-multilingual-cms/templates/language-switchers/legacy-list-horizontal/style.min.css?ver=1 HTTP/1.1" 200 315 "https://autozone.com.sa/" "Mozilla/5.0 (Linux; Android 10; K) AppleWebKit/537.36 (KHTML, like Gecko) Chrome/148.0.0.0 Mobile Safari/537.36"
151.254.75.115 - - [28/May/2026:13:12:32 +0000] "GET /wp-content/uploads/elementor/css/custom-frontend.min.css?ver=1779946027 HTTP/1.1" 200 7325 "https://autozone.com.sa/" "Mozilla/5.0 (Linux; Android 10; K) AppleWebKit/537.36 (KHTML, like Gecko) Chrome/148.0.0.0 Mobile Safari/537.36"
151.254.75.115 - - [28/May/2026:13:12:32 +0000] "GET /wp-includes/css/dashicons.min.css?ver=7.0 HTTP/1.1" 200 35721 "https://autozone.com.sa/" "Mozilla/5.0 (Linux; Android 10; K) AppleWebKit/537.36 (KHTML, like Gecko) Chrome/148.0.0.0 Mobile Safari/537.36"
151.254.75.115 - - [28/May/2026:13:12:32 +0000] "GET /wp-content/plugins/jet-tabs/assets/css/jet-tabs-frontend.css?ver=2.3.0 HTTP/1.1" 200 4331 "https://autozone.com.sa/" "Mozilla/5.0 (Linux; Android 10; K) AppleWebKit/537.36 (KHTML, like Gecko) Chrome/148.0.0.0 Mobile Safari/537.36"
151.254.75.115 - - [28/May/2026:13:12:32 +0000] "GET /wp-content/plugins/woocommerce/assets/css/woocommerce-rtl.css?ver=10.8.0 HTTP/1.1" 200 11139 "https://autozone.com.sa/" "Mozilla/5.0 (Linux; Android 10; K) AppleWebKit/537.36 (KHTML, like Gecko) Chrome/148.0.0.0 Mobile Safari/537.36"
151.254.75.115 - - [28/May/2026:13:12:32 +0000] "GET /wp-content/plugins/jet-blog/assets/css/jet-blog-rtl.css?ver=2.4.8 HTTP/1.1" 200 648 "https://autozone.com.sa/" "Mozilla/5.0 (Linux; Android 10; K) AppleWebKit/537.36 (KHTML, like Gecko) Chrome/148.0.0.0 Mobile Safari/537.36"
151.254.75.115 - - [28/May/2026:13:12:32 +0000] "GET /wp-content/plugins/jet-tricks/assets/css/jet-tricks-frontend.css?ver=1.5.10 HTTP/1.1" 200 3414 "https://autozone.com.sa/" "Mozilla/5.0 (Linux; Android 10; K) AppleWebKit/537.36 (KHTML, like Gecko) Chrome/148.0.0.0 Mobile Safari/537.36"
151.254.75.115 - - [28/May/2026:13:12:32 +0000] "GET /wp-content/plugins/elementor/assets/css/widget-heading-rtl.min.css?ver=4.0.4 HTTP/1.1" 200 160 "https://autozone.com.sa/" "Mozilla/5.0 (Linux; Android 10; K) AppleWebKit/537.36 (KHTML, like Gecko) Chrome/148.0.0.0 Mobile Safari/537.36"
151.254.75.115 - - [28/May/2026:13:12:32 +0000] "GET /wp-content/plugins/elementor/assets/lib/animations/styles/fadeIn.min.css?ver=4.0.4 HTTP/1.1" 200 79 "https://autozone.com.sa/" "Mozilla/5.0 (Linux; Android 10; K) AppleWebKit/537.36 (KHTML, like Gecko) Chrome/148.0.0.0 Mobile Safari/537.36"
151.254.75.115 - - [28/May/2026:13:12:32 +0000] "GET /wp-content/plugins/woocommerce/assets/css/woocommerce-smallscreen-rtl.css?ver=10.8.0 HTTP/1.1" 200 1407 "https://autozone.com.sa/" "Mozilla/5.0 (Linux; Android 10; K) AppleWebKit/537.36 (KHTML, like Gecko) Chrome/148.0.0.0 Mobile Safari/537.36"
151.254.75.115 - - [28/May/2026:13:12:32 +0000] "GET /wp-content/uploads/elementor/css/post-6.css?ver=1779946027 HTTP/1.1" 200 669 "https://autozone.com.sa/" "Mozilla/5.0 (Linux; Android 10; K) AppleWebKit/537.36 (KHTML, like Gecko) Chrome/148.0.0.0 Mobile Safari/537.36"
151.254.75.115 - - [28/May/2026:13:12:32 +0000] "GET /wp-content/plugins/woocommerce/assets/css/woocommerce-layout-rtl.css?ver=10.8.0 HTTP/1.1" 200 3422 "https://autozone.com.sa/" "Mozilla/5.0 (Linux; Android 10; K) AppleWebKit/537.36 (KHTML, like Gecko) Chrome/148.0.0.0 Mobile Safari/537.36"
