2001:16a2:c741:4d00:f418:f98:425f:83e1 - - [28/Mar/2026:12:38:47 +0000] "GET /wp-content/uploads/2025/02/KINETIC-ROAD-1-747-300x200.webp HTTP/1.1" 200 7615 "https://autozone.com.sa/product/honda-hr-v-lx-2024/" "Mozilla/5.0 (iPhone; CPU iPhone OS 26_3_1 like Mac OS X) AppleWebKit/605.1.15 (KHTML, like Gecko) GSA/409.0.872648028 Mobile/15E148 Safari/604.1"
2001:16a2:c741:4d00:f418:f98:425f:83e1 - - [28/Mar/2026:12:38:47 +0000] "GET /wp-content/uploads/2025/02/DASHBOARD.-B-1-309-300x200.webp HTTP/1.1" 200 9657 "https://autozone.com.sa/product/honda-hr-v-lx-2024/" "Mozilla/5.0 (iPhone; CPU iPhone OS 26_3_1 like Mac OS X) AppleWebKit/605.1.15 (KHTML, like Gecko) GSA/409.0.872648028 Mobile/15E148 Safari/604.1"
2001:16a2:c741:4d00:f418:f98:425f:83e1 - - [28/Mar/2026:12:38:47 +0000] "GET /wp-content/uploads/2025/02/DISPLAY-AUDIO-1-338-300x200.webp HTTP/1.1" 200 7451 "https://autozone.com.sa/product/honda-hr-v-lx-2024/" "Mozilla/5.0 (iPhone; CPU iPhone OS 26_3_1 like Mac OS X) AppleWebKit/605.1.15 (KHTML, like Gecko) GSA/409.0.872648028 Mobile/15E148 Safari/604.1"
2001:16a2:c741:4d00:f418:f98:425f:83e1 - - [28/Mar/2026:12:38:49 +0000] "GET /wp-content/uploads/2025/02/DISPLAY-LOGO.1-319-300x200.webp HTTP/1.1" 200 5093 "https://autozone.com.sa/product/honda-hr-v-lx-2024/" "Mozilla/5.0 (iPhone; CPU iPhone OS 26_3_1 like Mac OS X) AppleWebKit/605.1.15 (KHTML, like Gecko) GSA/409.0.872648028 Mobile/15E148 Safari/604.1"
2001:16a2:c741:4d00:f418:f98:425f:83e1 - - [28/Mar/2026:12:38:49 +0000] "GET /wp-content/uploads/2025/02/EPB.BRAKEHOLD.-1-695-300x200.webp HTTP/1.1" 200 8888 "https://autozone.com.sa/product/honda-hr-v-lx-2024/" "Mozilla/5.0 (iPhone; CPU iPhone OS 26_3_1 like Mac OS X) AppleWebKit/605.1.15 (KHTML, like Gecko) GSA/409.0.872648028 Mobile/15E148 Safari/604.1"
2001:16a2:c741:4d00:f418:f98:425f:83e1 - - [28/Mar/2026:12:38:49 +0000] "GET /wp-content/uploads/2025/02/SPEEDOMETER-1-957-300x200.webp HTTP/1.1" 200 8600 "https://autozone.com.sa/product/honda-hr-v-lx-2024/" "Mozilla/5.0 (iPhone; CPU iPhone OS 26_3_1 like Mac OS X) AppleWebKit/605.1.15 (KHTML, like Gecko) GSA/409.0.872648028 Mobile/15E148 Safari/604.1"
2001:16a2:c741:4d00:f418:f98:425f:83e1 - - [28/Mar/2026:12:38:49 +0000] "GET /wp-content/uploads/2025/02/STEERING-WHEEL-1-666-300x200.webp HTTP/1.1" 200 9991 "https://autozone.com.sa/product/honda-hr-v-lx-2024/" "Mozilla/5.0 (iPhone; CPU iPhone OS 26_3_1 like Mac OS X) AppleWebKit/605.1.15 (KHTML, like Gecko) GSA/409.0.872648028 Mobile/15E148 Safari/604.1"
2001:16a2:c741:4d00:f418:f98:425f:83e1 - - [28/Mar/2026:12:38:50 +0000] "GET /wp-content/uploads/2025/02/STORAGE-COMPARTMENT-1-896-300x200.webp HTTP/1.1" 200 6465 "https://autozone.com.sa/product/honda-hr-v-lx-2024/" "Mozilla/5.0 (iPhone; CPU iPhone OS 26_3_1 like Mac OS X) AppleWebKit/605.1.15 (KHTML, like Gecko) GSA/409.0.872648028 Mobile/15E148 Safari/604.1"
172.105.42.26 - - [28/Mar/2026:12:39:07 +0000] "POST /wp-cron.php?doing_wp_cron=1774701547.1724679470062255859375 HTTP/1.1" 200 20 "-" "WordPress/6.9.4; https://autozone.com.sa"
168.119.123.75 - - [28/Mar/2026:12:39:06 +0000] "HEAD / HTTP/1.1" 200 - "https://autozone.com.sa/" "Mozilla/5.0+(compatible; UptimeRobot/2.0; http://www.uptimerobot.com/)"
172.105.42.26 - - [28/Mar/2026:12:39:34 +0000] "POST /wp-cron.php?doing_wp_cron=1774701573.6224379539489746093750 HTTP/1.1" 200 20 "-" "WordPress/6.9.4; https://autozone.com.sa"
74.7.241.33 - - [28/Mar/2026:12:39:32 +0000] "GET /?p=3251 HTTP/1.1" 301 20 "http://web1.autozone.com.sa" "Mozilla/5.0 AppleWebKit/537.36 (KHTML, like Gecko; compatible; GPTBot/1.3; +https://openai.com/gptbot)"
74.7.241.33 - - [28/Mar/2026:12:39:34 +0000] "GET /product/hyundai-stargazer-2025/ HTTP/1.1" 200 130386 "https://autozone.com.sa/?p=3251" "Mozilla/5.0 AppleWebKit/537.36 (KHTML, like Gecko; compatible; GPTBot/1.3; +https://openai.com/gptbot)"
172.105.42.26 - - [28/Mar/2026:12:39:47 +0000] "POST /wp-cron.php?doing_wp_cron=1774701587.1163139343261718750000 HTTP/1.1" 200 20 "-" "WordPress/6.9.4; https://autozone.com.sa"
2001:16a2:c741:4d00:f418:f98:425f:83e1 - - [28/Mar/2026:12:39:43 +0000] "GET /shop/ HTTP/1.1" 200 148550 "https://autozone.com.sa/product/kia-sportage-lx-2025/" "Mozilla/5.0 (iPhone; CPU iPhone OS 26_3_1 like Mac OS X) AppleWebKit/605.1.15 (KHTML, like Gecko) GSA/409.0.872648028 Mobile/15E148 Safari/604.1"
172.105.42.26 - - [28/Mar/2026:12:39:50 +0000] "POST /wp-cron.php?doing_wp_cron=1774701590.0628490447998046875000 HTTP/1.1" 200 20 "-" "WordPress/6.9.4; https://autozone.com.sa"
2001:16a2:c741:4d00:f418:f98:425f:83e1 - - [28/Mar/2026:12:39:47 +0000] "GET /product/kia-sportage-lx-2025/ HTTP/1.1" 200 128229 "https://autozone.com.sa/shop/" "Mozilla/5.0 (iPhone; CPU iPhone OS 26_3_1 like Mac OS X) AppleWebKit/605.1.15 (KHTML, like Gecko) GSA/409.0.872648028 Mobile/15E148 Safari/604.1"
2001:16a2:c741:4d00:f418:f98:425f:83e1 - - [28/Mar/2026:12:39:48 +0000] "GET /shop/ HTTP/1.1" 200 148561 "https://autozone.com.sa/shop/" "Mozilla/5.0 (iPhone; CPU iPhone OS 26_3_1 like Mac OS X) AppleWebKit/605.1.15 (KHTML, like Gecko) GSA/409.0.872648028 Mobile/15E148 Safari/604.1"
2001:16a2:c741:4d00:f418:f98:425f:83e1 - - [28/Mar/2026:12:39:54 +0000] "POST /?wc-ajax=get_refreshed_fragments HTTP/1.1" 200 999 "https://autozone.com.sa/shop/" "Mozilla/5.0 (iPhone; CPU iPhone OS 26_3_1 like Mac OS X) AppleWebKit/605.1.15 (KHTML, like Gecko) GSA/409.0.872648028 Mobile/15E148 Safari/604.1"
2001:16a2:c741:4d00:f418:f98:425f:83e1 - - [28/Mar/2026:12:39:54 +0000] "POST /wp-json/iawp/search HTTP/1.1" 200 36 "https://autozone.com.sa/shop/" "Mozilla/5.0 (iPhone; CPU iPhone OS 26_3_1 like Mac OS X) AppleWebKit/605.1.15 (KHTML, like Gecko) GSA/409.0.872648028 Mobile/15E148 Safari/604.1"
2001:16a2:c741:4d00:f418:f98:425f:83e1 - - [28/Mar/2026:12:39:56 +0000] "POST /wp-admin/admin-ajax.php HTTP/1.1" 200 620 "https://autozone.com.sa/shop/" "Mozilla/5.0 (iPhone; CPU iPhone OS 26_3_1 like Mac OS X) AppleWebKit/605.1.15 (KHTML, like Gecko) GSA/409.0.872648028 Mobile/15E148 Safari/604.1"
2001:16a2:c741:4d00:f418:f98:425f:83e1 - - [28/Mar/2026:12:39:56 +0000] "POST /wp-admin/admin-ajax.php HTTP/1.1" 200 9871 "https://autozone.com.sa/shop/" "Mozilla/5.0 (iPhone; CPU iPhone OS 26_3_1 like Mac OS X) AppleWebKit/605.1.15 (KHTML, like Gecko) GSA/409.0.872648028 Mobile/15E148 Safari/604.1"
2001:16a2:c741:4d00:f418:f98:425f:83e1 - - [28/Mar/2026:12:39:59 +0000] "GET /wp-content/uploads/2026/01/6704d68784dcbf95a5745dbf_min-001%E5%B9%B3%E8%A7%86%E5%B7%A6%E4%BE%A760%E5%BA%A6-%E6%8B%B7%E8%B4%9D-3-p-1600.webp HTTP/1.1" 200 39380 "https://autozone.com.sa/shop/" "Mozilla/5.0 (iPhone; CPU iPhone OS 26_3_1 like Mac OS X) AppleWebKit/605.1.15 (KHTML, like Gecko) GSA/409.0.872648028 Mobile/15E148 Safari/604.1"
2001:16a2:c741:4d00:f418:f98:425f:83e1 - - [28/Mar/2026:12:39:59 +0000] "GET /wp-content/uploads/2026/01/6796129b2bc3b20cf285f980_%E8%AF%95%E9%A9%BE%E7%BE%8E%E5%9B%BE-19-min-p-1600.webp HTTP/1.1" 200 69283 "https://autozone.com.sa/shop/" "Mozilla/5.0 (iPhone; CPU iPhone OS 26_3_1 like Mac OS X) AppleWebKit/605.1.15 (KHTML, like Gecko) GSA/409.0.872648028 Mobile/15E148 Safari/604.1"
5.161.44.164 - - [28/Mar/2026:12:40:23 +0000] "POST /wp-load.php?8237f7=7536 HTTP/1.1" 200 472148 "-" "BlogVault/1.0 (+https://blogvault.net)"
2001:16a2:c741:4d00:f418:f98:425f:83e1 - - [28/Mar/2026:12:40:21 +0000] "GET /product/haval-jolion-pro-active-plus-2025/ HTTP/1.1" 200 71738 "https://autozone.com.sa/shop/" "Mozilla/5.0 (iPhone; CPU iPhone OS 26_3_1 like Mac OS X) AppleWebKit/605.1.15 (KHTML, like Gecko) GSA/409.0.872648028 Mobile/15E148 Safari/604.1"
2001:16a2:c741:4d00:f418:f98:425f:83e1 - - [28/Mar/2026:12:40:24 +0000] "GET /product/haval-jolion-pro-active-plus-2025/ HTTP/1.1" 200 71767 "https://autozone.com.sa/shop/" "Mozilla/5.0 (iPhone; CPU iPhone OS 26_3_1 like Mac OS X) AppleWebKit/605.1.15 (KHTML, like Gecko) GSA/409.0.872648028 Mobile/15E148 Safari/604.1"
2001:16a2:c741:4d00:f418:f98:425f:83e1 - - [28/Mar/2026:12:40:28 +0000] "GET /wp-content/uploads/2025/02/BGC_9235-1536x1536.webp HTTP/1.1" 200 162841 "https://autozone.com.sa/product/haval-jolion-pro-active-plus-2025/" "Mozilla/5.0 (iPhone; CPU iPhone OS 26_3_1 like Mac OS X) AppleWebKit/605.1.15 (KHTML, like Gecko) GSA/409.0.872648028 Mobile/15E148 Safari/604.1"
74.7.241.33 - - [28/Mar/2026:12:40:30 +0000] "GET /?p=3027 HTTP/1.1" 301 20 "https://web1.autozone.com.sa" "Mozilla/5.0 AppleWebKit/537.36 (KHTML, like Gecko; compatible; GPTBot/1.3; +https://openai.com/gptbot)"
74.7.241.33 - - [28/Mar/2026:12:40:31 +0000] "GET /product/ford-taurus-2025/ HTTP/1.1" 200 70050 "https://autozone.com.sa/?p=3027" "Mozilla/5.0 AppleWebKit/537.36 (KHTML, like Gecko; compatible; GPTBot/1.3; +https://openai.com/gptbot)"
2001:16a2:c741:4d00:f418:f98:425f:83e1 - - [28/Mar/2026:12:40:36 +0000] "GET /wp-content/uploads/2025/02/BGC_9235-scaled.webp HTTP/1.1" 200 308336 "https://autozone.com.sa/product/haval-jolion-pro-active-plus-2025/" "Mozilla/5.0 (iPhone; CPU iPhone OS 26_3_1 like Mac OS X) AppleWebKit/605.1.15 (KHTML, like Gecko) GSA/409.0.872648028 Mobile/15E148 Safari/604.1"
2001:16a2:c741:4d00:f418:f98:425f:83e1 - - [28/Mar/2026:12:40:36 +0000] "GET /wp-content/uploads/2025/02/BGC_9242-1536x1536.webp HTTP/1.1" 200 129859 "https://autozone.com.sa/product/haval-jolion-pro-active-plus-2025/" "Mozilla/5.0 (iPhone; CPU iPhone OS 26_3_1 like Mac OS X) AppleWebKit/605.1.15 (KHTML, like Gecko) GSA/409.0.872648028 Mobile/15E148 Safari/604.1"
2001:16a2:c741:4d00:f418:f98:425f:83e1 - - [28/Mar/2026:12:40:36 +0000] "GET /wp-content/uploads/2025/02/BGC_9235-100x100.webp HTTP/1.1" 200 3792 "https://autozone.com.sa/product/haval-jolion-pro-active-plus-2025/" "Mozilla/5.0 (iPhone; CPU iPhone OS 26_3_1 like Mac OS X) AppleWebKit/605.1.15 (KHTML, like Gecko) GSA/409.0.872648028 Mobile/15E148 Safari/604.1"
2001:16a2:c741:4d00:f418:f98:425f:83e1 - - [28/Mar/2026:12:40:36 +0000] "GET /wp-content/uploads/2025/02/BGC_9249-1536x1536.webp HTTP/1.1" 200 101483 "https://autozone.com.sa/product/haval-jolion-pro-active-plus-2025/" "Mozilla/5.0 (iPhone; CPU iPhone OS 26_3_1 like Mac OS X) AppleWebKit/605.1.15 (KHTML, like Gecko) GSA/409.0.872648028 Mobile/15E148 Safari/604.1"
2001:16a2:c741:4d00:f418:f98:425f:83e1 - - [28/Mar/2026:12:40:36 +0000] "GET /wp-content/uploads/2025/02/BGC_9242-100x100.webp HTTP/1.1" 200 3394 "https://autozone.com.sa/product/haval-jolion-pro-active-plus-2025/" "Mozilla/5.0 (iPhone; CPU iPhone OS 26_3_1 like Mac OS X) AppleWebKit/605.1.15 (KHTML, like Gecko) GSA/409.0.872648028 Mobile/15E148 Safari/604.1"
2001:16a2:c741:4d00:f418:f98:425f:83e1 - - [28/Mar/2026:12:40:36 +0000] "GET /wp-content/uploads/2025/02/BGC_9249-100x100.webp HTTP/1.1" 200 2750 "https://autozone.com.sa/product/haval-jolion-pro-active-plus-2025/" "Mozilla/5.0 (iPhone; CPU iPhone OS 26_3_1 like Mac OS X) AppleWebKit/605.1.15 (KHTML, like Gecko) GSA/409.0.872648028 Mobile/15E148 Safari/604.1"
178.156.136.36 - - [28/Mar/2026:12:40:37 +0000] "POST /wp-load.php?c353bd=84896 HTTP/1.1" 200 9466 "https://autozone.com.sa/" "BlogVault/1.0 (+https://blogvault.net)"
2001:16a2:c741:4d00:f418:f98:425f:83e1 - - [28/Mar/2026:12:40:36 +0000] "POST /?wc-ajax=get_default_gallery HTTP/1.1" 200 400 "https://autozone.com.sa/product/haval-jolion-pro-active-plus-2025/" "Mozilla/5.0 (iPhone; CPU iPhone OS 26_3_1 like Mac OS X) AppleWebKit/605.1.15 (KHTML, like Gecko) GSA/409.0.872648028 Mobile/15E148 Safari/604.1"
2001:16a2:c741:4d00:f418:f98:425f:83e1 - - [28/Mar/2026:12:40:36 +0000] "POST /wp-json/iawp/search HTTP/1.1" 200 36 "https://autozone.com.sa/product/haval-jolion-pro-active-plus-2025/" "Mozilla/5.0 (iPhone; CPU iPhone OS 26_3_1 like Mac OS X) AppleWebKit/605.1.15 (KHTML, like Gecko) GSA/409.0.872648028 Mobile/15E148 Safari/604.1"
2001:16a2:c741:4d00:f418:f98:425f:83e1 - - [28/Mar/2026:12:40:36 +0000] "POST /?wc-ajax=get_variation_gallery HTTP/1.1" 200 1357 "https://autozone.com.sa/product/haval-jolion-pro-active-plus-2025/" "Mozilla/5.0 (iPhone; CPU iPhone OS 26_3_1 like Mac OS X) AppleWebKit/605.1.15 (KHTML, like Gecko) GSA/409.0.872648028 Mobile/15E148 Safari/604.1"
2001:16a2:c741:4d00:f418:f98:425f:83e1 - - [28/Mar/2026:12:40:36 +0000] "POST /?wc-ajax=get_refreshed_fragments HTTP/1.1" 200 999 "https://autozone.com.sa/product/haval-jolion-pro-active-plus-2025/" "Mozilla/5.0 (iPhone; CPU iPhone OS 26_3_1 like Mac OS X) AppleWebKit/605.1.15 (KHTML, like Gecko) GSA/409.0.872648028 Mobile/15E148 Safari/604.1"
2001:16a2:c741:4d00:f418:f98:425f:83e1 - - [28/Mar/2026:12:40:38 +0000] "GET /wp-content/uploads/2026/01/6666d92a9bed25a1218b7da7_min-20-p-1600-600x399.webp HTTP/1.1" 200 32667 "https://autozone.com.sa/product/haval-jolion-pro-active-plus-2025/" "Mozilla/5.0 (iPhone; CPU iPhone OS 26_3_1 like Mac OS X) AppleWebKit/605.1.15 (KHTML, like Gecko) GSA/409.0.872648028 Mobile/15E148 Safari/604.1"
2001:16a2:c741:4d00:f418:f98:425f:83e1 - - [28/Mar/2026:12:40:38 +0000] "GET /wp-content/uploads/2026/01/6666d92a9bed25a1218b7da7_min-20-p-1600-1536x1020.webp HTTP/1.1" 200 137581 "https://autozone.com.sa/product/haval-jolion-pro-active-plus-2025/" "Mozilla/5.0 (iPhone; CPU iPhone OS 26_3_1 like Mac OS X) AppleWebKit/605.1.15 (KHTML, like Gecko) GSA/409.0.872648028 Mobile/15E148 Safari/604.1"
2001:16a2:c741:4d00:f418:f98:425f:83e1 - - [28/Mar/2026:12:40:38 +0000] "GET /wp-content/uploads/2026/01/6666d92a9bed25a1218b7da7_min-20-p-1600.webp HTTP/1.1" 200 146255 "https://autozone.com.sa/product/haval-jolion-pro-active-plus-2025/" "Mozilla/5.0 (iPhone; CPU iPhone OS 26_3_1 like Mac OS X) AppleWebKit/605.1.15 (KHTML, like Gecko) GSA/409.0.872648028 Mobile/15E148 Safari/604.1"
2001:16a2:c741:4d00:f418:f98:425f:83e1 - - [28/Mar/2026:12:40:38 +0000] "GET /wp-content/uploads/2026/01/6666d92a9bed25a1218b7da7_min-20-p-1600-100x100.webp HTTP/1.1" 200 2607 "https://autozone.com.sa/product/haval-jolion-pro-active-plus-2025/" "Mozilla/5.0 (iPhone; CPU iPhone OS 26_3_1 like Mac OS X) AppleWebKit/605.1.15 (KHTML, like Gecko) GSA/409.0.872648028 Mobile/15E148 Safari/604.1"
2001:16a2:c741:4d00:f418:f98:425f:83e1 - - [28/Mar/2026:12:40:38 +0000] "GET /wp-content/uploads/2026/01/6666d90591518f02b805f2d4_min-16-p-1600-1536x1024.webp HTTP/1.1" 200 249946 "https://autozone.com.sa/product/haval-jolion-pro-active-plus-2025/" "Mozilla/5.0 (iPhone; CPU iPhone OS 26_3_1 like Mac OS X) AppleWebKit/605.1.15 (KHTML, like Gecko) GSA/409.0.872648028 Mobile/15E148 Safari/604.1"
2001:16a2:c741:4d00:f418:f98:425f:83e1 - - [28/Mar/2026:12:40:38 +0000] "GET /wp-content/uploads/2026/01/6666d90591518f02b805f2d4_min-16-p-1600-100x100.webp HTTP/1.1" 200 4153 "https://autozone.com.sa/product/haval-jolion-pro-active-plus-2025/" "Mozilla/5.0 (iPhone; CPU iPhone OS 26_3_1 like Mac OS X) AppleWebKit/605.1.15 (KHTML, like Gecko) GSA/409.0.872648028 Mobile/15E148 Safari/604.1"
2001:16a2:c741:4d00:f418:f98:425f:83e1 - - [28/Mar/2026:12:40:38 +0000] "GET /wp-content/uploads/2026/01/68f8d5493ecac4427e84c942_min-frame8-p-1600-100x100.webp HTTP/1.1" 200 2557 "https://autozone.com.sa/product/haval-jolion-pro-active-plus-2025/" "Mozilla/5.0 (iPhone; CPU iPhone OS 26_3_1 like Mac OS X) AppleWebKit/605.1.15 (KHTML, like Gecko) GSA/409.0.872648028 Mobile/15E148 Safari/604.1"
2001:16a2:c741:4d00:f418:f98:425f:83e1 - - [28/Mar/2026:12:40:38 +0000] "GET /wp-content/uploads/2026/01/6666d90591518f02b805f2d4_min-16-p-1600-600x400.webp HTTP/1.1" 200 61268 "https://autozone.com.sa/product/haval-jolion-pro-active-plus-2025/" "Mozilla/5.0 (iPhone; CPU iPhone OS 26_3_1 like Mac OS X) AppleWebKit/605.1.15 (KHTML, like Gecko) GSA/409.0.872648028 Mobile/15E148 Safari/604.1"
2001:16a2:c741:4d00:f418:f98:425f:83e1 - - [28/Mar/2026:12:40:38 +0000] "GET /wp-content/uploads/2026/01/6666d92a9bed25a1218b7da7_min-20-p-1600-300x300.webp HTTP/1.1" 200 14603 "https://autozone.com.sa/product/haval-jolion-pro-active-plus-2025/" "Mozilla/5.0 (iPhone; CPU iPhone OS 26_3_1 like Mac OS X) AppleWebKit/605.1.15 (KHTML, like Gecko) GSA/409.0.872648028 Mobile/15E148 Safari/604.1"
2001:16a2:c741:4d00:f418:f98:425f:83e1 - - [28/Mar/2026:12:40:38 +0000] "GET /wp-content/uploads/2026/01/68f8d578eec62e5306ce5e0e_min-frame5-p-1600-600x248.webp HTTP/1.1" 200 17639 "https://autozone.com.sa/product/haval-jolion-pro-active-plus-2025/" "Mozilla/5.0 (iPhone; CPU iPhone OS 26_3_1 like Mac OS X) AppleWebKit/605.1.15 (KHTML, like Gecko) GSA/409.0.872648028 Mobile/15E148 Safari/604.1"
2001:16a2:c741:4d00:f418:f98:425f:83e1 - - [28/Mar/2026:12:40:38 +0000] "GET /wp-content/uploads/2026/01/68f8d5493ecac4427e84c942_min-frame8-p-1600.webp HTTP/1.1" 200 75998 "https://autozone.com.sa/product/haval-jolion-pro-active-plus-2025/" "Mozilla/5.0 (iPhone; CPU iPhone OS 26_3_1 like Mac OS X) AppleWebKit/605.1.15 (KHTML, like Gecko) GSA/409.0.872648028 Mobile/15E148 Safari/604.1"
2001:16a2:c741:4d00:f418:f98:425f:83e1 - - [28/Mar/2026:12:40:38 +0000] "GET /wp-content/uploads/2026/01/6666d90591518f02b805f2d4_min-16-p-1600.webp HTTP/1.1" 200 257522 "https://autozone.com.sa/product/haval-jolion-pro-active-plus-2025/" "Mozilla/5.0 (iPhone; CPU iPhone OS 26_3_1 like Mac OS X) AppleWebKit/605.1.15 (KHTML, like Gecko) GSA/409.0.872648028 Mobile/15E148 Safari/604.1"
2001:16a2:c741:4d00:f418:f98:425f:83e1 - - [28/Mar/2026:12:40:38 +0000] "GET /wp-content/uploads/2026/01/68f8d5493ecac4427e84c942_min-frame8-p-1600-1536x634.webp HTTP/1.1" 200 62897 "https://autozone.com.sa/product/haval-jolion-pro-active-plus-2025/" "Mozilla/5.0 (iPhone; CPU iPhone OS 26_3_1 like Mac OS X) AppleWebKit/605.1.15 (KHTML, like Gecko) GSA/409.0.872648028 Mobile/15E148 Safari/604.1"
2001:16a2:c741:4d00:f418:f98:425f:83e1 - - [28/Mar/2026:12:40:38 +0000] "GET /wp-content/uploads/2026/01/68f8d5493ecac4427e84c942_min-frame8-p-1600-300x300.webp HTTP/1.1" 200 9975 "https://autozone.com.sa/product/haval-jolion-pro-active-plus-2025/" "Mozilla/5.0 (iPhone; CPU iPhone OS 26_3_1 like Mac OS X) AppleWebKit/605.1.15 (KHTML, like Gecko) GSA/409.0.872648028 Mobile/15E148 Safari/604.1"
2001:16a2:c741:4d00:f418:f98:425f:83e1 - - [28/Mar/2026:12:40:38 +0000] "GET /wp-content/uploads/2026/01/68f8d578eec62e5306ce5e0e_min-frame5-p-1600-1536x634.webp HTTP/1.1" 200 59528 "https://autozone.com.sa/product/haval-jolion-pro-active-plus-2025/" "Mozilla/5.0 (iPhone; CPU iPhone OS 26_3_1 like Mac OS X) AppleWebKit/605.1.15 (KHTML, like Gecko) GSA/409.0.872648028 Mobile/15E148 Safari/604.1"
2001:16a2:c741:4d00:f418:f98:425f:83e1 - - [28/Mar/2026:12:40:38 +0000] "GET /wp-content/uploads/2026/01/68f8d5493ecac4427e84c942_min-frame8-p-1600-600x248.webp HTTP/1.1" 200 18463 "https://autozone.com.sa/product/haval-jolion-pro-active-plus-2025/" "Mozilla/5.0 (iPhone; CPU iPhone OS 26_3_1 like Mac OS X) AppleWebKit/605.1.15 (KHTML, like Gecko) GSA/409.0.872648028 Mobile/15E148 Safari/604.1"
2001:16a2:c741:4d00:f418:f98:425f:83e1 - - [28/Mar/2026:12:40:38 +0000] "GET /wp-content/uploads/2025/04/2-1-600x400.webp HTTP/1.1" 200 18683 "https://autozone.com.sa/product/haval-jolion-pro-active-plus-2025/" "Mozilla/5.0 (iPhone; CPU iPhone OS 26_3_1 like Mac OS X) AppleWebKit/605.1.15 (KHTML, like Gecko) GSA/409.0.872648028 Mobile/15E148 Safari/604.1"
2001:16a2:c741:4d00:f418:f98:425f:83e1 - - [28/Mar/2026:12:40:38 +0000] "GET /wp-content/uploads/2025/04/6-1.webp HTTP/1.1" 200 19683 "https://autozone.com.sa/product/haval-jolion-pro-active-plus-2025/" "Mozilla/5.0 (iPhone; CPU iPhone OS 26_3_1 like Mac OS X) AppleWebKit/605.1.15 (KHTML, like Gecko) GSA/409.0.872648028 Mobile/15E148 Safari/604.1"
2001:16a2:c741:4d00:f418:f98:425f:83e1 - - [28/Mar/2026:12:40:38 +0000] "GET /wp-content/uploads/2025/02/haval-jolion-feature-300x300.webp HTTP/1.1" 200 18078 "https://autozone.com.sa/product/haval-jolion-pro-active-plus-2025/" "Mozilla/5.0 (iPhone; CPU iPhone OS 26_3_1 like Mac OS X) AppleWebKit/605.1.15 (KHTML, like Gecko) GSA/409.0.872648028 Mobile/15E148 Safari/604.1"
2001:16a2:c741:4d00:f418:f98:425f:83e1 - - [28/Mar/2026:12:40:38 +0000] "GET /wp-content/uploads/2025/04/2-1.webp HTTP/1.1" 200 32141 "https://autozone.com.sa/product/haval-jolion-pro-active-plus-2025/" "Mozilla/5.0 (iPhone; CPU iPhone OS 26_3_1 like Mac OS X) AppleWebKit/605.1.15 (KHTML, like Gecko) GSA/409.0.872648028 Mobile/15E148 Safari/604.1"
2001:16a2:c741:4d00:f418:f98:425f:83e1 - - [28/Mar/2026:12:40:38 +0000] "GET /wp-content/uploads/2025/04/3-1-100x100.webp HTTP/1.1" 200 2148 "https://autozone.com.sa/product/haval-jolion-pro-active-plus-2025/" "Mozilla/5.0 (iPhone; CPU iPhone OS 26_3_1 like Mac OS X) AppleWebKit/605.1.15 (KHTML, like Gecko) GSA/409.0.872648028 Mobile/15E148 Safari/604.1"
2001:16a2:c741:4d00:f418:f98:425f:83e1 - - [28/Mar/2026:12:40:38 +0000] "GET /wp-content/uploads/2025/04/1-1.webp HTTP/1.1" 200 35474 "https://autozone.com.sa/product/haval-jolion-pro-active-plus-2025/" "Mozilla/5.0 (iPhone; CPU iPhone OS 26_3_1 like Mac OS X) AppleWebKit/605.1.15 (KHTML, like Gecko) GSA/409.0.872648028 Mobile/15E148 Safari/604.1"
2001:16a2:c741:4d00:f418:f98:425f:83e1 - - [28/Mar/2026:12:40:38 +0000] "GET /wp-content/uploads/2025/04/1-1-600x400.webp HTTP/1.1" 200 21051 "https://autozone.com.sa/product/haval-jolion-pro-active-plus-2025/" "Mozilla/5.0 (iPhone; CPU iPhone OS 26_3_1 like Mac OS X) AppleWebKit/605.1.15 (KHTML, like Gecko) GSA/409.0.872648028 Mobile/15E148 Safari/604.1"
2001:16a2:c741:4d00:f418:f98:425f:83e1 - - [28/Mar/2026:12:40:38 +0000] "GET /wp-content/uploads/2025/04/4-1-300x300.webp HTTP/1.1" 200 11262 "https://autozone.com.sa/product/haval-jolion-pro-active-plus-2025/" "Mozilla/5.0 (iPhone; CPU iPhone OS 26_3_1 like Mac OS X) AppleWebKit/605.1.15 (KHTML, like Gecko) GSA/409.0.872648028 Mobile/15E148 Safari/604.1"
2001:16a2:c741:4d00:f418:f98:425f:83e1 - - [28/Mar/2026:12:40:38 +0000] "GET /wp-content/uploads/2025/04/5-1-100x100.webp HTTP/1.1" 200 1985 "https://autozone.com.sa/product/haval-jolion-pro-active-plus-2025/" "Mozilla/5.0 (iPhone; CPU iPhone OS 26_3_1 like Mac OS X) AppleWebKit/605.1.15 (KHTML, like Gecko) GSA/409.0.872648028 Mobile/15E148 Safari/604.1"
2001:16a2:c741:4d00:f418:f98:425f:83e1 - - [28/Mar/2026:12:40:38 +0000] "GET /wp-content/uploads/2025/04/1-1-300x300.webp HTTP/1.1" 200 11327 "https://autozone.com.sa/product/haval-jolion-pro-active-plus-2025/" "Mozilla/5.0 (iPhone; CPU iPhone OS 26_3_1 like Mac OS X) AppleWebKit/605.1.15 (KHTML, like Gecko) GSA/409.0.872648028 Mobile/15E148 Safari/604.1"
2001:16a2:c741:4d00:f418:f98:425f:83e1 - - [28/Mar/2026:12:40:38 +0000] "GET /wp-content/uploads/2026/01/6666d90591518f02b805f2d4_min-16-p-1600-300x300.webp HTTP/1.1" 200 25341 "https://autozone.com.sa/product/haval-jolion-pro-active-plus-2025/" "Mozilla/5.0 (iPhone; CPU iPhone OS 26_3_1 like Mac OS X) AppleWebKit/605.1.15 (KHTML, like Gecko) GSA/409.0.872648028 Mobile/15E148 Safari/604.1"
2001:16a2:c741:4d00:f418:f98:425f:83e1 - - [28/Mar/2026:12:40:38 +0000] "GET /wp-content/uploads/2025/04/4-1-600x400.webp HTTP/1.1" 200 19349 "https://autozone.com.sa/product/haval-jolion-pro-active-plus-2025/" "Mozilla/5.0 (iPhone; CPU iPhone OS 26_3_1 like Mac OS X) AppleWebKit/605.1.15 (KHTML, like Gecko) GSA/409.0.872648028 Mobile/15E148 Safari/604.1"
2001:16a2:c741:4d00:f418:f98:425f:83e1 - - [28/Mar/2026:12:40:38 +0000] "GET /wp-content/uploads/2025/02/BGC_9249-300x300.webp HTTP/1.1" 200 11508 "https://autozone.com.sa/product/haval-jolion-pro-active-plus-2025/" "Mozilla/5.0 (iPhone; CPU iPhone OS 26_3_1 like Mac OS X) AppleWebKit/605.1.15 (KHTML, like Gecko) GSA/409.0.872648028 Mobile/15E148 Safari/604.1"
2001:16a2:c741:4d00:f418:f98:425f:83e1 - - [28/Mar/2026:12:40:38 +0000] "GET /wp-content/uploads/2025/04/3-1.webp HTTP/1.1" 200 20254 "https://autozone.com.sa/product/haval-jolion-pro-active-plus-2025/" "Mozilla/5.0 (iPhone; CPU iPhone OS 26_3_1 like Mac OS X) AppleWebKit/605.1.15 (KHTML, like Gecko) GSA/409.0.872648028 Mobile/15E148 Safari/604.1"
2001:16a2:c741:4d00:f418:f98:425f:83e1 - - [28/Mar/2026:12:40:38 +0000] "GET /wp-content/uploads/2025/02/BGC_9235-600x600.webp HTTP/1.1" 200 49063 "https://autozone.com.sa/product/haval-jolion-pro-active-plus-2025/" "Mozilla/5.0 (iPhone; CPU iPhone OS 26_3_1 like Mac OS X) AppleWebKit/605.1.15 (KHTML, like Gecko) GSA/409.0.872648028 Mobile/15E148 Safari/604.1"
2001:16a2:c741:4d00:f418:f98:425f:83e1 - - [28/Mar/2026:12:40:38 +0000] "GET /wp-content/uploads/2025/04/3-1-600x400.webp HTTP/1.1" 200 12394 "https://autozone.com.sa/product/haval-jolion-pro-active-plus-2025/" "Mozilla/5.0 (iPhone; CPU iPhone OS 26_3_1 like Mac OS X) AppleWebKit/605.1.15 (KHTML, like Gecko) GSA/409.0.872648028 Mobile/15E148 Safari/604.1"
2001:16a2:c741:4d00:f418:f98:425f:83e1 - - [28/Mar/2026:12:40:38 +0000] "GET /wp-content/uploads/2025/04/1-1-100x100.webp HTTP/1.1" 200 2572 "https://autozone.com.sa/product/haval-jolion-pro-active-plus-2025/" "Mozilla/5.0 (iPhone; CPU iPhone OS 26_3_1 like Mac OS X) AppleWebKit/605.1.15 (KHTML, like Gecko) GSA/409.0.872648028 Mobile/15E148 Safari/604.1"
2001:16a2:c741:4d00:f418:f98:425f:83e1 - - [28/Mar/2026:12:40:38 +0000] "GET /wp-content/uploads/2025/04/2-1-100x100.webp HTTP/1.1" 200 2539 "https://autozone.com.sa/product/haval-jolion-pro-active-plus-2025/" "Mozilla/5.0 (iPhone; CPU iPhone OS 26_3_1 like Mac OS X) AppleWebKit/605.1.15 (KHTML, like Gecko) GSA/409.0.872648028 Mobile/15E148 Safari/604.1"
2001:16a2:c741:4d00:f418:f98:425f:83e1 - - [28/Mar/2026:12:40:38 +0000] "GET /wp-content/uploads/2025/04/3-1-300x300.webp HTTP/1.1" 200 8659 "https://autozone.com.sa/product/haval-jolion-pro-active-plus-2025/" "Mozilla/5.0 (iPhone; CPU iPhone OS 26_3_1 like Mac OS X) AppleWebKit/605.1.15 (KHTML, like Gecko) GSA/409.0.872648028 Mobile/15E148 Safari/604.1"
2001:16a2:c741:4d00:f418:f98:425f:83e1 - - [28/Mar/2026:12:40:38 +0000] "GET /wp-content/uploads/2025/04/5-1.webp HTTP/1.1" 200 24761 "https://autozone.com.sa/product/haval-jolion-pro-active-plus-2025/" "Mozilla/5.0 (iPhone; CPU iPhone OS 26_3_1 like Mac OS X) AppleWebKit/605.1.15 (KHTML, like Gecko) GSA/409.0.872648028 Mobile/15E148 Safari/604.1"
2001:16a2:c741:4d00:f418:f98:425f:83e1 - - [28/Mar/2026:12:40:38 +0000] "GET /wp-content/uploads/2026/01/68f8d578eec62e5306ce5e0e_min-frame5-p-1600-300x300.webp HTTP/1.1" 200 9679 "https://autozone.com.sa/product/haval-jolion-pro-active-plus-2025/" "Mozilla/5.0 (iPhone; CPU iPhone OS 26_3_1 like Mac OS X) AppleWebKit/605.1.15 (KHTML, like Gecko) GSA/409.0.872648028 Mobile/15E148 Safari/604.1"
2001:16a2:c741:4d00:f418:f98:425f:83e1 - - [28/Mar/2026:12:40:38 +0000] "GET /wp-content/uploads/2025/02/BGC_9242-300x300.webp HTTP/1.1" 200 15802 "https://autozone.com.sa/product/haval-jolion-pro-active-plus-2025/" "Mozilla/5.0 (iPhone; CPU iPhone OS 26_3_1 like Mac OS X) AppleWebKit/605.1.15 (KHTML, like Gecko) GSA/409.0.872648028 Mobile/15E148 Safari/604.1"
2001:16a2:c741:4d00:f418:f98:425f:83e1 - - [28/Mar/2026:12:40:38 +0000] "GET /wp-content/uploads/2025/04/5-1-300x300.webp HTTP/1.1" 200 9293 "https://autozone.com.sa/product/haval-jolion-pro-active-plus-2025/" "Mozilla/5.0 (iPhone; CPU iPhone OS 26_3_1 like Mac OS X) AppleWebKit/605.1.15 (KHTML, like Gecko) GSA/409.0.872648028 Mobile/15E148 Safari/604.1"
2001:16a2:c741:4d00:f418:f98:425f:83e1 - - [28/Mar/2026:12:40:38 +0000] "GET /wp-content/uploads/2025/02/BGC_9242-scaled.webp HTTP/1.1" 200 239723 "https://autozone.com.sa/product/haval-jolion-pro-active-plus-2025/" "Mozilla/5.0 (iPhone; CPU iPhone OS 26_3_1 like Mac OS X) AppleWebKit/605.1.15 (KHTML, like Gecko) GSA/409.0.872648028 Mobile/15E148 Safari/604.1"
2001:16a2:c741:4d00:f418:f98:425f:83e1 - - [28/Mar/2026:12:40:38 +0000] "GET /wp-content/uploads/2025/04/4-1.webp HTTP/1.1" 200 33520 "https://autozone.com.sa/product/haval-jolion-pro-active-plus-2025/" "Mozilla/5.0 (iPhone; CPU iPhone OS 26_3_1 like Mac OS X) AppleWebKit/605.1.15 (KHTML, like Gecko) GSA/409.0.872648028 Mobile/15E148 Safari/604.1"
2001:16a2:c741:4d00:f418:f98:425f:83e1 - - [28/Mar/2026:12:40:38 +0000] "GET /wp-content/uploads/2025/02/BGC_9249-600x600.webp HTTP/1.1" 200 28356 "https://autozone.com.sa/product/haval-jolion-pro-active-plus-2025/" "Mozilla/5.0 (iPhone; CPU iPhone OS 26_3_1 like Mac OS X) AppleWebKit/605.1.15 (KHTML, like Gecko) GSA/409.0.872648028 Mobile/15E148 Safari/604.1"
2001:16a2:c741:4d00:f418:f98:425f:83e1 - - [28/Mar/2026:12:40:38 +0000] "GET /wp-content/uploads/2025/04/2-1-300x300.webp HTTP/1.1" 200 12572 "https://autozone.com.sa/product/haval-jolion-pro-active-plus-2025/" "Mozilla/5.0 (iPhone; CPU iPhone OS 26_3_1 like Mac OS X) AppleWebKit/605.1.15 (KHTML, like Gecko) GSA/409.0.872648028 Mobile/15E148 Safari/604.1"
2001:16a2:c741:4d00:f418:f98:425f:83e1 - - [28/Mar/2026:12:40:38 +0000] "GET /wp-content/uploads/2025/04/6-1-300x300.webp HTTP/1.1" 200 8206 "https://autozone.com.sa/product/haval-jolion-pro-active-plus-2025/" "Mozilla/5.0 (iPhone; CPU iPhone OS 26_3_1 like Mac OS X) AppleWebKit/605.1.15 (KHTML, like Gecko) GSA/409.0.872648028 Mobile/15E148 Safari/604.1"
2001:16a2:c741:4d00:f418:f98:425f:83e1 - - [28/Mar/2026:12:40:38 +0000] "GET /wp-content/uploads/2025/04/5-1-600x400.webp HTTP/1.1" 200 14090 "https://autozone.com.sa/product/haval-jolion-pro-active-plus-2025/" "Mozilla/5.0 (iPhone; CPU iPhone OS 26_3_1 like Mac OS X) AppleWebKit/605.1.15 (KHTML, like Gecko) GSA/409.0.872648028 Mobile/15E148 Safari/604.1"
2001:16a2:c741:4d00:f418:f98:425f:83e1 - - [28/Mar/2026:12:40:38 +0000] "GET /wp-content/uploads/2025/02/BGC_9242-600x600.webp HTTP/1.1" 200 40647 "https://autozone.com.sa/product/haval-jolion-pro-active-plus-2025/" "Mozilla/5.0 (iPhone; CPU iPhone OS 26_3_1 like Mac OS X) AppleWebKit/605.1.15 (KHTML, like Gecko) GSA/409.0.872648028 Mobile/15E148 Safari/604.1"
2001:16a2:c741:4d00:f418:f98:425f:83e1 - - [28/Mar/2026:12:40:38 +0000] "GET /wp-content/uploads/2025/02/BGC_9249-scaled.webp HTTP/1.1" 200 195739 "https://autozone.com.sa/product/haval-jolion-pro-active-plus-2025/" "Mozilla/5.0 (iPhone; CPU iPhone OS 26_3_1 like Mac OS X) AppleWebKit/605.1.15 (KHTML, like Gecko) GSA/409.0.872648028 Mobile/15E148 Safari/604.1"
2001:16a2:c741:4d00:f418:f98:425f:83e1 - - [28/Mar/2026:12:40:38 +0000] "GET /wp-content/uploads/2025/02/haval-jolion-feature-100x100.webp HTTP/1.1" 200 3916 "https://autozone.com.sa/product/haval-jolion-pro-active-plus-2025/" "Mozilla/5.0 (iPhone; CPU iPhone OS 26_3_1 like Mac OS X) AppleWebKit/605.1.15 (KHTML, like Gecko) GSA/409.0.872648028 Mobile/15E148 Safari/604.1"
2001:16a2:c741:4d00:f418:f98:425f:83e1 - - [28/Mar/2026:12:40:38 +0000] "GET /wp-content/uploads/2025/02/haval-jolion-feature-600x400.webp HTTP/1.1" 200 37657 "https://autozone.com.sa/product/haval-jolion-pro-active-plus-2025/" "Mozilla/5.0 (iPhone; CPU iPhone OS 26_3_1 like Mac OS X) AppleWebKit/605.1.15 (KHTML, like Gecko) GSA/409.0.872648028 Mobile/15E148 Safari/604.1"
2001:16a2:c741:4d00:f418:f98:425f:83e1 - - [28/Mar/2026:12:40:38 +0000] "GET /wp-content/uploads/2026/01/68f8d578eec62e5306ce5e0e_min-frame5-p-1600.webp HTTP/1.1" 200 71076 "https://autozone.com.sa/product/haval-jolion-pro-active-plus-2025/" "Mozilla/5.0 (iPhone; CPU iPhone OS 26_3_1 like Mac OS X) AppleWebKit/605.1.15 (KHTML, like Gecko) GSA/409.0.872648028 Mobile/15E148 Safari/604.1"
2001:16a2:c741:4d00:f418:f98:425f:83e1 - - [28/Mar/2026:12:40:38 +0000] "GET /wp-content/uploads/2025/04/6-1-100x100.webp HTTP/1.1" 200 2057 "https://autozone.com.sa/product/haval-jolion-pro-active-plus-2025/" "Mozilla/5.0 (iPhone; CPU iPhone OS 26_3_1 like Mac OS X) AppleWebKit/605.1.15 (KHTML, like Gecko) GSA/409.0.872648028 Mobile/15E148 Safari/604.1"
2001:16a2:c741:4d00:f418:f98:425f:83e1 - - [28/Mar/2026:12:40:38 +0000] "GET /wp-content/uploads/2025/02/BGC_9235-300x300.webp HTTP/1.1" 200 18918 "https://autozone.com.sa/product/haval-jolion-pro-active-plus-2025/" "Mozilla/5.0 (iPhone; CPU iPhone OS 26_3_1 like Mac OS X) AppleWebKit/605.1.15 (KHTML, like Gecko) GSA/409.0.872648028 Mobile/15E148 Safari/604.1"
2001:16a2:c741:4d00:f418:f98:425f:83e1 - - [28/Mar/2026:12:40:38 +0000] "GET /wp-content/uploads/2025/04/4-1-100x100.webp HTTP/1.1" 200 2382 "https://autozone.com.sa/product/haval-jolion-pro-active-plus-2025/" "Mozilla/5.0 (iPhone; CPU iPhone OS 26_3_1 like Mac OS X) AppleWebKit/605.1.15 (KHTML, like Gecko) GSA/409.0.872648028 Mobile/15E148 Safari/604.1"
2001:16a2:c741:4d00:f418:f98:425f:83e1 - - [28/Mar/2026:12:40:38 +0000] "GET /wp-content/uploads/2026/01/68f8d578eec62e5306ce5e0e_min-frame5-p-1600-100x100.webp HTTP/1.1" 200 2535 "https://autozone.com.sa/product/haval-jolion-pro-active-plus-2025/" "Mozilla/5.0 (iPhone; CPU iPhone OS 26_3_1 like Mac OS X) AppleWebKit/605.1.15 (KHTML, like Gecko) GSA/409.0.872648028 Mobile/15E148 Safari/604.1"
2001:16a2:c741:4d00:f418:f98:425f:83e1 - - [28/Mar/2026:12:40:38 +0000] "GET /wp-content/uploads/2025/04/6-1-600x400.webp HTTP/1.1" 200 11906 "https://autozone.com.sa/product/haval-jolion-pro-active-plus-2025/" "Mozilla/5.0 (iPhone; CPU iPhone OS 26_3_1 like Mac OS X) AppleWebKit/605.1.15 (KHTML, like Gecko) GSA/409.0.872648028 Mobile/15E148 Safari/604.1"
2620:121:5042:50:f954::3 - - [28/Mar/2026:12:40:39 +0000] "GET /pre-ramadan-offer-2022/ HTTP/1.1" 404 30908 "-" "Snap URL Preview Service; bot; snapchat; https://developers.snap.com/robots"
2001:16a2:c741:4d00:f418:f98:425f:83e1 - - [28/Mar/2026:12:40:45 +0000] "GET /wp-content/uploads/2025/02/BGC_9243-300x300.webp HTTP/1.1" 200 11727 "https://autozone.com.sa/product/haval-jolion-pro-active-plus-2025/" "Mozilla/5.0 (iPhone; CPU iPhone OS 26_3_1 like Mac OS X) AppleWebKit/605.1.15 (KHTML, like Gecko) GSA/409.0.872648028 Mobile/15E148 Safari/604.1"
2001:16a2:c741:4d00:f418:f98:425f:83e1 - - [28/Mar/2026:12:40:45 +0000] "GET /wp-content/uploads/2025/02/BGC_9253-300x300.webp HTTP/1.1" 200 10403 "https://autozone.com.sa/product/haval-jolion-pro-active-plus-2025/" "Mozilla/5.0 (iPhone; CPU iPhone OS 26_3_1 like Mac OS X) AppleWebKit/605.1.15 (KHTML, like Gecko) GSA/409.0.872648028 Mobile/15E148 Safari/604.1"
66.249.93.8 - - [28/Mar/2026:12:40:46 +0000] "GET /.well-known/traffic-advice HTTP/1.1" 404 30911 "-" "Chrome Privacy Preserving Prefetch Proxy"
2001:16a2:c741:4d00:f418:f98:425f:83e1 - - [28/Mar/2026:12:40:49 +0000] "GET /wp-content/uploads/2025/02/BGC_9277-300x200.webp HTTP/1.1" 200 9408 "https://autozone.com.sa/product/haval-jolion-pro-active-plus-2025/" "Mozilla/5.0 (iPhone; CPU iPhone OS 26_3_1 like Mac OS X) AppleWebKit/605.1.15 (KHTML, like Gecko) GSA/409.0.872648028 Mobile/15E148 Safari/604.1"
2001:16a2:c741:4d00:f418:f98:425f:83e1 - - [28/Mar/2026:12:40:49 +0000] "GET /wp-content/uploads/2025/02/BGC_9263-300x300.webp HTTP/1.1" 200 12510 "https://autozone.com.sa/product/haval-jolion-pro-active-plus-2025/" "Mozilla/5.0 (iPhone; CPU iPhone OS 26_3_1 like Mac OS X) AppleWebKit/605.1.15 (KHTML, like Gecko) GSA/409.0.872648028 Mobile/15E148 Safari/604.1"
172.105.42.26 - - [28/Mar/2026:12:40:50 +0000] "POST /wp-cron.php?doing_wp_cron=1774701650.6523809432983398437500 HTTP/1.1" 200 20 "-" "WordPress/6.9.4; https://autozone.com.sa"
2001:4860:7:628::fb - - [28/Mar/2026:12:40:46 +0000] "GET / HTTP/1.1" 200 163874 "https://www.google.com/" "Mozilla/5.0 (Linux; Android 10; K) AppleWebKit/537.36 (KHTML, like Gecko) Chrome/146.0.0.0 Mobile Safari/537.36"
2001:16a2:c741:4d00:f418:f98:425f:83e1 - - [28/Mar/2026:12:40:50 +0000] "GET /wp-content/uploads/2025/02/BGC_9268-300x300.webp HTTP/1.1" 200 8041 "https://autozone.com.sa/product/haval-jolion-pro-active-plus-2025/" "Mozilla/5.0 (iPhone; CPU iPhone OS 26_3_1 like Mac OS X) AppleWebKit/605.1.15 (KHTML, like Gecko) GSA/409.0.872648028 Mobile/15E148 Safari/604.1"
2001:16a2:c741:4d00:f418:f98:425f:83e1 - - [28/Mar/2026:12:40:50 +0000] "GET /wp-content/uploads/2025/02/BGC_9290-300x300.webp HTTP/1.1" 200 9233 "https://autozone.com.sa/product/haval-jolion-pro-active-plus-2025/" "Mozilla/5.0 (iPhone; CPU iPhone OS 26_3_1 like Mac OS X) AppleWebKit/605.1.15 (KHTML, like Gecko) GSA/409.0.872648028 Mobile/15E148 Safari/604.1"
2001:16a2:c741:4d00:f418:f98:425f:83e1 - - [28/Mar/2026:12:40:51 +0000] "GET /wp-content/uploads/2025/02/BGC_9293-300x300.webp HTTP/1.1" 200 7699 "https://autozone.com.sa/product/haval-jolion-pro-active-plus-2025/" "Mozilla/5.0 (iPhone; CPU iPhone OS 26_3_1 like Mac OS X) AppleWebKit/605.1.15 (KHTML, like Gecko) GSA/409.0.872648028 Mobile/15E148 Safari/604.1"
2001:16a2:c741:4d00:f418:f98:425f:83e1 - - [28/Mar/2026:12:40:51 +0000] "GET /wp-content/uploads/2025/02/BGC_9296-300x300.webp HTTP/1.1" 200 2889 "https://autozone.com.sa/product/haval-jolion-pro-active-plus-2025/" "Mozilla/5.0 (iPhone; CPU iPhone OS 26_3_1 like Mac OS X) AppleWebKit/605.1.15 (KHTML, like Gecko) GSA/409.0.872648028 Mobile/15E148 Safari/604.1"
2001:16a2:c741:4d00:f418:f98:425f:83e1 - - [28/Mar/2026:12:40:51 +0000] "GET /wp-content/uploads/2025/02/BGC_9271-300x200.webp HTTP/1.1" 200 9009 "https://autozone.com.sa/product/haval-jolion-pro-active-plus-2025/" "Mozilla/5.0 (iPhone; CPU iPhone OS 26_3_1 like Mac OS X) AppleWebKit/605.1.15 (KHTML, like Gecko) GSA/409.0.872648028 Mobile/15E148 Safari/604.1"
2001:16a2:c741:4d00:f418:f98:425f:83e1 - - [28/Mar/2026:12:40:51 +0000] "GET /wp-content/uploads/2025/02/BGC_9246-300x300.webp HTTP/1.1" 200 4847 "https://autozone.com.sa/product/haval-jolion-pro-active-plus-2025/" "Mozilla/5.0 (iPhone; CPU iPhone OS 26_3_1 like Mac OS X) AppleWebKit/605.1.15 (KHTML, like Gecko) GSA/409.0.872648028 Mobile/15E148 Safari/604.1"
162.241.219.107 - - [28/Mar/2026:12:41:06 +0000] "GET /wp-login.php HTTP/1.1" 403 1095 "-" "Mozilla/5.0 (Windows NT 6.1; WOW64; Trident/7.0; ATT-IE11; rv:11.0) like Gecko"
162.241.219.107 - - [28/Mar/2026:12:41:08 +0000] "POST /wp-login.php HTTP/1.1" 403 1095 "https://autozone.com.sa/wp-login.php" "Mozilla/5.0 (Windows NT 6.1; WOW64; Trident/7.0; ATT-IE11; rv:11.0) like Gecko"
172.105.42.26 - - [28/Mar/2026:12:41:22 +0000] "POST /wp-cron.php?doing_wp_cron=1774701682.5524361133575439453125 HTTP/1.1" 200 20 "-" "WordPress/6.9.4; https://autozone.com.sa"
74.7.241.33 - - [28/Mar/2026:12:41:21 +0000] "GET /?p=2105 HTTP/1.1" 301 20 "https://web1.autozone.com.sa" "Mozilla/5.0 AppleWebKit/537.36 (KHTML, like Gecko; compatible; GPTBot/1.3; +https://openai.com/gptbot)"
74.7.241.33 - - [28/Mar/2026:12:41:22 +0000] "GET /product/changan-uni-k-elite-2025/ HTTP/1.1" 200 129719 "https://autozone.com.sa/?p=2105" "Mozilla/5.0 AppleWebKit/537.36 (KHTML, like Gecko; compatible; GPTBot/1.3; +https://openai.com/gptbot)"
74.7.241.33 - - [28/Mar/2026:12:42:06 +0000] "GET /?p=3658 HTTP/1.1" 301 20 "https://web1.autozone.com.sa" "Mozilla/5.0 AppleWebKit/537.36 (KHTML, like Gecko; compatible; GPTBot/1.3; +https://openai.com/gptbot)"
74.7.241.33 - - [28/Mar/2026:12:42:07 +0000] "GET /product/honda-city-2023/ HTTP/1.1" 200 129852 "https://autozone.com.sa/?p=3658" "Mozilla/5.0 AppleWebKit/537.36 (KHTML, like Gecko; compatible; GPTBot/1.3; +https://openai.com/gptbot)"
172.105.42.26 - - [28/Mar/2026:12:42:24 +0000] "POST /wp-cron.php?doing_wp_cron=1774701744.1080179214477539062500 HTTP/1.1" 200 20 "-" "WordPress/6.9.4; https://autozone.com.sa/en/"
157.38.5.42 - - [28/Mar/2026:12:42:20 +0000] "GET /en/ HTTP/1.1" 200 94234 "-" "Mozilla/5.0 (compatible; MSIE 5.0; Windows NT 5.2; Trident/5.0)"
172.105.42.26 - - [28/Mar/2026:12:42:49 +0000] "POST /wp-cron.php?doing_wp_cron=1774701769.6019630432128906250000 HTTP/1.1" 200 20 "-" "WordPress/6.9.4; https://autozone.com.sa"
74.7.241.33 - - [28/Mar/2026:12:42:48 +0000] "GET /?p=2103 HTTP/1.1" 301 20 "https://web1.autozone.com.sa" "Mozilla/5.0 AppleWebKit/537.36 (KHTML, like Gecko; compatible; GPTBot/1.3; +https://openai.com/gptbot)"
74.7.241.33 - - [28/Mar/2026:12:42:50 +0000] "GET /product/changan-eado-plus-trend-2025/ HTTP/1.1" 200 128472 "https://autozone.com.sa/?p=2103" "Mozilla/5.0 AppleWebKit/537.36 (KHTML, like Gecko; compatible; GPTBot/1.3; +https://openai.com/gptbot)"
40.77.167.77 - - [28/Mar/2026:12:43:15 +0000] "GET /wp-content/uploads/2026/02/special-offer-600x432.jpg HTTP/1.1" 200 53297 "-" "Mozilla/5.0 AppleWebKit/537.36 (KHTML, like Gecko; compatible; bingbot/2.0; +http://www.bing.com/bingbot.htm) Chrome/116.0.1938.76 Safari/537.36"
172.105.42.26 - - [28/Mar/2026:12:43:26 +0000] "POST /wp-cron.php?doing_wp_cron=1774701806.8526470661163330078125 HTTP/1.1" 200 20 "-" "WordPress/6.9.4; https://autozone.com.sa"
74.7.241.33 - - [28/Mar/2026:12:43:25 +0000] "GET /?p=3069 HTTP/1.1" 301 20 "http://web1.autozone.com.sa" "Mozilla/5.0 AppleWebKit/537.36 (KHTML, like Gecko; compatible; GPTBot/1.3; +https://openai.com/gptbot)"
74.7.241.33 - - [28/Mar/2026:12:43:27 +0000] "GET /product/changan-cs95-black-edition-2025/ HTTP/1.1" 200 129525 "https://autozone.com.sa/?p=3069" "Mozilla/5.0 AppleWebKit/537.36 (KHTML, like Gecko; compatible; GPTBot/1.3; +https://openai.com/gptbot)"
172.105.42.26 - - [28/Mar/2026:12:43:43 +0000] "POST /wp-cron.php?doing_wp_cron=1774701823.9525649547576904296875 HTTP/1.1" 200 20 "-" "WordPress/6.9.4; https://autozone.com.sa"
2.189.5.218 - - [28/Mar/2026:12:43:39 +0000] "GET / HTTP/1.1" 200 163874 "-" "Mozilla/5.0 (iPhone14,3; U; CPU iPhone OS 15_0 like Mac OS X) AppleWebKit/602.1.50 (KHTML, like Gecko) Version/10.0 Mobile/19A346 Safari/602.1"
74.7.241.33 - - [28/Mar/2026:12:43:57 +0000] "GET /?p=3313 HTTP/1.1" 301 20 "http://web1.autozone.com.sa" "Mozilla/5.0 AppleWebKit/537.36 (KHTML, like Gecko; compatible; GPTBot/1.3; +https://openai.com/gptbot)"
74.7.241.33 - - [28/Mar/2026:12:43:59 +0000] "GET /product/jetour-dashing-2025/ HTTP/1.1" 200 130786 "https://autozone.com.sa/?p=3313" "Mozilla/5.0 AppleWebKit/537.36 (KHTML, like Gecko; compatible; GPTBot/1.3; +https://openai.com/gptbot)"
2a05:d014:1815:3400:9779:d8e9:100a:9642 - - [28/Mar/2026:12:44:12 +0000] "HEAD / HTTP/1.1" 200 - "https://autozone.com.sa/" "Mozilla/5.0+(compatible; UptimeRobot/2.0; http://www.uptimerobot.com/)"
172.105.42.26 - - [28/Mar/2026:12:44:27 +0000] "POST /wp-cron.php?doing_wp_cron=1774701867.5775349140167236328125 HTTP/1.1" 200 20 "-" "WordPress/6.9.4; https://autozone.com.sa"
74.7.241.33 - - [28/Mar/2026:12:44:26 +0000] "GET /?p=3355 HTTP/1.1" 301 20 "http://web1.autozone.com.sa" "Mozilla/5.0 AppleWebKit/537.36 (KHTML, like Gecko; compatible; GPTBot/1.3; +https://openai.com/gptbot)"
74.7.241.33 - - [28/Mar/2026:12:44:27 +0000] "GET /product/jetour-t2-2025/ HTTP/1.1" 200 130732 "https://autozone.com.sa/?p=3355" "Mozilla/5.0 AppleWebKit/537.36 (KHTML, like Gecko; compatible; GPTBot/1.3; +https://openai.com/gptbot)"
172.105.42.26 - - [28/Mar/2026:12:44:56 +0000] "POST /wp-cron.php?doing_wp_cron=1774701895.7067530155181884765625 HTTP/1.1" 200 20 "-" "WordPress/6.9.4; https://autozone.com.sa"
74.7.241.33 - - [28/Mar/2026:12:44:54 +0000] "GET /?p=1844 HTTP/1.1" 301 20 "http://web1.autozone.com.sa" "Mozilla/5.0 AppleWebKit/537.36 (KHTML, like Gecko; compatible; GPTBot/1.3; +https://openai.com/gptbot)"
74.7.241.33 - - [28/Mar/2026:12:44:56 +0000] "GET /product/haval-jolion-pro-active-plus-2025/ HTTP/1.1" 200 71758 "https://autozone.com.sa/?p=1844" "Mozilla/5.0 AppleWebKit/537.36 (KHTML, like Gecko; compatible; GPTBot/1.3; +https://openai.com/gptbot)"
116.118.2.113 - - [28/Mar/2026:12:45:09 +0000] "GET /wp-login.php HTTP/1.1" 403 1091 "-" "Mozilla/5.0 (Windows NT 6.1; Win64; x64) AppleWebKit/537.36 (KHTML, like Gecko) Chrome/52.0.2743.116 Safari/537.36 Edge/15.15063"
116.118.2.113 - - [28/Mar/2026:12:45:14 +0000] "POST /wp-login.php HTTP/1.1" 403 1091 "https://autozone.com.sa/wp-login.php" "Mozilla/5.0 (Windows NT 6.1; Win64; x64) AppleWebKit/537.36 (KHTML, like Gecko) Chrome/52.0.2743.116 Safari/537.36 Edge/15.15063"
74.7.241.33 - - [28/Mar/2026:12:45:18 +0000] "GET /?p=3211 HTTP/1.1" 301 20 "https://web1.autozone.com.sa" "Mozilla/5.0 AppleWebKit/537.36 (KHTML, like Gecko; compatible; GPTBot/1.3; +https://openai.com/gptbot)"
74.7.241.33 - - [28/Mar/2026:12:45:19 +0000] "GET /product/hyundai-sonata-2025/ HTTP/1.1" 200 130819 "https://autozone.com.sa/?p=3211" "Mozilla/5.0 AppleWebKit/537.36 (KHTML, like Gecko; compatible; GPTBot/1.3; +https://openai.com/gptbot)"
74.7.241.33 - - [28/Mar/2026:12:45:40 +0000] "GET /?p=2977 HTTP/1.1" 301 20 "http://web1.autozone.com.sa" "Mozilla/5.0 AppleWebKit/537.36 (KHTML, like Gecko; compatible; GPTBot/1.3; +https://openai.com/gptbot)"
172.105.42.26 - - [28/Mar/2026:12:45:45 +0000] "POST /wp-cron.php?doing_wp_cron=1774701945.7683470249176025390625 HTTP/1.1" 200 20 "-" "WordPress/6.9.4; https://autozone.com.sa"
74.7.241.33 - - [28/Mar/2026:12:45:42 +0000] "GET /product/2025-ford-everest-limited-4x4/ HTTP/1.1" 200 70765 "https://autozone.com.sa/?p=2977" "Mozilla/5.0 AppleWebKit/537.36 (KHTML, like Gecko; compatible; GPTBot/1.3; +https://openai.com/gptbot)"
74.7.241.33 - - [28/Mar/2026:12:46:01 +0000] "GET /?p=1123 HTTP/1.1" 301 20 "https://web1.autozone.com.sa" "Mozilla/5.0 AppleWebKit/537.36 (KHTML, like Gecko; compatible; GPTBot/1.3; +https://openai.com/gptbot)"
74.7.241.33 - - [28/Mar/2026:12:46:02 +0000] "GET /financial-calculator/ HTTP/1.1" 200 117103 "https://autozone.com.sa/?p=1123" "Mozilla/5.0 AppleWebKit/537.36 (KHTML, like Gecko; compatible; GPTBot/1.3; +https://openai.com/gptbot)"
2a03:2880:32ff:73:: - - [28/Mar/2026:12:46:14 +0000] "GET /wp-content/plugins/all-in-one-seo-pack-pro/images/default-user-image.png HTTP/1.1" 404 30941 "-" "facebookexternalhit/1.1 (+http://www.facebook.com/externalhit_uatext.php)"
74.7.241.33 - - [28/Mar/2026:12:46:19 +0000] "GET /?p=3886 HTTP/1.1" 301 20 "https://web1.autozone.com.sa" "Mozilla/5.0 AppleWebKit/537.36 (KHTML, like Gecko; compatible; GPTBot/1.3; +https://openai.com/gptbot)"
172.105.42.26 - - [28/Mar/2026:12:46:23 +0000] "POST /wp-cron.php?doing_wp_cron=1774701983.9237079620361328125000 HTTP/1.1" 200 20 "-" "WordPress/6.9.4; https://autozone.com.sa"
74.7.241.33 - - [28/Mar/2026:12:46:20 +0000] "GET /product/jetour-t1-2025/ HTTP/1.1" 200 130244 "https://autozone.com.sa/?p=3886" "Mozilla/5.0 AppleWebKit/537.36 (KHTML, like Gecko; compatible; GPTBot/1.3; +https://openai.com/gptbot)"
74.7.241.33 - - [28/Mar/2026:12:46:34 +0000] "GET /?p=2116 HTTP/1.1" 301 20 "https://web1.autozone.com.sa" "Mozilla/5.0 AppleWebKit/537.36 (KHTML, like Gecko; compatible; GPTBot/1.3; +https://openai.com/gptbot)"
74.7.241.33 - - [28/Mar/2026:12:46:36 +0000] "GET /product/chery-arrizo-5-comfort-2025/ HTTP/1.1" 200 128665 "https://autozone.com.sa/?p=2116" "Mozilla/5.0 AppleWebKit/537.36 (KHTML, like Gecko; compatible; GPTBot/1.3; +https://openai.com/gptbot)"
172.105.42.26 - - [28/Mar/2026:12:46:46 +0000] "POST /wp-cron.php?doing_wp_cron=1774702006.0401759147644042968750 HTTP/1.1" 200 20 "-" "WordPress/6.9.4; https://autozone.com.sa"
2a03:2880:f802:41:: - - [28/Mar/2026:12:46:43 +0000] "GET /model/toyota-corolla-xli-executive-2-0l-2wd-petrol-a-t-2025/ HTTP/1.1" 200 61505 "-" "meta-externalagent/1.1 (+https://developers.facebook.com/docs/sharing/webmasters/crawler)"
74.7.241.33 - - [28/Mar/2026:12:46:49 +0000] "GET /?p=3111 HTTP/1.1" 301 20 "http://web1.autozone.com.sa" "Mozilla/5.0 AppleWebKit/537.36 (KHTML, like Gecko; compatible; GPTBot/1.3; +https://openai.com/gptbot)"
74.7.241.33 - - [28/Mar/2026:12:46:51 +0000] "GET /product/geely-emgrand-2024/ HTTP/1.1" 200 69050 "https://autozone.com.sa/?p=3111" "Mozilla/5.0 AppleWebKit/537.36 (KHTML, like Gecko; compatible; GPTBot/1.3; +https://openai.com/gptbot)"
74.7.241.33 - - [28/Mar/2026:12:47:02 +0000] "GET /?p=787 HTTP/1.1" 301 20 "https://web1.autozone.com.sa" "Mozilla/5.0 AppleWebKit/537.36 (KHTML, like Gecko; compatible; GPTBot/1.3; +https://openai.com/gptbot)"
74.7.241.33 - - [28/Mar/2026:12:47:03 +0000] "GET /our-offers/ HTTP/1.1" 200 113286 "https://autozone.com.sa/?p=787" "Mozilla/5.0 AppleWebKit/537.36 (KHTML, like Gecko; compatible; GPTBot/1.3; +https://openai.com/gptbot)"
74.7.241.33 - - [28/Mar/2026:12:47:15 +0000] "GET /wp-content/uploads/2025/07/BGC_5039-300x235.webp HTTP/1.1" 200 7173 "http://web1.autozone.com.sa" "Mozilla/5.0 AppleWebKit/537.36 (KHTML, like Gecko; compatible; GPTBot/1.3; +https://openai.com/gptbot)"
74.7.241.33 - - [28/Mar/2026:12:47:25 +0000] "GET /wp-content/uploads/2025/07/BGC_5096-300x200.webp HTTP/1.1" 200 4071 "http://web1.autozone.com.sa" "Mozilla/5.0 AppleWebKit/537.36 (KHTML, like Gecko; compatible; GPTBot/1.3; +https://openai.com/gptbot)"
74.7.241.33 - - [28/Mar/2026:12:47:34 +0000] "GET /wp-content/uploads/2025/07/BGC_5102-300x233.webp HTTP/1.1" 200 4545 "http://web1.autozone.com.sa" "Mozilla/5.0 AppleWebKit/537.36 (KHTML, like Gecko; compatible; GPTBot/1.3; +https://openai.com/gptbot)"
172.105.42.26 - - [28/Mar/2026:12:47:52 +0000] "POST /wp-cron.php?doing_wp_cron=1774702072.6930410861968994140625 HTTP/1.1" 200 20 "-" "WordPress/6.9.4; https://autozone.com.sa"
74.7.241.33 - - [28/Mar/2026:12:47:51 +0000] "GET /wp-json/oembed/1.0/embed?url=https%3A%2F%2Fautozone.com.sa%2Fproduct%2Fford-taurus-2025%2F HTTP/1.1" 200 1558 "https://autozone.com.sa/?p=3027" "Mozilla/5.0 AppleWebKit/537.36 (KHTML, like Gecko; compatible; GPTBot/1.3; +https://openai.com/gptbot)"
74.7.241.33 - - [28/Mar/2026:12:47:58 +0000] "GET /engine-capacity/2-3l-ar/ HTTP/1.1" 200 61568 "https://autozone.com.sa/?p=2977" "Mozilla/5.0 AppleWebKit/537.36 (KHTML, like Gecko; compatible; GPTBot/1.3; +https://openai.com/gptbot)"
74.7.241.33 - - [28/Mar/2026:12:48:04 +0000] "GET /wp-content/uploads/cache/wpml/twig/75/75e470cd7ed8d1c8d0aa9a2e7a60d545179eb9ffc5b21b49591aab8aa1502264.php HTTP/1.1" 500 20 "https://autozone.com.sa/wp-content/uploads/cache/wpml/twig/75/" "Mozilla/5.0 AppleWebKit/537.36 (KHTML, like Gecko; compatible; GPTBot/1.3; +https://openai.com/gptbot)"
74.7.241.33 - - [28/Mar/2026:12:48:10 +0000] "GET /wp-content/uploads/cache/wpml/twig/e4/e4d7163162cf1184a9db2ff8f0761eb75070f05a0cd7e97de174e297eaf6fb48.php HTTP/1.1" 500 20 "https://autozone.com.sa/wp-content/uploads/cache/wpml/twig/e4/" "Mozilla/5.0 AppleWebKit/537.36 (KHTML, like Gecko; compatible; GPTBot/1.3; +https://openai.com/gptbot)"
