2a02:cb80:420a:1c3e:cbd4:f87e:74c6:9fa9 - - [28/Mar/2026:14:32:09 +0000] "GET /shop/ HTTP/1.1" 200 148556 "https://autozone.com.sa/shop/" "Mozilla/5.0 (Linux; Android 10; K) AppleWebKit/537.36 (KHTML, like Gecko) SamsungBrowser/29.0 Chrome/136.0.0.0 Mobile Safari/537.36"
2a02:cb80:420a:1c3e:cbd4:f87e:74c6:9fa9 - - [28/Mar/2026:14:32:13 +0000] "GET /wp-content/uploads/2026/01/BGC_5738-copy-20-scaled.webp HTTP/1.1" 200 66270 "https://autozone.com.sa/shop/" "Mozilla/5.0 (Linux; Android 10; K) AppleWebKit/537.36 (KHTML, like Gecko) SamsungBrowser/29.0 Chrome/136.0.0.0 Mobile Safari/537.36"
2a02:cb80:420a:1c3e:cbd4:f87e:74c6:9fa9 - - [28/Mar/2026:14:32:13 +0000] "GET /wp-content/uploads/2026/01/BGC_5738-copy-19-scaled.webp HTTP/1.1" 200 83365 "https://autozone.com.sa/shop/" "Mozilla/5.0 (Linux; Android 10; K) AppleWebKit/537.36 (KHTML, like Gecko) SamsungBrowser/29.0 Chrome/136.0.0.0 Mobile Safari/537.36"
2a02:cb80:420a:1c3e:cbd4:f87e:74c6:9fa9 - - [28/Mar/2026:14:32:15 +0000] "POST /?wc-ajax=get_refreshed_fragments HTTP/1.1" 200 999 "https://autozone.com.sa/shop/" "Mozilla/5.0 (Linux; Android 10; K) AppleWebKit/537.36 (KHTML, like Gecko) SamsungBrowser/29.0 Chrome/136.0.0.0 Mobile Safari/537.36"
2a02:cb80:420a:1c3e:cbd4:f87e:74c6:9fa9 - - [28/Mar/2026:14:32:15 +0000] "POST /wp-json/iawp/search HTTP/1.1" 200 36 "https://autozone.com.sa/shop/" "Mozilla/5.0 (Linux; Android 10; K) AppleWebKit/537.36 (KHTML, like Gecko) SamsungBrowser/29.0 Chrome/136.0.0.0 Mobile Safari/537.36"
2001:16a2:7636:2d00:c844:6a28:c07d:50c8 - - [28/Mar/2026:14:32:13 +0000] "GET /shop/ HTTP/1.1" 200 148556 "https://autozone.com.sa/offers/from-eid-to-eid-non-stop-deals-changan-cs35-with-no-tax/" "Mozilla/5.0 (Macintosh; Intel Mac OS X 10_15_7) AppleWebKit/605.1.15 (KHTML, like Gecko) Version/26.3 Safari/605.1.15"
2001:16a2:7636:2d00:c844:6a28:c07d:50c8 - - [28/Mar/2026:14:32:17 +0000] "GET /wp-content/uploads/al_opt_content/IMAGE/autozone.com.sa/wp-content/uploads/2025/04/1-2.webp?bv_host=autozone.com.sa&bv-resized-infos=bv_resized_mobile%3A480%2A320%3Bbv_resized_ipad%3A820%2A547%3Bbv_resized_desktop%3A1024%2A683 HTTP/1.1" 200 29185 "https://autozone.com.sa/shop/" "Mozilla/5.0 (Macintosh; Intel Mac OS X 10_15_7) AppleWebKit/605.1.15 (KHTML, like Gecko) Version/26.3 Safari/605.1.15"
2001:16a2:7636:2d00:c844:6a28:c07d:50c8 - - [28/Mar/2026:14:32:19 +0000] "GET /wp-content/uploads/al_opt_content/IMAGE/autozone.com.sa/wp-content/uploads/2025/04/5ab580db-7ad2-43dc-88ee-822f148558b3-scaled.png?bv_host=autozone.com.sa&bv-resized-infos=bv_resized_mobile%3A480%2A320%3Bbv_resized_ipad%3A820%2A546%3Bbv_resized_desktop%3A1536%2A1024 HTTP/1.1" 304 - "https://autozone.com.sa/shop/" "Mozilla/5.0 (Macintosh; Intel Mac OS X 10_15_7) AppleWebKit/605.1.15 (KHTML, like Gecko) Version/26.3 Safari/605.1.15"
2001:16a2:7636:2d00:c844:6a28:c07d:50c8 - - [28/Mar/2026:14:32:18 +0000] "POST /?wc-ajax=get_refreshed_fragments HTTP/1.1" 200 999 "https://autozone.com.sa/shop/" "Mozilla/5.0 (Macintosh; Intel Mac OS X 10_15_7) AppleWebKit/605.1.15 (KHTML, like Gecko) Version/26.3 Safari/605.1.15"
2001:16a2:7636:2d00:c844:6a28:c07d:50c8 - - [28/Mar/2026:14:32:18 +0000] "POST /wp-json/iawp/search HTTP/1.1" 200 36 "https://autozone.com.sa/shop/" "Mozilla/5.0 (Macintosh; Intel Mac OS X 10_15_7) AppleWebKit/605.1.15 (KHTML, like Gecko) Version/26.3 Safari/605.1.15"
2a02:cb80:420a:1c3e:cbd4:f87e:74c6:9fa9 - - [28/Mar/2026:14:32:18 +0000] "GET /shop/ HTTP/1.1" 200 148555 "https://autozone.com.sa/shop/" "Mozilla/5.0 (Linux; Android 10; K) AppleWebKit/537.36 (KHTML, like Gecko) SamsungBrowser/29.0 Chrome/136.0.0.0 Mobile Safari/537.36"
2001:16a2:7636:2d00:c844:6a28:c07d:50c8 - - [28/Mar/2026:14:32:24 +0000] "GET /wp-content/uploads/al_opt_content/IMAGE/autozone.com.sa/wp-content/uploads/2025/07/BGC_1405-scaled.webp?bv_host=autozone.com.sa&bv-resized-infos=bv_resized_mobile%3A480%2A320%3Bbv_resized_ipad%3A820%2A547%3Bbv_resized_desktop%3A1536%2A1024 HTTP/1.1" 200 189049 "https://autozone.com.sa/shop/" "Mozilla/5.0 (Macintosh; Intel Mac OS X 10_15_7) AppleWebKit/605.1.15 (KHTML, like Gecko) Version/26.3 Safari/605.1.15"
2a02:cb80:420a:1c3e:cbd4:f87e:74c6:9fa9 - - [28/Mar/2026:14:32:20 +0000] "POST /wp-admin/admin-ajax.php HTTP/1.1" 200 13088 "https://autozone.com.sa/shop/" "Mozilla/5.0 (Linux; Android 10; K) AppleWebKit/537.36 (KHTML, like Gecko) SamsungBrowser/29.0 Chrome/136.0.0.0 Mobile Safari/537.36"
2a02:cb80:420a:1c3e:cbd4:f87e:74c6:9fa9 - - [28/Mar/2026:14:32:21 +0000] "POST /wp-admin/admin-ajax.php HTTP/1.1" 200 13102 "https://autozone.com.sa/shop/" "Mozilla/5.0 (Linux; Android 10; K) AppleWebKit/537.36 (KHTML, like Gecko) SamsungBrowser/29.0 Chrome/136.0.0.0 Mobile Safari/537.36"
2a02:cb80:420a:1c3e:cbd4:f87e:74c6:9fa9 - - [28/Mar/2026:14:32:22 +0000] "POST /wp-admin/admin-ajax.php HTTP/1.1" 200 12964 "https://autozone.com.sa/shop/" "Mozilla/5.0 (Linux; Android 10; K) AppleWebKit/537.36 (KHTML, like Gecko) SamsungBrowser/29.0 Chrome/136.0.0.0 Mobile Safari/537.36"
2001:16a2:7636:2d00:c844:6a28:c07d:50c8 - - [28/Mar/2026:14:32:27 +0000] "GET /wp-content/uploads/al_opt_content/IMAGE/autozone.com.sa/wp-content/uploads/2025/07/BGC_6492-scaled.webp?bv_host=autozone.com.sa&bv-resized-infos=bv_resized_mobile%3A480%2A320%3Bbv_resized_ipad%3A820%2A547%3Bbv_resized_desktop%3A1536%2A1024 HTTP/1.1" 200 187723 "https://autozone.com.sa/shop/" "Mozilla/5.0 (Macintosh; Intel Mac OS X 10_15_7) AppleWebKit/605.1.15 (KHTML, like Gecko) Version/26.3 Safari/605.1.15"
2001:16a2:7636:2d00:c844:6a28:c07d:50c8 - - [28/Mar/2026:14:32:27 +0000] "GET /wp-content/uploads/al_opt_content/IMAGE/autozone.com.sa/wp-content/uploads/2025/07/BGC_6099-1-scaled.webp?bv_host=autozone.com.sa&bv-resized-infos=bv_resized_mobile%3A480%2A320%3Bbv_resized_ipad%3A820%2A547%3Bbv_resized_desktop%3A1536%2A1024 HTTP/1.1" 200 187661 "https://autozone.com.sa/shop/" "Mozilla/5.0 (Macintosh; Intel Mac OS X 10_15_7) AppleWebKit/605.1.15 (KHTML, like Gecko) Version/26.3 Safari/605.1.15"
74.7.241.33 - - [28/Mar/2026:14:32:31 +0000] "GET /wp-content/uploads/cache/wpml/twig/4d/4d0cded22a5910dc49e0876af15f0a174532d7f17ac420b3bbfb8609f79f1b97.php HTTP/1.1" 500 20 "https://autozone.com.sa/wp-content/uploads/cache/wpml/twig/4d/" "Mozilla/5.0 AppleWebKit/537.36 (KHTML, like Gecko; compatible; GPTBot/1.3; +https://openai.com/gptbot)"
2a02:cb80:420a:1c3e:cbd4:f87e:74c6:9fa9 - - [28/Mar/2026:14:32:28 +0000] "GET /product/changan-uni-s-elite-2025/ HTTP/1.1" 200 129264 "https://autozone.com.sa/shop/" "Mozilla/5.0 (Linux; Android 10; K) AppleWebKit/537.36 (KHTML, like Gecko) SamsungBrowser/29.0 Chrome/136.0.0.0 Mobile Safari/537.36"
2001:16a2:7636:2d00:c844:6a28:c07d:50c8 - - [28/Mar/2026:14:32:36 +0000] "GET /wp-content/uploads/al_opt_content/IMAGE/autozone.com.sa/wp-content/uploads/2025/07/BGC_6000-scaled.webp?bv_host=autozone.com.sa&bv-resized-infos=bv_resized_mobile%3A480%2A320%3Bbv_resized_ipad%3A820%2A547%3Bbv_resized_desktop%3A1536%2A1024 HTTP/1.1" 200 208571 "https://autozone.com.sa/shop/" "Mozilla/5.0 (Macintosh; Intel Mac OS X 10_15_7) AppleWebKit/605.1.15 (KHTML, like Gecko) Version/26.3 Safari/605.1.15"
2001:16a2:7636:2d00:c844:6a28:c07d:50c8 - - [28/Mar/2026:14:32:37 +0000] "GET /wp-content/uploads/al_opt_content/IMAGE/autozone.com.sa/wp-content/uploads/2025/04/6BGC_0008-scaled-copy.webp?bv_host=autozone.com.sa&bv-resized-infos=bv_resized_mobile%3A480%2A320%3Bbv_resized_ipad%3A820%2A547%3Bbv_resized_desktop%3A1536%2A1024 HTTP/1.1" 200 1199869 "https://autozone.com.sa/shop/" "Mozilla/5.0 (Macintosh; Intel Mac OS X 10_15_7) AppleWebKit/605.1.15 (KHTML, like Gecko) Version/26.3 Safari/605.1.15"
2001:16a2:7636:2d00:c844:6a28:c07d:50c8 - - [28/Mar/2026:14:32:42 +0000] "GET /wp-content/uploads/al_opt_content/IMAGE/autozone.com.sa/wp-content/uploads/2025/07/BGC_6880-scaled.webp?bv_host=autozone.com.sa&bv-resized-infos=bv_resized_mobile%3A480%2A320%3Bbv_resized_ipad%3A820%2A547%3Bbv_resized_desktop%3A1536%2A1024 HTTP/1.1" 200 228998 "https://autozone.com.sa/shop/" "Mozilla/5.0 (Macintosh; Intel Mac OS X 10_15_7) AppleWebKit/605.1.15 (KHTML, like Gecko) Version/26.3 Safari/605.1.15"
2001:16a2:7636:2d00:c844:6a28:c07d:50c8 - - [28/Mar/2026:14:32:43 +0000] "GET /wp-content/uploads/al_opt_content/IMAGE/autozone.com.sa/wp-content/uploads/2026/01/BGC_5738-copy-4-scaled.webp?bv_host=autozone.com.sa&bv-resized-infos=bv_resized_mobile%3A480%2A320%3Bbv_resized_ipad%3A820%2A547%3Bbv_resized_desktop%3A1536%2A1024 HTTP/1.1" 200 88862 "https://autozone.com.sa/shop/" "Mozilla/5.0 (Macintosh; Intel Mac OS X 10_15_7) AppleWebKit/605.1.15 (KHTML, like Gecko) Version/26.3 Safari/605.1.15"
2001:16a2:7636:2d00:c844:6a28:c07d:50c8 - - [28/Mar/2026:14:32:43 +0000] "GET /wp-content/uploads/al_opt_content/IMAGE/autozone.com.sa/wp-content/uploads/2026/01/BGC_5738-copy-21-scaled.webp?bv_host=autozone.com.sa&bv-resized-infos=bv_resized_mobile%3A480%2A320%3Bbv_resized_ipad%3A820%2A547%3Bbv_resized_desktop%3A1536%2A1024 HTTP/1.1" 200 102618 "https://autozone.com.sa/shop/" "Mozilla/5.0 (Macintosh; Intel Mac OS X 10_15_7) AppleWebKit/605.1.15 (KHTML, like Gecko) Version/26.3 Safari/605.1.15"
2a02:cb80:420a:1c3e:cbd4:f87e:74c6:9fa9 - - [28/Mar/2026:14:32:46 +0000] "GET /product/tank-300-conqueror-2025/ HTTP/1.1" 200 130580 "https://autozone.com.sa/shop/" "Mozilla/5.0 (Linux; Android 10; K) AppleWebKit/537.36 (KHTML, like Gecko) SamsungBrowser/29.0 Chrome/136.0.0.0 Mobile Safari/537.36"
2a02:cb80:420a:1c3e:cbd4:f87e:74c6:9fa9 - - [28/Mar/2026:14:32:51 +0000] "GET /product/toyota-urban-cruiser-2025/ HTTP/1.1" 200 129985 "https://autozone.com.sa/shop/" "Mozilla/5.0 (Linux; Android 10; K) AppleWebKit/537.36 (KHTML, like Gecko) SamsungBrowser/29.0 Chrome/136.0.0.0 Mobile Safari/537.36"
2a02:cb80:420a:1c3e:cbd4:f87e:74c6:9fa9 - - [28/Mar/2026:14:32:55 +0000] "GET /product/4416/ HTTP/1.1" 200 129606 "https://autozone.com.sa/shop/" "Mozilla/5.0 (Linux; Android 10; K) AppleWebKit/537.36 (KHTML, like Gecko) SamsungBrowser/29.0 Chrome/136.0.0.0 Mobile Safari/537.36"
2001:16a2:7636:2d00:c844:6a28:c07d:50c8 - - [28/Mar/2026:14:32:57 +0000] "GET /product/toyota-veloz-2025/ HTTP/1.1" 200 129611 "https://autozone.com.sa/shop/" "Mozilla/5.0 (Macintosh; Intel Mac OS X 10_15_7) AppleWebKit/605.1.15 (KHTML, like Gecko) Version/26.3 Safari/605.1.15"
2001:16a2:7636:2d00:c844:6a28:c07d:50c8 - - [28/Mar/2026:14:33:01 +0000] "GET /wp-content/uploads/2025/07/BGC_6880-1536x1024.webp HTTP/1.1" 200 121804 "https://autozone.com.sa/product/toyota-veloz-2025/" "Mozilla/5.0 (Macintosh; Intel Mac OS X 10_15_7) AppleWebKit/605.1.15 (KHTML, like Gecko) Version/26.3 Safari/605.1.15"
2001:16a2:7636:2d00:c844:6a28:c07d:50c8 - - [28/Mar/2026:14:33:01 +0000] "GET /wp-content/uploads/2025/07/BGC_6888-150x150.webp HTTP/1.1" 200 5367 "https://autozone.com.sa/product/toyota-veloz-2025/" "Mozilla/5.0 (Macintosh; Intel Mac OS X 10_15_7) AppleWebKit/605.1.15 (KHTML, like Gecko) Version/26.3 Safari/605.1.15"
2001:16a2:7636:2d00:c844:6a28:c07d:50c8 - - [28/Mar/2026:14:33:01 +0000] "GET /wp-content/uploads/2025/07/BGC_6883-150x150.webp HTTP/1.1" 200 4807 "https://autozone.com.sa/product/toyota-veloz-2025/" "Mozilla/5.0 (Macintosh; Intel Mac OS X 10_15_7) AppleWebKit/605.1.15 (KHTML, like Gecko) Version/26.3 Safari/605.1.15"
2001:16a2:7636:2d00:c844:6a28:c07d:50c8 - - [28/Mar/2026:14:33:01 +0000] "GET /wp-content/uploads/2025/07/BGC_6899-150x150.webp HTTP/1.1" 200 4159 "https://autozone.com.sa/product/toyota-veloz-2025/" "Mozilla/5.0 (Macintosh; Intel Mac OS X 10_15_7) AppleWebKit/605.1.15 (KHTML, like Gecko) Version/26.3 Safari/605.1.15"
2001:16a2:7636:2d00:c844:6a28:c07d:50c8 - - [28/Mar/2026:14:33:02 +0000] "GET /wp-content/uploads/2025/07/BGC_6930-150x150.webp HTTP/1.1" 200 4024 "https://autozone.com.sa/product/toyota-veloz-2025/" "Mozilla/5.0 (Macintosh; Intel Mac OS X 10_15_7) AppleWebKit/605.1.15 (KHTML, like Gecko) Version/26.3 Safari/605.1.15"
2001:16a2:7636:2d00:c844:6a28:c07d:50c8 - - [28/Mar/2026:14:33:02 +0000] "GET /wp-content/uploads/2025/07/BGC_6921-150x150.webp HTTP/1.1" 200 4140 "https://autozone.com.sa/product/toyota-veloz-2025/" "Mozilla/5.0 (Macintosh; Intel Mac OS X 10_15_7) AppleWebKit/605.1.15 (KHTML, like Gecko) Version/26.3 Safari/605.1.15"
2001:16a2:7636:2d00:c844:6a28:c07d:50c8 - - [28/Mar/2026:14:33:02 +0000] "GET /wp-content/uploads/2025/07/BGC_6901-150x150.webp HTTP/1.1" 200 4185 "https://autozone.com.sa/product/toyota-veloz-2025/" "Mozilla/5.0 (Macintosh; Intel Mac OS X 10_15_7) AppleWebKit/605.1.15 (KHTML, like Gecko) Version/26.3 Safari/605.1.15"
2001:16a2:7636:2d00:c844:6a28:c07d:50c8 - - [28/Mar/2026:14:33:02 +0000] "GET /wp-content/uploads/2025/07/BGC_6919-150x150.webp HTTP/1.1" 200 5284 "https://autozone.com.sa/product/toyota-veloz-2025/" "Mozilla/5.0 (Macintosh; Intel Mac OS X 10_15_7) AppleWebKit/605.1.15 (KHTML, like Gecko) Version/26.3 Safari/605.1.15"
2001:16a2:7636:2d00:c844:6a28:c07d:50c8 - - [28/Mar/2026:14:33:02 +0000] "GET /wp-content/uploads/2025/07/BGC_6935-150x150.webp HTTP/1.1" 200 2117 "https://autozone.com.sa/product/toyota-veloz-2025/" "Mozilla/5.0 (Macintosh; Intel Mac OS X 10_15_7) AppleWebKit/605.1.15 (KHTML, like Gecko) Version/26.3 Safari/605.1.15"
2001:16a2:7636:2d00:c844:6a28:c07d:50c8 - - [28/Mar/2026:14:33:02 +0000] "GET /wp-content/uploads/2025/07/BGC_6962-150x150.webp HTTP/1.1" 200 3857 "https://autozone.com.sa/product/toyota-veloz-2025/" "Mozilla/5.0 (Macintosh; Intel Mac OS X 10_15_7) AppleWebKit/605.1.15 (KHTML, like Gecko) Version/26.3 Safari/605.1.15"
2001:16a2:7636:2d00:c844:6a28:c07d:50c8 - - [28/Mar/2026:14:33:02 +0000] "GET /wp-content/uploads/2025/07/BGC_6943-150x150.webp HTTP/1.1" 200 4615 "https://autozone.com.sa/product/toyota-veloz-2025/" "Mozilla/5.0 (Macintosh; Intel Mac OS X 10_15_7) AppleWebKit/605.1.15 (KHTML, like Gecko) Version/26.3 Safari/605.1.15"
2001:16a2:7636:2d00:c844:6a28:c07d:50c8 - - [28/Mar/2026:14:33:02 +0000] "GET /wp-content/uploads/2025/07/BGC_6952-150x150.webp HTTP/1.1" 200 5345 "https://autozone.com.sa/product/toyota-veloz-2025/" "Mozilla/5.0 (Macintosh; Intel Mac OS X 10_15_7) AppleWebKit/605.1.15 (KHTML, like Gecko) Version/26.3 Safari/605.1.15"
2001:16a2:7636:2d00:c844:6a28:c07d:50c8 - - [28/Mar/2026:14:33:02 +0000] "GET /wp-content/uploads/2025/07/BGC_6944-150x150.webp HTTP/1.1" 200 3610 "https://autozone.com.sa/product/toyota-veloz-2025/" "Mozilla/5.0 (Macintosh; Intel Mac OS X 10_15_7) AppleWebKit/605.1.15 (KHTML, like Gecko) Version/26.3 Safari/605.1.15"
2001:16a2:7636:2d00:c844:6a28:c07d:50c8 - - [28/Mar/2026:14:33:02 +0000] "GET /wp-content/uploads/2025/07/BGC_6903-150x150.webp HTTP/1.1" 200 4719 "https://autozone.com.sa/product/toyota-veloz-2025/" "Mozilla/5.0 (Macintosh; Intel Mac OS X 10_15_7) AppleWebKit/605.1.15 (KHTML, like Gecko) Version/26.3 Safari/605.1.15"
2001:16a2:7636:2d00:c844:6a28:c07d:50c8 - - [28/Mar/2026:14:33:02 +0000] "POST /?wc-ajax=get_variation_gallery HTTP/1.1" 200 532 "https://autozone.com.sa/product/toyota-veloz-2025/" "Mozilla/5.0 (Macintosh; Intel Mac OS X 10_15_7) AppleWebKit/605.1.15 (KHTML, like Gecko) Version/26.3 Safari/605.1.15"
2001:16a2:7636:2d00:c844:6a28:c07d:50c8 - - [28/Mar/2026:14:33:02 +0000] "POST /?wc-ajax=get_default_gallery HTTP/1.1" 200 425 "https://autozone.com.sa/product/toyota-veloz-2025/" "Mozilla/5.0 (Macintosh; Intel Mac OS X 10_15_7) AppleWebKit/605.1.15 (KHTML, like Gecko) Version/26.3 Safari/605.1.15"
2001:16a2:7636:2d00:c844:6a28:c07d:50c8 - - [28/Mar/2026:14:33:02 +0000] "POST /?wc-ajax=get_refreshed_fragments HTTP/1.1" 200 999 "https://autozone.com.sa/product/toyota-veloz-2025/" "Mozilla/5.0 (Macintosh; Intel Mac OS X 10_15_7) AppleWebKit/605.1.15 (KHTML, like Gecko) Version/26.3 Safari/605.1.15"
2001:16a2:7636:2d00:c844:6a28:c07d:50c8 - - [28/Mar/2026:14:33:03 +0000] "GET /wp-content/uploads/2025/07/BGC_6877-600x400.webp HTTP/1.1" 200 33135 "https://autozone.com.sa/product/toyota-veloz-2025/" "Mozilla/5.0 (Macintosh; Intel Mac OS X 10_15_7) AppleWebKit/605.1.15 (KHTML, like Gecko) Version/26.3 Safari/605.1.15"
2001:16a2:7636:2d00:c844:6a28:c07d:50c8 - - [28/Mar/2026:14:33:01 +0000] "POST /wp-json/iawp/search HTTP/1.1" 200 36 "https://autozone.com.sa/product/toyota-veloz-2025/" "Mozilla/5.0 (Macintosh; Intel Mac OS X 10_15_7) AppleWebKit/605.1.15 (KHTML, like Gecko) Version/26.3 Safari/605.1.15"
2001:16a2:7636:2d00:c844:6a28:c07d:50c8 - - [28/Mar/2026:14:33:03 +0000] "GET /wp-content/uploads/2025/07/BGC_6880-600x400.webp HTTP/1.1" 200 36304 "https://autozone.com.sa/product/toyota-veloz-2025/" "Mozilla/5.0 (Macintosh; Intel Mac OS X 10_15_7) AppleWebKit/605.1.15 (KHTML, like Gecko) Version/26.3 Safari/605.1.15"
2001:16a2:7636:2d00:c844:6a28:c07d:50c8 - - [28/Mar/2026:14:33:03 +0000] "GET /wp-content/uploads/2025/07/BGC_6887-300x300.webp HTTP/1.1" 200 13022 "https://autozone.com.sa/product/toyota-veloz-2025/" "Mozilla/5.0 (Macintosh; Intel Mac OS X 10_15_7) AppleWebKit/605.1.15 (KHTML, like Gecko) Version/26.3 Safari/605.1.15"
2001:16a2:7636:2d00:c844:6a28:c07d:50c8 - - [28/Mar/2026:14:33:03 +0000] "GET /wp-content/uploads/2025/07/BGC_6877-100x100.webp HTTP/1.1" 200 3398 "https://autozone.com.sa/product/toyota-veloz-2025/" "Mozilla/5.0 (Macintosh; Intel Mac OS X 10_15_7) AppleWebKit/605.1.15 (KHTML, like Gecko) Version/26.3 Safari/605.1.15"
2001:16a2:7636:2d00:c844:6a28:c07d:50c8 - - [28/Mar/2026:14:33:03 +0000] "GET /wp-content/uploads/2025/07/BGC_6887-100x100.webp HTTP/1.1" 200 3103 "https://autozone.com.sa/product/toyota-veloz-2025/" "Mozilla/5.0 (Macintosh; Intel Mac OS X 10_15_7) AppleWebKit/605.1.15 (KHTML, like Gecko) Version/26.3 Safari/605.1.15"
2001:16a2:7636:2d00:c844:6a28:c07d:50c8 - - [28/Mar/2026:14:33:03 +0000] "GET /wp-content/uploads/2025/07/BGC_6887-scaled.webp HTTP/1.1" 200 143768 "https://autozone.com.sa/product/toyota-veloz-2025/" "Mozilla/5.0 (Macintosh; Intel Mac OS X 10_15_7) AppleWebKit/605.1.15 (KHTML, like Gecko) Version/26.3 Safari/605.1.15"
2001:16a2:7636:2d00:c844:6a28:c07d:50c8 - - [28/Mar/2026:14:33:03 +0000] "GET /wp-content/uploads/2025/07/BGC_6877-2048x1365.webp HTTP/1.1" 200 152094 "https://autozone.com.sa/product/toyota-veloz-2025/" "Mozilla/5.0 (Macintosh; Intel Mac OS X 10_15_7) AppleWebKit/605.1.15 (KHTML, like Gecko) Version/26.3 Safari/605.1.15"
2001:16a2:7636:2d00:c844:6a28:c07d:50c8 - - [28/Mar/2026:14:33:03 +0000] "GET /wp-content/uploads/2025/07/BGC_6880-2048x1365.webp HTTP/1.1" 200 175796 "https://autozone.com.sa/product/toyota-veloz-2025/" "Mozilla/5.0 (Macintosh; Intel Mac OS X 10_15_7) AppleWebKit/605.1.15 (KHTML, like Gecko) Version/26.3 Safari/605.1.15"
2001:16a2:7636:2d00:c844:6a28:c07d:50c8 - - [28/Mar/2026:14:33:03 +0000] "GET /wp-content/uploads/2025/07/BGC_6880-300x300.webp HTTP/1.1" 200 18105 "https://autozone.com.sa/product/toyota-veloz-2025/" "Mozilla/5.0 (Macintosh; Intel Mac OS X 10_15_7) AppleWebKit/605.1.15 (KHTML, like Gecko) Version/26.3 Safari/605.1.15"
2001:16a2:7636:2d00:c844:6a28:c07d:50c8 - - [28/Mar/2026:14:33:03 +0000] "GET /wp-content/uploads/2025/07/BGC_6877-300x300.webp HTTP/1.1" 200 15727 "https://autozone.com.sa/product/toyota-veloz-2025/" "Mozilla/5.0 (Macintosh; Intel Mac OS X 10_15_7) AppleWebKit/605.1.15 (KHTML, like Gecko) Version/26.3 Safari/605.1.15"
2001:16a2:7636:2d00:c844:6a28:c07d:50c8 - - [28/Mar/2026:14:33:03 +0000] "GET /wp-content/uploads/2025/07/BGC_6887-2048x1365.webp HTTP/1.1" 200 111543 "https://autozone.com.sa/product/toyota-veloz-2025/" "Mozilla/5.0 (Macintosh; Intel Mac OS X 10_15_7) AppleWebKit/605.1.15 (KHTML, like Gecko) Version/26.3 Safari/605.1.15"
2001:16a2:7636:2d00:c844:6a28:c07d:50c8 - - [28/Mar/2026:14:33:03 +0000] "GET /wp-content/uploads/2025/07/BGC_6887-600x400.webp HTTP/1.1" 200 23884 "https://autozone.com.sa/product/toyota-veloz-2025/" "Mozilla/5.0 (Macintosh; Intel Mac OS X 10_15_7) AppleWebKit/605.1.15 (KHTML, like Gecko) Version/26.3 Safari/605.1.15"
2001:16a2:7636:2d00:c844:6a28:c07d:50c8 - - [28/Mar/2026:14:33:03 +0000] "GET /wp-content/uploads/2025/07/BGC_6877-scaled.webp HTTP/1.1" 200 199133 "https://autozone.com.sa/product/toyota-veloz-2025/" "Mozilla/5.0 (Macintosh; Intel Mac OS X 10_15_7) AppleWebKit/605.1.15 (KHTML, like Gecko) Version/26.3 Safari/605.1.15"
2001:16a2:7636:2d00:c844:6a28:c07d:50c8 - - [28/Mar/2026:14:33:03 +0000] "GET /wp-content/uploads/2025/07/BGC_6880-100x100.webp HTTP/1.1" 200 3639 "https://autozone.com.sa/product/toyota-veloz-2025/" "Mozilla/5.0 (Macintosh; Intel Mac OS X 10_15_7) AppleWebKit/605.1.15 (KHTML, like Gecko) Version/26.3 Safari/605.1.15"
23.98.142.185 - - [28/Mar/2026:14:33:02 +0000] "GET /en/car-type/pick-up-truck/ HTTP/1.1" 200 63009 "-" "Mozilla/5.0 AppleWebKit/537.36 (KHTML, like Gecko); compatible; ChatGPT-User/1.0; +https://openai.com/bot"
2a02:cb80:420a:1c3e:cbd4:f87e:74c6:9fa9 - - [28/Mar/2026:14:33:02 +0000] "GET /product/2025-toyota-highlander/ HTTP/1.1" 200 130535 "https://autozone.com.sa/shop/" "Mozilla/5.0 (Linux; Android 10; K) AppleWebKit/537.36 (KHTML, like Gecko) SamsungBrowser/29.0 Chrome/136.0.0.0 Mobile Safari/537.36"
172.105.42.26 - - [28/Mar/2026:14:33:10 +0000] "POST /wp-cron.php?doing_wp_cron=1774708389.9340751171112060546875 HTTP/1.1" 200 20 "-" "WordPress/6.9.4; https://autozone.com.sa"
2a02:cb80:420a:1c3e:cbd4:f87e:74c6:9fa9 - - [28/Mar/2026:14:33:07 +0000] "GET /product/jeep-wrangler-sport-s-2025/ HTTP/1.1" 200 128979 "https://autozone.com.sa/shop/" "Mozilla/5.0 (Linux; Android 10; K) AppleWebKit/537.36 (KHTML, like Gecko) SamsungBrowser/29.0 Chrome/136.0.0.0 Mobile Safari/537.36"
2a02:cb80:420a:1c3e:cbd4:f87e:74c6:9fa9 - - [28/Mar/2026:14:33:14 +0000] "GET /product/%d8%ac%d9%8a%d8%aa%d9%88%d8%b1-%d8%a7%d9%83%d8%b3-70-%d8%a8%d9%84%d8%b3-%d9%83%d9%88%d9%85%d9%81%d9%88%d8%b1%d8%aa-2025-%d9%86%d8%b3%d8%ae%d8%a9/ HTTP/1.1" 200 131970 "https://autozone.com.sa/shop/" "Mozilla/5.0 (Linux; Android 10; K) AppleWebKit/537.36 (KHTML, like Gecko) SamsungBrowser/29.0 Chrome/136.0.0.0 Mobile Safari/537.36"
172.105.42.26 - - [28/Mar/2026:14:33:26 +0000] "POST /wp-cron.php?doing_wp_cron=1774708406.5881650447845458984375 HTTP/1.1" 200 20 "-" "WordPress/6.9.4; https://autozone.com.sa"
2a02:cb80:420a:1c3e:cbd4:f87e:74c6:9fa9 - - [28/Mar/2026:14:33:23 +0000] "GET /product/jetour-t2-2025/ HTTP/1.1" 200 130725 "https://autozone.com.sa/shop/" "Mozilla/5.0 (Linux; Android 10; K) AppleWebKit/537.36 (KHTML, like Gecko) SamsungBrowser/29.0 Chrome/136.0.0.0 Mobile Safari/537.36"
74.7.241.33 - - [28/Mar/2026:14:33:32 +0000] "GET /?nocache=1774684284&shopdetail/78818026 HTTP/1.1" 301 20 "https://autozone.com.sa/?shopdetail%2F78818026" "Mozilla/5.0 AppleWebKit/537.36 (KHTML, like Gecko; compatible; GPTBot/1.3; +https://openai.com/gptbot)"
2a02:cb80:420a:1c3e:cbd4:f87e:74c6:9fa9 - - [28/Mar/2026:14:33:30 +0000] "GET /our-offers/ HTTP/1.1" 200 113274 "https://autozone.com.sa/shop/" "Mozilla/5.0 (Linux; Android 10; K) AppleWebKit/537.36 (KHTML, like Gecko) SamsungBrowser/29.0 Chrome/136.0.0.0 Mobile Safari/537.36"
2a02:cb80:420a:1c3e:cbd4:f87e:74c6:9fa9 - - [28/Mar/2026:14:33:34 +0000] "GET /wp-content/uploads/2025/04/BGC_9689-1536x1536.jpg HTTP/1.1" 304 - "https://autozone.com.sa/product/jetour-t2-2025/" "Mozilla/5.0 (Linux; Android 10; K) AppleWebKit/537.36 (KHTML, like Gecko) SamsungBrowser/29.0 Chrome/136.0.0.0 Mobile Safari/537.36"
2a02:cb80:420a:1c3e:cbd4:f87e:74c6:9fa9 - - [28/Mar/2026:14:33:35 +0000] "GET /wp-content/uploads/2025/04/BGC_9689-scaled.jpg HTTP/1.1" 304 - "https://autozone.com.sa/product/jetour-t2-2025/" "Mozilla/5.0 (Linux; Android 10; K) AppleWebKit/537.36 (KHTML, like Gecko) SamsungBrowser/29.0 Chrome/136.0.0.0 Mobile Safari/537.36"
2a02:cb80:420a:1c3e:cbd4:f87e:74c6:9fa9 - - [28/Mar/2026:14:33:35 +0000] "GET /wp-content/uploads/2025/04/BGC_9708-1536x1536.jpg HTTP/1.1" 304 - "https://autozone.com.sa/product/jetour-t2-2025/" "Mozilla/5.0 (Linux; Android 10; K) AppleWebKit/537.36 (KHTML, like Gecko) SamsungBrowser/29.0 Chrome/136.0.0.0 Mobile Safari/537.36"
2a02:cb80:420a:1c3e:cbd4:f87e:74c6:9fa9 - - [28/Mar/2026:14:33:35 +0000] "GET /wp-content/uploads/2025/04/BGC_9690-1536x1536.jpg HTTP/1.1" 304 - "https://autozone.com.sa/product/jetour-t2-2025/" "Mozilla/5.0 (Linux; Android 10; K) AppleWebKit/537.36 (KHTML, like Gecko) SamsungBrowser/29.0 Chrome/136.0.0.0 Mobile Safari/537.36"
2a02:cb80:420a:1c3e:cbd4:f87e:74c6:9fa9 - - [28/Mar/2026:14:33:35 +0000] "POST /?wc-ajax=get_refreshed_fragments HTTP/1.1" 200 999 "https://autozone.com.sa/product/jetour-t2-2025/" "Mozilla/5.0 (Linux; Android 10; K) AppleWebKit/537.36 (KHTML, like Gecko) SamsungBrowser/29.0 Chrome/136.0.0.0 Mobile Safari/537.36"
2a02:cb80:420a:1c3e:cbd4:f87e:74c6:9fa9 - - [28/Mar/2026:14:33:35 +0000] "POST /?wc-ajax=get_variation_gallery HTTP/1.1" 200 602 "https://autozone.com.sa/product/jetour-t2-2025/" "Mozilla/5.0 (Linux; Android 10; K) AppleWebKit/537.36 (KHTML, like Gecko) SamsungBrowser/29.0 Chrome/136.0.0.0 Mobile Safari/537.36"
2a02:cb80:420a:1c3e:cbd4:f87e:74c6:9fa9 - - [28/Mar/2026:14:33:35 +0000] "POST /?wc-ajax=get_default_gallery HTTP/1.1" 200 433 "https://autozone.com.sa/product/jetour-t2-2025/" "Mozilla/5.0 (Linux; Android 10; K) AppleWebKit/537.36 (KHTML, like Gecko) SamsungBrowser/29.0 Chrome/136.0.0.0 Mobile Safari/537.36"
2a02:cb80:420a:1c3e:cbd4:f87e:74c6:9fa9 - - [28/Mar/2026:14:33:35 +0000] "POST /wp-json/iawp/search HTTP/1.1" 200 36 "https://autozone.com.sa/product/jetour-t2-2025/" "Mozilla/5.0 (Linux; Android 10; K) AppleWebKit/537.36 (KHTML, like Gecko) SamsungBrowser/29.0 Chrome/136.0.0.0 Mobile Safari/537.36"
2a02:cb80:420a:1c3e:cbd4:f87e:74c6:9fa9 - - [28/Mar/2026:14:33:37 +0000] "GET /wp-content/uploads/2025/04/BGC_9690-100x100.jpg HTTP/1.1" 304 - "https://autozone.com.sa/product/jetour-t2-2025/" "Mozilla/5.0 (Linux; Android 10; K) AppleWebKit/537.36 (KHTML, like Gecko) SamsungBrowser/29.0 Chrome/136.0.0.0 Mobile Safari/537.36"
2a02:cb80:420a:1c3e:cbd4:f87e:74c6:9fa9 - - [28/Mar/2026:14:33:37 +0000] "GET /wp-content/uploads/2025/04/BGC_9708-100x100.jpg HTTP/1.1" 304 - "https://autozone.com.sa/product/jetour-t2-2025/" "Mozilla/5.0 (Linux; Android 10; K) AppleWebKit/537.36 (KHTML, like Gecko) SamsungBrowser/29.0 Chrome/136.0.0.0 Mobile Safari/537.36"
2a02:cb80:420a:1c3e:cbd4:f87e:74c6:9fa9 - - [28/Mar/2026:14:33:37 +0000] "GET /wp-content/uploads/2025/04/BGC_9689-100x100.jpg HTTP/1.1" 304 - "https://autozone.com.sa/product/jetour-t2-2025/" "Mozilla/5.0 (Linux; Android 10; K) AppleWebKit/537.36 (KHTML, like Gecko) SamsungBrowser/29.0 Chrome/136.0.0.0 Mobile Safari/537.36"
74.7.241.33 - - [28/Mar/2026:14:33:33 +0000] "GET /?nocache=1774684284&shopdetail%2F78818026 HTTP/1.1" 200 163974 "https://autozone.com.sa/?nocache=1774684284&shopdetail/78818026" "Mozilla/5.0 AppleWebKit/537.36 (KHTML, like Gecko; compatible; GPTBot/1.3; +https://openai.com/gptbot)"
2a02:cb80:420a:1c3e:cbd4:f87e:74c6:9fa9 - - [28/Mar/2026:14:33:38 +0000] "GET /wp-content/uploads/2025/04/BGC_9708-300x300.jpg HTTP/1.1" 304 - "https://autozone.com.sa/product/jetour-t2-2025/" "Mozilla/5.0 (Linux; Android 10; K) AppleWebKit/537.36 (KHTML, like Gecko) SamsungBrowser/29.0 Chrome/136.0.0.0 Mobile Safari/537.36"
2a02:cb80:420a:1c3e:cbd4:f87e:74c6:9fa9 - - [28/Mar/2026:14:33:38 +0000] "GET /wp-content/uploads/2025/04/BGC_9689-300x300.jpg HTTP/1.1" 304 - "https://autozone.com.sa/product/jetour-t2-2025/" "Mozilla/5.0 (Linux; Android 10; K) AppleWebKit/537.36 (KHTML, like Gecko) SamsungBrowser/29.0 Chrome/136.0.0.0 Mobile Safari/537.36"
2a02:cb80:420a:1c3e:cbd4:f87e:74c6:9fa9 - - [28/Mar/2026:14:33:38 +0000] "GET /wp-content/uploads/2025/04/BGC_9690-scaled.jpg HTTP/1.1" 304 - "https://autozone.com.sa/product/jetour-t2-2025/" "Mozilla/5.0 (Linux; Android 10; K) AppleWebKit/537.36 (KHTML, like Gecko) SamsungBrowser/29.0 Chrome/136.0.0.0 Mobile Safari/537.36"
2a02:cb80:420a:1c3e:cbd4:f87e:74c6:9fa9 - - [28/Mar/2026:14:33:38 +0000] "GET /wp-content/uploads/2025/04/BGC_9690-300x300.jpg HTTP/1.1" 304 - "https://autozone.com.sa/product/jetour-t2-2025/" "Mozilla/5.0 (Linux; Android 10; K) AppleWebKit/537.36 (KHTML, like Gecko) SamsungBrowser/29.0 Chrome/136.0.0.0 Mobile Safari/537.36"
2a02:cb80:420a:1c3e:cbd4:f87e:74c6:9fa9 - - [28/Mar/2026:14:33:38 +0000] "GET /wp-content/uploads/2025/04/BGC_9708-scaled.jpg HTTP/1.1" 304 - "https://autozone.com.sa/product/jetour-t2-2025/" "Mozilla/5.0 (Linux; Android 10; K) AppleWebKit/537.36 (KHTML, like Gecko) SamsungBrowser/29.0 Chrome/136.0.0.0 Mobile Safari/537.36"
172.105.42.26 - - [28/Mar/2026:14:33:54 +0000] "POST /wp-cron.php?doing_wp_cron=1774708434.1884999275207519531250 HTTP/1.1" 200 20 "-" "WordPress/6.9.4; https://autozone.com.sa"
51.75.236.142 - - [28/Mar/2026:14:33:51 +0000] "GET /%D8%A7%D9%84%D9%85%D8%A7%D8%B1%D9%83%D8%A9/%D8%AC%D9%8A%D8%AA%D9%88%D8%B1/ HTTP/1.1" 200 64892 "-" "Mozilla/5.0 (compatible; AhrefsBot/7.0; +http://ahrefs.com/robot/)"
2a02:cb80:420a:1c3e:cbd4:f87e:74c6:9fa9 - - [28/Mar/2026:14:33:58 +0000] "GET /wp-content/uploads/2025/04/BGC_9703-300x300.jpg HTTP/1.1" 304 - "https://autozone.com.sa/product/jetour-t2-2025/" "Mozilla/5.0 (Linux; Android 10; K) AppleWebKit/537.36 (KHTML, like Gecko) SamsungBrowser/29.0 Chrome/136.0.0.0 Mobile Safari/537.36"
2a02:cb80:420a:1c3e:cbd4:f87e:74c6:9fa9 - - [28/Mar/2026:14:34:00 +0000] "GET /wp-content/uploads/2025/04/BGC_9709-300x300.jpg HTTP/1.1" 304 - "https://autozone.com.sa/product/jetour-t2-2025/" "Mozilla/5.0 (Linux; Android 10; K) AppleWebKit/537.36 (KHTML, like Gecko) SamsungBrowser/29.0 Chrome/136.0.0.0 Mobile Safari/537.36"
2a02:cb80:420a:1c3e:cbd4:f87e:74c6:9fa9 - - [28/Mar/2026:14:34:01 +0000] "GET /wp-content/uploads/2025/04/BGC_9710-300x300.jpg HTTP/1.1" 304 - "https://autozone.com.sa/product/jetour-t2-2025/" "Mozilla/5.0 (Linux; Android 10; K) AppleWebKit/537.36 (KHTML, like Gecko) SamsungBrowser/29.0 Chrome/136.0.0.0 Mobile Safari/537.36"
2a02:cb80:420a:1c3e:cbd4:f87e:74c6:9fa9 - - [28/Mar/2026:14:34:03 +0000] "GET /wp-content/uploads/2025/04/BGC_9712-300x300.jpg HTTP/1.1" 304 - "https://autozone.com.sa/product/jetour-t2-2025/" "Mozilla/5.0 (Linux; Android 10; K) AppleWebKit/537.36 (KHTML, like Gecko) SamsungBrowser/29.0 Chrome/136.0.0.0 Mobile Safari/537.36"
2a02:cb80:420a:1c3e:cbd4:f87e:74c6:9fa9 - - [28/Mar/2026:14:34:04 +0000] "GET /wp-content/uploads/2025/04/BGC_9713-300x300.jpg HTTP/1.1" 304 - "https://autozone.com.sa/product/jetour-t2-2025/" "Mozilla/5.0 (Linux; Android 10; K) AppleWebKit/537.36 (KHTML, like Gecko) SamsungBrowser/29.0 Chrome/136.0.0.0 Mobile Safari/537.36"
2a02:cb80:420a:1c3e:cbd4:f87e:74c6:9fa9 - - [28/Mar/2026:14:34:05 +0000] "GET /wp-content/uploads/2025/04/BGC_9720-300x300.jpg HTTP/1.1" 304 - "https://autozone.com.sa/product/jetour-t2-2025/" "Mozilla/5.0 (Linux; Android 10; K) AppleWebKit/537.36 (KHTML, like Gecko) SamsungBrowser/29.0 Chrome/136.0.0.0 Mobile Safari/537.36"
2a02:cb80:420a:1c3e:cbd4:f87e:74c6:9fa9 - - [28/Mar/2026:14:34:06 +0000] "GET /wp-content/uploads/2025/04/BGC_9733-300x300.jpg HTTP/1.1" 304 - "https://autozone.com.sa/product/jetour-t2-2025/" "Mozilla/5.0 (Linux; Android 10; K) AppleWebKit/537.36 (KHTML, like Gecko) SamsungBrowser/29.0 Chrome/136.0.0.0 Mobile Safari/537.36"
2a02:cb80:420a:1c3e:cbd4:f87e:74c6:9fa9 - - [28/Mar/2026:14:34:06 +0000] "GET /wp-content/uploads/2025/04/BGC_9749-300x300.jpg HTTP/1.1" 304 - "https://autozone.com.sa/product/jetour-t2-2025/" "Mozilla/5.0 (Linux; Android 10; K) AppleWebKit/537.36 (KHTML, like Gecko) SamsungBrowser/29.0 Chrome/136.0.0.0 Mobile Safari/537.36"
2a02:cb80:420a:1c3e:cbd4:f87e:74c6:9fa9 - - [28/Mar/2026:14:34:08 +0000] "GET /wp-content/uploads/2025/04/BGC_9759-300x200.jpg HTTP/1.1" 304 - "https://autozone.com.sa/product/jetour-t2-2025/" "Mozilla/5.0 (Linux; Android 10; K) AppleWebKit/537.36 (KHTML, like Gecko) SamsungBrowser/29.0 Chrome/136.0.0.0 Mobile Safari/537.36"
2a02:cb80:420a:1c3e:cbd4:f87e:74c6:9fa9 - - [28/Mar/2026:14:34:10 +0000] "GET /wp-content/uploads/2025/04/BGC_9770-300x300.jpg HTTP/1.1" 304 - "https://autozone.com.sa/product/jetour-t2-2025/" "Mozilla/5.0 (Linux; Android 10; K) AppleWebKit/537.36 (KHTML, like Gecko) SamsungBrowser/29.0 Chrome/136.0.0.0 Mobile Safari/537.36"
2a02:cb80:420a:1c3e:cbd4:f87e:74c6:9fa9 - - [28/Mar/2026:14:34:11 +0000] "GET /wp-content/uploads/2025/04/BGC_9772-300x300.jpg HTTP/1.1" 304 - "https://autozone.com.sa/product/jetour-t2-2025/" "Mozilla/5.0 (Linux; Android 10; K) AppleWebKit/537.36 (KHTML, like Gecko) SamsungBrowser/29.0 Chrome/136.0.0.0 Mobile Safari/537.36"
2a02:cb80:420a:1c3e:cbd4:f87e:74c6:9fa9 - - [28/Mar/2026:14:34:11 +0000] "GET /wp-content/uploads/2025/04/BGC_9776-300x300.jpg HTTP/1.1" 304 - "https://autozone.com.sa/product/jetour-t2-2025/" "Mozilla/5.0 (Linux; Android 10; K) AppleWebKit/537.36 (KHTML, like Gecko) SamsungBrowser/29.0 Chrome/136.0.0.0 Mobile Safari/537.36"
2a02:cb80:420a:1c3e:cbd4:f87e:74c6:9fa9 - - [28/Mar/2026:14:34:12 +0000] "GET /wp-content/uploads/2025/04/BGC_9779-300x300.jpg HTTP/1.1" 304 - "https://autozone.com.sa/product/jetour-t2-2025/" "Mozilla/5.0 (Linux; Android 10; K) AppleWebKit/537.36 (KHTML, like Gecko) SamsungBrowser/29.0 Chrome/136.0.0.0 Mobile Safari/537.36"
2001:16a2:7636:2d00:c844:6a28:c07d:50c8 - - [28/Mar/2026:14:34:09 +0000] "GET /shop/ HTTP/1.1" 200 148546 "https://autozone.com.sa/product/toyota-veloz-2025/" "Mozilla/5.0 (Macintosh; Intel Mac OS X 10_15_7) AppleWebKit/605.1.15 (KHTML, like Gecko) Version/26.3 Safari/605.1.15"
2001:16a2:7636:2d00:c844:6a28:c07d:50c8 - - [28/Mar/2026:14:34:15 +0000] "POST /?wc-ajax=get_refreshed_fragments HTTP/1.1" 200 999 "https://autozone.com.sa/shop/" "Mozilla/5.0 (Macintosh; Intel Mac OS X 10_15_7) AppleWebKit/605.1.15 (KHTML, like Gecko) Version/26.3 Safari/605.1.15"
2001:16a2:7636:2d00:c844:6a28:c07d:50c8 - - [28/Mar/2026:14:34:15 +0000] "POST /wp-json/iawp/search HTTP/1.1" 200 36 "https://autozone.com.sa/shop/" "Mozilla/5.0 (Macintosh; Intel Mac OS X 10_15_7) AppleWebKit/605.1.15 (KHTML, like Gecko) Version/26.3 Safari/605.1.15"
172.105.42.26 - - [28/Mar/2026:14:34:22 +0000] "POST /wp-cron.php?doing_wp_cron=1774708462.3934099674224853515625 HTTP/1.1" 200 20 "-" "WordPress/6.9.4; https://autozone.com.sa"
2a02:cb80:420a:1c3e:cbd4:f87e:74c6:9fa9 - - [28/Mar/2026:14:34:19 +0000] "GET /our-offers/ HTTP/1.1" 200 113297 "https://autozone.com.sa/product/jetour-t2-2025/" "Mozilla/5.0 (Linux; Android 10; K) AppleWebKit/537.36 (KHTML, like Gecko) SamsungBrowser/29.0 Chrome/136.0.0.0 Mobile Safari/537.36"
172.105.42.26 - - [28/Mar/2026:14:34:25 +0000] "POST /wp-cron.php?doing_wp_cron=1774708465.4431231021881103515625 HTTP/1.1" 200 20 "-" "WordPress/6.9.4; https://autozone.com.sa"
2a02:cb80:420a:1c3e:cbd4:f87e:74c6:9fa9 - - [28/Mar/2026:14:34:21 +0000] "GET /shop/ HTTP/1.1" 200 148563 "https://autozone.com.sa/shop/" "Mozilla/5.0 (Linux; Android 10; K) AppleWebKit/537.36 (KHTML, like Gecko) SamsungBrowser/29.0 Chrome/136.0.0.0 Mobile Safari/537.36"
2001:16a2:7636:2d00:c844:6a28:c07d:50c8 - - [28/Mar/2026:14:34:26 +0000] "GET /product/honda-hr-v-lx-2024/ HTTP/1.1" 200 70851 "https://autozone.com.sa/shop/" "Mozilla/5.0 (Macintosh; Intel Mac OS X 10_15_7) AppleWebKit/605.1.15 (KHTML, like Gecko) Version/26.3 Safari/605.1.15"
2a02:cb80:420a:1c3e:cbd4:f87e:74c6:9fa9 - - [28/Mar/2026:14:34:29 +0000] "GET /our-offers/ HTTP/1.1" 200 113275 "https://autozone.com.sa/" "Mozilla/5.0 (Linux; Android 10; K) AppleWebKit/537.36 (KHTML, like Gecko) SamsungBrowser/29.0 Chrome/136.0.0.0 Mobile Safari/537.36"
2001:16a2:7636:2d00:c844:6a28:c07d:50c8 - - [28/Mar/2026:14:34:33 +0000] "POST /?wc-ajax=get_default_gallery HTTP/1.1" 200 393 "https://autozone.com.sa/product/honda-hr-v-lx-2024/" "Mozilla/5.0 (Macintosh; Intel Mac OS X 10_15_7) AppleWebKit/605.1.15 (KHTML, like Gecko) Version/26.3 Safari/605.1.15"
2a02:cb80:420a:1c3e:cbd4:f87e:74c6:9fa9 - - [28/Mar/2026:14:34:30 +0000] "GET / HTTP/1.1" 200 163874 "https://www.google.com/" "Mozilla/5.0 (Linux; Android 10; K) AppleWebKit/537.36 (KHTML, like Gecko) SamsungBrowser/29.0 Chrome/136.0.0.0 Mobile Safari/537.36"
2001:16a2:7636:2d00:c844:6a28:c07d:50c8 - - [28/Mar/2026:14:34:33 +0000] "POST /?wc-ajax=get_variation_gallery HTTP/1.1" 200 1390 "https://autozone.com.sa/product/honda-hr-v-lx-2024/" "Mozilla/5.0 (Macintosh; Intel Mac OS X 10_15_7) AppleWebKit/605.1.15 (KHTML, like Gecko) Version/26.3 Safari/605.1.15"
2001:16a2:7636:2d00:c844:6a28:c07d:50c8 - - [28/Mar/2026:14:34:34 +0000] "POST /?wc-ajax=get_refreshed_fragments HTTP/1.1" 200 999 "https://autozone.com.sa/product/honda-hr-v-lx-2024/" "Mozilla/5.0 (Macintosh; Intel Mac OS X 10_15_7) AppleWebKit/605.1.15 (KHTML, like Gecko) Version/26.3 Safari/605.1.15"
2001:16a2:7636:2d00:c844:6a28:c07d:50c8 - - [28/Mar/2026:14:34:33 +0000] "POST /wp-json/iawp/search HTTP/1.1" 200 36 "https://autozone.com.sa/product/honda-hr-v-lx-2024/" "Mozilla/5.0 (Macintosh; Intel Mac OS X 10_15_7) AppleWebKit/605.1.15 (KHTML, like Gecko) Version/26.3 Safari/605.1.15"
74.7.241.33 - - [28/Mar/2026:14:34:36 +0000] "GET /wp-content/uploads/al_opt_content/FONT/autozone.com.sa/wp-includes/fonts/697e6e0cc6af5ae54ad8746e/ HTTP/1.1" 200 489 "https://autozone.com.sa/wp-content/uploads/al_opt_content/FONT/autozone.com.sa/wp-includes/fonts/" "Mozilla/5.0 AppleWebKit/537.36 (KHTML, like Gecko; compatible; GPTBot/1.3; +https://openai.com/gptbot)"
74.7.241.33 - - [28/Mar/2026:14:35:31 +0000] "GET /wp-content/uploads/al_opt_content/FONT/autozone.com.sa/wp-includes/fonts/6987d4dfc6af5adfbf7f07c3/ HTTP/1.1" 200 489 "https://autozone.com.sa/wp-content/uploads/al_opt_content/FONT/autozone.com.sa/wp-includes/fonts/" "Mozilla/5.0 AppleWebKit/537.36 (KHTML, like Gecko; compatible; GPTBot/1.3; +https://openai.com/gptbot)"
172.105.42.26 - - [28/Mar/2026:14:35:35 +0000] "POST /wp-cron.php?doing_wp_cron=1774708535.4519441127777099609375 HTTP/1.1" 200 20 "-" "WordPress/6.9.4; https://autozone.com.sa"
20.216.181.116 - - [28/Mar/2026:14:35:34 +0000] "GET /outlet/wp-content/uploads/2018/10/2018_gmc_yukon-xl_4dr-suv_slt_i_oem_1_815.jpg HTTP/1.1" 301 20 "-" "Mozilla/5.0 (compatible; BingIndexCrawler/1.0)"
20.216.181.116 - - [28/Mar/2026:14:35:35 +0000] "GET /outlet/wp-content/uploads/2018/10/2018_gmc_yukon-xl_4dr-suv_slt_i_oem_1_815.jpg HTTP/1.1" 404 30972 "-" "Mozilla/5.0 (compatible; BingIndexCrawler/1.0)"
74.7.241.33 - - [28/Mar/2026:14:36:21 +0000] "GET /wp-content/uploads/al_opt_content/FONT/autozone.com.sa/wp-includes/fonts/68b94e79c6af5a2dcbd7f7ba/ HTTP/1.1" 200 489 "https://autozone.com.sa/wp-content/uploads/al_opt_content/FONT/autozone.com.sa/wp-includes/fonts/" "Mozilla/5.0 AppleWebKit/537.36 (KHTML, like Gecko; compatible; GPTBot/1.3; +https://openai.com/gptbot)"
172.105.42.26 - - [28/Mar/2026:14:36:21 +0000] "POST /wp-cron.php?doing_wp_cron=1774708581.6351780891418457031250 HTTP/1.1" 200 20 "-" "WordPress/6.9.4; https://autozone.com.sa"
128.140.106.114 - - [28/Mar/2026:14:36:20 +0000] "HEAD / HTTP/1.1" 200 - "https://autozone.com.sa/" "Mozilla/5.0+(compatible; UptimeRobot/2.0; http://www.uptimerobot.com/)"
74.7.241.33 - - [28/Mar/2026:14:37:06 +0000] "GET /wp-content/uploads/al_opt_content/FONT/autozone.com.sa/wp-includes/fonts/697bfaa3c6af5afa9fc3341a/ HTTP/1.1" 200 488 "https://autozone.com.sa/wp-content/uploads/al_opt_content/FONT/autozone.com.sa/wp-includes/fonts/" "Mozilla/5.0 AppleWebKit/537.36 (KHTML, like Gecko; compatible; GPTBot/1.3; +https://openai.com/gptbot)"
172.105.42.26 - - [28/Mar/2026:14:37:25 +0000] "POST /wp-cron.php?doing_wp_cron=1774708644.9946019649505615234375 HTTP/1.1" 200 20 "-" "WordPress/6.9.4; https://autozone.com.sa"
51.143.126.211 - - [28/Mar/2026:14:37:23 +0000] "GET /wp-login.php HTTP/1.1" 403 1094 "-" "Mozilla/5.0 (Windows NT 6.3; Win64; x64; Trident/7.0; MAGWJS; rv:11.0) like Gecko"
51.143.126.211 - - [28/Mar/2026:14:37:26 +0000] "POST /wp-login.php HTTP/1.1" 403 1094 "https://autozone.com.sa/wp-login.php" "Mozilla/5.0 (Windows NT 6.3; Win64; x64; Trident/7.0; MAGWJS; rv:11.0) like Gecko"
17.246.23.165 - - [28/Mar/2026:14:37:33 +0000] "GET /wp-content/uploads/2026/01/exterior_Thumbnai_01.webp HTTP/1.1" 200 13318 "-" "Mozilla/5.0 (Macintosh; Intel Mac OS X 10_15_7) AppleWebKit/605.1.15 (KHTML, like Gecko) Version/17.4 Safari/605.1.15 (Applebot/0.1; +http://www.apple.com/go/applebot)"
172.105.42.26 - - [28/Mar/2026:14:37:49 +0000] "POST /wp-cron.php?doing_wp_cron=1774708669.1517100334167480468750 HTTP/1.1" 200 20 "-" "WordPress/6.9.4; https://autozone.com.sa"
74.7.241.33 - - [28/Mar/2026:14:37:49 +0000] "GET /wp-content/uploads/al_opt_content/FONT/autozone.com.sa/wp-includes/fonts/68b94ffcc6af5ab233d7f777/ HTTP/1.1" 200 489 "https://autozone.com.sa/wp-content/uploads/al_opt_content/FONT/autozone.com.sa/wp-includes/fonts/" "Mozilla/5.0 AppleWebKit/537.36 (KHTML, like Gecko; compatible; GPTBot/1.3; +https://openai.com/gptbot)"
138.94.86.33 - - [28/Mar/2026:14:37:46 +0000] "GET /listings/mazda-cx5-fwd-std/ HTTP/1.1" 404 30924 "-" "Mozilla/5.0 (iPhone; CPU iPhone OS 11_0 like Mac OS X) AppleWebKit/537.36 (KHTML, like Gecko) Chrome/60.0.4512.1746 Mobile Safari/537.36"
74.7.241.33 - - [28/Mar/2026:14:38:26 +0000] "GET /wp-content/uploads/al_opt_content/FONT/autozone.com.sa/wp-includes/fonts/69860aeac6af5ae890302c34/ HTTP/1.1" 200 489 "https://autozone.com.sa/wp-content/uploads/al_opt_content/FONT/autozone.com.sa/wp-includes/fonts/" "Mozilla/5.0 AppleWebKit/537.36 (KHTML, like Gecko; compatible; GPTBot/1.3; +https://openai.com/gptbot)"
74.7.241.33 - - [28/Mar/2026:14:39:00 +0000] "GET /wp-content/uploads/al_opt_content/FONT/autozone.com.sa/wp-includes/fonts/693019b6c6af5aea9e868a27/ HTTP/1.1" 200 489 "https://autozone.com.sa/wp-content/uploads/al_opt_content/FONT/autozone.com.sa/wp-includes/fonts/" "Mozilla/5.0 AppleWebKit/537.36 (KHTML, like Gecko; compatible; GPTBot/1.3; +https://openai.com/gptbot)"
74.7.241.33 - - [28/Mar/2026:14:39:30 +0000] "GET /wp-content/uploads/al_opt_content/FONT/autozone.com.sa/wp-includes/fonts/693019b6c6af5aea9e868a25/ HTTP/1.1" 200 488 "https://autozone.com.sa/wp-content/uploads/al_opt_content/FONT/autozone.com.sa/wp-includes/fonts/" "Mozilla/5.0 AppleWebKit/537.36 (KHTML, like Gecko; compatible; GPTBot/1.3; +https://openai.com/gptbot)"
172.105.42.26 - - [28/Mar/2026:14:39:31 +0000] "POST /wp-cron.php?doing_wp_cron=1774708771.6654739379882812500000 HTTP/1.1" 200 20 "-" "WordPress/6.9.4; https://autozone.com.sa"
116.179.37.203 - - [28/Mar/2026:14:39:30 +0000] "GET /wp-content/uploads/2019/12/Sonata-04-min.jpg HTTP/1.1" 301 20 "https://dhomapics.firebaseapp.com/" "Mozilla/5.0 (compatible; Baiduspider-render/2.0; +http://www.baidu.com/search/spider.html)"
172.105.42.26 - - [28/Mar/2026:14:39:51 +0000] "POST /wp-cron.php?doing_wp_cron=1774708791.3049778938293457031250 HTTP/1.1" 200 20 "-" "WordPress/6.9.4; https://autozone.com.sa"
2001:16a2:cc42:2800:5618:ff3e:f2d3:3865 - - [28/Mar/2026:14:39:48 +0000] "GET /wp-content/plugins/all-in-one-seo-pack-pro/images/default-user-image.png HTTP/1.1" 404 30938 "fbapp://350685531728/unknown" "[FBAN/FB4A;FBAV/553.0.0.56.58;FBBV/911262741;FBDM/{density=3.5,width=1280,height=2800};FBLC/ar_AR;FBRV/921369075;FBCR/salam mobile;FBMF/HONOR;FBBD/HONOR;FBPN/com.facebook.katana;FBDV/DNP-NX9;FBSV/16;FBOP/1;FBCA/arm64-v8a:;]"
74.7.241.33 - - [28/Mar/2026:14:39:59 +0000] "GET /wp-content/uploads/al_opt_content/FONT/autozone.com.sa/wp-includes/fonts/697dc340c6af5a1ad12591c9/ HTTP/1.1" 200 489 "https://autozone.com.sa/wp-content/uploads/al_opt_content/FONT/autozone.com.sa/wp-includes/fonts/" "Mozilla/5.0 AppleWebKit/537.36 (KHTML, like Gecko; compatible; GPTBot/1.3; +https://openai.com/gptbot)"
9.160.164.140 - - [28/Mar/2026:14:40:09 +0000] "GET / HTTP/1.1" 200 163872 "-" "Mozilla/5.0 AppleWebKit/537.36 (KHTML, like Gecko); compatible; ChatGPT-User/1.0; +https://openai.com/bot"
74.7.241.33 - - [28/Mar/2026:14:40:24 +0000] "GET /wp-content/uploads/al_opt_content/FONT/autozone.com.sa/wp-includes/fonts/6996cfd0c6af5ac5759d7482/ HTTP/1.1" 200 489 "https://autozone.com.sa/wp-content/uploads/al_opt_content/FONT/autozone.com.sa/wp-includes/fonts/" "Mozilla/5.0 AppleWebKit/537.36 (KHTML, like Gecko; compatible; GPTBot/1.3; +https://openai.com/gptbot)"
74.7.241.33 - - [28/Mar/2026:14:40:47 +0000] "GET /wp-content/uploads/al_opt_content/FONT/autozone.com.sa/wp-includes/fonts/6975da26c6af5a9626a7bc09/ HTTP/1.1" 200 489 "https://autozone.com.sa/wp-content/uploads/al_opt_content/FONT/autozone.com.sa/wp-includes/fonts/" "Mozilla/5.0 AppleWebKit/537.36 (KHTML, like Gecko; compatible; GPTBot/1.3; +https://openai.com/gptbot)"
74.7.241.33 - - [28/Mar/2026:14:41:06 +0000] "GET /wp-content/uploads/al_opt_content/FONT/autozone.com.sa/wp-includes/fonts/6986fed4c6af5a0147302c4c/ HTTP/1.1" 200 489 "https://autozone.com.sa/wp-content/uploads/al_opt_content/FONT/autozone.com.sa/wp-includes/fonts/" "Mozilla/5.0 AppleWebKit/537.36 (KHTML, like Gecko; compatible; GPTBot/1.3; +https://openai.com/gptbot)"
172.105.42.26 - - [28/Mar/2026:14:41:12 +0000] "POST /wp-cron.php?doing_wp_cron=1774708872.7183139324188232421875 HTTP/1.1" 200 20 "-" "WordPress/6.9.4; https://autozone.com.sa"
66.249.75.96 - - [28/Mar/2026:14:41:11 +0000] "GET /item.php??50234106743 HTTP/1.1" 301 20 "-" "Mozilla/5.0 (Linux; Android 6.0.1; Nexus 5X Build/MMB29P) AppleWebKit/537.36 (KHTML, like Gecko) Chrome/146.0.7680.153 Mobile Safari/537.36 (compatible; Googlebot/2.1; +http://www.google.com/bot.html)"
66.249.75.110 - - [28/Mar/2026:14:41:13 +0000] "GET /item.php?50234106743 HTTP/1.1" 404 30915 "-" "Mozilla/5.0 (Linux; Android 6.0.1; Nexus 5X Build/MMB29P) AppleWebKit/537.36 (KHTML, like Gecko) Chrome/146.0.7680.153 Mobile Safari/537.36 (compatible; Googlebot/2.1; +http://www.google.com/bot.html)"
5.161.52.234 - - [28/Mar/2026:14:41:23 +0000] "POST /wp-load.php?01d3d1=31427 HTTP/1.1" 200 765185 "-" "BlogVault/1.0 (+https://blogvault.net)"
74.7.241.33 - - [28/Mar/2026:14:41:23 +0000] "GET /wp-content/uploads/al_opt_content/FONT/autozone.com.sa/wp-includes/fonts/6996cfd0c6af5ac5759d7481/ HTTP/1.1" 200 489 "https://autozone.com.sa/wp-content/uploads/al_opt_content/FONT/autozone.com.sa/wp-includes/fonts/" "Mozilla/5.0 AppleWebKit/537.36 (KHTML, like Gecko; compatible; GPTBot/1.3; +https://openai.com/gptbot)"
172.105.42.26 - - [28/Mar/2026:14:41:25 +0000] "POST /wp-cron.php?doing_wp_cron=1774708885.8871119022369384765625 HTTP/1.1" 200 20 "-" "WordPress/6.9.4; https://autozone.com.sa"
197.36.194.186 - - [28/Mar/2026:14:41:24 +0000] "GET /favicon.ico HTTP/1.1" 302 20 "-" "com.apple.WebKit.Networking/20621.3.11.11.3 Network/4277.140.33 macOS/15.6.1"
197.36.194.186 - - [28/Mar/2026:14:41:24 +0000] "GET /apple-touch-icon.png HTTP/1.1" 404 30899 "-" "com.apple.WebKit.Networking/20621.3.11.11.3 Network/4277.140.33 macOS/15.6.1"
197.36.194.186 - - [28/Mar/2026:14:41:24 +0000] "GET /apple-touch-icon-precomposed.png HTTP/1.1" 404 30912 "-" "com.apple.WebKit.Networking/20621.3.11.11.3 Network/4277.140.33 macOS/15.6.1"
157.90.155.240 - - [28/Mar/2026:14:41:26 +0000] "HEAD / HTTP/1.1" 200 - "https://autozone.com.sa/" "Mozilla/5.0+(compatible; UptimeRobot/2.0; http://www.uptimerobot.com/)"
172.105.42.26 - - [28/Mar/2026:14:41:29 +0000] "POST /wp-cron.php?doing_wp_cron=1774708889.2069809436798095703125 HTTP/1.1" 200 20 "-" "WordPress/6.9.4; https://autozone.com.sa"
197.36.194.186 - - [28/Mar/2026:14:41:24 +0000] "GET / HTTP/1.1" 200 163866 "-" "Mozilla/5.0 (Macintosh; Intel Mac OS X 10_11_1) AppleWebKit/601.2.4 (KHTML, like Gecko) Version/9.0.1 Safari/601.2.4 facebookexternalhit/1.1 Facebot Twitterbot/1.0"
2001:16a2:c359:d93b:685d:ecf6:187a:c32b - - [28/Mar/2026:14:41:29 +0000] "GET /product/hyundai-sonata-2025/?utm_source=chatgpt.com HTTP/1.1" 200 130914 "-" "Mozilla/5.0 (iPhone; CPU iPhone OS 18_7 like Mac OS X) AppleWebKit/605.1.15 (KHTML, like Gecko) Version/26.2 Mobile/15E148 Safari/604.1"
2001:16a2:c359:d93b:685d:ecf6:187a:c32b - - [28/Mar/2026:14:41:33 +0000] "GET /wp-content/uploads/elementor/css/post-5010.css?ver=1774675954 HTTP/1.1" 200 1176 "https://autozone.com.sa/product/hyundai-sonata-2025/?utm_source=chatgpt.com" "Mozilla/5.0 (iPhone; CPU iPhone OS 18_7 like Mac OS X) AppleWebKit/605.1.15 (KHTML, like Gecko) Version/26.2 Mobile/15E148 Safari/604.1"
2001:16a2:c359:d93b:685d:ecf6:187a:c32b - - [28/Mar/2026:14:41:33 +0000] "GET /wp-content/uploads/elementor/css/post-850.css?ver=1774675954 HTTP/1.1" 200 6894 "https://autozone.com.sa/product/hyundai-sonata-2025/?utm_source=chatgpt.com" "Mozilla/5.0 (iPhone; CPU iPhone OS 18_7 like Mac OS X) AppleWebKit/605.1.15 (KHTML, like Gecko) Version/26.2 Mobile/15E148 Safari/604.1"
2001:16a2:c359:d93b:685d:ecf6:187a:c32b - - [28/Mar/2026:14:41:33 +0000] "GET /wp-content/uploads/elementor/css/custom-pro-widget-woocommerce-product-add-to-cart-rtl.min.css?ver=1774675920 HTTP/1.1" 200 2158 "https://autozone.com.sa/product/hyundai-sonata-2025/?utm_source=chatgpt.com" "Mozilla/5.0 (iPhone; CPU iPhone OS 18_7 like Mac OS X) AppleWebKit/605.1.15 (KHTML, like Gecko) Version/26.2 Mobile/15E148 Safari/604.1"
2001:16a2:c359:d93b:685d:ecf6:187a:c32b - - [28/Mar/2026:14:41:33 +0000] "GET /wp-content/uploads/elementor/css/custom-widget-icon-box-rtl.min.css?ver=1774675920 HTTP/1.1" 200 442 "https://autozone.com.sa/product/hyundai-sonata-2025/?utm_source=chatgpt.com" "Mozilla/5.0 (iPhone; CPU iPhone OS 18_7 like Mac OS X) AppleWebKit/605.1.15 (KHTML, like Gecko) Version/26.2 Mobile/15E148 Safari/604.1"
2001:16a2:c359:d93b:685d:ecf6:187a:c32b - - [28/Mar/2026:14:41:35 +0000] "POST /?wc-ajax=get_default_gallery HTTP/1.1" 200 432 "https://autozone.com.sa/product/hyundai-sonata-2025/?utm_source=chatgpt.com" "Mozilla/5.0 (iPhone; CPU iPhone OS 18_7 like Mac OS X) AppleWebKit/605.1.15 (KHTML, like Gecko) Version/26.2 Mobile/15E148 Safari/604.1"
5.161.106.94 - - [28/Mar/2026:14:41:36 +0000] "POST /wp-load.php?715f3a=32277 HTTP/1.1" 200 4638 "https://autozone.com.sa/" "BlogVault/1.0 (+https://blogvault.net)"
2001:16a2:c359:d93b:685d:ecf6:187a:c32b - - [28/Mar/2026:14:41:35 +0000] "POST /?wc-ajax=get_variation_gallery HTTP/1.1" 200 589 "https://autozone.com.sa/product/hyundai-sonata-2025/?utm_source=chatgpt.com" "Mozilla/5.0 (iPhone; CPU iPhone OS 18_7 like Mac OS X) AppleWebKit/605.1.15 (KHTML, like Gecko) Version/26.2 Mobile/15E148 Safari/604.1"
