­ ­ ­ ­ ­ ­ ­ ­ ­ ­ ­ ­ ­ ­ ­ ­ ­ ­
74.7.227.144 - - [28/Mar/2026:12:10:59 +0000] "GET /admin.php?dir=CwprocCw267CwtaskCw304&view=environ HTTP/1.1" 403 1660 "http://crm.hondasaudi.com/admin.php?dir=CwprocCw267CwtaskCw304" "Mozilla/5.0 AppleWebKit/537.36 (KHTML, like Gecko; compatible; GPTBot/1.3; +https://openai.com/gptbot)"
74.7.227.144 - - [28/Mar/2026:12:13:04 +0000] "GET /admin.php?dir=CwprocCw267CwtaskCw304Cwnet&view=udp HTTP/1.1" 403 1660 "http://crm.hondasaudi.com/admin.php?dir=CwprocCw267CwtaskCw304Cwnet" "Mozilla/5.0 AppleWebKit/537.36 (KHTML, like Gecko; compatible; GPTBot/1.3; +https://openai.com/gptbot)"
74.7.228.45 - - [28/Mar/2026:12:13:06 +0000] "GET /robots.txt HTTP/1.1" 404 - "-" "Mozilla/5.0 (Macintosh; Intel Mac OS X 10_15_7) AppleWebKit/537.36 (KHTML, like Gecko) Chrome/131.0.0.0 Safari/537.36; compatible; OAI-SearchBot/1.3; robots.txt; +https://openai.com/searchbot"
74.7.227.144 - - [28/Mar/2026:12:15:08 +0000] "GET /admin.php?dir=CwprocCw447CwtaskCw533&view=loginuid HTTP/1.1" 403 1660 "http://crm.hondasaudi.com/admin.php?dir=CwprocCw447CwtaskCw533" "Mozilla/5.0 AppleWebKit/537.36 (KHTML, like Gecko; compatible; GPTBot/1.3; +https://openai.com/gptbot)"
74.7.227.144 - - [28/Mar/2026:12:18:17 +0000] "GET /admin.php?dir=CwprocCw267CwtaskCw305&view=syscall HTTP/1.1" 403 1660 "http://crm.hondasaudi.com/admin.php?dir=CwprocCw267CwtaskCw305" "Mozilla/5.0 AppleWebKit/537.36 (KHTML, like Gecko; compatible; GPTBot/1.3; +https://openai.com/gptbot)"
74.7.228.45 - - [28/Mar/2026:12:18:20 +0000] "GET /robots.txt HTTP/1.1" 404 - "-" "Mozilla/5.0 (Macintosh; Intel Mac OS X 10_15_7) AppleWebKit/537.36 (KHTML, like Gecko) Chrome/131.0.0.0 Safari/537.36; compatible; OAI-SearchBot/1.3; robots.txt; +https://openai.com/searchbot"
74.7.227.144 - - [28/Mar/2026:12:21:23 +0000] "GET /admin.php?dir=CwprocCw267CwtaskCw304&view=pagemap HTTP/1.1" 403 1660 "http://crm.hondasaudi.com/admin.php?dir=CwprocCw267CwtaskCw304" "Mozilla/5.0 AppleWebKit/537.36 (KHTML, like Gecko; compatible; GPTBot/1.3; +https://openai.com/gptbot)"
74.7.227.144 - - [28/Mar/2026:12:22:26 +0000] "GET /admin.php?dir=CwprocCw477CwtaskCw537&view=loginuid HTTP/1.1" 403 1660 "http://crm.hondasaudi.com/admin.php?dir=CwprocCw477CwtaskCw537" "Mozilla/5.0 AppleWebKit/537.36 (KHTML, like Gecko; compatible; GPTBot/1.3; +https://openai.com/gptbot)"
74.7.227.144 - - [28/Mar/2026:12:23:27 +0000] "GET /admin.php?dir=CwprocCw267CwtaskCw303&view=children HTTP/1.1" 403 1660 "http://crm.hondasaudi.com/admin.php?dir=CwprocCw267CwtaskCw303" "Mozilla/5.0 AppleWebKit/537.36 (KHTML, like Gecko; compatible; GPTBot/1.3; +https://openai.com/gptbot)"
74.7.228.45 - - [28/Mar/2026:12:23:30 +0000] "GET /robots.txt HTTP/1.1" 404 - "-" "Mozilla/5.0 (Macintosh; Intel Mac OS X 10_15_7) AppleWebKit/537.36 (KHTML, like Gecko) Chrome/131.0.0.0 Safari/537.36; compatible; OAI-SearchBot/1.3; robots.txt; +https://openai.com/searchbot"
74.7.227.144 - - [28/Mar/2026:12:26:39 +0000] "GET /admin.php?dir=CwprocCw267CwtaskCw304&view=loginuid HTTP/1.1" 403 1660 "http://crm.hondasaudi.com/admin.php?dir=CwprocCw267CwtaskCw304" "Mozilla/5.0 AppleWebKit/537.36 (KHTML, like Gecko; compatible; GPTBot/1.3; +https://openai.com/gptbot)"
74.7.227.144 - - [28/Mar/2026:12:28:42 +0000] "GET /admin.php?dir=CwprocCw454CwtaskCw709&view=children HTTP/1.1" 403 1660 "http://crm.hondasaudi.com/admin.php?dir=CwprocCw454CwtaskCw709" "Mozilla/5.0 AppleWebKit/537.36 (KHTML, like Gecko; compatible; GPTBot/1.3; +https://openai.com/gptbot)"
74.7.228.45 - - [28/Mar/2026:12:28:42 +0000] "GET /robots.txt HTTP/1.1" 404 - "-" "Mozilla/5.0 (Macintosh; Intel Mac OS X 10_15_7) AppleWebKit/537.36 (KHTML, like Gecko) Chrome/131.0.0.0 Safari/537.36; compatible; OAI-SearchBot/1.3; robots.txt; +https://openai.com/searchbot"
74.7.227.144 - - [28/Mar/2026:12:30:47 +0000] "GET /admin.php?dir=CwprocCw477CwtaskCw635&view=cmdline HTTP/1.1" 403 1660 "http://crm.hondasaudi.com/admin.php?dir=CwprocCw477CwtaskCw635" "Mozilla/5.0 AppleWebKit/537.36 (KHTML, like Gecko; compatible; GPTBot/1.3; +https://openai.com/gptbot)"
74.7.227.144 - - [28/Mar/2026:12:31:50 +0000] "GET /admin.php?dir=CwprocCw477CwtaskCw623&view=cmdline HTTP/1.1" 403 1660 "http://crm.hondasaudi.com/admin.php?dir=CwprocCw477CwtaskCw623" "Mozilla/5.0 AppleWebKit/537.36 (KHTML, like Gecko; compatible; GPTBot/1.3; +https://openai.com/gptbot)"
74.7.227.144 - - [28/Mar/2026:12:33:57 +0000] "GET /admin.php?dir=CwprocCw477CwtaskCw536&view=syscall HTTP/1.1" 403 1660 "http://crm.hondasaudi.com/admin.php?dir=CwprocCw477CwtaskCw536" "Mozilla/5.0 AppleWebKit/537.36 (KHTML, like Gecko; compatible; GPTBot/1.3; +https://openai.com/gptbot)"
74.7.227.144 - - [28/Mar/2026:12:35:01 +0000] "GET /admin.php?dir=CwprocCw447CwtaskCw543&view=latency HTTP/1.1" 403 1660 "http://crm.hondasaudi.com/admin.php?dir=CwprocCw447CwtaskCw543" "Mozilla/5.0 AppleWebKit/537.36 (KHTML, like Gecko; compatible; GPTBot/1.3; +https://openai.com/gptbot)"
74.7.227.144 - - [28/Mar/2026:12:37:06 +0000] "GET /admin.php?dir=CwprocCw441CwtaskCw604&view=latency HTTP/1.1" 403 1660 "http://crm.hondasaudi.com/admin.php?dir=CwprocCw441CwtaskCw604" "Mozilla/5.0 AppleWebKit/537.36 (KHTML, like Gecko; compatible; GPTBot/1.3; +https://openai.com/gptbot)"
74.7.227.144 - - [28/Mar/2026:12:38:09 +0000] "GET /admin.php?dir=CwprocCw477CwtaskCw540&view=latency HTTP/1.1" 403 1660 "http://crm.hondasaudi.com/admin.php?dir=CwprocCw477CwtaskCw540" "Mozilla/5.0 AppleWebKit/537.36 (KHTML, like Gecko; compatible; GPTBot/1.3; +https://openai.com/gptbot)"
74.7.227.144 - - [28/Mar/2026:12:39:12 +0000] "GET /admin.php?dir=CwprocCw447CwtaskCw535&view=syscall HTTP/1.1" 403 1660 "http://crm.hondasaudi.com/admin.php?dir=CwprocCw447CwtaskCw535" "Mozilla/5.0 AppleWebKit/537.36 (KHTML, like Gecko; compatible; GPTBot/1.3; +https://openai.com/gptbot)"
74.7.227.144 - - [28/Mar/2026:12:40:16 +0000] "GET /admin.php?dir=CwprocCw477CwtaskCw618&view=loginuid HTTP/1.1" 403 1660 "http://crm.hondasaudi.com/admin.php?dir=CwprocCw477CwtaskCw618" "Mozilla/5.0 AppleWebKit/537.36 (KHTML, like Gecko; compatible; GPTBot/1.3; +https://openai.com/gptbot)"
74.7.228.45 - - [28/Mar/2026:12:40:17 +0000] "GET /robots.txt HTTP/1.1" 404 - "-" "Mozilla/5.0 (Macintosh; Intel Mac OS X 10_15_7) AppleWebKit/537.36 (KHTML, like Gecko) Chrome/131.0.0.0 Safari/537.36; compatible; OAI-SearchBot/1.3; robots.txt; +https://openai.com/searchbot"
74.7.227.144 - - [28/Mar/2026:12:45:30 +0000] "GET /admin.php?dir=CwprocCw477CwtaskCw635&view=syscall HTTP/1.1" 403 1660 "http://crm.hondasaudi.com/admin.php?dir=CwprocCw477CwtaskCw635" "Mozilla/5.0 AppleWebKit/537.36 (KHTML, like Gecko; compatible; GPTBot/1.3; +https://openai.com/gptbot)"
74.7.228.45 - - [28/Mar/2026:12:45:31 +0000] "GET /robots.txt HTTP/1.1" 404 - "-" "Mozilla/5.0 (Macintosh; Intel Mac OS X 10_15_7) AppleWebKit/537.36 (KHTML, like Gecko) Chrome/131.0.0.0 Safari/537.36; compatible; OAI-SearchBot/1.3; robots.txt; +https://openai.com/searchbot"
74.7.227.144 - - [28/Mar/2026:12:46:36 +0000] "GET /admin.php?dir=CwprocCw267CwtaskCw305&view=pagemap HTTP/1.1" 403 1660 "http://crm.hondasaudi.com/admin.php?dir=CwprocCw267CwtaskCw305" "Mozilla/5.0 AppleWebKit/537.36 (KHTML, like Gecko; compatible; GPTBot/1.3; +https://openai.com/gptbot)"
74.7.227.144 - - [28/Mar/2026:12:47:38 +0000] "GET /admin.php?dir=CwprocCw448CwtaskCw510&view=loginuid HTTP/1.1" 403 1660 "http://crm.hondasaudi.com/admin.php?dir=CwprocCw448CwtaskCw510" "Mozilla/5.0 AppleWebKit/537.36 (KHTML, like Gecko; compatible; GPTBot/1.3; +https://openai.com/gptbot)"
74.7.227.144 - - [28/Mar/2026:12:49:40 +0000] "GET /admin.php?dir=CwprocCw447CwtaskCw605&view=children HTTP/1.1" 403 1660 "http://crm.hondasaudi.com/admin.php?dir=CwprocCw447CwtaskCw605" "Mozilla/5.0 AppleWebKit/537.36 (KHTML, like Gecko; compatible; GPTBot/1.3; +https://openai.com/gptbot)"
74.7.227.144 - - [28/Mar/2026:12:50:41 +0000] "GET /admin.php?dir=CwprocCw267CwtaskCw306&view=syscall HTTP/1.1" 403 1660 "http://crm.hondasaudi.com/admin.php?dir=CwprocCw267CwtaskCw306" "Mozilla/5.0 AppleWebKit/537.36 (KHTML, like Gecko; compatible; GPTBot/1.3; +https://openai.com/gptbot)"
74.7.228.45 - - [28/Mar/2026:12:50:43 +0000] "GET /robots.txt HTTP/1.1" 404 - "-" "Mozilla/5.0 (Macintosh; Intel Mac OS X 10_15_7) AppleWebKit/537.36 (KHTML, like Gecko) Chrome/131.0.0.0 Safari/537.36; compatible; OAI-SearchBot/1.3; robots.txt; +https://openai.com/searchbot"
74.7.227.144 - - [28/Mar/2026:12:52:49 +0000] "GET /admin.php?dir=CwprocCw448CwtaskCw510&view=syscall HTTP/1.1" 403 1660 "http://crm.hondasaudi.com/admin.php?dir=CwprocCw448CwtaskCw510" "Mozilla/5.0 AppleWebKit/537.36 (KHTML, like Gecko; compatible; GPTBot/1.3; +https://openai.com/gptbot)"
74.7.227.144 - - [28/Mar/2026:12:54:58 +0000] "GET /admin.php?dir=CwprocCw454CwtaskCw507&view=syscall HTTP/1.1" 403 1660 "http://crm.hondasaudi.com/admin.php?dir=CwprocCw454CwtaskCw507" "Mozilla/5.0 AppleWebKit/537.36 (KHTML, like Gecko; compatible; GPTBot/1.3; +https://openai.com/gptbot)"
74.7.227.144 - - [28/Mar/2026:12:55:59 +0000] "GET /admin.php?dir=CwprocCw477CwtaskCw536&view=children HTTP/1.1" 403 1660 "http://crm.hondasaudi.com/admin.php?dir=CwprocCw477CwtaskCw536" "Mozilla/5.0 AppleWebKit/537.36 (KHTML, like Gecko; compatible; GPTBot/1.3; +https://openai.com/gptbot)"
74.7.228.45 - - [28/Mar/2026:12:56:07 +0000] "GET /robots.txt HTTP/1.1" 404 - "-" "Mozilla/5.0 (Macintosh; Intel Mac OS X 10_15_7) AppleWebKit/537.36 (KHTML, like Gecko) Chrome/131.0.0.0 Safari/537.36; compatible; OAI-SearchBot/1.3; robots.txt; +https://openai.com/searchbot"
74.7.227.144 - - [28/Mar/2026:12:57:01 +0000] "GET /admin.php?dir=CwprocCw477CwtaskCw534&view=loginuid HTTP/1.1" 403 1660 "http://crm.hondasaudi.com/admin.php?dir=CwprocCw477CwtaskCw534" "Mozilla/5.0 AppleWebKit/537.36 (KHTML, like Gecko; compatible; GPTBot/1.3; +https://openai.com/gptbot)"
74.7.227.144 - - [28/Mar/2026:13:00:06 +0000] "GET /admin.php?dir=CwprocCw267CwtaskCw305&view=latency HTTP/1.1" 403 1660 "http://crm.hondasaudi.com/admin.php?dir=CwprocCw267CwtaskCw305" "Mozilla/5.0 AppleWebKit/537.36 (KHTML, like Gecko; compatible; GPTBot/1.3; +https://openai.com/gptbot)"
74.7.227.144 - - [28/Mar/2026:13:01:09 +0000] "GET /admin.php?dir=CwprocCw454CwtaskCw678&view=loginuid HTTP/1.1" 403 1660 "http://crm.hondasaudi.com/admin.php?dir=CwprocCw454CwtaskCw678" "Mozilla/5.0 AppleWebKit/537.36 (KHTML, like Gecko; compatible; GPTBot/1.3; +https://openai.com/gptbot)"
74.7.228.45 - - [28/Mar/2026:13:01:17 +0000] "GET /robots.txt HTTP/1.1" 404 - "-" "Mozilla/5.0 (Macintosh; Intel Mac OS X 10_15_7) AppleWebKit/537.36 (KHTML, like Gecko) Chrome/131.0.0.0 Safari/537.36; compatible; OAI-SearchBot/1.3; robots.txt; +https://openai.com/searchbot"
74.7.227.144 - - [28/Mar/2026:13:02:10 +0000] "GET /admin.php?dir=CwprocCw448CwtaskCw510&view=children HTTP/1.1" 403 1660 "http://crm.hondasaudi.com/admin.php?dir=CwprocCw448CwtaskCw510" "Mozilla/5.0 AppleWebKit/537.36 (KHTML, like Gecko; compatible; GPTBot/1.3; +https://openai.com/gptbot)"
74.7.227.144 - - [28/Mar/2026:13:04:17 +0000] "GET /admin.php?dir=CwprocCw448CwtaskCw547&view=loginuid HTTP/1.1" 403 1660 "http://crm.hondasaudi.com/admin.php?dir=CwprocCw448CwtaskCw547" "Mozilla/5.0 AppleWebKit/537.36 (KHTML, like Gecko; compatible; GPTBot/1.3; +https://openai.com/gptbot)"
74.7.227.144 - - [28/Mar/2026:13:06:25 +0000] "GET /admin.php?dir=CwprocCw477CwtaskCw672&view=loginuid HTTP/1.1" 403 1660 "http://crm.hondasaudi.com/admin.php?dir=CwprocCw477CwtaskCw672" "Mozilla/5.0 AppleWebKit/537.36 (KHTML, like Gecko; compatible; GPTBot/1.3; +https://openai.com/gptbot)"
74.7.227.144 - - [28/Mar/2026:13:10:38 +0000] "GET /admin.php?dir=CwprocCw477CwtaskCw618&view=children HTTP/1.1" 403 1660 "http://crm.hondasaudi.com/admin.php?dir=CwprocCw477CwtaskCw618" "Mozilla/5.0 AppleWebKit/537.36 (KHTML, like Gecko; compatible; GPTBot/1.3; +https://openai.com/gptbot)"
74.7.227.144 - - [28/Mar/2026:13:11:38 +0000] "GET /admin.php?dir=CwprocCw477CwtaskCw539&view=syscall HTTP/1.1" 403 1660 "http://crm.hondasaudi.com/admin.php?dir=CwprocCw477CwtaskCw539" "Mozilla/5.0 AppleWebKit/537.36 (KHTML, like Gecko; compatible; GPTBot/1.3; +https://openai.com/gptbot)"
74.7.227.144 - - [28/Mar/2026:13:12:40 +0000] "GET /admin.php?dir=CwprocCw447CwtaskCw550&view=latency HTTP/1.1" 403 1660 "http://crm.hondasaudi.com/admin.php?dir=CwprocCw447CwtaskCw550" "Mozilla/5.0 AppleWebKit/537.36 (KHTML, like Gecko; compatible; GPTBot/1.3; +https://openai.com/gptbot)"
74.7.228.45 - - [28/Mar/2026:13:12:50 +0000] "GET /robots.txt HTTP/1.1" 404 - "-" "Mozilla/5.0 (Macintosh; Intel Mac OS X 10_15_7) AppleWebKit/537.36 (KHTML, like Gecko) Chrome/131.0.0.0 Safari/537.36; compatible; OAI-SearchBot/1.3; robots.txt; +https://openai.com/searchbot"
74.7.227.144 - - [28/Mar/2026:13:14:48 +0000] "GET /admin.php?dir=CwprocCw454CwtaskCw507&view=latency HTTP/1.1" 403 1660 "http://crm.hondasaudi.com/admin.php?dir=CwprocCw454CwtaskCw507" "Mozilla/5.0 AppleWebKit/537.36 (KHTML, like Gecko; compatible; GPTBot/1.3; +https://openai.com/gptbot)"
74.7.227.144 - - [28/Mar/2026:13:15:52 +0000] "GET /admin.php?dir=CwprocCw447CwtaskCw550&view=loginuid HTTP/1.1" 403 1660 "http://crm.hondasaudi.com/admin.php?dir=CwprocCw447CwtaskCw550" "Mozilla/5.0 AppleWebKit/537.36 (KHTML, like Gecko; compatible; GPTBot/1.3; +https://openai.com/gptbot)"
74.7.227.144 - - [28/Mar/2026:13:16:58 +0000] "GET /admin.php?dir=CwprocCw267CwtaskCw307&view=latency HTTP/1.1" 403 1660 "http://crm.hondasaudi.com/admin.php?dir=CwprocCw267CwtaskCw307" "Mozilla/5.0 AppleWebKit/537.36 (KHTML, like Gecko; compatible; GPTBot/1.3; +https://openai.com/gptbot)"
74.7.227.144 - - [28/Mar/2026:13:18:02 +0000] "GET /admin.php?dir=CwprocCw477CwtaskCw622&view=latency HTTP/1.1" 403 1660 "http://crm.hondasaudi.com/admin.php?dir=CwprocCw477CwtaskCw622" "Mozilla/5.0 AppleWebKit/537.36 (KHTML, like Gecko; compatible; GPTBot/1.3; +https://openai.com/gptbot)"
74.7.228.45 - - [28/Mar/2026:13:19:08 +0000] "GET /robots.txt HTTP/1.1" 404 - "-" "Mozilla/5.0 (Macintosh; Intel Mac OS X 10_15_7) AppleWebKit/537.36 (KHTML, like Gecko) Chrome/131.0.0.0 Safari/537.36; compatible; OAI-SearchBot/1.3; robots.txt; +https://openai.com/searchbot"
74.7.227.144 - - [28/Mar/2026:13:20:11 +0000] "GET /admin.php?dir=CwprocCw267CwtaskCw304&view=cmdline HTTP/1.1" 403 1660 "http://crm.hondasaudi.com/admin.php?dir=CwprocCw267CwtaskCw304" "Mozilla/5.0 AppleWebKit/537.36 (KHTML, like Gecko; compatible; GPTBot/1.3; +https://openai.com/gptbot)"
74.7.227.144 - - [28/Mar/2026:13:23:19 +0000] "GET /admin.php?dir=CwprocCw267CwtaskCw304&view=children HTTP/1.1" 403 1660 "http://crm.hondasaudi.com/admin.php?dir=CwprocCw267CwtaskCw304" "Mozilla/5.0 AppleWebKit/537.36 (KHTML, like Gecko; compatible; GPTBot/1.3; +https://openai.com/gptbot)"
74.7.227.144 - - [28/Mar/2026:13:24:24 +0000] "GET /admin.php?dir=CwprocCw477CwtaskCw540&view=loginuid HTTP/1.1" 403 1660 "http://crm.hondasaudi.com/admin.php?dir=CwprocCw477CwtaskCw540" "Mozilla/5.0 AppleWebKit/537.36 (KHTML, like Gecko; compatible; GPTBot/1.3; +https://openai.com/gptbot)"
74.7.228.45 - - [28/Mar/2026:13:24:25 +0000] "GET /robots.txt HTTP/1.1" 404 - "-" "Mozilla/5.0 (Macintosh; Intel Mac OS X 10_15_7) AppleWebKit/537.36 (KHTML, like Gecko) Chrome/131.0.0.0 Safari/537.36; compatible; OAI-SearchBot/1.3; robots.txt; +https://openai.com/searchbot"
74.7.227.144 - - [28/Mar/2026:13:25:28 +0000] "GET /admin.php?dir=CwprocCw477CwtaskCw536&view=latency HTTP/1.1" 403 1660 "http://crm.hondasaudi.com/admin.php?dir=CwprocCw477CwtaskCw536" "Mozilla/5.0 AppleWebKit/537.36 (KHTML, like Gecko; compatible; GPTBot/1.3; +https://openai.com/gptbot)"
74.7.227.144 - - [28/Mar/2026:13:26:32 +0000] "GET /admin.php?dir=CwprocCw454CwtaskCw709&view=syscall HTTP/1.1" 403 1660 "http://crm.hondasaudi.com/admin.php?dir=CwprocCw454CwtaskCw709" "Mozilla/5.0 AppleWebKit/537.36 (KHTML, like Gecko; compatible; GPTBot/1.3; +https://openai.com/gptbot)"
74.7.227.144 - - [28/Mar/2026:13:29:41 +0000] "GET /admin.php?dir=CwprocCw447CwtaskCw535&view=latency HTTP/1.1" 403 1660 "http://crm.hondasaudi.com/admin.php?dir=CwprocCw447CwtaskCw535" "Mozilla/5.0 AppleWebKit/537.36 (KHTML, like Gecko; compatible; GPTBot/1.3; +https://openai.com/gptbot)"
74.7.227.144 - - [28/Mar/2026:13:30:43 +0000] "GET /admin.php?dir=CwprocCw477CwtaskCw671&view=syscall HTTP/1.1" 403 1660 "http://crm.hondasaudi.com/admin.php?dir=CwprocCw477CwtaskCw671" "Mozilla/5.0 AppleWebKit/537.36 (KHTML, like Gecko; compatible; GPTBot/1.3; +https://openai.com/gptbot)"
74.7.228.45 - - [28/Mar/2026:13:30:46 +0000] "GET /robots.txt HTTP/1.1" 404 - "-" "Mozilla/5.0 (Macintosh; Intel Mac OS X 10_15_7) AppleWebKit/537.36 (KHTML, like Gecko) Chrome/131.0.0.0 Safari/537.36; compatible; OAI-SearchBot/1.3; robots.txt; +https://openai.com/searchbot"
74.7.227.144 - - [28/Mar/2026:13:32:49 +0000] "GET /admin.php?dir=CwprocCw454CwtaskCw678&view=children HTTP/1.1" 403 1660 "http://crm.hondasaudi.com/admin.php?dir=CwprocCw454CwtaskCw678" "Mozilla/5.0 AppleWebKit/537.36 (KHTML, like Gecko; compatible; GPTBot/1.3; +https://openai.com/gptbot)"
74.7.227.144 - - [28/Mar/2026:13:34:56 +0000] "GET /admin.php?dir=CwprocCw448CwtaskCw551&view=latency HTTP/1.1" 403 1660 "http://crm.hondasaudi.com/admin.php?dir=CwprocCw448CwtaskCw551" "Mozilla/5.0 AppleWebKit/537.36 (KHTML, like Gecko; compatible; GPTBot/1.3; +https://openai.com/gptbot)"
74.7.228.45 - - [28/Mar/2026:13:37:04 +0000] "GET /robots.txt HTTP/1.1" 404 - "-" "Mozilla/5.0 (Macintosh; Intel Mac OS X 10_15_7) AppleWebKit/537.36 (KHTML, like Gecko) Chrome/131.0.0.0 Safari/537.36; compatible; OAI-SearchBot/1.3; robots.txt; +https://openai.com/searchbot"
74.7.227.144 - - [28/Mar/2026:13:39:11 +0000] "GET /admin.php?dir=CwprocCw477CwtaskCw636&view=latency HTTP/1.1" 403 1660 "http://crm.hondasaudi.com/admin.php?dir=CwprocCw477CwtaskCw636" "Mozilla/5.0 AppleWebKit/537.36 (KHTML, like Gecko; compatible; GPTBot/1.3; +https://openai.com/gptbot)"
74.7.227.144 - - [28/Mar/2026:13:41:16 +0000] "GET /admin.php?dir=CwprocCw477CwtaskCw536&view=cmdline HTTP/1.1" 403 1660 "http://crm.hondasaudi.com/admin.php?dir=CwprocCw477CwtaskCw536" "Mozilla/5.0 AppleWebKit/537.36 (KHTML, like Gecko; compatible; GPTBot/1.3; +https://openai.com/gptbot)"
74.7.227.144 - - [28/Mar/2026:13:43:25 +0000] "GET /admin.php?dir=CwprocCw477CwtaskCw534&view=syscall HTTP/1.1" 403 1660 "http://crm.hondasaudi.com/admin.php?dir=CwprocCw477CwtaskCw534" "Mozilla/5.0 AppleWebKit/537.36 (KHTML, like Gecko; compatible; GPTBot/1.3; +https://openai.com/gptbot)"
74.7.227.144 - - [28/Mar/2026:13:44:28 +0000] "GET /admin.php?dir=CwprocCw454CwtaskCw709&view=latency HTTP/1.1" 403 1660 "http://crm.hondasaudi.com/admin.php?dir=CwprocCw454CwtaskCw709" "Mozilla/5.0 AppleWebKit/537.36 (KHTML, like Gecko; compatible; GPTBot/1.3; +https://openai.com/gptbot)"
74.7.228.45 - - [28/Mar/2026:13:44:32 +0000] "GET /robots.txt HTTP/1.1" 404 - "-" "Mozilla/5.0 (Macintosh; Intel Mac OS X 10_15_7) AppleWebKit/537.36 (KHTML, like Gecko) Chrome/131.0.0.0 Safari/537.36; compatible; OAI-SearchBot/1.3; robots.txt; +https://openai.com/searchbot"
74.7.227.144 - - [28/Mar/2026:13:47:32 +0000] "GET /admin.php?dir=CwprocCw477CwtaskCw672&view=latency HTTP/1.1" 403 1660 "http://crm.hondasaudi.com/admin.php?dir=CwprocCw477CwtaskCw672" "Mozilla/5.0 AppleWebKit/537.36 (KHTML, like Gecko; compatible; GPTBot/1.3; +https://openai.com/gptbot)"
74.7.227.144 - - [28/Mar/2026:13:49:35 +0000] "GET /admin.php?dir=CwprocCw454CwtaskCw519&view=loginuid HTTP/1.1" 403 1660 "http://crm.hondasaudi.com/admin.php?dir=CwprocCw454CwtaskCw519" "Mozilla/5.0 AppleWebKit/537.36 (KHTML, like Gecko; compatible; GPTBot/1.3; +https://openai.com/gptbot)"
74.7.228.45 - - [28/Mar/2026:13:50:42 +0000] "GET /robots.txt HTTP/1.1" 404 - "-" "Mozilla/5.0 (Macintosh; Intel Mac OS X 10_15_7) AppleWebKit/537.36 (KHTML, like Gecko) Chrome/131.0.0.0 Safari/537.36; compatible; OAI-SearchBot/1.3; robots.txt; +https://openai.com/searchbot"
74.7.227.144 - - [28/Mar/2026:13:51:43 +0000] "GET /admin.php?dir=CwprocCw454CwtaskCw709&view=loginuid HTTP/1.1" 403 1660 "http://crm.hondasaudi.com/admin.php?dir=CwprocCw454CwtaskCw709" "Mozilla/5.0 AppleWebKit/537.36 (KHTML, like Gecko; compatible; GPTBot/1.3; +https://openai.com/gptbot)"
74.7.227.144 - - [28/Mar/2026:13:54:51 +0000] "GET /admin.php?dir=CwprocCw441CwtaskCw532&view=loginuid HTTP/1.1" 403 1660 "http://crm.hondasaudi.com/admin.php?dir=CwprocCw441CwtaskCw532" "Mozilla/5.0 AppleWebKit/537.36 (KHTML, like Gecko; compatible; GPTBot/1.3; +https://openai.com/gptbot)"
74.7.227.144 - - [28/Mar/2026:13:55:57 +0000] "GET /admin.php?dir=CwprocCw267CwtaskCw305&view=cmdline HTTP/1.1" 403 1660 "http://crm.hondasaudi.com/admin.php?dir=CwprocCw267CwtaskCw305" "Mozilla/5.0 AppleWebKit/537.36 (KHTML, like Gecko; compatible; GPTBot/1.3; +https://openai.com/gptbot)"
74.7.227.144 - - [28/Mar/2026:13:59:03 +0000] "GET /admin.php?dir=CwprocCw477CwtaskCw540&view=syscall HTTP/1.1" 403 1660 "http://crm.hondasaudi.com/admin.php?dir=CwprocCw477CwtaskCw540" "Mozilla/5.0 AppleWebKit/537.36 (KHTML, like Gecko; compatible; GPTBot/1.3; +https://openai.com/gptbot)"
74.7.227.144 - - [28/Mar/2026:14:01:07 +0000] "GET /admin.php?dir=CwprocCw448CwtaskCw547&view=syscall HTTP/1.1" 403 1660 "http://crm.hondasaudi.com/admin.php?dir=CwprocCw448CwtaskCw547" "Mozilla/5.0 AppleWebKit/537.36 (KHTML, like Gecko; compatible; GPTBot/1.3; +https://openai.com/gptbot)"
74.7.227.144 - - [28/Mar/2026:14:03:12 +0000] "GET /admin.php?dir=CwprocCw454CwtaskCw507&view=loginuid HTTP/1.1" 403 1660 "http://crm.hondasaudi.com/admin.php?dir=CwprocCw454CwtaskCw507" "Mozilla/5.0 AppleWebKit/537.36 (KHTML, like Gecko; compatible; GPTBot/1.3; +https://openai.com/gptbot)"
74.7.227.144 - - [28/Mar/2026:14:04:13 +0000] "GET /admin.php?dir=CwprocCw477CwtaskCw623&view=syscall HTTP/1.1" 403 1660 "http://crm.hondasaudi.com/admin.php?dir=CwprocCw477CwtaskCw623" "Mozilla/5.0 AppleWebKit/537.36 (KHTML, like Gecko; compatible; GPTBot/1.3; +https://openai.com/gptbot)"
74.7.227.144 - - [28/Mar/2026:14:05:16 +0000] "GET /admin.php?dir=CwprocCw477CwtaskCw636&view=syscall HTTP/1.1" 403 1660 "http://crm.hondasaudi.com/admin.php?dir=CwprocCw477CwtaskCw636" "Mozilla/5.0 AppleWebKit/537.36 (KHTML, like Gecko; compatible; GPTBot/1.3; +https://openai.com/gptbot)"
74.7.228.45 - - [28/Mar/2026:14:10:30 +0000] "GET /robots.txt HTTP/1.1" 404 - "-" "Mozilla/5.0 (Macintosh; Intel Mac OS X 10_15_7) AppleWebKit/537.36 (KHTML, like Gecko) Chrome/131.0.0.0 Safari/537.36; compatible; OAI-SearchBot/1.3; robots.txt; +https://openai.com/searchbot"
74.7.228.45 - - [28/Mar/2026:14:16:46 +0000] "GET /robots.txt HTTP/1.1" 404 - "-" "Mozilla/5.0 (Macintosh; Intel Mac OS X 10_15_7) AppleWebKit/537.36 (KHTML, like Gecko) Chrome/131.0.0.0 Safari/537.36; compatible; OAI-SearchBot/1.3; robots.txt; +https://openai.com/searchbot"
74.7.227.144 - - [28/Mar/2026:14:20:52 +0000] "GET /admin.php?dir=CwprocCw477CwtaskCw618&view=latency HTTP/1.1" 403 1660 "http://crm.hondasaudi.com/admin.php?dir=CwprocCw477CwtaskCw618" "Mozilla/5.0 AppleWebKit/537.36 (KHTML, like Gecko; compatible; GPTBot/1.3; +https://openai.com/gptbot)"
74.7.227.144 - - [28/Mar/2026:14:21:54 +0000] "GET /admin.php?dir=CwprocCw447CwtaskCw550&view=syscall HTTP/1.1" 403 1660 "http://crm.hondasaudi.com/admin.php?dir=CwprocCw447CwtaskCw550" "Mozilla/5.0 AppleWebKit/537.36 (KHTML, like Gecko; compatible; GPTBot/1.3; +https://openai.com/gptbot)"
74.7.228.45 - - [28/Mar/2026:14:21:55 +0000] "GET /robots.txt HTTP/1.1" 404 - "-" "Mozilla/5.0 (Macintosh; Intel Mac OS X 10_15_7) AppleWebKit/537.36 (KHTML, like Gecko) Chrome/131.0.0.0 Safari/537.36; compatible; OAI-SearchBot/1.3; robots.txt; +https://openai.com/searchbot"
74.7.227.144 - - [28/Mar/2026:14:24:02 +0000] "GET /admin.php?dir=CwprocCw267CwtaskCw305&view=loginuid HTTP/1.1" 403 1660 "http://crm.hondasaudi.com/admin.php?dir=CwprocCw267CwtaskCw305" "Mozilla/5.0 AppleWebKit/537.36 (KHTML, like Gecko; compatible; GPTBot/1.3; +https://openai.com/gptbot)"
74.7.227.144 - - [28/Mar/2026:14:27:13 +0000] "GET /admin.php?dir=CwprocCw454CwtaskCw519&view=syscall HTTP/1.1" 403 1660 "http://crm.hondasaudi.com/admin.php?dir=CwprocCw454CwtaskCw519" "Mozilla/5.0 AppleWebKit/537.36 (KHTML, like Gecko; compatible; GPTBot/1.3; +https://openai.com/gptbot)"
74.7.228.45 - - [28/Mar/2026:14:27:14 +0000] "GET /robots.txt HTTP/1.1" 404 - "-" "Mozilla/5.0 (Macintosh; Intel Mac OS X 10_15_7) AppleWebKit/537.36 (KHTML, like Gecko) Chrome/131.0.0.0 Safari/537.36; compatible; OAI-SearchBot/1.3; robots.txt; +https://openai.com/searchbot"
74.7.227.144 - - [28/Mar/2026:14:28:18 +0000] "GET /admin.php?dir=CwprocCw447CwtaskCw535&view=loginuid HTTP/1.1" 403 1660 "http://crm.hondasaudi.com/admin.php?dir=CwprocCw447CwtaskCw535" "Mozilla/5.0 AppleWebKit/537.36 (KHTML, like Gecko; compatible; GPTBot/1.3; +https://openai.com/gptbot)"
74.7.227.144 - - [28/Mar/2026:14:29:22 +0000] "GET /admin.php?dir=CwprocCw477CwtaskCw539&view=cmdline HTTP/1.1" 403 1660 "http://crm.hondasaudi.com/admin.php?dir=CwprocCw477CwtaskCw539" "Mozilla/5.0 AppleWebKit/537.36 (KHTML, like Gecko; compatible; GPTBot/1.3; +https://openai.com/gptbot)"
74.7.227.144 - - [28/Mar/2026:14:31:26 +0000] "GET /admin.php?dir=CwprocCw267CwtaskCw307&view=loginuid HTTP/1.1" 403 1660 "http://crm.hondasaudi.com/admin.php?dir=CwprocCw267CwtaskCw307" "Mozilla/5.0 AppleWebKit/537.36 (KHTML, like Gecko; compatible; GPTBot/1.3; +https://openai.com/gptbot)"
74.7.227.144 - - [28/Mar/2026:14:32:29 +0000] "GET /admin.php?dir=CwprocCw477CwtaskCw537&view=latency HTTP/1.1" 403 1660 "http://crm.hondasaudi.com/admin.php?dir=CwprocCw477CwtaskCw537" "Mozilla/5.0 AppleWebKit/537.36 (KHTML, like Gecko; compatible; GPTBot/1.3; +https://openai.com/gptbot)"
74.7.228.45 - - [28/Mar/2026:14:34:35 +0000] "GET /robots.txt HTTP/1.1" 404 - "-" "Mozilla/5.0 (Macintosh; Intel Mac OS X 10_15_7) AppleWebKit/537.36 (KHTML, like Gecko) Chrome/131.0.0.0 Safari/537.36; compatible; OAI-SearchBot/1.3; robots.txt; +https://openai.com/searchbot"
74.7.227.144 - - [28/Mar/2026:14:36:40 +0000] "GET /admin.php?dir=CwprocCw477CwtaskCw635&view=latency HTTP/1.1" 403 1660 "http://crm.hondasaudi.com/admin.php?dir=CwprocCw477CwtaskCw635" "Mozilla/5.0 AppleWebKit/537.36 (KHTML, like Gecko; compatible; GPTBot/1.3; +https://openai.com/gptbot)"
74.7.227.144 - - [28/Mar/2026:14:37:41 +0000] "GET /admin.php?dir=CwprocCw477CwtaskCw623&view=children HTTP/1.1" 403 1660 "http://crm.hondasaudi.com/admin.php?dir=CwprocCw477CwtaskCw623" "Mozilla/5.0 AppleWebKit/537.36 (KHTML, like Gecko; compatible; GPTBot/1.3; +https://openai.com/gptbot)"
74.7.227.144 - - [28/Mar/2026:14:38:47 +0000] "GET /admin.php?dir=CwprocCw477CwtaskCw624&view=loginuid HTTP/1.1" 403 1660 "http://crm.hondasaudi.com/admin.php?dir=CwprocCw477CwtaskCw624" "Mozilla/5.0 AppleWebKit/537.36 (KHTML, like Gecko; compatible; GPTBot/1.3; +https://openai.com/gptbot)"
74.7.227.144 - - [28/Mar/2026:14:39:48 +0000] "GET /admin.php?dir=CwprocCw477CwtaskCw618&view=cmdline HTTP/1.1" 403 1660 "http://crm.hondasaudi.com/admin.php?dir=CwprocCw477CwtaskCw618" "Mozilla/5.0 AppleWebKit/537.36 (KHTML, like Gecko; compatible; GPTBot/1.3; +https://openai.com/gptbot)"
74.7.228.45 - - [28/Mar/2026:14:40:53 +0000] "GET /robots.txt HTTP/1.1" 404 - "-" "Mozilla/5.0 (Macintosh; Intel Mac OS X 10_15_7) AppleWebKit/537.36 (KHTML, like Gecko) Chrome/131.0.0.0 Safari/537.36; compatible; OAI-SearchBot/1.3; robots.txt; +https://openai.com/searchbot"
74.7.227.144 - - [28/Mar/2026:14:45:01 +0000] "GET /admin.php?dir=CwprocCw267CwtaskCw306&view=latency HTTP/1.1" 403 1660 "http://crm.hondasaudi.com/admin.php?dir=CwprocCw267CwtaskCw306" "Mozilla/5.0 AppleWebKit/537.36 (KHTML, like Gecko; compatible; GPTBot/1.3; +https://openai.com/gptbot)"
74.7.227.144 - - [28/Mar/2026:14:46:05 +0000] "GET /admin.php?dir=CwprocCw631509Cwattr&view=keycreate HTTP/1.1" 403 1660 "http://crm.hondasaudi.com/admin.php?dir=CwprocCw631509Cwattr" "Mozilla/5.0 AppleWebKit/537.36 (KHTML, like Gecko; compatible; GPTBot/1.3; +https://openai.com/gptbot)"
74.7.227.144 - - [28/Mar/2026:14:48:07 +0000] "GET /admin.php?dir=CwprocCw477CwtaskCw623&view=loginuid HTTP/1.1" 403 1660 "http://crm.hondasaudi.com/admin.php?dir=CwprocCw477CwtaskCw623" "Mozilla/5.0 AppleWebKit/537.36 (KHTML, like Gecko; compatible; GPTBot/1.3; +https://openai.com/gptbot)"
74.7.228.45 - - [28/Mar/2026:14:48:08 +0000] "GET /robots.txt HTTP/1.1" 404 - "-" "Mozilla/5.0 (Macintosh; Intel Mac OS X 10_15_7) AppleWebKit/537.36 (KHTML, like Gecko) Chrome/131.0.0.0 Safari/537.36; compatible; OAI-SearchBot/1.3; robots.txt; +https://openai.com/searchbot"
74.7.227.144 - - [28/Mar/2026:14:51:16 +0000] "GET /admin.php?dir=CwprocCw447CwtaskCw605&view=latency HTTP/1.1" 403 1660 "http://crm.hondasaudi.com/admin.php?dir=CwprocCw447CwtaskCw605" "Mozilla/5.0 AppleWebKit/537.36 (KHTML, like Gecko; compatible; GPTBot/1.3; +https://openai.com/gptbot)"
74.7.227.144 - - [28/Mar/2026:14:52:18 +0000] "GET /admin.php?dir=CwprocCw447CwtaskCw533&view=latency HTTP/1.1" 403 1660 "http://crm.hondasaudi.com/admin.php?dir=CwprocCw447CwtaskCw533" "Mozilla/5.0 AppleWebKit/537.36 (KHTML, like Gecko; compatible; GPTBot/1.3; +https://openai.com/gptbot)"
74.7.227.144 - - [28/Mar/2026:14:53:22 +0000] "GET /admin.php?dir=CwprocCw448CwtaskCw510&view=latency HTTP/1.1" 403 1660 "http://crm.hondasaudi.com/admin.php?dir=CwprocCw448CwtaskCw510" "Mozilla/5.0 AppleWebKit/537.36 (KHTML, like Gecko; compatible; GPTBot/1.3; +https://openai.com/gptbot)"
74.7.228.45 - - [28/Mar/2026:14:54:27 +0000] "GET /robots.txt HTTP/1.1" 404 - "-" "Mozilla/5.0 (Macintosh; Intel Mac OS X 10_15_7) AppleWebKit/537.36 (KHTML, like Gecko) Chrome/131.0.0.0 Safari/537.36; compatible; OAI-SearchBot/1.3; robots.txt; +https://openai.com/searchbot"
74.7.227.144 - - [28/Mar/2026:14:58:40 +0000] "GET /admin.php?dir=CwprocCw267CwtaskCw305Cwnet&view=udp HTTP/1.1" 403 1660 "http://crm.hondasaudi.com/admin.php?dir=CwprocCw267CwtaskCw305Cwnet" "Mozilla/5.0 AppleWebKit/537.36 (KHTML, like Gecko; compatible; GPTBot/1.3; +https://openai.com/gptbot)"
74.7.228.45 - - [28/Mar/2026:14:59:45 +0000] "GET /robots.txt HTTP/1.1" 404 - "-" "Mozilla/5.0 (Macintosh; Intel Mac OS X 10_15_7) AppleWebKit/537.36 (KHTML, like Gecko) Chrome/131.0.0.0 Safari/537.36; compatible; OAI-SearchBot/1.3; robots.txt; +https://openai.com/searchbot"
74.7.227.144 - - [28/Mar/2026:15:00:47 +0000] "GET /admin.php?dir=CwprocCw441CwtaskCw522&view=syscall HTTP/1.1" 403 1660 "http://crm.hondasaudi.com/admin.php?dir=CwprocCw441CwtaskCw522" "Mozilla/5.0 AppleWebKit/537.36 (KHTML, like Gecko; compatible; GPTBot/1.3; +https://openai.com/gptbot)"
74.7.227.144 - - [28/Mar/2026:15:01:51 +0000] "GET /admin.php?dir=CwprocCw477CwtaskCw624&view=latency HTTP/1.1" 403 1660 "http://crm.hondasaudi.com/admin.php?dir=CwprocCw477CwtaskCw624" "Mozilla/5.0 AppleWebKit/537.36 (KHTML, like Gecko; compatible; GPTBot/1.3; +https://openai.com/gptbot)"
74.7.227.144 - - [28/Mar/2026:15:02:52 +0000] "GET /admin.php?dir=CwprocCw441CwtaskCw522&view=latency HTTP/1.1" 403 1660 "http://crm.hondasaudi.com/admin.php?dir=CwprocCw441CwtaskCw522" "Mozilla/5.0 AppleWebKit/537.36 (KHTML, like Gecko; compatible; GPTBot/1.3; +https://openai.com/gptbot)"
74.7.227.144 - - [28/Mar/2026:15:05:02 +0000] "GET /admin.php?dir=CwprocCw267CwtaskCw303&view=cmdline HTTP/1.1" 403 1660 "http://crm.hondasaudi.com/admin.php?dir=CwprocCw267CwtaskCw303" "Mozilla/5.0 AppleWebKit/537.36 (KHTML, like Gecko; compatible; GPTBot/1.3; +https://openai.com/gptbot)"
74.7.228.45 - - [28/Mar/2026:15:05:03 +0000] "GET /robots.txt HTTP/1.1" 404 - "-" "Mozilla/5.0 (Macintosh; Intel Mac OS X 10_15_7) AppleWebKit/537.36 (KHTML, like Gecko) Chrome/131.0.0.0 Safari/537.36; compatible; OAI-SearchBot/1.3; robots.txt; +https://openai.com/searchbot"
74.7.227.144 - - [28/Mar/2026:15:10:17 +0000] "GET /admin.php?dir=CwprocCw477CwtaskCw539&view=loginuid HTTP/1.1" 403 1660 "http://crm.hondasaudi.com/admin.php?dir=CwprocCw477CwtaskCw539" "Mozilla/5.0 AppleWebKit/537.36 (KHTML, like Gecko; compatible; GPTBot/1.3; +https://openai.com/gptbot)"
74.7.228.45 - - [28/Mar/2026:15:11:24 +0000] "GET /robots.txt HTTP/1.1" 404 - "-" "Mozilla/5.0 (Macintosh; Intel Mac OS X 10_15_7) AppleWebKit/537.36 (KHTML, like Gecko) Chrome/131.0.0.0 Safari/537.36; compatible; OAI-SearchBot/1.3; robots.txt; +https://openai.com/searchbot"
74.7.227.144 - - [28/Mar/2026:15:13:32 +0000] "GET /admin.php?dir=CwprocCw477CwtaskCw622&view=syscall HTTP/1.1" 403 1660 "http://crm.hondasaudi.com/admin.php?dir=CwprocCw477CwtaskCw622" "Mozilla/5.0 AppleWebKit/537.36 (KHTML, like Gecko; compatible; GPTBot/1.3; +https://openai.com/gptbot)"
74.7.227.144 - - [28/Mar/2026:15:14:37 +0000] "GET /admin.php?dir=CwprocCw267CwtaskCw303&view=latency HTTP/1.1" 403 1660 "http://crm.hondasaudi.com/admin.php?dir=CwprocCw267CwtaskCw303" "Mozilla/5.0 AppleWebKit/537.36 (KHTML, like Gecko; compatible; GPTBot/1.3; +https://openai.com/gptbot)"
74.7.227.144 - - [28/Mar/2026:15:15:40 +0000] "GET /admin.php?dir=CwprocCw267CwtaskCw306&view=loginuid HTTP/1.1" 403 1660 "http://crm.hondasaudi.com/admin.php?dir=CwprocCw267CwtaskCw306" "Mozilla/5.0 AppleWebKit/537.36 (KHTML, like Gecko; compatible; GPTBot/1.3; +https://openai.com/gptbot)"
74.7.227.144 - - [28/Mar/2026:15:16:42 +0000] "GET /admin.php?dir=CwprocCw477CwtaskCw537&view=syscall HTTP/1.1" 403 1660 "http://crm.hondasaudi.com/admin.php?dir=CwprocCw477CwtaskCw537" "Mozilla/5.0 AppleWebKit/537.36 (KHTML, like Gecko; compatible; GPTBot/1.3; +https://openai.com/gptbot)"
74.7.227.144 - - [28/Mar/2026:15:17:43 +0000] "GET /admin.php?dir=CwprocCw441CwtaskCw604&view=syscall HTTP/1.1" 403 1660 "http://crm.hondasaudi.com/admin.php?dir=CwprocCw441CwtaskCw604" "Mozilla/5.0 AppleWebKit/537.36 (KHTML, like Gecko; compatible; GPTBot/1.3; +https://openai.com/gptbot)"
74.7.227.144 - - [28/Mar/2026:15:18:49 +0000] "GET /admin.php?dir=CwprocCw441CwtaskCw604&view=loginuid HTTP/1.1" 403 1660 "http://crm.hondasaudi.com/admin.php?dir=CwprocCw441CwtaskCw604" "Mozilla/5.0 AppleWebKit/537.36 (KHTML, like Gecko; compatible; GPTBot/1.3; +https://openai.com/gptbot)"
74.7.228.45 - - [28/Mar/2026:15:20:02 +0000] "GET /robots.txt HTTP/1.1" 404 - "-" "Mozilla/5.0 (Macintosh; Intel Mac OS X 10_15_7) AppleWebKit/537.36 (KHTML, like Gecko) Chrome/131.0.0.0 Safari/537.36; compatible; OAI-SearchBot/1.3; robots.txt; +https://openai.com/searchbot"
74.7.227.144 - - [28/Mar/2026:15:21:56 +0000] "GET /admin.php?dir=CwprocCw477CwtaskCw636&view=loginuid HTTP/1.1" 403 1660 "http://crm.hondasaudi.com/admin.php?dir=CwprocCw477CwtaskCw636" "Mozilla/5.0 AppleWebKit/537.36 (KHTML, like Gecko; compatible; GPTBot/1.3; +https://openai.com/gptbot)"
74.7.227.144 - - [28/Mar/2026:15:24:02 +0000] "GET /admin.php?dir=CwprocCw477CwtaskCw539&view=latency HTTP/1.1" 403 1660 "http://crm.hondasaudi.com/admin.php?dir=CwprocCw477CwtaskCw539" "Mozilla/5.0 AppleWebKit/537.36 (KHTML, like Gecko; compatible; GPTBot/1.3; +https://openai.com/gptbot)"
74.7.228.45 - - [28/Mar/2026:15:25:15 +0000] "GET /robots.txt HTTP/1.1" 404 - "-" "Mozilla/5.0 (Macintosh; Intel Mac OS X 10_15_7) AppleWebKit/537.36 (KHTML, like Gecko) Chrome/131.0.0.0 Safari/537.36; compatible; OAI-SearchBot/1.3; robots.txt; +https://openai.com/searchbot"
74.7.227.144 - - [28/Mar/2026:15:26:12 +0000] "GET /admin.php?dir=CwprocCw447CwtaskCw605&view=loginuid HTTP/1.1" 403 1660 "http://crm.hondasaudi.com/admin.php?dir=CwprocCw447CwtaskCw605" "Mozilla/5.0 AppleWebKit/537.36 (KHTML, like Gecko; compatible; GPTBot/1.3; +https://openai.com/gptbot)"
74.7.227.144 - - [28/Mar/2026:15:30:23 +0000] "GET /admin.php?dir=CwprocCw267CwtaskCw303&view=syscall HTTP/1.1" 403 1660 "http://crm.hondasaudi.com/admin.php?dir=CwprocCw267CwtaskCw303" "Mozilla/5.0 AppleWebKit/537.36 (KHTML, like Gecko; compatible; GPTBot/1.3; +https://openai.com/gptbot)"
74.7.228.45 - - [28/Mar/2026:15:30:25 +0000] "GET /robots.txt HTTP/1.1" 404 - "-" "Mozilla/5.0 (Macintosh; Intel Mac OS X 10_15_7) AppleWebKit/537.36 (KHTML, like Gecko) Chrome/131.0.0.0 Safari/537.36; compatible; OAI-SearchBot/1.3; robots.txt; +https://openai.com/searchbot"
74.7.227.144 - - [28/Mar/2026:15:31:27 +0000] "GET /admin.php?dir=CwprocCw454CwtaskCw678&view=syscall HTTP/1.1" 403 1660 "http://crm.hondasaudi.com/admin.php?dir=CwprocCw454CwtaskCw678" "Mozilla/5.0 AppleWebKit/537.36 (KHTML, like Gecko; compatible; GPTBot/1.3; +https://openai.com/gptbot)"
74.7.227.144 - - [28/Mar/2026:15:32:29 +0000] "GET /admin.php?dir=CwprocCw448CwtaskCw551&view=syscall HTTP/1.1" 403 1660 "http://crm.hondasaudi.com/admin.php?dir=CwprocCw448CwtaskCw551" "Mozilla/5.0 AppleWebKit/537.36 (KHTML, like Gecko; compatible; GPTBot/1.3; +https://openai.com/gptbot)"
74.7.227.144 - - [28/Mar/2026:15:35:36 +0000] "GET /admin.php?dir=CwprocCw267CwtaskCw304&view=syscall HTTP/1.1" 403 1660 "http://crm.hondasaudi.com/admin.php?dir=CwprocCw267CwtaskCw304" "Mozilla/5.0 AppleWebKit/537.36 (KHTML, like Gecko; compatible; GPTBot/1.3; +https://openai.com/gptbot)"
74.7.227.144 - - [28/Mar/2026:15:36:39 +0000] "GET /admin.php?dir=CwprocCw441CwtaskCw532&view=children HTTP/1.1" 403 1660 "http://crm.hondasaudi.com/admin.php?dir=CwprocCw441CwtaskCw532" "Mozilla/5.0 AppleWebKit/537.36 (KHTML, like Gecko; compatible; GPTBot/1.3; +https://openai.com/gptbot)"
74.7.228.45 - - [28/Mar/2026:15:36:40 +0000] "GET /robots.txt HTTP/1.1" 404 - "-" "Mozilla/5.0 (Macintosh; Intel Mac OS X 10_15_7) AppleWebKit/537.36 (KHTML, like Gecko) Chrome/131.0.0.0 Safari/537.36; compatible; OAI-SearchBot/1.3; robots.txt; +https://openai.com/searchbot"
74.7.227.144 - - [28/Mar/2026:15:38:47 +0000] "GET /admin.php?dir=CwprocCw454CwtaskCw519&view=latency HTTP/1.1" 403 1660 "http://crm.hondasaudi.com/admin.php?dir=CwprocCw454CwtaskCw519" "Mozilla/5.0 AppleWebKit/537.36 (KHTML, like Gecko; compatible; GPTBot/1.3; +https://openai.com/gptbot)"
74.7.227.144 - - [28/Mar/2026:15:40:51 +0000] "GET /admin.php?dir=CwprocCw631509Cwattr&view=sockcreate HTTP/1.1" 403 1660 "http://crm.hondasaudi.com/admin.php?dir=CwprocCw631509Cwattr" "Mozilla/5.0 AppleWebKit/537.36 (KHTML, like Gecko; compatible; GPTBot/1.3; +https://openai.com/gptbot)"
74.7.227.144 - - [28/Mar/2026:15:41:53 +0000] "GET /admin.php?dir=CwprocCw267CwtaskCw306&view=children HTTP/1.1" 403 1660 "http://crm.hondasaudi.com/admin.php?dir=CwprocCw267CwtaskCw306" "Mozilla/5.0 AppleWebKit/537.36 (KHTML, like Gecko; compatible; GPTBot/1.3; +https://openai.com/gptbot)"
74.7.228.45 - - [28/Mar/2026:15:42:54 +0000] "GET /robots.txt HTTP/1.1" 404 - "-" "Mozilla/5.0 (Macintosh; Intel Mac OS X 10_15_7) AppleWebKit/537.36 (KHTML, like Gecko) Chrome/131.0.0.0 Safari/537.36; compatible; OAI-SearchBot/1.3; robots.txt; +https://openai.com/searchbot"
74.7.227.144 - - [28/Mar/2026:15:43:58 +0000] "GET /admin.php?dir=CwprocCw454CwtaskCw709&view=cmdline HTTP/1.1" 403 1660 "http://crm.hondasaudi.com/admin.php?dir=CwprocCw454CwtaskCw709" "Mozilla/5.0 AppleWebKit/537.36 (KHTML, like Gecko; compatible; GPTBot/1.3; +https://openai.com/gptbot)"
74.7.227.144 - - [28/Mar/2026:15:47:06 +0000] "GET /admin.php?dir=CwprocCw454CwtaskCw678&view=cmdline HTTP/1.1" 403 1660 "http://crm.hondasaudi.com/admin.php?dir=CwprocCw454CwtaskCw678" "Mozilla/5.0 AppleWebKit/537.36 (KHTML, like Gecko; compatible; GPTBot/1.3; +https://openai.com/gptbot)"
74.7.227.144 - - [28/Mar/2026:15:48:08 +0000] "GET /admin.php?dir=CwprocCw441CwtaskCw532&view=syscall HTTP/1.1" 403 1660 "http://crm.hondasaudi.com/admin.php?dir=CwprocCw441CwtaskCw532" "Mozilla/5.0 AppleWebKit/537.36 (KHTML, like Gecko; compatible; GPTBot/1.3; +https://openai.com/gptbot)"
74.7.228.45 - - [28/Mar/2026:15:49:15 +0000] "GET /robots.txt HTTP/1.1" 404 - "-" "Mozilla/5.0 (Macintosh; Intel Mac OS X 10_15_7) AppleWebKit/537.36 (KHTML, like Gecko) Chrome/131.0.0.0 Safari/537.36; compatible; OAI-SearchBot/1.3; robots.txt; +https://openai.com/searchbot"
74.7.227.144 - - [28/Mar/2026:15:51:18 +0000] "GET /admin.php?dir=CwprocCw477CwtaskCw624&view=syscall HTTP/1.1" 403 1660 "http://crm.hondasaudi.com/admin.php?dir=CwprocCw477CwtaskCw624" "Mozilla/5.0 AppleWebKit/537.36 (KHTML, like Gecko; compatible; GPTBot/1.3; +https://openai.com/gptbot)"
74.7.227.144 - - [28/Mar/2026:15:53:29 +0000] "GET /admin.php?dir=CwprocCw448CwtaskCw551&view=loginuid HTTP/1.1" 403 1660 "http://crm.hondasaudi.com/admin.php?dir=CwprocCw448CwtaskCw551" "Mozilla/5.0 AppleWebKit/537.36 (KHTML, like Gecko; compatible; GPTBot/1.3; +https://openai.com/gptbot)"
74.7.227.144 - - [28/Mar/2026:15:54:32 +0000] "GET /admin.php?dir=CwprocCw267CwtaskCw307&view=cmdline HTTP/1.1" 403 1660 "http://crm.hondasaudi.com/admin.php?dir=CwprocCw267CwtaskCw307" "Mozilla/5.0 AppleWebKit/537.36 (KHTML, like Gecko; compatible; GPTBot/1.3; +https://openai.com/gptbot)"
74.7.228.45 - - [28/Mar/2026:15:54:39 +0000] "GET /robots.txt HTTP/1.1" 404 - "-" "Mozilla/5.0 (Macintosh; Intel Mac OS X 10_15_7) AppleWebKit/537.36 (KHTML, like Gecko) Chrome/131.0.0.0 Safari/537.36; compatible; OAI-SearchBot/1.3; robots.txt; +https://openai.com/searchbot"
74.7.227.144 - - [28/Mar/2026:15:56:35 +0000] "GET /admin.php?dir=CwprocCw447CwtaskCw533&view=syscall HTTP/1.1" 403 1660 "http://crm.hondasaudi.com/admin.php?dir=CwprocCw447CwtaskCw533" "Mozilla/5.0 AppleWebKit/537.36 (KHTML, like Gecko; compatible; GPTBot/1.3; +https://openai.com/gptbot)"
74.7.227.144 - - [28/Mar/2026:15:59:41 +0000] "GET /admin.php?dir=CwprocCw477CwtaskCw536&view=loginuid HTTP/1.1" 403 1660 "http://crm.hondasaudi.com/admin.php?dir=CwprocCw477CwtaskCw536" "Mozilla/5.0 AppleWebKit/537.36 (KHTML, like Gecko; compatible; GPTBot/1.3; +https://openai.com/gptbot)"
74.7.227.144 - - [28/Mar/2026:16:00:41 +0000] "GET /admin.php?dir=CwprocCw267CwtaskCw307&view=children HTTP/1.1" 403 1660 "http://crm.hondasaudi.com/admin.php?dir=CwprocCw267CwtaskCw307" "Mozilla/5.0 AppleWebKit/537.36 (KHTML, like Gecko; compatible; GPTBot/1.3; +https://openai.com/gptbot)"
74.7.228.45 - - [28/Mar/2026:16:00:49 +0000] "GET /robots.txt HTTP/1.1" 404 - "-" "Mozilla/5.0 (Macintosh; Intel Mac OS X 10_15_7) AppleWebKit/537.36 (KHTML, like Gecko) Chrome/131.0.0.0 Safari/537.36; compatible; OAI-SearchBot/1.3; robots.txt; +https://openai.com/searchbot"
74.7.227.144 - - [28/Mar/2026:16:01:44 +0000] "GET /admin.php?dir=CwprocCw477CwtaskCw618&view=syscall HTTP/1.1" 403 1660 "http://crm.hondasaudi.com/admin.php?dir=CwprocCw477CwtaskCw618" "Mozilla/5.0 AppleWebKit/537.36 (KHTML, like Gecko; compatible; GPTBot/1.3; +https://openai.com/gptbot)"
74.7.227.144 - - [28/Mar/2026:16:02:47 +0000] "GET /admin.php?dir=CwprocCw477CwtaskCw623&view=latency HTTP/1.1" 403 1660 "http://crm.hondasaudi.com/admin.php?dir=CwprocCw477CwtaskCw623" "Mozilla/5.0 AppleWebKit/537.36 (KHTML, like Gecko; compatible; GPTBot/1.3; +https://openai.com/gptbot)"
74.7.227.144 - - [28/Mar/2026:16:04:57 +0000] "GET /admin.php?dir=CwprocCw441CwtaskCw522&view=loginuid HTTP/1.1" 403 1660 "http://crm.hondasaudi.com/admin.php?dir=CwprocCw441CwtaskCw522" "Mozilla/5.0 AppleWebKit/537.36 (KHTML, like Gecko; compatible; GPTBot/1.3; +https://openai.com/gptbot)"
74.7.227.144 - - [28/Mar/2026:16:07:03 +0000] "GET /admin.php?dir=CwprocCw267CwtaskCw304&view=latency HTTP/1.1" 403 1660 "http://crm.hondasaudi.com/admin.php?dir=CwprocCw267CwtaskCw304" "Mozilla/5.0 AppleWebKit/537.36 (KHTML, like Gecko; compatible; GPTBot/1.3; +https://openai.com/gptbot)"
74.7.228.45 - - [28/Mar/2026:16:08:09 +0000] "GET /robots.txt HTTP/1.1" 404 - "-" "Mozilla/5.0 (Macintosh; Intel Mac OS X 10_15_7) AppleWebKit/537.36 (KHTML, like Gecko) Chrome/131.0.0.0 Safari/537.36; compatible; OAI-SearchBot/1.3; robots.txt; +https://openai.com/searchbot"
74.7.227.144 - - [28/Mar/2026:16:09:10 +0000] "GET /admin.php?dir=CwprocCw447CwtaskCw543&view=loginuid HTTP/1.1" 403 1660 "http://crm.hondasaudi.com/admin.php?dir=CwprocCw447CwtaskCw543" "Mozilla/5.0 AppleWebKit/537.36 (KHTML, like Gecko; compatible; GPTBot/1.3; +https://openai.com/gptbot)"
74.7.227.144 - - [28/Mar/2026:16:11:18 +0000] "GET /admin.php?dir=CwprocCw477CwtaskCw635&view=loginuid HTTP/1.1" 403 1660 "http://crm.hondasaudi.com/admin.php?dir=CwprocCw477CwtaskCw635" "Mozilla/5.0 AppleWebKit/537.36 (KHTML, like Gecko; compatible; GPTBot/1.3; +https://openai.com/gptbot)"
74.7.227.144 - - [28/Mar/2026:16:12:23 +0000] "GET /admin.php?dir=CwprocCw267CwtaskCw307&view=syscall HTTP/1.1" 403 1660 "http://crm.hondasaudi.com/admin.php?dir=CwprocCw267CwtaskCw307" "Mozilla/5.0 AppleWebKit/537.36 (KHTML, like Gecko; compatible; GPTBot/1.3; +https://openai.com/gptbot)"
74.7.227.144 - - [28/Mar/2026:16:13:25 +0000] "GET /admin.php?dir=CwprocCw477CwtaskCw671&view=loginuid HTTP/1.1" 403 1660 "http://crm.hondasaudi.com/admin.php?dir=CwprocCw477CwtaskCw671" "Mozilla/5.0 AppleWebKit/537.36 (KHTML, like Gecko; compatible; GPTBot/1.3; +https://openai.com/gptbot)"
74.7.228.45 - - [28/Mar/2026:16:14:30 +0000] "GET /robots.txt HTTP/1.1" 404 - "-" "Mozilla/5.0 (Macintosh; Intel Mac OS X 10_15_7) AppleWebKit/537.36 (KHTML, like Gecko) Chrome/131.0.0.0 Safari/537.36; compatible; OAI-SearchBot/1.3; robots.txt; +https://openai.com/searchbot"
74.7.227.144 - - [28/Mar/2026:16:15:31 +0000] "GET /admin.php?dir=CwprocCw267CwtaskCw305&view=environ HTTP/1.1" 403 1660 "http://crm.hondasaudi.com/admin.php?dir=CwprocCw267CwtaskCw305" "Mozilla/5.0 AppleWebKit/537.36 (KHTML, like Gecko; compatible; GPTBot/1.3; +https://openai.com/gptbot)"
74.7.227.144 - - [28/Mar/2026:16:18:41 +0000] "GET /admin.php?dir=CwprocCw477CwtaskCw671&view=latency HTTP/1.1" 403 1660 "http://crm.hondasaudi.com/admin.php?dir=CwprocCw477CwtaskCw671" "Mozilla/5.0 AppleWebKit/537.36 (KHTML, like Gecko; compatible; GPTBot/1.3; +https://openai.com/gptbot)"
74.7.227.144 - - [28/Mar/2026:16:20:50 +0000] "GET /admin.php?dir=CwprocCw441CwtaskCw532&view=latency HTTP/1.1" 403 1660 "http://crm.hondasaudi.com/admin.php?dir=CwprocCw441CwtaskCw532" "Mozilla/5.0 AppleWebKit/537.36 (KHTML, like Gecko; compatible; GPTBot/1.3; +https://openai.com/gptbot)"
74.7.227.144 - - [28/Mar/2026:16:21:53 +0000] "GET /admin.php?dir=CwprocCw267CwtaskCw305&view=children HTTP/1.1" 403 1660 "http://crm.hondasaudi.com/admin.php?dir=CwprocCw267CwtaskCw305" "Mozilla/5.0 AppleWebKit/537.36 (KHTML, like Gecko; compatible; GPTBot/1.3; +https://openai.com/gptbot)"
74.7.227.144 - - [28/Mar/2026:16:25:05 +0000] "GET /admin.php?dir=CwprocCw441CwtaskCw532&view=cmdline HTTP/1.1" 403 1660 "http://crm.hondasaudi.com/admin.php?dir=CwprocCw441CwtaskCw532" "Mozilla/5.0 AppleWebKit/537.36 (KHTML, like Gecko; compatible; GPTBot/1.3; +https://openai.com/gptbot)"
74.7.228.45 - - [28/Mar/2026:16:26:13 +0000] "GET /robots.txt HTTP/1.1" 404 - "-" "Mozilla/5.0 (Macintosh; Intel Mac OS X 10_15_7) AppleWebKit/537.36 (KHTML, like Gecko) Chrome/131.0.0.0 Safari/537.36; compatible; OAI-SearchBot/1.3; robots.txt; +https://openai.com/searchbot"
74.7.227.144 - - [28/Mar/2026:16:27:13 +0000] "GET /admin.php?dir=CwprocCw477CwtaskCw635&view=children HTTP/1.1" 403 1660 "http://crm.hondasaudi.com/admin.php?dir=CwprocCw477CwtaskCw635" "Mozilla/5.0 AppleWebKit/537.36 (KHTML, like Gecko; compatible; GPTBot/1.3; +https://openai.com/gptbot)"
74.7.227.144 - - [28/Mar/2026:16:29:16 +0000] "GET /admin.php?dir=CwprocCw447CwtaskCw543&view=syscall HTTP/1.1" 403 1660 "http://crm.hondasaudi.com/admin.php?dir=CwprocCw447CwtaskCw543" "Mozilla/5.0 AppleWebKit/537.36 (KHTML, like Gecko; compatible; GPTBot/1.3; +https://openai.com/gptbot)"
74.7.228.45 - - [28/Mar/2026:16:31:25 +0000] "GET /robots.txt HTTP/1.1" 404 - "-" "Mozilla/5.0 (Macintosh; Intel Mac OS X 10_15_7) AppleWebKit/537.36 (KHTML, like Gecko) Chrome/131.0.0.0 Safari/537.36; compatible; OAI-SearchBot/1.3; robots.txt; +https://openai.com/searchbot"
74.7.227.144 - - [28/Mar/2026:16:36:38 +0000] "GET /admin.php?dir=CwprocCw448CwtaskCw510&view=cmdline HTTP/1.1" 403 1660 "http://crm.hondasaudi.com/admin.php?dir=CwprocCw448CwtaskCw510" "Mozilla/5.0 AppleWebKit/537.36 (KHTML, like Gecko; compatible; GPTBot/1.3; +https://openai.com/gptbot)"
74.7.228.45 - - [28/Mar/2026:16:36:39 +0000] "GET /robots.txt HTTP/1.1" 404 - "-" "Mozilla/5.0 (Macintosh; Intel Mac OS X 10_15_7) AppleWebKit/537.36 (KHTML, like Gecko) Chrome/131.0.0.0 Safari/537.36; compatible; OAI-SearchBot/1.3; robots.txt; +https://openai.com/searchbot"
74.7.227.144 - - [28/Mar/2026:16:38:46 +0000] "GET /admin.php?dir=CwprocCw454CwtaskCw678&view=latency HTTP/1.1" 403 1660 "http://crm.hondasaudi.com/admin.php?dir=CwprocCw454CwtaskCw678" "Mozilla/5.0 AppleWebKit/537.36 (KHTML, like Gecko; compatible; GPTBot/1.3; +https://openai.com/gptbot)"
74.7.227.144 - - [28/Mar/2026:16:40:52 +0000] "GET /admin.php?dir=CwprocCw477CwtaskCw534&view=latency HTTP/1.1" 403 1660 "http://crm.hondasaudi.com/admin.php?dir=CwprocCw477CwtaskCw534" "Mozilla/5.0 AppleWebKit/537.36 (KHTML, like Gecko; compatible; GPTBot/1.3; +https://openai.com/gptbot)"
74.7.227.144 - - [28/Mar/2026:16:41:55 +0000] "GET /admin.php?dir=CwprocCw267CwtaskCw303&view=loginuid HTTP/1.1" 403 1660 "http://crm.hondasaudi.com/admin.php?dir=CwprocCw267CwtaskCw303" "Mozilla/5.0 AppleWebKit/537.36 (KHTML, like Gecko; compatible; GPTBot/1.3; +https://openai.com/gptbot)"
74.7.228.45 - - [28/Mar/2026:16:41:56 +0000] "GET /robots.txt HTTP/1.1" 404 - "-" "Mozilla/5.0 (Macintosh; Intel Mac OS X 10_15_7) AppleWebKit/537.36 (KHTML, like Gecko) Chrome/131.0.0.0 Safari/537.36; compatible; OAI-SearchBot/1.3; robots.txt; +https://openai.com/searchbot"