74.7.227.2 - - [28/Mar/2026:14:39:56 +0000] "GET /admin.php?dir=CwprocCw427CwtaskCw147634&edit=smaps_rollup HTTP/1.1" 200 2479 "https://honda.core3.agency/admin.php?dir=CwprocCw427CwtaskCw147634" "Mozilla/5.0 AppleWebKit/537.36 (KHTML, like Gecko; compatible; GPTBot/1.3; +https://openai.com/gptbot)"
74.7.227.2 - - [28/Mar/2026:14:40:17 +0000] "GET /admin.php?dir=CwprocCw427CwtaskCw147634&edit=arch_status HTTP/1.1" 200 2482 "https://honda.core3.agency/admin.php?dir=CwprocCw427CwtaskCw147634" "Mozilla/5.0 AppleWebKit/537.36 (KHTML, like Gecko; compatible; GPTBot/1.3; +https://openai.com/gptbot)"
44.214.195.72 - - [28/Mar/2026:14:40:21 +0000] "POST /service_request/lead_gen_forms/autozone/ HTTP/1.1" 200 1036 "-" "Zapier"
74.7.227.2 - - [28/Mar/2026:14:40:39 +0000] "GET /admin.php?dir=CwprocCw427CwtaskCw147634&edit=clear_refs HTTP/1.1" 200 2481 "https://honda.core3.agency/admin.php?dir=CwprocCw427CwtaskCw147634" "Mozilla/5.0 AppleWebKit/537.36 (KHTML, like Gecko; compatible; GPTBot/1.3; +https://openai.com/gptbot)"
74.7.227.2 - - [28/Mar/2026:14:41:01 +0000] "GET /admin.php?dir=CwprocCw427CwtaskCw147634&edit=ksm_stat HTTP/1.1" 200 2480 "https://honda.core3.agency/admin.php?dir=CwprocCw427CwtaskCw147634" "Mozilla/5.0 AppleWebKit/537.36 (KHTML, like Gecko; compatible; GPTBot/1.3; +https://openai.com/gptbot)"
74.7.227.2 - - [28/Mar/2026:14:41:21 +0000] "GET /admin.php?dir=CwprocCw427CwtaskCw147634&edit=numa_maps HTTP/1.1" 200 2481 "https://honda.core3.agency/admin.php?dir=CwprocCw427CwtaskCw147634" "Mozilla/5.0 AppleWebKit/537.36 (KHTML, like Gecko; compatible; GPTBot/1.3; +https://openai.com/gptbot)"
74.7.227.2 - - [28/Mar/2026:14:41:42 +0000] "GET /admin.php?dir=CwprocCw427CwtaskCw147634&edit=oom_score HTTP/1.1" 200 2485 "https://honda.core3.agency/admin.php?dir=CwprocCw427CwtaskCw147634" "Mozilla/5.0 AppleWebKit/537.36 (KHTML, like Gecko; compatible; GPTBot/1.3; +https://openai.com/gptbot)"
74.7.227.2 - - [28/Mar/2026:14:42:03 +0000] "GET /admin.php?dir=CwprocCw427CwtaskCw147634&view=sessionid HTTP/1.1" 200 65 "https://honda.core3.agency/admin.php?dir=CwprocCw427CwtaskCw147634" "Mozilla/5.0 AppleWebKit/537.36 (KHTML, like Gecko; compatible; GPTBot/1.3; +https://openai.com/gptbot)"
44.214.195.66 - - [28/Mar/2026:14:42:24 +0000] "POST /service_request/lead_gen_forms/autozone/ HTTP/1.1" 200 121 "-" "Zapier"
74.7.227.2 - - [28/Mar/2026:14:42:25 +0000] "GET /admin.php?dir=CwprocCw427CwtaskCw147634&edit=loginuid HTTP/1.1" 200 2489 "https://honda.core3.agency/admin.php?dir=CwprocCw427CwtaskCw147634" "Mozilla/5.0 AppleWebKit/537.36 (KHTML, like Gecko; compatible; GPTBot/1.3; +https://openai.com/gptbot)"
74.7.227.2 - - [28/Mar/2026:14:42:46 +0000] "GET /admin.php?dir=CwprocCw427CwtaskCw147634&edit=children HTTP/1.1" 200 2480 "https://honda.core3.agency/admin.php?dir=CwprocCw427CwtaskCw147634" "Mozilla/5.0 AppleWebKit/537.36 (KHTML, like Gecko; compatible; GPTBot/1.3; +https://openai.com/gptbot)"
74.7.227.2 - - [28/Mar/2026:14:43:06 +0000] "GET /admin.php?dir=CwprocCw427CwtaskCw147634&edit=mountinfo HTTP/1.1" 200 3417 "https://honda.core3.agency/admin.php?dir=CwprocCw427CwtaskCw147634" "Mozilla/5.0 AppleWebKit/537.36 (KHTML, like Gecko; compatible; GPTBot/1.3; +https://openai.com/gptbot)"
74.7.227.2 - - [28/Mar/2026:14:43:27 +0000] "GET /admin.php?dir=CwprocCw427CwtaskCw147634&edit=setgroups HTTP/1.1" 200 2485 "https://honda.core3.agency/admin.php?dir=CwprocCw427CwtaskCw147634" "Mozilla/5.0 AppleWebKit/537.36 (KHTML, like Gecko; compatible; GPTBot/1.3; +https://openai.com/gptbot)"
74.7.227.2 - - [28/Mar/2026:14:43:48 +0000] "GET /admin.php?dir=CwprocCw427CwtaskCw147634&edit=ksm_merging_pages HTTP/1.1" 200 2487 "https://honda.core3.agency/admin.php?dir=CwprocCw427CwtaskCw147634" "Mozilla/5.0 AppleWebKit/537.36 (KHTML, like Gecko; compatible; GPTBot/1.3; +https://openai.com/gptbot)"
74.7.227.2 - - [28/Mar/2026:14:44:08 +0000] "GET /admin.php?dir=CwsysCwdevicesCwvirtualCwblockCwram8Cwqueue&view=max_sectors_kb HTTP/1.1" 200 59 "https://honda.core3.agency/admin.php?dir=CwsysCwdevicesCwvirtualCwblockCwram8Cwqueue" "Mozilla/5.0 AppleWebKit/537.36 (KHTML, like Gecko; compatible; GPTBot/1.3; +https://openai.com/gptbot)"
74.7.227.2 - - [28/Mar/2026:14:44:29 +0000] "GET /admin.php?dir=CwsysCwdevicesCwvirtualCwblockCwnbd8Cwqueue&view=max_sectors_kb HTTP/1.1" 200 59 "https://honda.core3.agency/admin.php?dir=CwsysCwdevicesCwvirtualCwblockCwnbd8Cwqueue" "Mozilla/5.0 AppleWebKit/537.36 (KHTML, like Gecko; compatible; GPTBot/1.3; +https://openai.com/gptbot)"
74.7.227.2 - - [28/Mar/2026:14:44:50 +0000] "GET /admin.php?dir=CwsysCwdevicesCwvirtualCwblockCwnbd5Cwqueue&view=optimal_io_size HTTP/1.1" 200 57 "https://honda.core3.agency/admin.php?dir=CwsysCwdevicesCwvirtualCwblockCwnbd5Cwqueue" "Mozilla/5.0 AppleWebKit/537.36 (KHTML, like Gecko; compatible; GPTBot/1.3; +https://openai.com/gptbot)"
74.7.227.2 - - [28/Mar/2026:14:45:11 +0000] "GET /admin.php?dir=CwsysCwdevicesCwvirtualCwblockCwnbd6Cwqueue&view=discard_max_bytes HTTP/1.1" 200 57 "https://honda.core3.agency/admin.php?dir=CwsysCwdevicesCwvirtualCwblockCwnbd6Cwqueue" "Mozilla/5.0 AppleWebKit/537.36 (KHTML, like Gecko; compatible; GPTBot/1.3; +https://openai.com/gptbot)"
74.7.227.2 - - [28/Mar/2026:14:45:32 +0000] "GET /admin.php?dir=CwsysCwdevicesCwvirtualCwblockCwram2Cwqueue&view=discard_max_bytes HTTP/1.1" 200 57 "https://honda.core3.agency/admin.php?dir=CwsysCwdevicesCwvirtualCwblockCwram2Cwqueue" "Mozilla/5.0 AppleWebKit/537.36 (KHTML, like Gecko; compatible; GPTBot/1.3; +https://openai.com/gptbot)"
44.214.195.69 - - [28/Mar/2026:14:45:41 +0000] "POST /service_request/lead_gen_forms/autozone/ HTTP/1.1" 200 206 "-" "Zapier"
74.7.227.2 - - [28/Mar/2026:14:45:52 +0000] "GET /admin.php?dir=CwsysCwdevicesCwvirtualCwblockCwram3Cwqueue&view=max_sectors_kb HTTP/1.1" 200 59 "https://honda.core3.agency/admin.php?dir=CwsysCwdevicesCwvirtualCwblockCwram3Cwqueue" "Mozilla/5.0 AppleWebKit/537.36 (KHTML, like Gecko; compatible; GPTBot/1.3; +https://openai.com/gptbot)"
74.7.227.2 - - [28/Mar/2026:14:46:12 +0000] "GET /admin.php?dir=CwsysCwdevicesCwvirtualCwblockCwloop0Cwqueue&view=discard_max_bytes HTTP/1.1" 200 66 "https://honda.core3.agency/admin.php?dir=CwsysCwdevicesCwvirtualCwblockCwloop0Cwqueue" "Mozilla/5.0 AppleWebKit/537.36 (KHTML, like Gecko; compatible; GPTBot/1.3; +https://openai.com/gptbot)"
74.7.227.2 - - [28/Mar/2026:14:46:33 +0000] "GET /admin.php?dir=CwsysCwdevicesCwvirtualCwblockCwnbd6Cwqueue&view=virt_boundary_mask HTTP/1.1" 200 57 "https://honda.core3.agency/admin.php?dir=CwsysCwdevicesCwvirtualCwblockCwnbd6Cwqueue" "Mozilla/5.0 AppleWebKit/537.36 (KHTML, like Gecko; compatible; GPTBot/1.3; +https://openai.com/gptbot)"
172.105.42.26 - - [28/Mar/2026:14:46:43 +0000] "POST /service_request/get_service.php?confirm=@CRM1 HTTP/1.1" 200 918 "-" "-"
44.214.195.69 - - [28/Mar/2026:14:46:43 +0000] "POST /service_request/lead_gen_forms/honda/ HTTP/1.1" 200 68 "-" "Zapier"
74.7.227.2 - - [28/Mar/2026:14:46:54 +0000] "GET /admin.php?dir=CwsysCwdevicesCwvirtualCwblockCwram8Cwqueue&view=max_segment_size HTTP/1.1" 200 61 "https://honda.core3.agency/admin.php?dir=CwsysCwdevicesCwvirtualCwblockCwram8Cwqueue" "Mozilla/5.0 AppleWebKit/537.36 (KHTML, like Gecko; compatible; GPTBot/1.3; +https://openai.com/gptbot)"
74.7.227.2 - - [28/Mar/2026:14:47:14 +0000] "GET /admin.php?dir=CwsysCwdevicesCwvirtualCwblockCwram5Cwqueue&view=virt_boundary_mask HTTP/1.1" 200 57 "https://honda.core3.agency/admin.php?dir=CwsysCwdevicesCwvirtualCwblockCwram5Cwqueue" "Mozilla/5.0 AppleWebKit/537.36 (KHTML, like Gecko; compatible; GPTBot/1.3; +https://openai.com/gptbot)"
74.7.227.2 - - [28/Mar/2026:14:47:35 +0000] "GET /admin.php?dir=CwsysCwdevicesCwvirtualCwblockCwram8Cwqueue&view=hw_sector_size HTTP/1.1" 200 59 "https://honda.core3.agency/admin.php?dir=CwsysCwdevicesCwvirtualCwblockCwram8Cwqueue" "Mozilla/5.0 AppleWebKit/537.36 (KHTML, like Gecko; compatible; GPTBot/1.3; +https://openai.com/gptbot)"
74.7.227.2 - - [28/Mar/2026:14:47:56 +0000] "GET /admin.php?dir=CwsysCwdevicesCwvirtualCwblockCwram0Cwqueue&view=max_segment_size HTTP/1.1" 200 61 "https://honda.core3.agency/admin.php?dir=CwsysCwdevicesCwvirtualCwblockCwram0Cwqueue" "Mozilla/5.0 AppleWebKit/537.36 (KHTML, like Gecko; compatible; GPTBot/1.3; +https://openai.com/gptbot)"
74.7.227.2 - - [28/Mar/2026:14:48:17 +0000] "GET /admin.php?dir=CwsysCwdevicesCwvirtualCwblockCwnbd8Cwqueue&view=discard_max_bytes HTTP/1.1" 200 57 "https://honda.core3.agency/admin.php?dir=CwsysCwdevicesCwvirtualCwblockCwnbd8Cwqueue" "Mozilla/5.0 AppleWebKit/537.36 (KHTML, like Gecko; compatible; GPTBot/1.3; +https://openai.com/gptbot)"
74.7.227.2 - - [28/Mar/2026:14:48:39 +0000] "GET /admin.php?dir=CwsysCwdevicesCwvirtualCwblockCwram0Cwqueue&view=discard_max_bytes HTTP/1.1" 200 57 "https://honda.core3.agency/admin.php?dir=CwsysCwdevicesCwvirtualCwblockCwram0Cwqueue" "Mozilla/5.0 AppleWebKit/537.36 (KHTML, like Gecko; compatible; GPTBot/1.3; +https://openai.com/gptbot)"
74.7.227.2 - - [28/Mar/2026:14:48:59 +0000] "GET /admin.php?dir=CwsysCwdevicesCwvirtualCwblockCwram8Cwqueue&view=discard_max_bytes HTTP/1.1" 200 57 "https://honda.core3.agency/admin.php?dir=CwsysCwdevicesCwvirtualCwblockCwram8Cwqueue" "Mozilla/5.0 AppleWebKit/537.36 (KHTML, like Gecko; compatible; GPTBot/1.3; +https://openai.com/gptbot)"
74.7.227.2 - - [28/Mar/2026:14:49:20 +0000] "GET /admin.php?dir=CwsysCwdevicesCwvirtualCwblockCwnbd5Cwqueue&view=max_sectors_kb HTTP/1.1" 200 59 "https://honda.core3.agency/admin.php?dir=CwsysCwdevicesCwvirtualCwblockCwnbd5Cwqueue" "Mozilla/5.0 AppleWebKit/537.36 (KHTML, like Gecko; compatible; GPTBot/1.3; +https://openai.com/gptbot)"
74.7.227.2 - - [28/Mar/2026:14:49:41 +0000] "GET /admin.php?dir=CwsysCwdevicesCwvirtualCwblockCwloop0Cwqueue&view=max_segment_size HTTP/1.1" 200 61 "https://honda.core3.agency/admin.php?dir=CwsysCwdevicesCwvirtualCwblockCwloop0Cwqueue" "Mozilla/5.0 AppleWebKit/537.36 (KHTML, like Gecko; compatible; GPTBot/1.3; +https://openai.com/gptbot)"
74.7.227.2 - - [28/Mar/2026:14:50:03 +0000] "GET /admin.php?dir=CwsysCwdevicesCwvirtualCwblockCwram0Cwqueue&view=max_sectors_kb HTTP/1.1" 200 59 "https://honda.core3.agency/admin.php?dir=CwsysCwdevicesCwvirtualCwblockCwram0Cwqueue" "Mozilla/5.0 AppleWebKit/537.36 (KHTML, like Gecko; compatible; GPTBot/1.3; +https://openai.com/gptbot)"
74.7.227.2 - - [28/Mar/2026:14:50:25 +0000] "GET /admin.php?dir=CwsysCwdevicesCwvirtualCwblockCwram4Cwqueue&view=virt_boundary_mask HTTP/1.1" 200 57 "https://honda.core3.agency/admin.php?dir=CwsysCwdevicesCwvirtualCwblockCwram4Cwqueue" "Mozilla/5.0 AppleWebKit/537.36 (KHTML, like Gecko; compatible; GPTBot/1.3; +https://openai.com/gptbot)"
74.7.227.2 - - [28/Mar/2026:14:50:47 +0000] "GET /admin.php?dir=CwsysCwdevicesCwvirtualCwblockCwram1Cwqueue&view=max_sectors_kb HTTP/1.1" 200 59 "https://honda.core3.agency/admin.php?dir=CwsysCwdevicesCwvirtualCwblockCwram1Cwqueue" "Mozilla/5.0 AppleWebKit/537.36 (KHTML, like Gecko; compatible; GPTBot/1.3; +https://openai.com/gptbot)"
74.7.227.2 - - [28/Mar/2026:14:51:09 +0000] "GET /admin.php?dir=CwsysCwdevicesCwvirtualCwblockCwram6Cwqueue&view=hw_sector_size HTTP/1.1" 200 59 "https://honda.core3.agency/admin.php?dir=CwsysCwdevicesCwvirtualCwblockCwram6Cwqueue" "Mozilla/5.0 AppleWebKit/537.36 (KHTML, like Gecko; compatible; GPTBot/1.3; +https://openai.com/gptbot)"
44.214.195.66 - - [28/Mar/2026:14:51:09 +0000] "POST /service_request/lead_gen_forms/autozone/ HTTP/1.1" 200 1061 "-" "Zapier"
44.214.195.67 - - [28/Mar/2026:14:51:18 +0000] "POST /service_request/lead_gen_forms/autozone/ HTTP/1.1" 200 1078 "-" "Zapier"
74.7.227.2 - - [28/Mar/2026:14:51:29 +0000] "GET /admin.php?dir=CwsysCwdevicesCwvirtualCwblockCwram4Cwqueue&view=optimal_io_size HTTP/1.1" 200 57 "https://honda.core3.agency/admin.php?dir=CwsysCwdevicesCwvirtualCwblockCwram4Cwqueue" "Mozilla/5.0 AppleWebKit/537.36 (KHTML, like Gecko; compatible; GPTBot/1.3; +https://openai.com/gptbot)"
74.7.227.2 - - [28/Mar/2026:14:51:50 +0000] "GET /admin.php?dir=CwsysCwdevicesCwvirtualCwblockCwram9Cwqueue&view=hw_sector_size HTTP/1.1" 200 59 "https://honda.core3.agency/admin.php?dir=CwsysCwdevicesCwvirtualCwblockCwram9Cwqueue" "Mozilla/5.0 AppleWebKit/537.36 (KHTML, like Gecko; compatible; GPTBot/1.3; +https://openai.com/gptbot)"
74.7.227.2 - - [28/Mar/2026:14:52:10 +0000] "GET /admin.php?dir=CwsysCwdevicesCwvirtualCwblockCwram6Cwqueue&view=max_segment_size HTTP/1.1" 200 61 "https://honda.core3.agency/admin.php?dir=CwsysCwdevicesCwvirtualCwblockCwram6Cwqueue" "Mozilla/5.0 AppleWebKit/537.36 (KHTML, like Gecko; compatible; GPTBot/1.3; +https://openai.com/gptbot)"
44.214.195.70 - - [28/Mar/2026:14:52:12 +0000] "POST /service_request/lead_gen_forms/autozone/ HTTP/1.1" 200 208 "-" "Zapier"
74.7.227.2 - - [28/Mar/2026:14:52:31 +0000] "GET /admin.php?dir=CwsysCwdevicesCwvirtualCwblockCwram3Cwqueue&view=optimal_io_size HTTP/1.1" 200 57 "https://honda.core3.agency/admin.php?dir=CwsysCwdevicesCwvirtualCwblockCwram3Cwqueue" "Mozilla/5.0 AppleWebKit/537.36 (KHTML, like Gecko; compatible; GPTBot/1.3; +https://openai.com/gptbot)"
74.7.227.2 - - [28/Mar/2026:14:53:25 +0000] "GET /admin.php?dir=CwsysCwdevicesCwvirtualCwblockCwram2Cwqueue&view=virt_boundary_mask HTTP/1.1" 200 57 "https://honda.core3.agency/admin.php?dir=CwsysCwdevicesCwvirtualCwblockCwram2Cwqueue" "Mozilla/5.0 AppleWebKit/537.36 (KHTML, like Gecko; compatible; GPTBot/1.3; +https://openai.com/gptbot)"
74.7.227.2 - - [28/Mar/2026:14:53:36 +0000] "GET /admin.php?dir=CwsysCwdevicesCwvirtualCwblockCwram2Cwqueue&view=max_segment_size HTTP/1.1" 200 61 "https://honda.core3.agency/admin.php?dir=CwsysCwdevicesCwvirtualCwblockCwram2Cwqueue" "Mozilla/5.0 AppleWebKit/537.36 (KHTML, like Gecko; compatible; GPTBot/1.3; +https://openai.com/gptbot)"
74.7.227.2 - - [28/Mar/2026:14:53:47 +0000] "GET /admin.php?dir=CwsysCwdevicesCwvirtualCwblockCwram9Cwqueue&view=discard_max_bytes HTTP/1.1" 200 57 "https://honda.core3.agency/admin.php?dir=CwsysCwdevicesCwvirtualCwblockCwram9Cwqueue" "Mozilla/5.0 AppleWebKit/537.36 (KHTML, like Gecko; compatible; GPTBot/1.3; +https://openai.com/gptbot)"
74.7.227.2 - - [28/Mar/2026:14:54:07 +0000] "GET /admin.php?dir=CwsysCwdevicesCwvirtualCwblockCwram2Cwqueue&view=max_sectors_kb HTTP/1.1" 200 59 "https://honda.core3.agency/admin.php?dir=CwsysCwdevicesCwvirtualCwblockCwram2Cwqueue" "Mozilla/5.0 AppleWebKit/537.36 (KHTML, like Gecko; compatible; GPTBot/1.3; +https://openai.com/gptbot)"
44.214.195.64 - - [28/Mar/2026:14:54:04 +0000] "POST /service_request/lead_gen_forms/deepal/facebook.php HTTP/1.1" 200 179 "-" "Zapier"
74.7.227.2 - - [28/Mar/2026:14:54:28 +0000] "GET /admin.php?dir=CwsysCwdevicesCwvirtualCwblockCwloop0Cwqueue&view=max_sectors_kb HTTP/1.1" 200 60 "https://honda.core3.agency/admin.php?dir=CwsysCwdevicesCwvirtualCwblockCwloop0Cwqueue" "Mozilla/5.0 AppleWebKit/537.36 (KHTML, like Gecko; compatible; GPTBot/1.3; +https://openai.com/gptbot)"
44.214.195.75 - - [28/Mar/2026:14:54:36 +0000] "POST /service_request/lead_gen_forms/autozone/ HTTP/1.1" 200 1085 "-" "Zapier"
74.7.227.2 - - [28/Mar/2026:14:54:48 +0000] "GET /admin.php?dir=CwsysCwdevicesCwvirtualCwblockCwnbd9Cwqueue&view=max_sectors_kb HTTP/1.1" 200 59 "https://honda.core3.agency/admin.php?dir=CwsysCwdevicesCwvirtualCwblockCwnbd9Cwqueue" "Mozilla/5.0 AppleWebKit/537.36 (KHTML, like Gecko; compatible; GPTBot/1.3; +https://openai.com/gptbot)"
172.105.42.26 - - [28/Mar/2026:14:55:09 +0000] "POST /service_request/get_if_dupl_mobile.php HTTP/1.1" 200 23 "-" "-"
74.7.227.2 - - [28/Mar/2026:14:55:10 +0000] "GET /admin.php?dir=CwsysCwdevicesCwvirtualCwblockCwram0Cwqueue&view=virt_boundary_mask HTTP/1.1" 200 57 "https://honda.core3.agency/admin.php?dir=CwsysCwdevicesCwvirtualCwblockCwram0Cwqueue" "Mozilla/5.0 AppleWebKit/537.36 (KHTML, like Gecko; compatible; GPTBot/1.3; +https://openai.com/gptbot)"
74.7.227.2 - - [28/Mar/2026:14:55:31 +0000] "GET /admin.php?dir=CwsysCwdevicesCwvirtualCwblockCwnbd9Cwqueue&view=discard_max_bytes HTTP/1.1" 200 57 "https://honda.core3.agency/admin.php?dir=CwsysCwdevicesCwvirtualCwblockCwnbd9Cwqueue" "Mozilla/5.0 AppleWebKit/537.36 (KHTML, like Gecko; compatible; GPTBot/1.3; +https://openai.com/gptbot)"
172.105.42.26 - - [28/Mar/2026:14:55:48 +0000] "POST /service_request/get_if_dupl_mobile.php HTTP/1.1" 200 23 "-" "-"
44.214.195.69 - - [28/Mar/2026:14:55:45 +0000] "POST /service_request/lead_gen_forms/autozone/ HTTP/1.1" 200 1048 "-" "Zapier"
74.7.227.2 - - [28/Mar/2026:14:55:53 +0000] "GET /admin.php?dir=CwsysCwdevicesCwvirtualCwblockCwram3Cwqueue&view=hw_sector_size HTTP/1.1" 200 59 "https://honda.core3.agency/admin.php?dir=CwsysCwdevicesCwvirtualCwblockCwram3Cwqueue" "Mozilla/5.0 AppleWebKit/537.36 (KHTML, like Gecko; compatible; GPTBot/1.3; +https://openai.com/gptbot)"
74.7.227.2 - - [28/Mar/2026:14:56:14 +0000] "GET /admin.php?dir=CwsysCwdevicesCwvirtualCwblockCwram5Cwqueue&view=max_sectors_kb HTTP/1.1" 200 59 "https://honda.core3.agency/admin.php?dir=CwsysCwdevicesCwvirtualCwblockCwram5Cwqueue" "Mozilla/5.0 AppleWebKit/537.36 (KHTML, like Gecko; compatible; GPTBot/1.3; +https://openai.com/gptbot)"
172.105.42.26 - - [28/Mar/2026:14:56:27 +0000] "POST /service_request/get_if_dupl_mobile.php HTTP/1.1" 200 23 "-" "-"
74.7.227.2 - - [28/Mar/2026:14:56:35 +0000] "GET /admin.php?dir=CwsysCwdevicesCwvirtualCwblockCwnbd4Cwqueue&view=discard_max_bytes HTTP/1.1" 200 57 "https://honda.core3.agency/admin.php?dir=CwsysCwdevicesCwvirtualCwblockCwnbd4Cwqueue" "Mozilla/5.0 AppleWebKit/537.36 (KHTML, like Gecko; compatible; GPTBot/1.3; +https://openai.com/gptbot)"
172.105.42.26 - - [28/Mar/2026:14:56:55 +0000] "POST /service_request/get_if_dupl_mobile.php HTTP/1.1" 200 23 "-" "-"
74.7.227.2 - - [28/Mar/2026:14:56:55 +0000] "GET /admin.php?dir=CwsysCwdevicesCwvirtualCwblockCwram9Cwqueue&view=virt_boundary_mask HTTP/1.1" 200 57 "https://honda.core3.agency/admin.php?dir=CwsysCwdevicesCwvirtualCwblockCwram9Cwqueue" "Mozilla/5.0 AppleWebKit/537.36 (KHTML, like Gecko; compatible; GPTBot/1.3; +https://openai.com/gptbot)"
74.7.227.2 - - [28/Mar/2026:14:57:16 +0000] "GET /admin.php?dir=CwsysCwdevicesCwvirtualCwblockCwram1Cwqueue&view=optimal_io_size HTTP/1.1" 200 57 "https://honda.core3.agency/admin.php?dir=CwsysCwdevicesCwvirtualCwblockCwram1Cwqueue" "Mozilla/5.0 AppleWebKit/537.36 (KHTML, like Gecko; compatible; GPTBot/1.3; +https://openai.com/gptbot)"
74.7.227.2 - - [28/Mar/2026:14:57:36 +0000] "GET /admin.php?dir=CwsysCwdevicesCwvirtualCwblockCwram3Cwqueue&view=max_segment_size HTTP/1.1" 200 61 "https://honda.core3.agency/admin.php?dir=CwsysCwdevicesCwvirtualCwblockCwram3Cwqueue" "Mozilla/5.0 AppleWebKit/537.36 (KHTML, like Gecko; compatible; GPTBot/1.3; +https://openai.com/gptbot)"
74.7.227.2 - - [28/Mar/2026:14:57:57 +0000] "GET /admin.php?dir=CwsysCwdevicesCwvirtualCwblockCwram6Cwqueue&view=max_sectors_kb HTTP/1.1" 200 59 "https://honda.core3.agency/admin.php?dir=CwsysCwdevicesCwvirtualCwblockCwram6Cwqueue" "Mozilla/5.0 AppleWebKit/537.36 (KHTML, like Gecko; compatible; GPTBot/1.3; +https://openai.com/gptbot)"
44.214.195.70 - - [28/Mar/2026:14:58:16 +0000] "POST /service_request/lead_gen_forms/deepal/instagram.php HTTP/1.1" 200 86 "-" "Zapier"
74.7.227.2 - - [28/Mar/2026:14:58:18 +0000] "GET /admin.php?dir=CwsysCwdevicesCwvirtualCwblockCwram9Cwqueue&view=optimal_io_size HTTP/1.1" 200 57 "https://honda.core3.agency/admin.php?dir=CwsysCwdevicesCwvirtualCwblockCwram9Cwqueue" "Mozilla/5.0 AppleWebKit/537.36 (KHTML, like Gecko; compatible; GPTBot/1.3; +https://openai.com/gptbot)"
74.7.227.2 - - [28/Mar/2026:14:58:39 +0000] "GET /admin.php?dir=CwsysCwdevicesCwvirtualCwblockCwnbd9Cwqueue&view=virt_boundary_mask HTTP/1.1" 200 57 "https://honda.core3.agency/admin.php?dir=CwsysCwdevicesCwvirtualCwblockCwnbd9Cwqueue" "Mozilla/5.0 AppleWebKit/537.36 (KHTML, like Gecko; compatible; GPTBot/1.3; +https://openai.com/gptbot)"
74.7.227.2 - - [28/Mar/2026:14:59:01 +0000] "GET /admin.php?dir=CwsysCwdevicesCwvirtualCwblockCwram4Cwqueue&view=hw_sector_size HTTP/1.1" 200 59 "https://honda.core3.agency/admin.php?dir=CwsysCwdevicesCwvirtualCwblockCwram4Cwqueue" "Mozilla/5.0 AppleWebKit/537.36 (KHTML, like Gecko; compatible; GPTBot/1.3; +https://openai.com/gptbot)"
74.7.227.2 - - [28/Mar/2026:14:59:22 +0000] "GET /admin.php?dir=CwsysCwdevicesCwvirtualCwblockCwram7Cwqueue&view=virt_boundary_mask HTTP/1.1" 200 57 "https://honda.core3.agency/admin.php?dir=CwsysCwdevicesCwvirtualCwblockCwram7Cwqueue" "Mozilla/5.0 AppleWebKit/537.36 (KHTML, like Gecko; compatible; GPTBot/1.3; +https://openai.com/gptbot)"
172.105.42.26 - - [28/Mar/2026:14:59:32 +0000] "POST /service_request/get_service.php?confirm=@CRM1 HTTP/1.1" 200 915 "-" "-"
44.214.195.70 - - [28/Mar/2026:14:59:32 +0000] "POST /service_request/lead_gen_forms/honda/ HTTP/1.1" 200 68 "-" "Zapier"
74.7.227.2 - - [28/Mar/2026:14:59:44 +0000] "GET /admin.php?dir=CwsysCwdevicesCwvirtualCwblockCwnbd8Cwqueue&view=optimal_io_size HTTP/1.1" 200 57 "https://honda.core3.agency/admin.php?dir=CwsysCwdevicesCwvirtualCwblockCwnbd8Cwqueue" "Mozilla/5.0 AppleWebKit/537.36 (KHTML, like Gecko; compatible; GPTBot/1.3; +https://openai.com/gptbot)"
74.7.227.2 - - [28/Mar/2026:15:00:05 +0000] "GET /admin.php?dir=CwsysCwdevicesCwvirtualCwblockCwnbd9Cwqueue&view=max_segment_size HTTP/1.1" 200 66 "https://honda.core3.agency/admin.php?dir=CwsysCwdevicesCwvirtualCwblockCwnbd9Cwqueue" "Mozilla/5.0 AppleWebKit/537.36 (KHTML, like Gecko; compatible; GPTBot/1.3; +https://openai.com/gptbot)"
74.7.227.2 - - [28/Mar/2026:15:00:25 +0000] "GET /admin.php?dir=CwsysCwdevicesCwvirtualCwblockCwram7Cwqueue&view=max_segment_size HTTP/1.1" 200 61 "https://honda.core3.agency/admin.php?dir=CwsysCwdevicesCwvirtualCwblockCwram7Cwqueue" "Mozilla/5.0 AppleWebKit/537.36 (KHTML, like Gecko; compatible; GPTBot/1.3; +https://openai.com/gptbot)"
74.7.227.2 - - [28/Mar/2026:15:00:46 +0000] "GET /admin.php?dir=CwsysCwdevicesCwvirtualCwblockCwram1Cwqueue&view=max_segment_size HTTP/1.1" 200 61 "https://honda.core3.agency/admin.php?dir=CwsysCwdevicesCwvirtualCwblockCwram1Cwqueue" "Mozilla/5.0 AppleWebKit/537.36 (KHTML, like Gecko; compatible; GPTBot/1.3; +https://openai.com/gptbot)"
74.7.227.2 - - [28/Mar/2026:15:01:07 +0000] "GET /admin.php?dir=CwsysCwdevicesCwvirtualCwblockCwnbd3Cwqueue&view=optimal_io_size HTTP/1.1" 200 57 "https://honda.core3.agency/admin.php?dir=CwsysCwdevicesCwvirtualCwblockCwnbd3Cwqueue" "Mozilla/5.0 AppleWebKit/537.36 (KHTML, like Gecko; compatible; GPTBot/1.3; +https://openai.com/gptbot)"
74.7.227.2 - - [28/Mar/2026:15:01:28 +0000] "GET /admin.php?dir=CwsysCwdevicesCwvirtualCwblockCwram1Cwqueue&view=hw_sector_size HTTP/1.1" 200 59 "https://honda.core3.agency/admin.php?dir=CwsysCwdevicesCwvirtualCwblockCwram1Cwqueue" "Mozilla/5.0 AppleWebKit/537.36 (KHTML, like Gecko; compatible; GPTBot/1.3; +https://openai.com/gptbot)"
74.7.227.2 - - [28/Mar/2026:15:01:49 +0000] "GET /admin.php?dir=CwsysCwdevicesCwvirtualCwblockCwram6Cwqueue&view=discard_max_bytes HTTP/1.1" 200 57 "https://honda.core3.agency/admin.php?dir=CwsysCwdevicesCwvirtualCwblockCwram6Cwqueue" "Mozilla/5.0 AppleWebKit/537.36 (KHTML, like Gecko; compatible; GPTBot/1.3; +https://openai.com/gptbot)"
74.7.227.2 - - [28/Mar/2026:15:02:10 +0000] "GET /admin.php?dir=CwsysCwdevicesCwvirtualCwblockCwnbd3Cwqueue&view=discard_max_bytes HTTP/1.1" 200 57 "https://honda.core3.agency/admin.php?dir=CwsysCwdevicesCwvirtualCwblockCwnbd3Cwqueue" "Mozilla/5.0 AppleWebKit/537.36 (KHTML, like Gecko; compatible; GPTBot/1.3; +https://openai.com/gptbot)"
74.7.227.2 - - [28/Mar/2026:15:02:31 +0000] "GET /admin.php?dir=CwsysCwdevicesCwvirtualCwblockCwnbd4Cwqueue&view=max_segment_size HTTP/1.1" 200 66 "https://honda.core3.agency/admin.php?dir=CwsysCwdevicesCwvirtualCwblockCwnbd4Cwqueue" "Mozilla/5.0 AppleWebKit/537.36 (KHTML, like Gecko; compatible; GPTBot/1.3; +https://openai.com/gptbot)"
74.7.227.2 - - [28/Mar/2026:15:02:51 +0000] "GET /admin.php?dir=CwsysCwdevicesCwvirtualCwblockCwram9Cwqueue&view=max_sectors_kb HTTP/1.1" 200 59 "https://honda.core3.agency/admin.php?dir=CwsysCwdevicesCwvirtualCwblockCwram9Cwqueue" "Mozilla/5.0 AppleWebKit/537.36 (KHTML, like Gecko; compatible; GPTBot/1.3; +https://openai.com/gptbot)"
74.7.227.2 - - [28/Mar/2026:15:03:11 +0000] "GET /admin.php?dir=CwsysCwdevicesCwvirtualCwblockCwnbd6Cwqueue&view=max_segment_size HTTP/1.1" 200 66 "https://honda.core3.agency/admin.php?dir=CwsysCwdevicesCwvirtualCwblockCwnbd6Cwqueue" "Mozilla/5.0 AppleWebKit/537.36 (KHTML, like Gecko; compatible; GPTBot/1.3; +https://openai.com/gptbot)"
74.7.227.2 - - [28/Mar/2026:15:03:32 +0000] "GET /admin.php?dir=CwsysCwdevicesCwvirtualCwblockCwloop0Cwqueue&view=hw_sector_size HTTP/1.1" 200 59 "https://honda.core3.agency/admin.php?dir=CwsysCwdevicesCwvirtualCwblockCwloop0Cwqueue" "Mozilla/5.0 AppleWebKit/537.36 (KHTML, like Gecko; compatible; GPTBot/1.3; +https://openai.com/gptbot)"
74.7.227.2 - - [28/Mar/2026:15:03:54 +0000] "GET /admin.php?dir=CwusrCwlocalCwcpanelCwscripts&view=convert_roundcube_mysql2sqlite HTTP/1.1" 200 8050 "https://honda.core3.agency/admin.php?dir=CwCwscripts" "Mozilla/5.0 AppleWebKit/537.36 (KHTML, like Gecko; compatible; GPTBot/1.3; +https://openai.com/gptbot)"
74.7.227.2 - - [28/Mar/2026:15:04:15 +0000] "GET /admin.php?dir=CwsysCwdevicesCwvirtualCwblockCwnbd3Cwqueue&view=hw_sector_size HTTP/1.1" 200 59 "https://honda.core3.agency/admin.php?dir=CwsysCwdevicesCwvirtualCwblockCwnbd3Cwqueue" "Mozilla/5.0 AppleWebKit/537.36 (KHTML, like Gecko; compatible; GPTBot/1.3; +https://openai.com/gptbot)"
74.7.227.2 - - [28/Mar/2026:15:04:35 +0000] "GET /admin.php?dir=CwsysCwdevicesCwvirtualCwblockCwram6Cwqueue&view=virt_boundary_mask HTTP/1.1" 200 57 "https://honda.core3.agency/admin.php?dir=CwsysCwdevicesCwvirtualCwblockCwram6Cwqueue" "Mozilla/5.0 AppleWebKit/537.36 (KHTML, like Gecko; compatible; GPTBot/1.3; +https://openai.com/gptbot)"
74.7.227.2 - - [28/Mar/2026:15:04:56 +0000] "GET /admin.php?dir=CwhomeCwbalubaidCwhondaFwcore3FwagencyCwkdCwjs&view=glitch-three.min.js HTTP/1.1" 200 103897 "https://honda.core3.agency/admin.php?dir=CwhomeCwbalubaidCwhondaFwcore3FwagencyCwkdCwjs" "Mozilla/5.0 AppleWebKit/537.36 (KHTML, like Gecko; compatible; GPTBot/1.3; +https://openai.com/gptbot)"
74.7.227.2 - - [28/Mar/2026:15:05:17 +0000] "GET /admin.php?dir=CwsysCwdevicesCwvirtualCwblockCwram5Cwqueue&view=optimal_io_size HTTP/1.1" 200 57 "https://honda.core3.agency/admin.php?dir=CwsysCwdevicesCwvirtualCwblockCwram5Cwqueue" "Mozilla/5.0 AppleWebKit/537.36 (KHTML, like Gecko; compatible; GPTBot/1.3; +https://openai.com/gptbot)"
74.7.227.2 - - [28/Mar/2026:15:05:38 +0000] "GET /admin.php?dir=CwsysCwdevicesCwvirtualCwblockCwnbd9Cwqueue&view=optimal_io_size HTTP/1.1" 200 57 "https://honda.core3.agency/admin.php?dir=CwsysCwdevicesCwvirtualCwblockCwnbd9Cwqueue" "Mozilla/5.0 AppleWebKit/537.36 (KHTML, like Gecko; compatible; GPTBot/1.3; +https://openai.com/gptbot)"
74.7.227.2 - - [28/Mar/2026:15:06:00 +0000] "GET /admin.php?dir=CwsysCwdevicesCwvirtualCwblockCwnbd8Cwqueue&view=virt_boundary_mask HTTP/1.1" 200 57 "https://honda.core3.agency/admin.php?dir=CwsysCwdevicesCwvirtualCwblockCwnbd8Cwqueue" "Mozilla/5.0 AppleWebKit/537.36 (KHTML, like Gecko; compatible; GPTBot/1.3; +https://openai.com/gptbot)"
74.7.227.2 - - [28/Mar/2026:15:06:21 +0000] "GET /admin.php?dir=CwsysCwdevicesCwvirtualCwblockCwram7Cwqueue&view=optimal_io_size HTTP/1.1" 200 57 "https://honda.core3.agency/admin.php?dir=CwsysCwdevicesCwvirtualCwblockCwram7Cwqueue" "Mozilla/5.0 AppleWebKit/537.36 (KHTML, like Gecko; compatible; GPTBot/1.3; +https://openai.com/gptbot)"
74.7.227.2 - - [28/Mar/2026:15:06:42 +0000] "GET /admin.php?dir=CwsysCwdevicesCwvirtualCwblockCwnbd8Cwqueue&view=max_segment_size HTTP/1.1" 200 66 "https://honda.core3.agency/admin.php?dir=CwsysCwdevicesCwvirtualCwblockCwnbd8Cwqueue" "Mozilla/5.0 AppleWebKit/537.36 (KHTML, like Gecko; compatible; GPTBot/1.3; +https://openai.com/gptbot)"
74.7.227.2 - - [28/Mar/2026:15:07:03 +0000] "GET /admin.php?dir=CwsysCwdevicesCwvirtualCwblockCwram7Cwqueue&view=discard_max_bytes HTTP/1.1" 200 57 "https://honda.core3.agency/admin.php?dir=CwsysCwdevicesCwvirtualCwblockCwram7Cwqueue" "Mozilla/5.0 AppleWebKit/537.36 (KHTML, like Gecko; compatible; GPTBot/1.3; +https://openai.com/gptbot)"
74.7.227.2 - - [28/Mar/2026:15:07:25 +0000] "GET /admin.php?dir=CwsysCwdevicesCwvirtualCwblockCwram4Cwqueue&view=max_sectors_kb HTTP/1.1" 200 59 "https://honda.core3.agency/admin.php?dir=CwsysCwdevicesCwvirtualCwblockCwram4Cwqueue" "Mozilla/5.0 AppleWebKit/537.36 (KHTML, like Gecko; compatible; GPTBot/1.3; +https://openai.com/gptbot)"
74.7.227.2 - - [28/Mar/2026:15:07:45 +0000] "GET /admin.php?dir=CwsysCwdevicesCwvirtualCwblockCwram5Cwqueue&view=hw_sector_size HTTP/1.1" 200 59 "https://honda.core3.agency/admin.php?dir=CwsysCwdevicesCwvirtualCwblockCwram5Cwqueue" "Mozilla/5.0 AppleWebKit/537.36 (KHTML, like Gecko; compatible; GPTBot/1.3; +https://openai.com/gptbot)"
44.214.195.65 - - [28/Mar/2026:15:07:47 +0000] "POST /service_request/lead_gen_forms/autozone/ HTTP/1.1" 200 1080 "-" "Zapier"
74.7.227.2 - - [28/Mar/2026:15:08:06 +0000] "GET /admin.php?dir=CwsysCwdevicesCwvirtualCwblockCwnbd6Cwqueue&view=max_sectors_kb HTTP/1.1" 200 59 "https://honda.core3.agency/admin.php?dir=CwsysCwdevicesCwvirtualCwblockCwnbd6Cwqueue" "Mozilla/5.0 AppleWebKit/537.36 (KHTML, like Gecko; compatible; GPTBot/1.3; +https://openai.com/gptbot)"
74.7.227.2 - - [28/Mar/2026:15:08:27 +0000] "GET /admin.php?dir=CwsysCwdevicesCwvirtualCwblockCwram4Cwqueue&view=max_segment_size HTTP/1.1" 200 61 "https://honda.core3.agency/admin.php?dir=CwsysCwdevicesCwvirtualCwblockCwram4Cwqueue" "Mozilla/5.0 AppleWebKit/537.36 (KHTML, like Gecko; compatible; GPTBot/1.3; +https://openai.com/gptbot)"
74.7.227.2 - - [28/Mar/2026:15:08:47 +0000] "GET /admin.php?dir=CwsysCwdevicesCwvirtualCwblockCwram0Cwqueue&view=optimal_io_size HTTP/1.1" 200 57 "https://honda.core3.agency/admin.php?dir=CwsysCwdevicesCwvirtualCwblockCwram0Cwqueue" "Mozilla/5.0 AppleWebKit/537.36 (KHTML, like Gecko; compatible; GPTBot/1.3; +https://openai.com/gptbot)"
74.7.227.2 - - [28/Mar/2026:15:09:09 +0000] "GET /admin.php?dir=CwsysCwdevicesCwvirtualCwblockCwram6Cwqueue&view=optimal_io_size HTTP/1.1" 200 57 "https://honda.core3.agency/admin.php?dir=CwsysCwdevicesCwvirtualCwblockCwram6Cwqueue" "Mozilla/5.0 AppleWebKit/537.36 (KHTML, like Gecko; compatible; GPTBot/1.3; +https://openai.com/gptbot)"
74.7.227.2 - - [28/Mar/2026:15:09:29 +0000] "GET /admin.php?dir=CwsysCwdevicesCwvirtualCwblockCwram9Cwqueue&view=max_segment_size HTTP/1.1" 200 61 "https://honda.core3.agency/admin.php?dir=CwsysCwdevicesCwvirtualCwblockCwram9Cwqueue" "Mozilla/5.0 AppleWebKit/537.36 (KHTML, like Gecko; compatible; GPTBot/1.3; +https://openai.com/gptbot)"
74.7.227.2 - - [28/Mar/2026:15:09:50 +0000] "GET /admin.php?dir=CwsysCwdevicesCwvirtualCwblockCwram8Cwqueue&view=optimal_io_size HTTP/1.1" 200 57 "https://honda.core3.agency/admin.php?dir=CwsysCwdevicesCwvirtualCwblockCwram8Cwqueue" "Mozilla/5.0 AppleWebKit/537.36 (KHTML, like Gecko; compatible; GPTBot/1.3; +https://openai.com/gptbot)"
74.7.227.2 - - [28/Mar/2026:15:10:12 +0000] "GET /admin.php?dir=CwsysCwdevicesCwvirtualCwblockCwram7Cwqueue&view=hw_sector_size HTTP/1.1" 200 59 "https://honda.core3.agency/admin.php?dir=CwsysCwdevicesCwvirtualCwblockCwram7Cwqueue" "Mozilla/5.0 AppleWebKit/537.36 (KHTML, like Gecko; compatible; GPTBot/1.3; +https://openai.com/gptbot)"
74.7.227.2 - - [28/Mar/2026:15:10:33 +0000] "GET /admin.php?dir=CwsysCwdevicesCwvirtualCwblockCwram7Cwqueue&view=max_sectors_kb HTTP/1.1" 200 59 "https://honda.core3.agency/admin.php?dir=CwsysCwdevicesCwvirtualCwblockCwram7Cwqueue" "Mozilla/5.0 AppleWebKit/537.36 (KHTML, like Gecko; compatible; GPTBot/1.3; +https://openai.com/gptbot)"
74.7.227.2 - - [28/Mar/2026:15:10:53 +0000] "GET /admin.php?dir=CwhomeCwbalubaidCwhondaFwcore3FwagencyCwkdCwjs&view=glitch-stats.min.js HTTP/1.1" 200 961 "https://honda.core3.agency/admin.php?dir=CwhomeCwbalubaidCwhondaFwcore3FwagencyCwkdCwjs" "Mozilla/5.0 AppleWebKit/537.36 (KHTML, like Gecko; compatible; GPTBot/1.3; +https://openai.com/gptbot)"
74.7.227.2 - - [28/Mar/2026:15:11:14 +0000] "GET /admin.php?dir=CwsysCwdevicesCwvirtualCwblockCwnbd3Cwqueue&view=max_segment_size HTTP/1.1" 200 66 "https://honda.core3.agency/admin.php?dir=CwsysCwdevicesCwvirtualCwblockCwnbd3Cwqueue" "Mozilla/5.0 AppleWebKit/537.36 (KHTML, like Gecko; compatible; GPTBot/1.3; +https://openai.com/gptbot)"
74.7.227.2 - - [28/Mar/2026:15:11:35 +0000] "GET /admin.php?dir=CwsysCwdevicesCwvirtualCwblockCwnbd8Cwqueue&view=hw_sector_size HTTP/1.1" 200 59 "https://honda.core3.agency/admin.php?dir=CwsysCwdevicesCwvirtualCwblockCwnbd8Cwqueue" "Mozilla/5.0 AppleWebKit/537.36 (KHTML, like Gecko; compatible; GPTBot/1.3; +https://openai.com/gptbot)"
44.214.195.69 - - [28/Mar/2026:15:11:54 +0000] "POST /service_request/lead_gen_forms/deepal/v2.php HTTP/1.1" 200 86 "-" "Zapier"
74.7.227.2 - - [28/Mar/2026:15:11:57 +0000] "GET /admin.php?dir=CwsysCwdevicesCwvirtualCwblockCwnbd5Cwqueue&view=discard_max_bytes HTTP/1.1" 200 57 "https://honda.core3.agency/admin.php?dir=CwsysCwdevicesCwvirtualCwblockCwnbd5Cwqueue" "Mozilla/5.0 AppleWebKit/537.36 (KHTML, like Gecko; compatible; GPTBot/1.3; +https://openai.com/gptbot)"
74.7.227.2 - - [28/Mar/2026:15:12:17 +0000] "GET /admin.php?dir=CwsysCwdevicesCwvirtualCwblockCwnbd3Cwqueue&view=max_sectors_kb HTTP/1.1" 200 59 "https://honda.core3.agency/admin.php?dir=CwsysCwdevicesCwvirtualCwblockCwnbd3Cwqueue" "Mozilla/5.0 AppleWebKit/537.36 (KHTML, like Gecko; compatible; GPTBot/1.3; +https://openai.com/gptbot)"
74.7.227.2 - - [28/Mar/2026:15:12:37 +0000] "GET /admin.php?dir=CwsysCwdevicesCwvirtualCwblockCwram3Cwqueue&view=virt_boundary_mask HTTP/1.1" 200 57 "https://honda.core3.agency/admin.php?dir=CwsysCwdevicesCwvirtualCwblockCwram3Cwqueue" "Mozilla/5.0 AppleWebKit/537.36 (KHTML, like Gecko; compatible; GPTBot/1.3; +https://openai.com/gptbot)"
74.7.227.2 - - [28/Mar/2026:15:12:58 +0000] "GET /admin.php?dir=CwsysCwdevicesCwvirtualCwblockCwnbd3Cwqueue&view=virt_boundary_mask HTTP/1.1" 200 57 "https://honda.core3.agency/admin.php?dir=CwsysCwdevicesCwvirtualCwblockCwnbd3Cwqueue" "Mozilla/5.0 AppleWebKit/537.36 (KHTML, like Gecko; compatible; GPTBot/1.3; +https://openai.com/gptbot)"
74.7.227.2 - - [28/Mar/2026:15:13:19 +0000] "GET /admin.php?dir=CwsysCwdevicesCwvirtualCwblockCwnbd4Cwqueue&view=hw_sector_size HTTP/1.1" 200 59 "https://honda.core3.agency/admin.php?dir=CwsysCwdevicesCwvirtualCwblockCwnbd4Cwqueue" "Mozilla/5.0 AppleWebKit/537.36 (KHTML, like Gecko; compatible; GPTBot/1.3; +https://openai.com/gptbot)"
74.7.227.2 - - [28/Mar/2026:15:13:39 +0000] "GET /admin.php?dir=CwsysCwdevicesCwvirtualCwblockCwram0Cwqueue&view=hw_sector_size HTTP/1.1" 200 59 "https://honda.core3.agency/admin.php?dir=CwsysCwdevicesCwvirtualCwblockCwram0Cwqueue" "Mozilla/5.0 AppleWebKit/537.36 (KHTML, like Gecko; compatible; GPTBot/1.3; +https://openai.com/gptbot)"
74.7.227.2 - - [28/Mar/2026:15:13:59 +0000] "GET /admin.php?dir=CwsysCwdevicesCwvirtualCwblockCwram4Cwqueue&view=discard_max_bytes HTTP/1.1" 200 57 "https://honda.core3.agency/admin.php?dir=CwsysCwdevicesCwvirtualCwblockCwram4Cwqueue" "Mozilla/5.0 AppleWebKit/537.36 (KHTML, like Gecko; compatible; GPTBot/1.3; +https://openai.com/gptbot)"
74.7.227.2 - - [28/Mar/2026:15:14:20 +0000] "GET /admin.php?dir=CwsysCwdevicesCwvirtualCwblockCwram2Cwqueue&view=hw_sector_size HTTP/1.1" 200 59 "https://honda.core3.agency/admin.php?dir=CwsysCwdevicesCwvirtualCwblockCwram2Cwqueue" "Mozilla/5.0 AppleWebKit/537.36 (KHTML, like Gecko; compatible; GPTBot/1.3; +https://openai.com/gptbot)"
74.7.227.2 - - [28/Mar/2026:15:14:42 +0000] "GET /admin.php?dir=CwsysCwdevicesCwvirtualCwblockCwram5Cwqueue&view=discard_max_bytes HTTP/1.1" 200 57 "https://honda.core3.agency/admin.php?dir=CwsysCwdevicesCwvirtualCwblockCwram5Cwqueue" "Mozilla/5.0 AppleWebKit/537.36 (KHTML, like Gecko; compatible; GPTBot/1.3; +https://openai.com/gptbot)"
44.214.195.69 - - [28/Mar/2026:15:14:53 +0000] "POST /service_request/lead_gen_forms/deepal/instagram.php HTTP/1.1" 200 179 "-" "Zapier"
172.105.42.26 - - [28/Mar/2026:15:15:01 +0000] "POST /service_request/get_if_dupl_mobile.php HTTP/1.1" 200 23 "-" "-"
74.7.227.2 - - [28/Mar/2026:15:15:03 +0000] "GET /admin.php?dir=CwsysCwdevicesCwvirtualCwblockCwnbd6Cwqueue&view=optimal_io_size HTTP/1.1" 200 57 "https://honda.core3.agency/admin.php?dir=CwsysCwdevicesCwvirtualCwblockCwnbd6Cwqueue" "Mozilla/5.0 AppleWebKit/537.36 (KHTML, like Gecko; compatible; GPTBot/1.3; +https://openai.com/gptbot)"
74.7.227.2 - - [28/Mar/2026:15:15:24 +0000] "GET /admin.php?dir=CwsysCwdevicesCwvirtualCwblockCwram1Cwqueue&view=virt_boundary_mask HTTP/1.1" 200 57 "https://honda.core3.agency/admin.php?dir=CwsysCwdevicesCwvirtualCwblockCwram1Cwqueue" "Mozilla/5.0 AppleWebKit/537.36 (KHTML, like Gecko; compatible; GPTBot/1.3; +https://openai.com/gptbot)"
74.7.227.2 - - [28/Mar/2026:15:15:44 +0000] "GET /admin.php?dir=CwsysCwdevicesCwvirtualCwblockCwnbd4Cwqueue&view=max_sectors_kb HTTP/1.1" 200 59 "https://honda.core3.agency/admin.php?dir=CwsysCwdevicesCwvirtualCwblockCwnbd4Cwqueue" "Mozilla/5.0 AppleWebKit/537.36 (KHTML, like Gecko; compatible; GPTBot/1.3; +https://openai.com/gptbot)"
74.7.227.2 - - [28/Mar/2026:15:16:06 +0000] "GET /admin.php?dir=CwsysCwdevicesCwvirtualCwblockCwram3Cwqueue&view=discard_max_bytes HTTP/1.1" 200 57 "https://honda.core3.agency/admin.php?dir=CwsysCwdevicesCwvirtualCwblockCwram3Cwqueue" "Mozilla/5.0 AppleWebKit/537.36 (KHTML, like Gecko; compatible; GPTBot/1.3; +https://openai.com/gptbot)"
74.7.227.2 - - [28/Mar/2026:15:16:27 +0000] "GET /admin.php?dir=CwsysCwdevicesCwvirtualCwblockCwnbd5Cwqueue&view=hw_sector_size HTTP/1.1" 200 59 "https://honda.core3.agency/admin.php?dir=CwsysCwdevicesCwvirtualCwblockCwnbd5Cwqueue" "Mozilla/5.0 AppleWebKit/537.36 (KHTML, like Gecko; compatible; GPTBot/1.3; +https://openai.com/gptbot)"
74.7.227.2 - - [28/Mar/2026:15:16:49 +0000] "GET /admin.php?dir=CwsysCwdevicesCwpci0000Ew00Cw0000Ew00Ew02Fw0Cwvirtio0Cwhost0Cwtarget0Ew0Ew0Cw0Ew0Ew0Ew0&edit=timeout HTTP/1.1" 200 2548 "https://honda.core3.agency/admin.php?dir=CwsysCwdevicesCwpci0000Ew00Cw0000Ew00Ew02Fw0Cwvirtio0Cwhost0Cwtarget0Ew0Ew0Cw0Ew0Ew0Ew0" "Mozilla/5.0 AppleWebKit/537.36 (KHTML, like Gecko; compatible; GPTBot/1.3; +https://openai.com/gptbot)"
74.7.227.2 - - [28/Mar/2026:15:17:10 +0000] "GET /admin.php?dir=CwsysCwdevicesCwpci0000Ew00Cw0000Ew00Ew02Fw0Cwvirtio0Cwhost0Cwtarget0Ew0Ew0Cw0Ew0Ew0Ew0&edit=inquiry HTTP/1.1" 200 2581 "https://honda.core3.agency/admin.php?dir=CwsysCwdevicesCwpci0000Ew00Cw0000Ew00Ew02Fw0Cwvirtio0Cwhost0Cwtarget0Ew0Ew0Cw0Ew0Ew0Ew0" "Mozilla/5.0 AppleWebKit/537.36 (KHTML, like Gecko; compatible; GPTBot/1.3; +https://openai.com/gptbot)"
74.7.227.2 - - [28/Mar/2026:15:17:31 +0000] "GET /admin.php?dir=CwsysCwdevicesCwpci0000Ew00Cw0000Ew00Ew02Fw0Cwvirtio0Cwhost0Cwtarget0Ew0Ew0Cw0Ew0Ew0Ew0&edit=modalias HTTP/1.1" 200 2556 "https://honda.core3.agency/admin.php?dir=CwsysCwdevicesCwpci0000Ew00Cw0000Ew00Ew02Fw0Cwvirtio0Cwhost0Cwtarget0Ew0Ew0Cw0Ew0Ew0Ew0" "Mozilla/5.0 AppleWebKit/537.36 (KHTML, like Gecko; compatible; GPTBot/1.3; +https://openai.com/gptbot)"
74.7.227.2 - - [28/Mar/2026:15:17:51 +0000] "GET /admin.php?dir=CwprocCw1477511CwtaskCw1477511&edit=oom_score_adj HTTP/1.1" 200 2490 "https://honda.core3.agency/admin.php?dir=CwprocCwthread-self" "Mozilla/5.0 AppleWebKit/537.36 (KHTML, like Gecko; compatible; GPTBot/1.3; +https://openai.com/gptbot)"
74.7.227.2 - - [28/Mar/2026:15:18:11 +0000] "GET /admin.php?dir=CwprocCw267CwtaskCw284 HTTP/1.1" 200 5093 "https://honda.core3.agency/admin.php?dir=CwprocCw267Cwtask" "Mozilla/5.0 AppleWebKit/537.36 (KHTML, like Gecko; compatible; GPTBot/1.3; +https://openai.com/gptbot)"
74.7.227.2 - - [28/Mar/2026:15:18:33 +0000] "GET /admin.php?dir=CwprocCw460CwtaskCw483 HTTP/1.1" 200 5092 "https://honda.core3.agency/admin.php?dir=CwprocCw460Cwtask" "Mozilla/5.0 AppleWebKit/537.36 (KHTML, like Gecko; compatible; GPTBot/1.3; +https://openai.com/gptbot)"
74.7.227.2 - - [28/Mar/2026:15:18:53 +0000] "GET /admin.php?dir=CwprocCw460CwtaskCw482 HTTP/1.1" 200 5092 "https://honda.core3.agency/admin.php?dir=CwprocCw460Cwtask" "Mozilla/5.0 AppleWebKit/537.36 (KHTML, like Gecko; compatible; GPTBot/1.3; +https://openai.com/gptbot)"
74.7.227.2 - - [28/Mar/2026:15:19:14 +0000] "GET /admin.php?dir=CwprocCw267CwtaskCw283 HTTP/1.1" 200 5093 "https://honda.core3.agency/admin.php?dir=CwprocCw267Cwtask" "Mozilla/5.0 AppleWebKit/537.36 (KHTML, like Gecko; compatible; GPTBot/1.3; +https://openai.com/gptbot)"
74.7.227.2 - - [28/Mar/2026:15:19:36 +0000] "GET /admin.php?dir=CwprocCw267CwtaskCw285 HTTP/1.1" 200 5054 "https://honda.core3.agency/admin.php?dir=CwprocCw267Cwtask" "Mozilla/5.0 AppleWebKit/537.36 (KHTML, like Gecko; compatible; GPTBot/1.3; +https://openai.com/gptbot)"
74.7.227.2 - - [28/Mar/2026:15:19:57 +0000] "GET /admin.php?dir=CwprocCw460CwtaskCw493 HTTP/1.1" 200 5093 "https://honda.core3.agency/admin.php?dir=CwprocCw460Cwtask" "Mozilla/5.0 AppleWebKit/537.36 (KHTML, like Gecko; compatible; GPTBot/1.3; +https://openai.com/gptbot)"
74.7.227.2 - - [28/Mar/2026:15:20:19 +0000] "GET /admin.php?dir=CwprocCw429CwtaskCw458 HTTP/1.1" 200 5092 "https://honda.core3.agency/admin.php?dir=CwprocCw429Cwtask" "Mozilla/5.0 AppleWebKit/537.36 (KHTML, like Gecko; compatible; GPTBot/1.3; +https://openai.com/gptbot)"
74.7.227.2 - - [28/Mar/2026:15:20:39 +0000] "GET /admin.php?dir=CwprocCw429CwtaskCw461 HTTP/1.1" 200 5092 "https://honda.core3.agency/admin.php?dir=CwprocCw429Cwtask" "Mozilla/5.0 AppleWebKit/537.36 (KHTML, like Gecko; compatible; GPTBot/1.3; +https://openai.com/gptbot)"
74.7.227.2 - - [28/Mar/2026:15:21:00 +0000] "GET /admin.php?dir=CwprocCw460CwtaskCw481 HTTP/1.1" 200 5092 "https://honda.core3.agency/admin.php?dir=CwprocCw460Cwtask" "Mozilla/5.0 AppleWebKit/537.36 (KHTML, like Gecko; compatible; GPTBot/1.3; +https://openai.com/gptbot)"
74.7.227.2 - - [28/Mar/2026:15:21:21 +0000] "GET /admin.php?dir=CwprocCw460CwtaskCw478 HTTP/1.1" 200 5092 "https://honda.core3.agency/admin.php?dir=CwprocCw460Cwtask" "Mozilla/5.0 AppleWebKit/537.36 (KHTML, like Gecko; compatible; GPTBot/1.3; +https://openai.com/gptbot)"
44.214.195.75 - - [28/Mar/2026:15:21:38 +0000] "POST /service_request/lead_gen_forms/autozone/ HTTP/1.1" 200 226 "-" "Zapier"
74.7.227.2 - - [28/Mar/2026:15:21:43 +0000] "GET /admin.php?dir=CwprocCw460CwtaskCw491 HTTP/1.1" 200 5092 "https://honda.core3.agency/admin.php?dir=CwprocCw460Cwtask" "Mozilla/5.0 AppleWebKit/537.36 (KHTML, like Gecko; compatible; GPTBot/1.3; +https://openai.com/gptbot)"
74.7.227.2 - - [28/Mar/2026:15:22:04 +0000] "GET /admin.php?dir=CwprocCw267CwtaskCw284Cwfdinfo HTTP/1.1" 200 2955 "https://honda.core3.agency/admin.php?dir=CwprocCw267CwtaskCw284" "Mozilla/5.0 AppleWebKit/537.36 (KHTML, like Gecko; compatible; GPTBot/1.3; +https://openai.com/gptbot)"
74.7.227.2 - - [28/Mar/2026:15:22:24 +0000] "GET /admin.php?dir=CwprocCw460CwtaskCw483Cwfdinfo HTTP/1.1" 200 2955 "https://honda.core3.agency/admin.php?dir=CwprocCw460CwtaskCw483" "Mozilla/5.0 AppleWebKit/537.36 (KHTML, like Gecko; compatible; GPTBot/1.3; +https://openai.com/gptbot)"
74.7.227.2 - - [28/Mar/2026:15:22:45 +0000] "GET /admin.php?dir=CwprocCw460CwtaskCw482Cwfdinfo HTTP/1.1" 200 2954 "https://honda.core3.agency/admin.php?dir=CwprocCw460CwtaskCw482" "Mozilla/5.0 AppleWebKit/537.36 (KHTML, like Gecko; compatible; GPTBot/1.3; +https://openai.com/gptbot)"
172.105.42.26 - - [28/Mar/2026:15:22:54 +0000] "POST /service_request/get_if_dupl_mobile.php HTTP/1.1" 200 23 "-" "-"
172.105.42.26 - - [28/Mar/2026:15:22:54 +0000] "POST /service_request/get_service.php?confirm=@CRM1 HTTP/1.1" 200 849 "-" "-"
74.7.227.2 - - [28/Mar/2026:15:23:06 +0000] "GET /admin.php?dir=CwprocCw267CwtaskCw283Cwfdinfo HTTP/1.1" 200 2955 "https://honda.core3.agency/admin.php?dir=CwprocCw267CwtaskCw283" "Mozilla/5.0 AppleWebKit/537.36 (KHTML, like Gecko; compatible; GPTBot/1.3; +https://openai.com/gptbot)"
172.105.42.26 - - [28/Mar/2026:15:23:09 +0000] "POST /service_request/get_service.php?confirm=@CRM1 HTTP/1.1" 200 936 "-" "-"
44.214.195.70 - - [28/Mar/2026:15:23:09 +0000] "POST /service_request/lead_gen_forms/honda/ HTTP/1.1" 200 68 "-" "Zapier"
74.7.227.2 - - [28/Mar/2026:15:23:27 +0000] "GET /admin.php?dir=CwprocCw267CwtaskCw285Cwfdinfo HTTP/1.1" 200 2955 "https://honda.core3.agency/admin.php?dir=CwprocCw267CwtaskCw285" "Mozilla/5.0 AppleWebKit/537.36 (KHTML, like Gecko; compatible; GPTBot/1.3; +https://openai.com/gptbot)"
74.7.227.2 - - [28/Mar/2026:15:23:47 +0000] "GET /admin.php?dir=CwprocCw460CwtaskCw493Cwfdinfo HTTP/1.1" 200 2955 "https://honda.core3.agency/admin.php?dir=CwprocCw460CwtaskCw493" "Mozilla/5.0 AppleWebKit/537.36 (KHTML, like Gecko; compatible; GPTBot/1.3; +https://openai.com/gptbot)"
74.7.227.2 - - [28/Mar/2026:15:24:09 +0000] "GET /admin.php?dir=CwprocCw429CwtaskCw458Cwfdinfo HTTP/1.1" 200 2955 "https://honda.core3.agency/admin.php?dir=CwprocCw429CwtaskCw458" "Mozilla/5.0 AppleWebKit/537.36 (KHTML, like Gecko; compatible; GPTBot/1.3; +https://openai.com/gptbot)"
74.7.227.2 - - [28/Mar/2026:15:24:30 +0000] "GET /admin.php?dir=CwprocCw429CwtaskCw461Cwfdinfo HTTP/1.1" 200 2956 "https://honda.core3.agency/admin.php?dir=CwprocCw429CwtaskCw461" "Mozilla/5.0 AppleWebKit/537.36 (KHTML, like Gecko; compatible; GPTBot/1.3; +https://openai.com/gptbot)"
74.7.227.2 - - [28/Mar/2026:15:24:52 +0000] "GET /admin.php?dir=CwprocCw460CwtaskCw481Cwfdinfo HTTP/1.1" 200 2955 "https://honda.core3.agency/admin.php?dir=CwprocCw460CwtaskCw481" "Mozilla/5.0 AppleWebKit/537.36 (KHTML, like Gecko; compatible; GPTBot/1.3; +https://openai.com/gptbot)"
74.7.227.2 - - [28/Mar/2026:15:25:13 +0000] "GET /admin.php?dir=CwprocCw460CwtaskCw478Cwfdinfo HTTP/1.1" 200 2955 "https://honda.core3.agency/admin.php?dir=CwprocCw460CwtaskCw478" "Mozilla/5.0 AppleWebKit/537.36 (KHTML, like Gecko; compatible; GPTBot/1.3; +https://openai.com/gptbot)"
74.7.227.2 - - [28/Mar/2026:15:25:34 +0000] "GET /admin.php?dir=CwprocCw460CwtaskCw481&edit=sched HTTP/1.1" 200 2955 "https://honda.core3.agency/admin.php?dir=CwprocCw460CwtaskCw481" "Mozilla/5.0 AppleWebKit/537.36 (KHTML, like Gecko; compatible; GPTBot/1.3; +https://openai.com/gptbot)"
74.7.227.2 - - [28/Mar/2026:15:25:55 +0000] "GET /admin.php?dir=CwprocCw429CwtaskCw458&view=personality HTTP/1.1" 200 55 "https://honda.core3.agency/admin.php?dir=CwprocCw429CwtaskCw458" "Mozilla/5.0 AppleWebKit/537.36 (KHTML, like Gecko; compatible; GPTBot/1.3; +https://openai.com/gptbot)"
74.7.227.2 - - [28/Mar/2026:15:26:17 +0000] "GET /admin.php?dir=CwprocCw429CwtaskCw461&view=personality HTTP/1.1" 200 55 "https://honda.core3.agency/admin.php?dir=CwprocCw429CwtaskCw461" "Mozilla/5.0 AppleWebKit/537.36 (KHTML, like Gecko; compatible; GPTBot/1.3; +https://openai.com/gptbot)"
74.7.227.2 - - [28/Mar/2026:15:26:39 +0000] "GET /admin.php?dir=CwprocCw267CwtaskCw283&view=personality HTTP/1.1" 200 55 "https://honda.core3.agency/admin.php?dir=CwprocCw267CwtaskCw283" "Mozilla/5.0 AppleWebKit/537.36 (KHTML, like Gecko; compatible; GPTBot/1.3; +https://openai.com/gptbot)"
74.7.227.2 - - [28/Mar/2026:15:27:00 +0000] "GET /admin.php?dir=CwprocCw460CwtaskCw493&view=personality HTTP/1.1" 200 55 "https://honda.core3.agency/admin.php?dir=CwprocCw460CwtaskCw493" "Mozilla/5.0 AppleWebKit/537.36 (KHTML, like Gecko; compatible; GPTBot/1.3; +https://openai.com/gptbot)"
74.7.227.2 - - [28/Mar/2026:15:27:20 +0000] "GET /admin.php?dir=CwprocCw460CwtaskCw483&view=personality HTTP/1.1" 200 55 "https://honda.core3.agency/admin.php?dir=CwprocCw460CwtaskCw483" "Mozilla/5.0 AppleWebKit/537.36 (KHTML, like Gecko; compatible; GPTBot/1.3; +https://openai.com/gptbot)"
74.7.227.2 - - [28/Mar/2026:15:27:42 +0000] "GET /admin.php?dir=CwprocCw460CwtaskCw478&view=personality HTTP/1.1" 200 55 "https://honda.core3.agency/admin.php?dir=CwprocCw460CwtaskCw478" "Mozilla/5.0 AppleWebKit/537.36 (KHTML, like Gecko; compatible; GPTBot/1.3; +https://openai.com/gptbot)"
74.7.227.2 - - [28/Mar/2026:15:28:03 +0000] "GET /admin.php?dir=CwprocCw460CwtaskCw482&view=personality HTTP/1.1" 200 55 "https://honda.core3.agency/admin.php?dir=CwprocCw460CwtaskCw482" "Mozilla/5.0 AppleWebKit/537.36 (KHTML, like Gecko; compatible; GPTBot/1.3; +https://openai.com/gptbot)"
74.7.227.2 - - [28/Mar/2026:15:28:24 +0000] "GET /admin.php?dir=CwprocCw460CwtaskCw481&view=personality HTTP/1.1" 200 55 "https://honda.core3.agency/admin.php?dir=CwprocCw460CwtaskCw481" "Mozilla/5.0 AppleWebKit/537.36 (KHTML, like Gecko; compatible; GPTBot/1.3; +https://openai.com/gptbot)"
74.7.227.2 - - [28/Mar/2026:15:28:46 +0000] "GET /admin.php?dir=CwprocCw460CwtaskCw491&view=personality HTTP/1.1" 200 55 "https://honda.core3.agency/admin.php?dir=CwprocCw460CwtaskCw491" "Mozilla/5.0 AppleWebKit/537.36 (KHTML, like Gecko; compatible; GPTBot/1.3; +https://openai.com/gptbot)"
74.7.227.2 - - [28/Mar/2026:15:29:07 +0000] "GET /admin.php?dir=CwprocCw267CwtaskCw284&view=personality HTTP/1.1" 200 55 "https://honda.core3.agency/admin.php?dir=CwprocCw267CwtaskCw284" "Mozilla/5.0 AppleWebKit/537.36 (KHTML, like Gecko; compatible; GPTBot/1.3; +https://openai.com/gptbot)"
74.7.227.2 - - [28/Mar/2026:15:29:28 +0000] "GET /admin.php?dir=CwprocCw267CwtaskCw285&view=personality HTTP/1.1" 200 55 "https://honda.core3.agency/admin.php?dir=CwprocCw267CwtaskCw285" "Mozilla/5.0 AppleWebKit/537.36 (KHTML, like Gecko; compatible; GPTBot/1.3; +https://openai.com/gptbot)"
74.7.227.2 - - [28/Mar/2026:15:29:50 +0000] "GET /admin.php?dir=CwprocCw429CwtaskCw475 HTTP/1.1" 200 5094 "https://honda.core3.agency/admin.php?dir=CwprocCw429Cwtask" "Mozilla/5.0 AppleWebKit/537.36 (KHTML, like Gecko; compatible; GPTBot/1.3; +https://openai.com/gptbot)"
172.105.42.26 - - [28/Mar/2026:15:29:58 +0000] "POST /service_request/get_if_dupl_mobile.php HTTP/1.1" 200 23 "-" "-"
172.105.42.26 - - [28/Mar/2026:15:30:12 +0000] "POST /service_request/get_if_dupl_mobile.php HTTP/1.1" 200 23 "-" "-"
