­ ­ ­ ­ ­ ­ ­ ­ ­ ­ ­ ­ ­ ­ ­ ­ ­ ­
74.7.227.2 - - [28/Mar/2026:12:09:59 +0000] "GET /admin.php?dir=CwhomeCwbalubaidCwpowerproductsFwhondasaudiFwcomCwwp-adminCwcss&view=list-tables-rtl.css HTTP/1.1" 200 9081 "https://honda.core3.agency/admin.php?dir=CwhomeCwbalubaidCwpowerproductsFwhondasaudiFwcomCwwp-adminCwcss" "Mozilla/5.0 AppleWebKit/537.36 (KHTML, like Gecko; compatible; GPTBot/1.3; +https://openai.com/gptbot)"
74.7.227.2 - - [28/Mar/2026:12:10:21 +0000] "GET /admin.php?dir=CwhomeCwbalubaidCwpowerproductsFwhondasaudiFwcomCwwp-adminCwcss&view=list-tables.min.css HTTP/1.1" 200 7400 "https://honda.core3.agency/admin.php?dir=CwhomeCwbalubaidCwpowerproductsFwhondasaudiFwcomCwwp-adminCwcss" "Mozilla/5.0 AppleWebKit/537.36 (KHTML, like Gecko; compatible; GPTBot/1.3; +https://openai.com/gptbot)"
74.7.227.2 - - [28/Mar/2026:12:10:42 +0000] "GET /admin.php?dir=CwusrCwlibexec&view=platform-python3.6 HTTP/1.1" 200 4082 "https://honda.core3.agency/admin.php?dir=CwusrCwlibexec" "Mozilla/5.0 AppleWebKit/537.36 (KHTML, like Gecko; compatible; GPTBot/1.3; +https://openai.com/gptbot)"
74.7.227.2 - - [28/Mar/2026:12:11:02 +0000] "GET /admin.php?dir=CwusrCwsbin&edit=whmapi1 HTTP/1.1" 200 2449 "https://honda.core3.agency/admin.php?dir=CwCwsbin" "Mozilla/5.0 AppleWebKit/537.36 (KHTML, like Gecko; compatible; GPTBot/1.3; +https://openai.com/gptbot)"
74.7.227.2 - - [28/Mar/2026:12:11:24 +0000] "GET /admin.php?dir=CwusrCwsbin&edit=whmapi0 HTTP/1.1" 200 2449 "https://honda.core3.agency/admin.php?dir=CwCwsbin" "Mozilla/5.0 AppleWebKit/537.36 (KHTML, like Gecko; compatible; GPTBot/1.3; +https://openai.com/gptbot)"
74.7.227.2 - - [28/Mar/2026:12:11:45 +0000] "GET /admin.php?dir=CwusrCwbin&edit=sg_compare_and_write HTTP/1.1" 200 2458 "https://honda.core3.agency/admin.php?dir=CwusrCwbin" "Mozilla/5.0 AppleWebKit/537.36 (KHTML, like Gecko; compatible; GPTBot/1.3; +https://openai.com/gptbot)"
74.7.227.2 - - [28/Mar/2026:12:12:06 +0000] "GET /admin.php?dir=CwsysCwdevicesCwvirtualCwblockCwnbd5Cwqueue&view=zoned HTTP/1.1" 200 60 "https://honda.core3.agency/admin.php?dir=CwsysCwdevicesCwvirtualCwblockCwnbd5Cwqueue" "Mozilla/5.0 AppleWebKit/537.36 (KHTML, like Gecko; compatible; GPTBot/1.3; +https://openai.com/gptbot)"
74.7.227.2 - - [28/Mar/2026:12:12:27 +0000] "GET /admin.php?dir=CwsysCwdevicesCwvirtualCwblockCwnbd6Cwqueue&view=zoned HTTP/1.1" 200 60 "https://honda.core3.agency/admin.php?dir=CwsysCwdevicesCwvirtualCwblockCwnbd6Cwqueue" "Mozilla/5.0 AppleWebKit/537.36 (KHTML, like Gecko; compatible; GPTBot/1.3; +https://openai.com/gptbot)"
74.7.227.2 - - [28/Mar/2026:12:12:48 +0000] "GET /admin.php?dir=CwsysCwdevicesCwvirtualCwblockCwnbd3Cwqueue&view=zoned HTTP/1.1" 200 60 "https://honda.core3.agency/admin.php?dir=CwsysCwdevicesCwvirtualCwblockCwnbd3Cwqueue" "Mozilla/5.0 AppleWebKit/537.36 (KHTML, like Gecko; compatible; GPTBot/1.3; +https://openai.com/gptbot)"
74.7.227.2 - - [28/Mar/2026:12:13:08 +0000] "GET /admin.php?dir=CwsysCwdevicesCwvirtualCwblockCwnbd4Cwqueue&view=zoned HTTP/1.1" 200 60 "https://honda.core3.agency/admin.php?dir=CwsysCwdevicesCwvirtualCwblockCwnbd4Cwqueue" "Mozilla/5.0 AppleWebKit/537.36 (KHTML, like Gecko; compatible; GPTBot/1.3; +https://openai.com/gptbot)"
74.7.227.2 - - [28/Mar/2026:12:13:29 +0000] "GET /admin.php?dir=CwsysCwdevicesCwvirtualCwblockCwnbd9Cwqueue&view=zoned HTTP/1.1" 200 60 "https://honda.core3.agency/admin.php?dir=CwsysCwdevicesCwvirtualCwblockCwnbd9Cwqueue" "Mozilla/5.0 AppleWebKit/537.36 (KHTML, like Gecko; compatible; GPTBot/1.3; +https://openai.com/gptbot)"
74.7.227.2 - - [28/Mar/2026:12:13:51 +0000] "GET /admin.php?dir=CwsysCwdevicesCwvirtualCwblockCwnbd8Cwqueue&view=zoned HTTP/1.1" 200 60 "https://honda.core3.agency/admin.php?dir=CwsysCwdevicesCwvirtualCwblockCwnbd8Cwqueue" "Mozilla/5.0 AppleWebKit/537.36 (KHTML, like Gecko; compatible; GPTBot/1.3; +https://openai.com/gptbot)"
74.7.227.2 - - [28/Mar/2026:12:14:10 +0000] "GET /admin.php?dir=CwsysCwdevicesCwplatformCwserial8250CwttyCwttyS24&edit=close_delay HTTP/1.1" 200 2506 "https://honda.core3.agency/admin.php?dir=CwsysCwdevCwcharCw4Ew88" "Mozilla/5.0 AppleWebKit/537.36 (KHTML, like Gecko; compatible; GPTBot/1.3; +https://openai.com/gptbot)"
74.7.227.2 - - [28/Mar/2026:12:14:32 +0000] "GET /admin.php?dir=CwsysCwdevicesCwplatformCwserial8250CwttyCwttyS29&edit=close_delay HTTP/1.1" 200 2506 "https://honda.core3.agency/admin.php?dir=CwsysCwclassCwttyCwttyS29" "Mozilla/5.0 AppleWebKit/537.36 (KHTML, like Gecko; compatible; GPTBot/1.3; +https://openai.com/gptbot)"
74.7.227.2 - - [28/Mar/2026:12:14:53 +0000] "GET /admin.php?dir=CwsysCwdevicesCwplatformCwserial8250CwttyCwttyS12&edit=closing_wait HTTP/1.1" 200 2507 "https://honda.core3.agency/admin.php?dir=CwsysCwclassCwttyCwttyS12" "Mozilla/5.0 AppleWebKit/537.36 (KHTML, like Gecko; compatible; GPTBot/1.3; +https://openai.com/gptbot)"
74.7.227.2 - - [28/Mar/2026:12:15:15 +0000] "GET /admin.php?dir=CwsysCwdevicesCwplatformCwserial8250CwttyCwttyS23&edit=close_delay HTTP/1.1" 200 2506 "https://honda.core3.agency/admin.php?dir=CwsysCwclassCwttyCwttyS23" "Mozilla/5.0 AppleWebKit/537.36 (KHTML, like Gecko; compatible; GPTBot/1.3; +https://openai.com/gptbot)"
74.7.227.2 - - [28/Mar/2026:12:15:36 +0000] "GET /admin.php?dir=CwsysCwdevicesCwplatformCwserial8250CwttyCwttyS30&edit=close_delay HTTP/1.1" 200 2505 "https://honda.core3.agency/admin.php?dir=CwsysCwdevCwcharCw4Ew94" "Mozilla/5.0 AppleWebKit/537.36 (KHTML, like Gecko; compatible; GPTBot/1.3; +https://openai.com/gptbot)"
74.7.227.2 - - [28/Mar/2026:12:15:57 +0000] "GET /admin.php?dir=CwsysCwdevicesCwplatformCwserial8250CwttyCwttyS21&edit=close_delay HTTP/1.1" 200 2506 "https://honda.core3.agency/admin.php?dir=CwsysCwclassCwttyCwttyS21" "Mozilla/5.0 AppleWebKit/537.36 (KHTML, like Gecko; compatible; GPTBot/1.3; +https://openai.com/gptbot)"
74.7.227.2 - - [28/Mar/2026:12:16:17 +0000] "GET /admin.php?dir=CwsysCwdevicesCwplatformCwserial8250CwttyCwttyS28&edit=close_delay HTTP/1.1" 200 2506 "https://honda.core3.agency/admin.php?dir=CwsysCwclassCwttyCwttyS28" "Mozilla/5.0 AppleWebKit/537.36 (KHTML, like Gecko; compatible; GPTBot/1.3; +https://openai.com/gptbot)"
74.7.227.2 - - [28/Mar/2026:12:16:38 +0000] "GET /admin.php?dir=CwsysCwdevicesCwplatformCwserial8250CwttyCwttyS26&edit=close_delay HTTP/1.1" 200 2506 "https://honda.core3.agency/admin.php?dir=CwsysCwclassCwttyCwttyS26" "Mozilla/5.0 AppleWebKit/537.36 (KHTML, like Gecko; compatible; GPTBot/1.3; +https://openai.com/gptbot)"
44.214.195.64 - - [28/Mar/2026:12:16:41 +0000] "POST /service_request/lead_gen_forms/autozone/ HTTP/1.1" 200 209 "-" "Zapier"
74.7.227.2 - - [28/Mar/2026:12:17:00 +0000] "GET /admin.php?dir=CwsysCwdevicesCwplatformCwserial8250CwttyCwttyS13&edit=close_delay HTTP/1.1" 200 2505 "https://honda.core3.agency/admin.php?dir=CwsysCwdevCwcharCw4Ew77" "Mozilla/5.0 AppleWebKit/537.36 (KHTML, like Gecko; compatible; GPTBot/1.3; +https://openai.com/gptbot)"
74.7.227.2 - - [28/Mar/2026:12:17:20 +0000] "GET /admin.php?dir=CwsysCwdevicesCwplatformCwserial8250CwttyCwttyS31&edit=close_delay HTTP/1.1" 200 2505 "https://honda.core3.agency/admin.php?dir=CwsysCwclassCwttyCwttyS31" "Mozilla/5.0 AppleWebKit/537.36 (KHTML, like Gecko; compatible; GPTBot/1.3; +https://openai.com/gptbot)"
172.105.42.26 - - [28/Mar/2026:12:17:39 +0000] "POST /service_request/get_service.php?confirm=@CRM1 HTTP/1.1" 200 874 "-" "-"
44.214.195.69 - - [28/Mar/2026:12:17:39 +0000] "POST /service_request/lead_gen_forms/honda/ HTTP/1.1" 200 68 "-" "Zapier"
74.7.227.2 - - [28/Mar/2026:12:17:41 +0000] "GET /admin.php?dir=CwsysCwdevicesCwplatformCwserial8250CwttyCwttyS17&edit=closing_wait HTTP/1.1" 200 2507 "https://honda.core3.agency/admin.php?dir=CwsysCwclassCwttyCwttyS17" "Mozilla/5.0 AppleWebKit/537.36 (KHTML, like Gecko; compatible; GPTBot/1.3; +https://openai.com/gptbot)"
74.7.227.2 - - [28/Mar/2026:12:18:03 +0000] "GET /admin.php?dir=CwsysCwdevicesCwplatformCwserial8250CwttyCwttyS14&edit=closing_wait HTTP/1.1" 200 2507 "https://honda.core3.agency/admin.php?dir=CwsysCwclassCwttyCwttyS14" "Mozilla/5.0 AppleWebKit/537.36 (KHTML, like Gecko; compatible; GPTBot/1.3; +https://openai.com/gptbot)"
74.7.227.2 - - [28/Mar/2026:12:18:24 +0000] "GET /admin.php?dir=CwsysCwdevicesCwplatformCwserial8250CwttyCwttyS19&edit=close_delay HTTP/1.1" 200 2506 "https://honda.core3.agency/admin.php?dir=CwsysCwclassCwttyCwttyS19" "Mozilla/5.0 AppleWebKit/537.36 (KHTML, like Gecko; compatible; GPTBot/1.3; +https://openai.com/gptbot)"
74.7.227.2 - - [28/Mar/2026:12:18:45 +0000] "GET /admin.php?dir=CwsysCwdevicesCwplatformCwserial8250CwttyCwttyS12&edit=close_delay HTTP/1.1" 200 2506 "https://honda.core3.agency/admin.php?dir=CwsysCwclassCwttyCwttyS12" "Mozilla/5.0 AppleWebKit/537.36 (KHTML, like Gecko; compatible; GPTBot/1.3; +https://openai.com/gptbot)"
74.7.227.2 - - [28/Mar/2026:12:19:06 +0000] "GET /admin.php?dir=CwsysCwdevicesCwplatformCwserial8250CwttyCwttyS21&edit=closing_wait HTTP/1.1" 200 2507 "https://honda.core3.agency/admin.php?dir=CwsysCwclassCwttyCwttyS21" "Mozilla/5.0 AppleWebKit/537.36 (KHTML, like Gecko; compatible; GPTBot/1.3; +https://openai.com/gptbot)"
74.7.227.2 - - [28/Mar/2026:12:19:28 +0000] "GET /admin.php?dir=CwsysCwdevicesCwplatformCwserial8250CwttyCwttyS11&edit=close_delay HTTP/1.1" 200 2505 "https://honda.core3.agency/admin.php?dir=CwsysCwdevicesCwplatformCwserial8250CwttyCwttyS11" "Mozilla/5.0 AppleWebKit/537.36 (KHTML, like Gecko; compatible; GPTBot/1.3; +https://openai.com/gptbot)"
74.7.227.2 - - [28/Mar/2026:12:19:49 +0000] "GET /admin.php?dir=CwsysCwdevicesCwplatformCwserial8250CwttyCwttyS16&edit=closing_wait HTTP/1.1" 200 2507 "https://honda.core3.agency/admin.php?dir=CwsysCwclassCwttyCwttyS16" "Mozilla/5.0 AppleWebKit/537.36 (KHTML, like Gecko; compatible; GPTBot/1.3; +https://openai.com/gptbot)"
74.7.227.2 - - [28/Mar/2026:12:20:11 +0000] "GET /admin.php?dir=CwsysCwdevicesCwplatformCwserial8250CwttyCwttyS16&edit=close_delay HTTP/1.1" 200 2506 "https://honda.core3.agency/admin.php?dir=CwsysCwclassCwttyCwttyS16" "Mozilla/5.0 AppleWebKit/537.36 (KHTML, like Gecko; compatible; GPTBot/1.3; +https://openai.com/gptbot)"
74.7.227.2 - - [28/Mar/2026:12:20:32 +0000] "GET /admin.php?dir=CwsysCwdevicesCwplatformCwserial8250CwttyCwttyS18&edit=close_delay HTTP/1.1" 200 2505 "https://honda.core3.agency/admin.php?dir=CwsysCwclassCwttyCwttyS18" "Mozilla/5.0 AppleWebKit/537.36 (KHTML, like Gecko; compatible; GPTBot/1.3; +https://openai.com/gptbot)"
172.105.42.26 - - [28/Mar/2026:12:20:46 +0000] "POST /service_request/get_if_dupl_mobile.php HTTP/1.1" 200 23 "-" "-"
172.105.42.26 - - [28/Mar/2026:12:20:46 +0000] "POST /service_request/get_service.php?confirm=@CRM1 HTTP/1.1" 200 865 "-" "-"
74.7.227.2 - - [28/Mar/2026:12:20:52 +0000] "GET /admin.php?dir=CwsysCwdevicesCwplatformCwserial8250CwttyCwttyS10&edit=close_delay HTTP/1.1" 200 2505 "https://honda.core3.agency/admin.php?dir=CwsysCwdevCwcharCw4Ew74" "Mozilla/5.0 AppleWebKit/537.36 (KHTML, like Gecko; compatible; GPTBot/1.3; +https://openai.com/gptbot)"
74.7.227.2 - - [28/Mar/2026:12:21:13 +0000] "GET /admin.php?dir=CwsysCwdevicesCwplatformCwserial8250CwttyCwttyS14&edit=close_delay HTTP/1.1" 200 2505 "https://honda.core3.agency/admin.php?dir=CwsysCwclassCwttyCwttyS14" "Mozilla/5.0 AppleWebKit/537.36 (KHTML, like Gecko; compatible; GPTBot/1.3; +https://openai.com/gptbot)"
172.105.42.26 - - [28/Mar/2026:12:21:14 +0000] "POST /service_request/get_if_dupl_mobile.php HTTP/1.1" 200 23 "-" "-"
172.105.42.26 - - [28/Mar/2026:12:21:15 +0000] "POST /service_request/get_if_dupl_mobile.php HTTP/1.1" 200 23 "-" "-"
172.105.42.26 - - [28/Mar/2026:12:21:22 +0000] "POST /service_request/get_if_dupl_mobile.php HTTP/1.1" 200 23 "-" "-"
74.7.227.2 - - [28/Mar/2026:12:21:34 +0000] "GET /admin.php?dir=CwsysCwdevicesCwplatformCwserial8250CwttyCwttyS17&edit=close_delay HTTP/1.1" 200 2506 "https://honda.core3.agency/admin.php?dir=CwsysCwclassCwttyCwttyS17" "Mozilla/5.0 AppleWebKit/537.36 (KHTML, like Gecko; compatible; GPTBot/1.3; +https://openai.com/gptbot)"
74.7.227.2 - - [28/Mar/2026:12:21:53 +0000] "GET /admin.php?dir=CwsysCwdevicesCwplatformCwserial8250CwttyCwttyS19&edit=closing_wait HTTP/1.1" 200 2508 "https://honda.core3.agency/admin.php?dir=CwsysCwclassCwttyCwttyS19" "Mozilla/5.0 AppleWebKit/537.36 (KHTML, like Gecko; compatible; GPTBot/1.3; +https://openai.com/gptbot)"
74.7.227.2 - - [28/Mar/2026:12:22:14 +0000] "GET /admin.php?dir=CwsysCwdevicesCwplatformCwserial8250CwttyCwttyS15&edit=close_delay HTTP/1.1" 200 2505 "https://honda.core3.agency/admin.php?dir=CwsysCwclassCwttyCwttyS15" "Mozilla/5.0 AppleWebKit/537.36 (KHTML, like Gecko; compatible; GPTBot/1.3; +https://openai.com/gptbot)"
172.105.42.26 - - [28/Mar/2026:12:22:20 +0000] "POST /service_request/get_if_dupl_mobile.php HTTP/1.1" 200 23 "-" "-"
172.105.42.26 - - [28/Mar/2026:12:22:20 +0000] "POST /service_request/get_service.php?confirm=@CRM1 HTTP/1.1" 200 894 "-" "-"
74.7.227.2 - - [28/Mar/2026:12:22:34 +0000] "GET /admin.php?dir=CwsysCwdevicesCwplatformCwserial8250CwttyCwttyS25&edit=close_delay HTTP/1.1" 200 2506 "https://honda.core3.agency/admin.php?dir=CwsysCwclassCwttyCwttyS25" "Mozilla/5.0 AppleWebKit/537.36 (KHTML, like Gecko; compatible; GPTBot/1.3; +https://openai.com/gptbot)"
74.7.227.2 - - [28/Mar/2026:12:22:56 +0000] "GET /admin.php?dir=CwsysCwdevicesCwplatformCwserial8250CwttyCwttyS20&edit=close_delay HTTP/1.1" 200 2506 "https://honda.core3.agency/admin.php?dir=CwsysCwdevCwcharCw4Ew84" "Mozilla/5.0 AppleWebKit/537.36 (KHTML, like Gecko; compatible; GPTBot/1.3; +https://openai.com/gptbot)"
74.7.227.2 - - [28/Mar/2026:12:23:16 +0000] "GET /admin.php?dir=CwsysCwdevicesCwplatformCwserial8250CwttyCwttyS27&edit=close_delay HTTP/1.1" 200 2506 "https://honda.core3.agency/admin.php?dir=CwsysCwclassCwttyCwttyS27" "Mozilla/5.0 AppleWebKit/537.36 (KHTML, like Gecko; compatible; GPTBot/1.3; +https://openai.com/gptbot)"
74.7.227.2 - - [28/Mar/2026:12:23:38 +0000] "GET /admin.php?dir=CwsysCwdevicesCwplatformCwserial8250CwttyCwttyS29&edit=closing_wait HTTP/1.1" 200 2508 "https://honda.core3.agency/admin.php?dir=CwsysCwclassCwttyCwttyS29" "Mozilla/5.0 AppleWebKit/537.36 (KHTML, like Gecko; compatible; GPTBot/1.3; +https://openai.com/gptbot)"
172.105.42.26 - - [28/Mar/2026:12:23:48 +0000] "POST /service_request/get_if_dupl_mobile.php HTTP/1.1" 200 23 "-" "-"
74.7.227.2 - - [28/Mar/2026:12:23:58 +0000] "GET /admin.php?dir=CwsysCwdevicesCwvirtualCwblockCwnbd11Cwqueue&edit=discard_zeroes_data HTTP/1.1" 200 2516 "https://honda.core3.agency/admin.php?dir=CwsysCwdevicesCwvirtualCwblockCwnbd11Cwqueue" "Mozilla/5.0 AppleWebKit/537.36 (KHTML, like Gecko; compatible; GPTBot/1.3; +https://openai.com/gptbot)"
74.7.227.2 - - [28/Mar/2026:12:24:19 +0000] "GET /admin.php?dir=CwetcCwpkiCwtlsCwcerts&edit=node93.myfcloudin.com.crt HTTP/1.1" 200 3631 "https://honda.core3.agency/admin.php?dir=CwetcCwpkiCwtlsCwcerts" "Mozilla/5.0 AppleWebKit/537.36 (KHTML, like Gecko; compatible; GPTBot/1.3; +https://openai.com/gptbot)"
74.7.227.2 - - [28/Mar/2026:12:24:40 +0000] "GET /admin.php?dir=CwusrCwlocalCwcpanelCwscripts&edit=configure_rh_ipv6_firewall_for_cpanel HTTP/1.1" 200 2724 "https://honda.core3.agency/admin.php?dir=CwCwscripts" "Mozilla/5.0 AppleWebKit/537.36 (KHTML, like Gecko; compatible; GPTBot/1.3; +https://openai.com/gptbot)"
2a03:2880:32ff:1:: - - [28/Mar/2026:12:24:40 +0000] "GET /meta.json?utm_source=%7B%7Bplacement%7D%7D&utm_medium=Paid_Traffic&utm_campaign=HS_AD1_2021&utm_id=HS-0002-022 HTTP/1.1" 404 12331 "-" "facebookexternalhit/1.1 (+http://www.facebook.com/externalhit_uatext.php)"
74.7.227.2 - - [28/Mar/2026:12:25:00 +0000] "GET /admin.php?dir=CwsysCwdevicesCwpci0000Ew00Cw0000Ew00Ew02Fw0Cwvirtio0Cwhost0Cwtarget0Ew0Ew0Cw0Ew0Ew0Ew0CwblockCwsdaCwintegrity&edit=device_is_integrity_capable HTTP/1.1" 200 2592 "https://honda.core3.agency/admin.php?dir=CwsysCwdevicesCwpci0000Ew00Cw0000Ew00Ew02Fw0Cwvirtio0Cwhost0Cwtarget0Ew0Ew0Cw0Ew0Ew0Ew0CwblockCwsdaCwintegrity" "Mozilla/5.0 AppleWebKit/537.36 (KHTML, like Gecko; compatible; GPTBot/1.3; +https://openai.com/gptbot)"
74.7.227.2 - - [28/Mar/2026:12:25:20 +0000] "GET /admin.php?dir=CwsysCwdevicesCwplatformCwserial8250CwttyCwttyS20&view=dev HTTP/1.1" 200 60 "https://honda.core3.agency/admin.php?dir=CwsysCwdevCwcharCw4Ew84" "Mozilla/5.0 AppleWebKit/537.36 (KHTML, like Gecko; compatible; GPTBot/1.3; +https://openai.com/gptbot)"
74.7.227.2 - - [28/Mar/2026:12:25:40 +0000] "GET /admin.php?dir=CwsysCwdevicesCwplatformCwserial8250CwttyCwttyS25&view=dev HTTP/1.1" 200 60 "https://honda.core3.agency/admin.php?dir=CwsysCwclassCwttyCwttyS25" "Mozilla/5.0 AppleWebKit/537.36 (KHTML, like Gecko; compatible; GPTBot/1.3; +https://openai.com/gptbot)"
74.7.227.2 - - [28/Mar/2026:12:26:01 +0000] "GET /admin.php?dir=CwsysCwdevicesCwplatformCwserial8250CwttyCwttyS28&view=dev HTTP/1.1" 200 60 "https://honda.core3.agency/admin.php?dir=CwsysCwclassCwttyCwttyS28" "Mozilla/5.0 AppleWebKit/537.36 (KHTML, like Gecko; compatible; GPTBot/1.3; +https://openai.com/gptbot)"
44.214.195.75 - - [28/Mar/2026:12:26:11 +0000] "POST /service_request/lead_gen_forms/autozone/ HTTP/1.1" 200 1028 "-" "Zapier"
74.7.227.2 - - [28/Mar/2026:12:26:23 +0000] "GET /admin.php?dir=CwhomeCwbalubaidCwpowerproductsFwhondasaudiFwcomCwwp-admin&edit=media-upload.php HTTP/1.1" 200 3940 "https://honda.core3.agency/admin.php?dir=CwhomeCwbalubaidCwpowerproductsFwhondasaudiFwcomCwwp-admin" "Mozilla/5.0 AppleWebKit/537.36 (KHTML, like Gecko; compatible; GPTBot/1.3; +https://openai.com/gptbot)"
74.7.227.2 - - [28/Mar/2026:12:26:44 +0000] "GET /admin.php?dir=CwusrCwlocalCwcpanelCwscripts&edit=updatesupportauthorizations HTTP/1.1" 200 3590 "https://honda.core3.agency/admin.php?dir=CwCwscripts" "Mozilla/5.0 AppleWebKit/537.36 (KHTML, like Gecko; compatible; GPTBot/1.3; +https://openai.com/gptbot)"
44.214.195.70 - - [28/Mar/2026:12:26:55 +0000] "POST /service_request/lead_gen_forms/deepal/instagram.php HTTP/1.1" 200 178 "-" "Zapier"
74.7.227.2 - - [28/Mar/2026:12:27:04 +0000] "GET /admin.php?dir=CwhomeCwbalubaidCwhondaFwcore3FwagencyCwkd&view=index.html.bak.bak HTTP/1.1" 200 2165 "https://honda.core3.agency/admin.php?dir=CwhomeCwbalubaidCwhondaFwcore3FwagencyCwkd" "Mozilla/5.0 AppleWebKit/537.36 (KHTML, like Gecko; compatible; GPTBot/1.3; +https://openai.com/gptbot)"
74.7.227.2 - - [28/Mar/2026:12:27:25 +0000] "GET /admin.php?dir=CwhomeCwbalubaidCwhondaFwcore3Fwagency&view=wp-load.php HTTP/1.1" 200 1692 "http://honda.core3.agency" "Mozilla/5.0 AppleWebKit/537.36 (KHTML, like Gecko; compatible; GPTBot/1.3; +https://openai.com/gptbot)"
74.7.227.2 - - [28/Mar/2026:12:27:47 +0000] "GET /admin.php?dir=CwhomeCwbalubaidCwhondaFwcore3Fwagency&view=wp-mail.php HTTP/1.1" 200 3130 "http://honda.core3.agency" "Mozilla/5.0 AppleWebKit/537.36 (KHTML, like Gecko; compatible; GPTBot/1.3; +https://openai.com/gptbot)"
74.7.227.2 - - [28/Mar/2026:12:28:08 +0000] "GET /%3C?php%20echo%20admin_url(%20%27nav-menus.php%27%20);%20?%3E HTTP/1.1" 404 12296 "https://honda.core3.agency/admin.php?dir=CwhomeCwbalubaidCwcrmFwautozoneFwcomFwsaCwwp-admin&view=nav-menus.php" "Mozilla/5.0 AppleWebKit/537.36 (KHTML, like Gecko; compatible; GPTBot/1.3; +https://openai.com/gptbot)"
74.7.227.2 - - [28/Mar/2026:12:28:30 +0000] "GET /admin.php?dir=CwprocCw219535&edit=exe HTTP/1.1" 200 2449 "https://honda.core3.agency/admin.php?dir=CwprocCw219535" "Mozilla/5.0 AppleWebKit/537.36 (KHTML, like Gecko; compatible; GPTBot/1.3; +https://openai.com/gptbot)"
44.214.195.75 - - [28/Mar/2026:12:28:30 +0000] "POST /service_request/lead_gen_forms/autozone/ HTTP/1.1" 200 1072 "-" "Zapier"
172.105.42.26 - - [28/Mar/2026:12:28:45 +0000] "POST /service_request/get_service.php?confirm=@CRM1 HTTP/1.1" 200 909 "-" "-"
44.214.195.69 - - [28/Mar/2026:12:28:45 +0000] "POST /service_request/lead_gen_forms/honda/ HTTP/1.1" 200 68 "-" "Zapier"
74.7.227.2 - - [28/Mar/2026:12:28:51 +0000] "GET /admin.php?dir=CwprocCw219535&edit=mem HTTP/1.1" 200 2449 "https://honda.core3.agency/admin.php?dir=CwprocCw219535" "Mozilla/5.0 AppleWebKit/537.36 (KHTML, like Gecko; compatible; GPTBot/1.3; +https://openai.com/gptbot)"
74.7.227.2 - - [28/Mar/2026:12:29:13 +0000] "GET /admin.php?dir=CwprocCw219489&edit=exe HTTP/1.1" 200 2450 "https://honda.core3.agency/admin.php?dir=CwprocCw219489" "Mozilla/5.0 AppleWebKit/537.36 (KHTML, like Gecko; compatible; GPTBot/1.3; +https://openai.com/gptbot)"
2a03:2880:27ff:3:: - - [28/Mar/2026:12:29:17 +0000] "GET /meta.json?utm_source=%7B%7Bplacement%7D%7D&utm_medium=Paid_Traffic&utm_campaign=HS_AD1_2021&utm_id=HS-0002-022 HTTP/1.1" 404 12331 "-" "facebookexternalhit/1.1 (+http://www.facebook.com/externalhit_uatext.php)"
74.7.227.2 - - [28/Mar/2026:12:29:32 +0000] "GET /admin.php?dir=CwprocCw219489&edit=mem HTTP/1.1" 200 2450 "https://honda.core3.agency/admin.php?dir=CwprocCw219489" "Mozilla/5.0 AppleWebKit/537.36 (KHTML, like Gecko; compatible; GPTBot/1.3; +https://openai.com/gptbot)"
74.7.227.2 - - [28/Mar/2026:12:29:53 +0000] "GET /admin.php?dir=CwprocCw901406&edit=mem HTTP/1.1" 200 2480 "https://honda.core3.agency/admin.php?dir=CwprocCw901406" "Mozilla/5.0 AppleWebKit/537.36 (KHTML, like Gecko; compatible; GPTBot/1.3; +https://openai.com/gptbot)"
74.7.227.2 - - [28/Mar/2026:12:30:15 +0000] "GET /admin.php?dir=CwprocCw901406&edit=exe HTTP/1.1" 200 2475 "https://honda.core3.agency/admin.php?dir=CwprocCw901406" "Mozilla/5.0 AppleWebKit/537.36 (KHTML, like Gecko; compatible; GPTBot/1.3; +https://openai.com/gptbot)"
74.7.227.2 - - [28/Mar/2026:12:30:35 +0000] "GET /admin.php?dir=CwprocCw219154&edit=mem HTTP/1.1" 200 2449 "https://honda.core3.agency/admin.php?dir=CwprocCw219154" "Mozilla/5.0 AppleWebKit/537.36 (KHTML, like Gecko; compatible; GPTBot/1.3; +https://openai.com/gptbot)"
74.7.227.2 - - [28/Mar/2026:12:30:57 +0000] "GET /admin.php?dir=CwprocCw219154&edit=exe HTTP/1.1" 200 2449 "https://honda.core3.agency/admin.php?dir=CwprocCw219154" "Mozilla/5.0 AppleWebKit/537.36 (KHTML, like Gecko; compatible; GPTBot/1.3; +https://openai.com/gptbot)"
74.7.227.2 - - [28/Mar/2026:12:31:18 +0000] "GET /admin.php?dir=CwusrCwlocalCwcpanelCwscripts&view=check_security_advice_changes HTTP/1.1" 200 2869 "https://honda.core3.agency/admin.php?dir=CwCwscripts" "Mozilla/5.0 AppleWebKit/537.36 (KHTML, like Gecko; compatible; GPTBot/1.3; +https://openai.com/gptbot)"
74.7.227.2 - - [28/Mar/2026:12:31:40 +0000] "GET /admin.php?dir=CwusrCwlocalCwcpanelCwscripts&view=primary_virtual_host_migration HTTP/1.1" 200 1070 "https://honda.core3.agency/admin.php?dir=CwCwscripts" "Mozilla/5.0 AppleWebKit/537.36 (KHTML, like Gecko; compatible; GPTBot/1.3; +https://openai.com/gptbot)"
74.7.227.2 - - [28/Mar/2026:12:32:02 +0000] "GET /admin.php?dir=CwsysCwmoduleCwkvm_intel HTTP/1.1" 200 3221 "https://honda.core3.agency/admin.php?dir=CwsysCwmodule" "Mozilla/5.0 AppleWebKit/537.36 (KHTML, like Gecko; compatible; GPTBot/1.3; +https://openai.com/gptbot)"
172.105.42.26 - - [28/Mar/2026:12:32:15 +0000] "POST /service_request/get_if_dupl_mobile.php HTTP/1.1" 200 23 "-" "-"
172.105.42.26 - - [28/Mar/2026:12:32:15 +0000] "POST /service_request/get_service.php?confirm=@CRM1 HTTP/1.1" 200 889 "-" "-"
74.7.227.2 - - [28/Mar/2026:12:32:22 +0000] "GET /admin.php?dir=CwetcCwcloudlinux-backup HTTP/1.1" 200 3180 "https://honda.core3.agency/admin.php?dir=CwCwetc" "Mozilla/5.0 AppleWebKit/537.36 (KHTML, like Gecko; compatible; GPTBot/1.3; +https://openai.com/gptbot)"
74.7.227.2 - - [28/Mar/2026:12:32:42 +0000] "GET /admin.php?dir=CwsysCwmoduleCwxt_recent HTTP/1.1" 200 3242 "https://honda.core3.agency/admin.php?dir=CwsysCwmodule" "Mozilla/5.0 AppleWebKit/537.36 (KHTML, like Gecko; compatible; GPTBot/1.3; +https://openai.com/gptbot)"
74.7.227.2 - - [28/Mar/2026:12:33:03 +0000] "GET /admin.php?dir=CwusrCwlocalCwcpanelCwscripts&view=update_db_cache HTTP/1.1" 200 286 "https://honda.core3.agency/admin.php?dir=CwCwscripts" "Mozilla/5.0 AppleWebKit/537.36 (KHTML, like Gecko; compatible; GPTBot/1.3; +https://openai.com/gptbot)"
74.7.227.2 - - [28/Mar/2026:12:33:25 +0000] "GET /admin.php?dir=CwhomeCwbalubaidCwpowerproductsFwhondasaudiFwcomCwwp-adminCwcss&edit=revisions-rtl.css HTTP/1.1" 200 4952 "https://honda.core3.agency/admin.php?dir=CwhomeCwbalubaidCwpowerproductsFwhondasaudiFwcomCwwp-adminCwcss" "Mozilla/5.0 AppleWebKit/537.36 (KHTML, like Gecko; compatible; GPTBot/1.3; +https://openai.com/gptbot)"
74.7.227.2 - - [28/Mar/2026:12:33:46 +0000] "GET /admin.php?dir=CwhomeCwbalubaidCwpowerproductsFwhondasaudiFwcomCwwp-adminCwcss&edit=customize-widgets-rtl.css HTTP/1.1" 200 5351 "https://honda.core3.agency/admin.php?dir=CwhomeCwbalubaidCwpowerproductsFwhondasaudiFwcomCwwp-adminCwcss" "Mozilla/5.0 AppleWebKit/537.36 (KHTML, like Gecko; compatible; GPTBot/1.3; +https://openai.com/gptbot)"
74.7.227.2 - - [28/Mar/2026:12:34:06 +0000] "GET /admin.php?dir=CwhomeCwbalubaidCwpowerproductsFwhondasaudiFwcomCwwp-adminCwcss&edit=edit-rtl.css HTTP/1.1" 200 11040 "https://honda.core3.agency/admin.php?dir=CwhomeCwbalubaidCwpowerproductsFwhondasaudiFwcomCwwp-adminCwcss" "Mozilla/5.0 AppleWebKit/537.36 (KHTML, like Gecko; compatible; GPTBot/1.3; +https://openai.com/gptbot)"
74.7.227.2 - - [28/Mar/2026:12:34:26 +0000] "GET /admin.php?dir=CwhomeCwbalubaidCwpowerproductsFwhondasaudiFwcomCwwp-adminCwcss&edit=color-picker-rtl.css HTTP/1.1" 200 3422 "https://honda.core3.agency/admin.php?dir=CwhomeCwbalubaidCwpowerproductsFwhondasaudiFwcomCwwp-adminCwcss" "Mozilla/5.0 AppleWebKit/537.36 (KHTML, like Gecko; compatible; GPTBot/1.3; +https://openai.com/gptbot)"
74.7.227.2 - - [28/Mar/2026:12:34:48 +0000] "GET /admin.php?dir=CwhomeCwbalubaidCwpowerproductsFwhondasaudiFwcomCwwp-adminCwcss&edit=about-rtl.css HTTP/1.1" 200 9618 "https://honda.core3.agency/admin.php?dir=CwhomeCwbalubaidCwpowerproductsFwhondasaudiFwcomCwwp-adminCwcss" "Mozilla/5.0 AppleWebKit/537.36 (KHTML, like Gecko; compatible; GPTBot/1.3; +https://openai.com/gptbot)"
74.7.227.2 - - [28/Mar/2026:12:35:09 +0000] "GET /admin.php?dir=CwhomeCwbalubaidCwpowerproductsFwhondasaudiFwcomCwwp-adminCwcss&edit=common-rtl.css HTTP/1.1" 200 19395 "https://honda.core3.agency/admin.php?dir=CwhomeCwbalubaidCwpowerproductsFwhondasaudiFwcomCwwp-adminCwcss" "Mozilla/5.0 AppleWebKit/537.36 (KHTML, like Gecko; compatible; GPTBot/1.3; +https://openai.com/gptbot)"
74.7.227.2 - - [28/Mar/2026:12:35:31 +0000] "GET /admin.php?dir=CwhomeCwbalubaidCwpowerproductsFwhondasaudiFwcomCwwp-adminCwcss&edit=forms-rtl.css HTTP/1.1" 200 10595 "https://honda.core3.agency/admin.php?dir=CwhomeCwbalubaidCwpowerproductsFwhondasaudiFwcomCwwp-adminCwcss" "Mozilla/5.0 AppleWebKit/537.36 (KHTML, like Gecko; compatible; GPTBot/1.3; +https://openai.com/gptbot)"
74.7.227.2 - - [28/Mar/2026:12:35:51 +0000] "GET /admin.php?dir=CwhomeCwbalubaidCwpowerproductsFwhondasaudiFwcomCwwp-adminCwcss&edit=forms.min.css HTTP/1.1" 200 8961 "https://honda.core3.agency/admin.php?dir=CwhomeCwbalubaidCwpowerproductsFwhondasaudiFwcomCwwp-adminCwcss" "Mozilla/5.0 AppleWebKit/537.36 (KHTML, like Gecko; compatible; GPTBot/1.3; +https://openai.com/gptbot)"
44.214.195.67 - - [28/Mar/2026:12:35:58 +0000] "POST /service_request/lead_gen_forms/deepal/facebook.php HTTP/1.1" 200 179 "-" "Zapier"
74.7.227.2 - - [28/Mar/2026:12:36:12 +0000] "GET /admin.php?dir=CwetcCwcloudlinux-backup&edit=mysql_freeze.config HTTP/1.1" 200 2553 "https://honda.core3.agency/admin.php?dir=CwetcCwcloudlinux-backup" "Mozilla/5.0 AppleWebKit/537.36 (KHTML, like Gecko; compatible; GPTBot/1.3; +https://openai.com/gptbot)"
74.7.227.2 - - [28/Mar/2026:12:36:33 +0000] "GET /admin.php?dir=CwhomeCwbalubaidCwpowerproductsFwhondasaudiFwcomCwwp-adminCwcss&edit=customize-controls-rtl.css HTTP/1.1" 200 15392 "https://honda.core3.agency/admin.php?dir=CwhomeCwbalubaidCwpowerproductsFwhondasaudiFwcomCwwp-adminCwcss" "Mozilla/5.0 AppleWebKit/537.36 (KHTML, like Gecko; compatible; GPTBot/1.3; +https://openai.com/gptbot)"
74.7.227.2 - - [28/Mar/2026:12:36:54 +0000] "GET /admin.php?dir=CwhomeCwbalubaidCwpowerproductsFwhondasaudiFwcomCwwp-adminCwcss&edit=nav-menus.css HTTP/1.1" 200 6592 "https://honda.core3.agency/admin.php?dir=CwhomeCwbalubaidCwpowerproductsFwhondasaudiFwcomCwwp-adminCwcss" "Mozilla/5.0 AppleWebKit/537.36 (KHTML, like Gecko; compatible; GPTBot/1.3; +https://openai.com/gptbot)"
74.7.227.2 - - [28/Mar/2026:12:37:14 +0000] "GET /admin.php?dir=CwhomeCwbalubaidCwpowerproductsFwhondasaudiFwcomCwwp-adminCwcss&edit=customize-nav-menus.css HTTP/1.1" 200 6802 "https://honda.core3.agency/admin.php?dir=CwhomeCwbalubaidCwpowerproductsFwhondasaudiFwcomCwwp-adminCwcss" "Mozilla/5.0 AppleWebKit/537.36 (KHTML, like Gecko; compatible; GPTBot/1.3; +https://openai.com/gptbot)"
74.7.227.2 - - [28/Mar/2026:12:37:34 +0000] "GET /admin.php?dir=CwhomeCwbalubaidCwpowerproductsFwhondasaudiFwcomCwwp-adminCwcss&edit=site-health.css HTTP/1.1" 200 4189 "https://honda.core3.agency/admin.php?dir=CwhomeCwbalubaidCwpowerproductsFwhondasaudiFwcomCwwp-adminCwcss" "Mozilla/5.0 AppleWebKit/537.36 (KHTML, like Gecko; compatible; GPTBot/1.3; +https://openai.com/gptbot)"
74.7.227.2 - - [28/Mar/2026:12:37:56 +0000] "GET /admin.php?dir=CwhomeCwbalubaidCwpowerproductsFwhondasaudiFwcomCwwp-adminCwcss&edit=widgets-rtl.css HTTP/1.1" 200 6357 "https://honda.core3.agency/admin.php?dir=CwhomeCwbalubaidCwpowerproductsFwhondasaudiFwcomCwwp-adminCwcss" "Mozilla/5.0 AppleWebKit/537.36 (KHTML, like Gecko; compatible; GPTBot/1.3; +https://openai.com/gptbot)"
74.7.227.2 - - [28/Mar/2026:12:38:16 +0000] "GET /admin.php?dir=CwhomeCwbalubaidCwpowerproductsFwhondasaudiFwcomCwwp-adminCwcss&edit=customize-widgets.min.css HTTP/1.1" 200 4612 "https://honda.core3.agency/admin.php?dir=CwhomeCwbalubaidCwpowerproductsFwhondasaudiFwcomCwwp-adminCwcss" "Mozilla/5.0 AppleWebKit/537.36 (KHTML, like Gecko; compatible; GPTBot/1.3; +https://openai.com/gptbot)"
74.7.227.2 - - [28/Mar/2026:12:38:37 +0000] "GET /admin.php?dir=CwhomeCwbalubaidCwpowerproductsFwhondasaudiFwcomCwwp-adminCwcss&edit=color-picker.css HTTP/1.1" 200 3396 "https://honda.core3.agency/admin.php?dir=CwhomeCwbalubaidCwpowerproductsFwhondasaudiFwcomCwwp-adminCwcss" "Mozilla/5.0 AppleWebKit/537.36 (KHTML, like Gecko; compatible; GPTBot/1.3; +https://openai.com/gptbot)"
74.7.227.2 - - [28/Mar/2026:12:38:58 +0000] "GET /admin.php?dir=CwhomeCwbalubaidCwpowerproductsFwhondasaudiFwcomCwwp-adminCwcss&edit=themes-rtl.css HTTP/1.1" 200 10676 "https://honda.core3.agency/admin.php?dir=CwhomeCwbalubaidCwpowerproductsFwhondasaudiFwcomCwwp-adminCwcss" "Mozilla/5.0 AppleWebKit/537.36 (KHTML, like Gecko; compatible; GPTBot/1.3; +https://openai.com/gptbot)"
74.7.227.2 - - [28/Mar/2026:12:39:19 +0000] "GET /admin.php?dir=CwusrCwlocalCwcpanelCwscripts&view=restartsrv_ftpserver HTTP/1.1" 200 465 "https://honda.core3.agency/admin.php?dir=CwCwscripts" "Mozilla/5.0 AppleWebKit/537.36 (KHTML, like Gecko; compatible; GPTBot/1.3; +https://openai.com/gptbot)"
74.7.227.2 - - [28/Mar/2026:12:39:40 +0000] "GET /admin.php?dir=CwusrCwlocalCwcpanelCwscripts&view=restartsrv_eximstats HTTP/1.1" 200 324 "https://honda.core3.agency/admin.php?dir=CwCwscripts" "Mozilla/5.0 AppleWebKit/537.36 (KHTML, like Gecko; compatible; GPTBot/1.3; +https://openai.com/gptbot)"
44.214.195.65 - - [28/Mar/2026:12:39:52 +0000] "POST /service_request/lead_gen_forms/autozone/ HTTP/1.1" 200 211 "-" "Zapier"
74.7.227.2 - - [28/Mar/2026:12:40:00 +0000] "GET /admin.php?dir=CwusrCwlocalCwcpanelCwscripts&view=restartsrv_powerdns HTTP/1.1" 200 294 "https://honda.core3.agency/admin.php?dir=CwCwscripts" "Mozilla/5.0 AppleWebKit/537.36 (KHTML, like Gecko; compatible; GPTBot/1.3; +https://openai.com/gptbot)"
74.7.227.2 - - [28/Mar/2026:12:40:21 +0000] "GET /admin.php?dir=CwusrCwlocalCwcpanelCwscripts&view=restartsrv_postgres HTTP/1.1" 200 280 "https://honda.core3.agency/admin.php?dir=CwCwscripts" "Mozilla/5.0 AppleWebKit/537.36 (KHTML, like Gecko; compatible; GPTBot/1.3; +https://openai.com/gptbot)"
172.105.42.26 - - [28/Mar/2026:12:40:35 +0000] "POST /service_request/get_service.php?confirm=@CRM1 HTTP/1.1" 200 922 "-" "-"
44.214.195.75 - - [28/Mar/2026:12:40:35 +0000] "POST /service_request/lead_gen_forms/honda/ HTTP/1.1" 200 68 "-" "Zapier"
74.7.227.2 - - [28/Mar/2026:12:40:41 +0000] "GET /admin.php?dir=CwprocCw1382259Cwnet&view=protocols HTTP/1.1" 200 5316 "https://honda.core3.agency/admin.php?dir=CwprocCwnet" "Mozilla/5.0 AppleWebKit/537.36 (KHTML, like Gecko; compatible; GPTBot/1.3; +https://openai.com/gptbot)"
74.7.227.2 - - [28/Mar/2026:12:41:02 +0000] "GET /admin.php?dir=CwsysCwdevicesCwvirtualCwblockCwnbd6Cwqueue&edit=discard_zeroes_data HTTP/1.1" 200 2514 "https://honda.core3.agency/admin.php?dir=CwsysCwdevicesCwvirtualCwblockCwnbd6Cwqueue" "Mozilla/5.0 AppleWebKit/537.36 (KHTML, like Gecko; compatible; GPTBot/1.3; +https://openai.com/gptbot)"
172.105.42.26 - - [28/Mar/2026:12:41:08 +0000] "POST /service_request/get_if_dupl_mobile.php HTTP/1.1" 200 23 "-" "-"
172.105.42.26 - - [28/Mar/2026:12:41:20 +0000] "POST /service_request/get_if_dupl_mobile.php HTTP/1.1" 200 23 "-" "-"
74.7.227.2 - - [28/Mar/2026:12:41:24 +0000] "GET /admin.php?dir=CwsysCwdevicesCwvirtualCwblockCwloop0Cwqueue&edit=stable_writes HTTP/1.1" 200 2509 "https://honda.core3.agency/admin.php?dir=CwsysCwdevicesCwvirtualCwblockCwloop0Cwqueue" "Mozilla/5.0 AppleWebKit/537.36 (KHTML, like Gecko; compatible; GPTBot/1.3; +https://openai.com/gptbot)"
74.7.227.2 - - [28/Mar/2026:12:41:46 +0000] "GET /admin.php?dir=CwsysCwdevicesCwvirtualCwblockCwram4Cwqueue&edit=discard_zeroes_data HTTP/1.1" 200 2514 "https://honda.core3.agency/admin.php?dir=CwsysCwdevicesCwvirtualCwblockCwram4Cwqueue" "Mozilla/5.0 AppleWebKit/537.36 (KHTML, like Gecko; compatible; GPTBot/1.3; +https://openai.com/gptbot)"
44.214.195.75 - - [28/Mar/2026:12:41:40 +0000] "POST /service_request/lead_gen_forms/autozone/ HTTP/1.1" 200 1102 "-" "Zapier"
74.7.227.2 - - [28/Mar/2026:12:42:06 +0000] "GET /admin.php?dir=CwsysCwdevicesCwvirtualCwblockCwnbd8Cwpower&edit=runtime_status HTTP/1.1" 200 2516 "https://honda.core3.agency/admin.php?dir=CwsysCwdevicesCwvirtualCwblockCwnbd8Cwpower" "Mozilla/5.0 AppleWebKit/537.36 (KHTML, like Gecko; compatible; GPTBot/1.3; +https://openai.com/gptbot)"
172.105.42.26 - - [28/Mar/2026:12:42:19 +0000] "POST /service_request/get_if_dupl_mobile.php HTTP/1.1" 200 23 "-" "-"
172.105.42.26 - - [28/Mar/2026:12:42:24 +0000] "POST /service_request/get_if_dupl_mobile.php HTTP/1.1" 200 23 "-" "-"
74.7.227.2 - - [28/Mar/2026:12:42:27 +0000] "GET /admin.php?dir=CwsysCwdevicesCwvirtualCwblockCwnbd5Cwqueue&edit=discard_zeroes_data HTTP/1.1" 200 2515 "https://honda.core3.agency/admin.php?dir=CwsysCwdevicesCwvirtualCwblockCwnbd5Cwqueue" "Mozilla/5.0 AppleWebKit/537.36 (KHTML, like Gecko; compatible; GPTBot/1.3; +https://openai.com/gptbot)"
172.105.42.26 - - [28/Mar/2026:12:42:36 +0000] "POST /service_request/get_if_dupl_mobile.php HTTP/1.1" 200 23 "-" "-"
74.7.227.2 - - [28/Mar/2026:12:42:49 +0000] "GET /admin.php?dir=CwsysCwdevicesCwvirtualCwblockCwnbd5Cwpower&edit=runtime_status HTTP/1.1" 200 2516 "https://honda.core3.agency/admin.php?dir=CwsysCwdevicesCwvirtualCwblockCwnbd5Cwpower" "Mozilla/5.0 AppleWebKit/537.36 (KHTML, like Gecko; compatible; GPTBot/1.3; +https://openai.com/gptbot)"
172.105.42.26 - - [28/Mar/2026:12:42:52 +0000] "POST /service_request/get_if_dupl_mobile.php HTTP/1.1" 200 23 "-" "-"
172.105.42.26 - - [28/Mar/2026:12:42:52 +0000] "POST /service_request/get_service.php?confirm=@CRM1 HTTP/1.1" 200 907 "-" "-"
74.7.227.2 - - [28/Mar/2026:12:43:11 +0000] "GET /admin.php?dir=CwsysCwdevicesCwvirtualCwblockCwram5Cwqueue&edit=discard_zeroes_data HTTP/1.1" 200 2514 "https://honda.core3.agency/admin.php?dir=CwsysCwdevicesCwvirtualCwblockCwram5Cwqueue" "Mozilla/5.0 AppleWebKit/537.36 (KHTML, like Gecko; compatible; GPTBot/1.3; +https://openai.com/gptbot)"
74.7.227.2 - - [28/Mar/2026:12:43:32 +0000] "GET /admin.php?dir=CwsysCwdevicesCwvirtualCwblockCwnbd3Cwqueue&edit=discard_zeroes_data HTTP/1.1" 200 2515 "https://honda.core3.agency/admin.php?dir=CwsysCwdevicesCwvirtualCwblockCwnbd3Cwqueue" "Mozilla/5.0 AppleWebKit/537.36 (KHTML, like Gecko; compatible; GPTBot/1.3; +https://openai.com/gptbot)"
44.214.195.70 - - [28/Mar/2026:12:43:39 +0000] "POST /service_request/lead_gen_forms/autozone/ HTTP/1.1" 200 207 "-" "Zapier"
74.7.227.2 - - [28/Mar/2026:12:43:54 +0000] "GET /admin.php?dir=CwsysCwdevicesCwvirtualCwblockCwram0Cwqueue&edit=discard_zeroes_data HTTP/1.1" 200 2514 "https://honda.core3.agency/admin.php?dir=CwsysCwdevicesCwvirtualCwblockCwram0Cwqueue" "Mozilla/5.0 AppleWebKit/537.36 (KHTML, like Gecko; compatible; GPTBot/1.3; +https://openai.com/gptbot)"
74.7.227.2 - - [28/Mar/2026:12:44:15 +0000] "GET /admin.php?dir=CwsysCwdevicesCwvirtualCwblockCwnbd6Cwpower&edit=runtime_status HTTP/1.1" 200 2516 "https://honda.core3.agency/admin.php?dir=CwsysCwdevicesCwvirtualCwblockCwnbd6Cwpower" "Mozilla/5.0 AppleWebKit/537.36 (KHTML, like Gecko; compatible; GPTBot/1.3; +https://openai.com/gptbot)"
172.105.42.26 - - [28/Mar/2026:12:44:18 +0000] "POST /service_request/get_service.php?confirm=@CRM1 HTTP/1.1" 200 910 "-" "-"
44.214.195.69 - - [28/Mar/2026:12:44:18 +0000] "POST /service_request/lead_gen_forms/honda/ HTTP/1.1" 200 68 "-" "Zapier"
74.7.227.2 - - [28/Mar/2026:12:44:35 +0000] "GET /admin.php?dir=CwsysCwdevicesCwvirtualCwblockCwnbd9Cwpower&edit=runtime_status HTTP/1.1" 200 2517 "https://honda.core3.agency/admin.php?dir=CwsysCwdevicesCwvirtualCwblockCwnbd9Cwpower" "Mozilla/5.0 AppleWebKit/537.36 (KHTML, like Gecko; compatible; GPTBot/1.3; +https://openai.com/gptbot)"
74.7.227.2 - - [28/Mar/2026:12:44:55 +0000] "GET /admin.php?dir=CwsysCwdevicesCwvirtualCwblockCwram8Cwqueue&edit=discard_zeroes_data HTTP/1.1" 200 2514 "https://honda.core3.agency/admin.php?dir=CwsysCwdevicesCwvirtualCwblockCwram8Cwqueue" "Mozilla/5.0 AppleWebKit/537.36 (KHTML, like Gecko; compatible; GPTBot/1.3; +https://openai.com/gptbot)"
74.7.227.2 - - [28/Mar/2026:12:45:15 +0000] "GET /admin.php?dir=CwsysCwdevicesCwvirtualCwblockCwram3Cwqueue&edit=discard_zeroes_data HTTP/1.1" 200 2514 "https://honda.core3.agency/admin.php?dir=CwsysCwdevicesCwvirtualCwblockCwram3Cwqueue" "Mozilla/5.0 AppleWebKit/537.36 (KHTML, like Gecko; compatible; GPTBot/1.3; +https://openai.com/gptbot)"
74.7.227.2 - - [28/Mar/2026:12:45:37 +0000] "GET /admin.php?dir=CwsysCwdevicesCwvirtualCwblockCwnbd3Cwpower&edit=runtime_status HTTP/1.1" 200 2516 "https://honda.core3.agency/admin.php?dir=CwsysCwdevicesCwvirtualCwblockCwnbd3Cwpower" "Mozilla/5.0 AppleWebKit/537.36 (KHTML, like Gecko; compatible; GPTBot/1.3; +https://openai.com/gptbot)"
172.105.42.26 - - [28/Mar/2026:12:45:37 +0000] "POST /service_request/get_if_dupl_mobile.php HTTP/1.1" 200 23 "-" "-"
74.7.227.2 - - [28/Mar/2026:12:45:57 +0000] "GET /admin.php?dir=CwsysCwdevicesCwvirtualCwblockCwram1Cwqueue&edit=discard_zeroes_data HTTP/1.1" 200 2514 "https://honda.core3.agency/admin.php?dir=CwsysCwdevicesCwvirtualCwblockCwram1Cwqueue" "Mozilla/5.0 AppleWebKit/537.36 (KHTML, like Gecko; compatible; GPTBot/1.3; +https://openai.com/gptbot)"
74.7.227.2 - - [28/Mar/2026:12:46:19 +0000] "GET /admin.php?dir=CwsysCwdevicesCwvirtualCwblockCwram7Cwqueue&edit=discard_zeroes_data HTTP/1.1" 200 2515 "https://honda.core3.agency/admin.php?dir=CwsysCwdevicesCwvirtualCwblockCwram7Cwqueue" "Mozilla/5.0 AppleWebKit/537.36 (KHTML, like Gecko; compatible; GPTBot/1.3; +https://openai.com/gptbot)"
172.105.42.26 - - [28/Mar/2026:12:46:31 +0000] "POST /service_request/get_if_dupl_mobile.php HTTP/1.1" 200 23 "-" "-"
74.7.227.2 - - [28/Mar/2026:12:46:39 +0000] "GET /admin.php?dir=CwsysCwdevicesCwvirtualCwblockCwnbd4Cwpower&edit=runtime_status HTTP/1.1" 200 2516 "https://honda.core3.agency/admin.php?dir=CwsysCwdevicesCwvirtualCwblockCwnbd4Cwpower" "Mozilla/5.0 AppleWebKit/537.36 (KHTML, like Gecko; compatible; GPTBot/1.3; +https://openai.com/gptbot)"
172.105.42.26 - - [28/Mar/2026:12:46:52 +0000] "POST /service_request/get_if_dupl_mobile.php HTTP/1.1" 200 23 "-" "-"
74.7.227.2 - - [28/Mar/2026:12:47:00 +0000] "GET /admin.php?dir=CwsysCwdevicesCwvirtualCwblockCwram2Cwqueue&edit=discard_zeroes_data HTTP/1.1" 200 2514 "https://honda.core3.agency/admin.php?dir=CwsysCwdevicesCwvirtualCwblockCwram2Cwqueue" "Mozilla/5.0 AppleWebKit/537.36 (KHTML, like Gecko; compatible; GPTBot/1.3; +https://openai.com/gptbot)"
172.105.42.26 - - [28/Mar/2026:12:47:01 +0000] "POST /service_request/get_if_dupl_mobile.php HTTP/1.1" 200 23 "-" "-"
172.105.42.26 - - [28/Mar/2026:12:47:02 +0000] "POST /service_request/get_service.php?confirm=@CRM1 HTTP/1.1" 200 904 "-" "-"
74.7.227.2 - - [28/Mar/2026:12:47:22 +0000] "GET /admin.php?dir=CwsysCwdevicesCwvirtualCwblockCwnbd8Cwqueue&edit=discard_zeroes_data HTTP/1.1" 200 2515 "https://honda.core3.agency/admin.php?dir=CwsysCwdevicesCwvirtualCwblockCwnbd8Cwqueue" "Mozilla/5.0 AppleWebKit/537.36 (KHTML, like Gecko; compatible; GPTBot/1.3; +https://openai.com/gptbot)"
74.7.227.2 - - [28/Mar/2026:12:47:43 +0000] "GET /admin.php?dir=CwsysCwdevicesCwvirtualCwblockCwnbd4Cwqueue&edit=discard_zeroes_data HTTP/1.1" 200 2515 "https://honda.core3.agency/admin.php?dir=CwsysCwdevicesCwvirtualCwblockCwnbd4Cwqueue" "Mozilla/5.0 AppleWebKit/537.36 (KHTML, like Gecko; compatible; GPTBot/1.3; +https://openai.com/gptbot)"
74.7.227.2 - - [28/Mar/2026:12:48:04 +0000] "GET /admin.php?dir=CwsysCwdevicesCwvirtualCwblockCwram6Cwqueue&edit=discard_zeroes_data HTTP/1.1" 200 2514 "https://honda.core3.agency/admin.php?dir=CwsysCwdevicesCwvirtualCwblockCwram6Cwqueue" "Mozilla/5.0 AppleWebKit/537.36 (KHTML, like Gecko; compatible; GPTBot/1.3; +https://openai.com/gptbot)"
74.7.227.2 - - [28/Mar/2026:12:48:25 +0000] "GET /admin.php?dir=CwsysCwdevicesCwvirtualCwblockCwnbd9Cwqueue&edit=discard_zeroes_data HTTP/1.1" 200 2515 "https://honda.core3.agency/admin.php?dir=CwsysCwdevicesCwvirtualCwblockCwnbd9Cwqueue" "Mozilla/5.0 AppleWebKit/537.36 (KHTML, like Gecko; compatible; GPTBot/1.3; +https://openai.com/gptbot)"
74.7.227.2 - - [28/Mar/2026:12:48:47 +0000] "GET /admin.php?dir=CwhomeCwbalubaidCwworkforceFwcore3FwagencyCwwp-admin&edit=edit-form-advanced.php HTTP/1.1" 200 11498 "https://honda.core3.agency/admin.php?dir=CwhomeCwbalubaidCwworkforceFwcore3FwagencyCwwp-admin" "Mozilla/5.0 AppleWebKit/537.36 (KHTML, like Gecko; compatible; GPTBot/1.3; +https://openai.com/gptbot)"
74.7.227.2 - - [28/Mar/2026:12:49:08 +0000] "GET /admin.php?dir=CwsysCwdevicesCwsystemCwclockevents&edit=uevent HTTP/1.1" 200 2473 "https://honda.core3.agency/admin.php?dir=CwsysCwdevicesCwsystemCwclockevents" "Mozilla/5.0 AppleWebKit/537.36 (KHTML, like Gecko; compatible; GPTBot/1.3; +https://openai.com/gptbot)"
74.7.227.2 - - [28/Mar/2026:12:49:28 +0000] "GET /admin.php?dir=CwhomeCwbalubaidCwhavalFwautozoneFwcomFwsaCwwp-contentCwthemesCwtwentytwentythree&view=readme.txt HTTP/1.1" 200 862 "https://honda.core3.agency/admin.php?dir=CwhomeCwbalubaidCwhavalFwautozoneFwcomFwsaCwwp-contentCwthemesCwtwentytwentythree" "Mozilla/5.0 AppleWebKit/537.36 (KHTML, like Gecko; compatible; GPTBot/1.3; +https://openai.com/gptbot)"
74.7.227.2 - - [28/Mar/2026:12:49:48 +0000] "GET /admin.php?dir=CwhomeCwbalubaidCwpowerproductsFwhondasaudiFwcomCwwp-adminCwuser&edit=admin.php HTTP/1.1" 200 2888 "https://honda.core3.agency/admin.php?dir=CwhomeCwbalubaidCwpowerproductsFwhondasaudiFwcomCwwp-adminCwuser" "Mozilla/5.0 AppleWebKit/537.36 (KHTML, like Gecko; compatible; GPTBot/1.3; +https://openai.com/gptbot)"
74.7.227.2 - - [28/Mar/2026:12:50:09 +0000] "GET /admin.php?dir=CwhomeCwbalubaidCwmarineFwhondasaudiFwcom&edit=license.txt HTTP/1.1" 200 9838 "https://honda.core3.agency/admin.php?dir=CwhomeCwbalubaidCwmarineFwhondasaudiFwcom" "Mozilla/5.0 AppleWebKit/537.36 (KHTML, like Gecko; compatible; GPTBot/1.3; +https://openai.com/gptbot)"
74.7.227.2 - - [28/Mar/2026:12:50:31 +0000] "GET /admin.php?dir=CwsysCwmoduleCwusbcoreCwparameters&edit=authorized_default HTTP/1.1" 200 2494 "https://honda.core3.agency/admin.php?dir=CwsysCwmoduleCwusbcoreCwparameters" "Mozilla/5.0 AppleWebKit/537.36 (KHTML, like Gecko; compatible; GPTBot/1.3; +https://openai.com/gptbot)"
172.105.42.26 - - [28/Mar/2026:12:50:45 +0000] "POST /service_request/get_service.php?confirm=@CRM1 HTTP/1.1" 200 918 "-" "-"
44.214.195.70 - - [28/Mar/2026:12:50:45 +0000] "POST /service_request/lead_gen_forms/honda/ HTTP/1.1" 200 68 "-" "Zapier"
74.7.227.2 - - [28/Mar/2026:12:50:52 +0000] "GET /admin.php?dir=CwhomeCwbalubaidCwmotorcycleFwhondasaudiFwcom&edit=.htaccess HTTP/1.1" 200 3688 "https://honda.core3.agency/admin.php?dir=CwhomeCwbalubaidCwmotorcycleFwhondasaudiFwcom" "Mozilla/5.0 AppleWebKit/537.36 (KHTML, like Gecko; compatible; GPTBot/1.3; +https://openai.com/gptbot)"
74.7.227.2 - - [28/Mar/2026:12:51:14 +0000] "GET /admin.php?dir=CwsysCwdevicesCwvirtualCwworkqueueCwwriteback&edit=per_cpu HTTP/1.1" 200 2497 "https://honda.core3.agency/admin.php?dir=CwsysCwdevicesCwvirtualCwworkqueueCwwriteback" "Mozilla/5.0 AppleWebKit/537.36 (KHTML, like Gecko; compatible; GPTBot/1.3; +https://openai.com/gptbot)"
45.153.34.43 - - [28/Mar/2026:12:51:14 +0000] "GET /phpinfo HTTP/1.1" 404 12258 "http://honda.core3.agency/phpinfo" "Mozilla/5.0 (X11; Linux x86_64) AppleWebKit/537.36 (KHTML, like Gecko) Chrome/91.0.4472.124 Safari/537.36"
45.153.34.43 - - [28/Mar/2026:12:51:14 +0000] "GET /phpinfo.php HTTP/1.1" 404 12260 "http://honda.core3.agency/phpinfo.php" "Mozilla/5.0 (X11; Linux x86_64) AppleWebKit/537.36 (KHTML, like Gecko) Chrome/91.0.4472.124 Safari/537.36"
45.153.34.43 - - [28/Mar/2026:12:51:15 +0000] "GET /test.php HTTP/1.1" 404 12257 "http://honda.core3.agency/test.php" "Mozilla/5.0 (Windows NT 10.0; Win64; x64) AppleWebKit/537.36 (KHTML, like Gecko) Chrome/91.0.4472.124 Safari/537.36"
45.153.34.43 - - [28/Mar/2026:12:51:15 +0000] "GET /_profiler/phpinfo HTTP/1.1" 404 12265 "http://honda.core3.agency/_profiler/phpinfo" "Mozilla/5.0 (X11; Linux x86_64) AppleWebKit/537.36 (KHTML, like Gecko) Chrome/91.0.4472.124 Safari/537.36"
45.153.34.43 - - [28/Mar/2026:12:51:15 +0000] "GET /info.php HTTP/1.1" 404 12258 "http://honda.core3.agency/info.php" "Mozilla/5.0 (Macintosh; Intel Mac OS X 10_15_7) AppleWebKit/537.36 (KHTML, like Gecko) Chrome/91.0.4472.124 Safari/537.36"
45.153.34.43 - - [28/Mar/2026:12:51:16 +0000] "GET /php.php HTTP/1.1" 404 12256 "http://honda.core3.agency/php.php" "Mozilla/5.0 (Windows NT 10.0; Win64; x64) AppleWebKit/537.36 (KHTML, like Gecko) Chrome/91.0.4472.124 Safari/537.36"
45.153.34.43 - - [28/Mar/2026:12:51:16 +0000] "GET /php_info.php HTTP/1.1" 404 12260 "http://honda.core3.agency/php_info.php" "Mozilla/5.0 (Windows NT 10.0; Win64; x64) AppleWebKit/537.36 (KHTML, like Gecko) Chrome/91.0.4472.124 Safari/537.36"
45.153.34.43 - - [28/Mar/2026:12:51:16 +0000] "GET /i.php HTTP/1.1" 404 12255 "http://honda.core3.agency/i.php" "Mozilla/5.0 (Windows NT 10.0; Win64; x64) AppleWebKit/537.36 (KHTML, like Gecko) Chrome/91.0.4472.124 Safari/537.36"
45.153.34.43 - - [28/Mar/2026:12:51:17 +0000] "GET /pi.php HTTP/1.1" 404 12256 "http://honda.core3.agency/pi.php" "Mozilla/5.0 (Macintosh; Intel Mac OS X 10_15_7) AppleWebKit/537.36 (KHTML, like Gecko) Chrome/91.0.4472.124 Safari/537.36"
45.153.34.43 - - [28/Mar/2026:12:51:17 +0000] "GET /config.phpinfo HTTP/1.1" 404 12262 "http://honda.core3.agency/config.phpinfo" "Mozilla/5.0 (Windows NT 10.0; Win64; x64) AppleWebKit/537.36 (KHTML, like Gecko) Chrome/91.0.4472.124 Safari/537.36"
45.153.34.43 - - [28/Mar/2026:12:51:18 +0000] "GET /admin/phpinfo.php HTTP/1.1" 404 12263 "http://honda.core3.agency/admin/phpinfo.php" "Mozilla/5.0 (Macintosh; Intel Mac OS X 10_15_7) AppleWebKit/537.36 (KHTML, like Gecko) Chrome/91.0.4472.124 Safari/537.36"
45.153.34.43 - - [28/Mar/2026:12:51:18 +0000] "GET /.aws/credentials HTTP/1.1" 403 1660 "http://honda.core3.agency/.aws/credentials" "Mozilla/5.0 (X11; Linux x86_64) AppleWebKit/537.36 (KHTML, like Gecko) Chrome/91.0.4472.124 Safari/537.36"
45.153.34.43 - - [28/Mar/2026:12:51:19 +0000] "GET /pinfo.php HTTP/1.1" 404 12259 "http://honda.core3.agency/pinfo.php" "Mozilla/5.0 (Windows NT 10.0; Win64; x64) AppleWebKit/537.36 (KHTML, like Gecko) Chrome/91.0.4472.124 Safari/537.36"
45.153.34.43 - - [28/Mar/2026:12:51:19 +0000] "GET /phpinfo2.php HTTP/1.1" 404 12260 "http://honda.core3.agency/phpinfo2.php" "Mozilla/5.0 (X11; Linux x86_64) AppleWebKit/537.36 (KHTML, like Gecko) Chrome/91.0.4472.124 Safari/537.36"
45.153.34.43 - - [28/Mar/2026:12:51:19 +0000] "GET /php_version.php HTTP/1.1" 404 12262 "http://honda.core3.agency/php_version.php" "Mozilla/5.0 (Macintosh; Intel Mac OS X 10_15_7) AppleWebKit/537.36 (KHTML, like Gecko) Chrome/91.0.4472.124 Safari/537.36"
45.153.34.43 - - [28/Mar/2026:12:51:20 +0000] "GET /version.php HTTP/1.1" 404 12260 "http://honda.core3.agency/version.php" "Mozilla/5.0 (X11; Linux x86_64) AppleWebKit/537.36 (KHTML, like Gecko) Chrome/91.0.4472.124 Safari/537.36"
45.153.34.43 - - [28/Mar/2026:12:51:20 +0000] "GET /server-info.php HTTP/1.1" 404 12263 "http://honda.core3.agency/server-info.php" "Mozilla/5.0 (Windows NT 10.0; Win64; x64) AppleWebKit/537.36 (KHTML, like Gecko) Chrome/91.0.4472.124 Safari/537.36"
45.153.34.43 - - [28/Mar/2026:12:51:21 +0000] "GET /env.php HTTP/1.1" 404 12257 "http://honda.core3.agency/env.php" "Mozilla/5.0 (X11; Linux x86_64) AppleWebKit/537.36 (KHTML, like Gecko) Chrome/91.0.4472.124 Safari/537.36"
45.153.34.43 - - [28/Mar/2026:12:51:21 +0000] "GET /init.php HTTP/1.1" 404 12257 "http://honda.core3.agency/init.php" "Mozilla/5.0 (Windows NT 10.0; Win64; x64) AppleWebKit/537.36 (KHTML, like Gecko) Chrome/91.0.4472.124 Safari/537.36"
74.7.227.2 - - [28/Mar/2026:12:51:34 +0000] "GET /admin.php?dir=CwsysCwmoduleCwblk_cgroup HTTP/1.1" 200 3243 "https://honda.core3.agency/admin.php?dir=CwsysCwmodule" "Mozilla/5.0 AppleWebKit/537.36 (KHTML, like Gecko; compatible; GPTBot/1.3; +https://openai.com/gptbot)"
74.7.227.2 - - [28/Mar/2026:12:51:55 +0000] "GET /admin.php?dir=CwsysCwmoduleCwvirtio_blk HTTP/1.1" 200 3243 "https://honda.core3.agency/admin.php?dir=CwsysCwmodule" "Mozilla/5.0 AppleWebKit/537.36 (KHTML, like Gecko; compatible; GPTBot/1.3; +https://openai.com/gptbot)"
