44.214.195.69 - - [28/Mar/2026:13:45:20 +0000] "POST /service_request/lead_gen_forms/deepal/instagram.php HTTP/1.1" 200 179 "-" "Zapier"
74.7.227.2 - - [28/Mar/2026:13:45:28 +0000] "GET /admin.php?dir=CwprocCw127Cwtask HTTP/1.1" 200 3093 "https://honda.core3.agency/admin.php?dir=CwprocCw127" "Mozilla/5.0 AppleWebKit/537.36 (KHTML, like Gecko; compatible; GPTBot/1.3; +https://openai.com/gptbot)"
172.105.42.26 - - [28/Mar/2026:13:45:49 +0000] "POST /service_request/get_if_dupl_mobile.php HTTP/1.1" 200 23 "-" "-"
74.7.227.2 - - [28/Mar/2026:13:45:50 +0000] "GET /admin.php?dir=CwoptCwimunify360 HTTP/1.1" 200 3206 "https://honda.core3.agency/admin.php?dir=CwCwopt" "Mozilla/5.0 AppleWebKit/537.36 (KHTML, like Gecko; compatible; GPTBot/1.3; +https://openai.com/gptbot)"
172.105.42.26 - - [28/Mar/2026:13:45:55 +0000] "POST /service_request/get_if_dupl_mobile.php HTTP/1.1" 200 23 "-" "-"
74.7.227.2 - - [28/Mar/2026:13:46:11 +0000] "GET /admin.php?dir=CwprocCw134Cwtask HTTP/1.1" 200 3104 "https://honda.core3.agency/admin.php?dir=CwprocCw134" "Mozilla/5.0 AppleWebKit/537.36 (KHTML, like Gecko; compatible; GPTBot/1.3; +https://openai.com/gptbot)"
74.7.227.2 - - [28/Mar/2026:13:46:32 +0000] "GET /admin.php?dir=CwprocCw170Cwtask HTTP/1.1" 200 3104 "https://honda.core3.agency/admin.php?dir=CwprocCw170" "Mozilla/5.0 AppleWebKit/537.36 (KHTML, like Gecko; compatible; GPTBot/1.3; +https://openai.com/gptbot)"
74.7.227.2 - - [28/Mar/2026:13:46:54 +0000] "GET /admin.php?dir=CwprocCw104Cwtask HTTP/1.1" 200 3104 "https://honda.core3.agency/admin.php?dir=CwprocCw104" "Mozilla/5.0 AppleWebKit/537.36 (KHTML, like Gecko; compatible; GPTBot/1.3; +https://openai.com/gptbot)"
74.7.227.2 - - [28/Mar/2026:13:47:15 +0000] "GET /admin.php?dir=CwprocCw173Cwtask HTTP/1.1" 200 3105 "https://honda.core3.agency/admin.php?dir=CwprocCw173" "Mozilla/5.0 AppleWebKit/537.36 (KHTML, like Gecko; compatible; GPTBot/1.3; +https://openai.com/gptbot)"
74.7.227.2 - - [28/Mar/2026:13:47:36 +0000] "GET /admin.php?dir=CwprocCw429Cwtask HTTP/1.1" 200 3407 "https://honda.core3.agency/admin.php?dir=CwprocCw429" "Mozilla/5.0 AppleWebKit/537.36 (KHTML, like Gecko; compatible; GPTBot/1.3; +https://openai.com/gptbot)"
44.214.195.75 - - [28/Mar/2026:13:47:50 +0000] "POST /service_request/lead_gen_forms/autozone/ HTTP/1.1" 200 1093 "-" "Zapier"
74.7.227.2 - - [28/Mar/2026:13:47:57 +0000] "GET /admin.php?dir=CwprocCw139Cwtask HTTP/1.1" 200 3105 "https://honda.core3.agency/admin.php?dir=CwprocCw139" "Mozilla/5.0 AppleWebKit/537.36 (KHTML, like Gecko; compatible; GPTBot/1.3; +https://openai.com/gptbot)"
172.105.42.26 - - [28/Mar/2026:13:48:02 +0000] "POST /service_request/get_service.php?confirm=@CRM1 HTTP/1.1" 200 893 "-" "-"
44.214.195.64 - - [28/Mar/2026:13:48:02 +0000] "POST /service_request/lead_gen_forms/honda/ HTTP/1.1" 200 68 "-" "Zapier"
74.7.227.2 - - [28/Mar/2026:13:48:17 +0000] "GET /admin.php?dir=CwprocCw165Cwtask HTTP/1.1" 200 3105 "https://honda.core3.agency/admin.php?dir=CwprocCw165" "Mozilla/5.0 AppleWebKit/537.36 (KHTML, like Gecko; compatible; GPTBot/1.3; +https://openai.com/gptbot)"
74.7.227.2 - - [28/Mar/2026:13:48:39 +0000] "GET /admin.php?dir=CwprocCw120Cwtask HTTP/1.1" 200 3103 "https://honda.core3.agency/admin.php?dir=CwprocCw120" "Mozilla/5.0 AppleWebKit/537.36 (KHTML, like Gecko; compatible; GPTBot/1.3; +https://openai.com/gptbot)"
74.7.227.2 - - [28/Mar/2026:13:48:59 +0000] "GET /admin.php?dir=CwprocCw142Cwtask HTTP/1.1" 200 3104 "https://honda.core3.agency/admin.php?dir=CwprocCw142" "Mozilla/5.0 AppleWebKit/537.36 (KHTML, like Gecko; compatible; GPTBot/1.3; +https://openai.com/gptbot)"
74.7.227.2 - - [28/Mar/2026:13:49:19 +0000] "GET /admin.php?dir=CwprocCw130Cwtask HTTP/1.1" 200 3103 "https://honda.core3.agency/admin.php?dir=CwprocCw130" "Mozilla/5.0 AppleWebKit/537.36 (KHTML, like Gecko; compatible; GPTBot/1.3; +https://openai.com/gptbot)"
44.214.195.69 - - [28/Mar/2026:13:49:25 +0000] "POST /service_request/lead_gen_forms/autozone/ HTTP/1.1" 200 1126 "-" "Zapier"
74.7.227.2 - - [28/Mar/2026:13:49:40 +0000] "GET /admin.php?dir=CwoptCwimunify360Cwproactive HTTP/1.1" 200 3177 "https://honda.core3.agency/admin.php?dir=CwoptCwimunify360" "Mozilla/5.0 AppleWebKit/537.36 (KHTML, like Gecko; compatible; GPTBot/1.3; +https://openai.com/gptbot)"
74.7.227.2 - - [28/Mar/2026:13:50:01 +0000] "GET /admin.php?dir=CwprocCw267Cwtask HTTP/1.1" 200 3464 "https://honda.core3.agency/admin.php?dir=CwprocCw267" "Mozilla/5.0 AppleWebKit/537.36 (KHTML, like Gecko; compatible; GPTBot/1.3; +https://openai.com/gptbot)"
74.7.227.2 - - [28/Mar/2026:13:50:20 +0000] "GET /admin.php?dir=CwprocCw685Cwtask HTTP/1.1" 200 3105 "https://honda.core3.agency/admin.php?dir=CwprocCw685" "Mozilla/5.0 AppleWebKit/537.36 (KHTML, like Gecko; compatible; GPTBot/1.3; +https://openai.com/gptbot)"
74.7.227.2 - - [28/Mar/2026:13:50:42 +0000] "GET /admin.php?dir=CwprocCw163Cwtask HTTP/1.1" 200 3093 "https://honda.core3.agency/admin.php?dir=CwprocCw163" "Mozilla/5.0 AppleWebKit/537.36 (KHTML, like Gecko; compatible; GPTBot/1.3; +https://openai.com/gptbot)"
74.7.227.2 - - [28/Mar/2026:13:51:02 +0000] "GET /admin.php?dir=CwprocCw164Cwtask HTTP/1.1" 200 3105 "https://honda.core3.agency/admin.php?dir=CwprocCw164" "Mozilla/5.0 AppleWebKit/537.36 (KHTML, like Gecko; compatible; GPTBot/1.3; +https://openai.com/gptbot)"
74.7.227.2 - - [28/Mar/2026:13:51:23 +0000] "GET /admin.php?dir=CwprocCw429CwtaskCw680 HTTP/1.1" 200 5093 "https://honda.core3.agency/admin.php?dir=CwprocCw429Cwtask" "Mozilla/5.0 AppleWebKit/537.36 (KHTML, like Gecko; compatible; GPTBot/1.3; +https://openai.com/gptbot)"
74.7.227.2 - - [28/Mar/2026:13:51:44 +0000] "GET /admin.php?dir=CwprocCw429CwtaskCw442 HTTP/1.1" 200 5092 "https://honda.core3.agency/admin.php?dir=CwprocCw429Cwtask" "Mozilla/5.0 AppleWebKit/537.36 (KHTML, like Gecko; compatible; GPTBot/1.3; +https://openai.com/gptbot)"
74.7.227.2 - - [28/Mar/2026:13:52:05 +0000] "GET /admin.php?dir=CwprocCw429CwtaskCw445 HTTP/1.1" 200 5092 "https://honda.core3.agency/admin.php?dir=CwprocCw429Cwtask" "Mozilla/5.0 AppleWebKit/537.36 (KHTML, like Gecko; compatible; GPTBot/1.3; +https://openai.com/gptbot)"
74.7.227.2 - - [28/Mar/2026:13:52:26 +0000] "GET /admin.php?dir=CwprocCw138Cwtask HTTP/1.1" 200 3104 "https://honda.core3.agency/admin.php?dir=CwprocCw138" "Mozilla/5.0 AppleWebKit/537.36 (KHTML, like Gecko; compatible; GPTBot/1.3; +https://openai.com/gptbot)"
172.105.42.26 - - [28/Mar/2026:13:52:38 +0000] "POST /service_request/get_service.php?confirm=@CRM1 HTTP/1.1" 200 894 "-" "-"
44.214.195.70 - - [28/Mar/2026:13:52:38 +0000] "POST /service_request/lead_gen_forms/honda/ HTTP/1.1" 200 68 "-" "Zapier"
74.7.227.2 - - [28/Mar/2026:13:52:48 +0000] "GET /admin.php?dir=CwprocCw150Cwtask HTTP/1.1" 200 3103 "https://honda.core3.agency/admin.php?dir=CwprocCw150" "Mozilla/5.0 AppleWebKit/537.36 (KHTML, like Gecko; compatible; GPTBot/1.3; +https://openai.com/gptbot)"
74.7.227.2 - - [28/Mar/2026:13:53:09 +0000] "GET /admin.php?dir=CwprocCw140Cwtask HTTP/1.1" 200 3102 "https://honda.core3.agency/admin.php?dir=CwprocCw140" "Mozilla/5.0 AppleWebKit/537.36 (KHTML, like Gecko; compatible; GPTBot/1.3; +https://openai.com/gptbot)"
74.7.227.2 - - [28/Mar/2026:13:53:30 +0000] "GET /admin.php?dir=CwprocCw453Cwtask HTTP/1.1" 200 3106 "https://honda.core3.agency/admin.php?dir=CwprocCw453" "Mozilla/5.0 AppleWebKit/537.36 (KHTML, like Gecko; compatible; GPTBot/1.3; +https://openai.com/gptbot)"
44.214.195.64 - - [28/Mar/2026:13:53:44 +0000] "POST /service_request/lead_gen_forms/deepal/v2.php HTTP/1.1" 200 179 "-" "Zapier"
74.7.227.2 - - [28/Mar/2026:13:53:51 +0000] "GET /admin.php?dir=CwprocCw267CwtaskCw304 HTTP/1.1" 200 5093 "https://honda.core3.agency/admin.php?dir=CwprocCw267Cwtask" "Mozilla/5.0 AppleWebKit/537.36 (KHTML, like Gecko; compatible; GPTBot/1.3; +https://openai.com/gptbot)"
44.214.195.75 - - [28/Mar/2026:13:54:03 +0000] "POST /service_request/lead_gen_forms/autozone/ HTTP/1.1" 200 1142 "-" "Zapier"
74.7.227.2 - - [28/Mar/2026:13:54:12 +0000] "GET /admin.php?dir=CwprocCw267CwtaskCw305 HTTP/1.1" 200 5094 "https://honda.core3.agency/admin.php?dir=CwprocCw267Cwtask" "Mozilla/5.0 AppleWebKit/537.36 (KHTML, like Gecko; compatible; GPTBot/1.3; +https://openai.com/gptbot)"
74.7.227.2 - - [28/Mar/2026:13:54:33 +0000] "GET /admin.php?dir=CwprocCw106Cwtask HTTP/1.1" 200 3105 "https://honda.core3.agency/admin.php?dir=CwprocCw106" "Mozilla/5.0 AppleWebKit/537.36 (KHTML, like Gecko; compatible; GPTBot/1.3; +https://openai.com/gptbot)"
74.7.227.2 - - [28/Mar/2026:13:54:54 +0000] "GET /admin.php?dir=CwprocCw105Cwtask HTTP/1.1" 200 3105 "https://honda.core3.agency/admin.php?dir=CwprocCw105" "Mozilla/5.0 AppleWebKit/537.36 (KHTML, like Gecko; compatible; GPTBot/1.3; +https://openai.com/gptbot)"
74.7.227.2 - - [28/Mar/2026:13:55:14 +0000] "GET /admin.php?dir=CwprocCw429CwtaskCw680Cwfdinfo HTTP/1.1" 200 2956 "https://honda.core3.agency/admin.php?dir=CwprocCw429CwtaskCw680" "Mozilla/5.0 AppleWebKit/537.36 (KHTML, like Gecko; compatible; GPTBot/1.3; +https://openai.com/gptbot)"
74.7.227.2 - - [28/Mar/2026:13:55:34 +0000] "GET /admin.php?dir=CwprocCw429CwtaskCw442&view=smaps HTTP/1.1" 200 55 "https://honda.core3.agency/admin.php?dir=CwprocCw429CwtaskCw442" "Mozilla/5.0 AppleWebKit/537.36 (KHTML, like Gecko; compatible; GPTBot/1.3; +https://openai.com/gptbot)"
74.7.227.2 - - [28/Mar/2026:13:55:56 +0000] "GET /admin.php?dir=CwprocCw429CwtaskCw442&view=wchan HTTP/1.1" 200 56 "https://honda.core3.agency/admin.php?dir=CwprocCw429CwtaskCw442" "Mozilla/5.0 AppleWebKit/537.36 (KHTML, like Gecko; compatible; GPTBot/1.3; +https://openai.com/gptbot)"
74.7.227.2 - - [28/Mar/2026:13:56:17 +0000] "GET /admin.php?dir=CwprocCw429CwtaskCw442&edit=ksm_stat HTTP/1.1" 200 2472 "https://honda.core3.agency/admin.php?dir=CwprocCw429CwtaskCw442" "Mozilla/5.0 AppleWebKit/537.36 (KHTML, like Gecko; compatible; GPTBot/1.3; +https://openai.com/gptbot)"
74.7.227.2 - - [28/Mar/2026:13:56:39 +0000] "GET /admin.php?dir=CwprocCw429CwtaskCw442&view=uid_map HTTP/1.1" 200 73 "https://honda.core3.agency/admin.php?dir=CwprocCw429CwtaskCw442" "Mozilla/5.0 AppleWebKit/537.36 (KHTML, like Gecko; compatible; GPTBot/1.3; +https://openai.com/gptbot)"
44.214.195.70 - - [28/Mar/2026:13:56:44 +0000] "POST /service_request/lead_gen_forms/autozone/ HTTP/1.1" 200 219 "-" "Zapier"
74.7.227.2 - - [28/Mar/2026:13:56:59 +0000] "GET /admin.php?dir=CwprocCw429CwtaskCw442&view=gid_map HTTP/1.1" 200 73 "https://honda.core3.agency/admin.php?dir=CwprocCw429CwtaskCw442" "Mozilla/5.0 AppleWebKit/537.36 (KHTML, like Gecko; compatible; GPTBot/1.3; +https://openai.com/gptbot)"
74.7.227.2 - - [28/Mar/2026:13:57:21 +0000] "GET /admin.php?dir=CwprocCw429CwtaskCw442&edit=status HTTP/1.1" 200 2987 "https://honda.core3.agency/admin.php?dir=CwprocCw429CwtaskCw442" "Mozilla/5.0 AppleWebKit/537.36 (KHTML, like Gecko; compatible; GPTBot/1.3; +https://openai.com/gptbot)"
172.105.42.26 - - [28/Mar/2026:13:57:36 +0000] "POST /service_request/get_service.php?confirm=@CRM1 HTTP/1.1" 200 877 "-" "-"
44.214.195.70 - - [28/Mar/2026:13:57:36 +0000] "POST /service_request/lead_gen_forms/honda/ HTTP/1.1" 200 68 "-" "Zapier"
74.7.227.2 - - [28/Mar/2026:13:57:42 +0000] "GET /admin.php?dir=CwprocCw267CwtaskCw304Cwfdinfo HTTP/1.1" 200 2956 "https://honda.core3.agency/admin.php?dir=CwprocCw267CwtaskCw304" "Mozilla/5.0 AppleWebKit/537.36 (KHTML, like Gecko; compatible; GPTBot/1.3; +https://openai.com/gptbot)"
74.7.227.2 - - [28/Mar/2026:13:58:03 +0000] "GET /admin.php?dir=CwprocCw267CwtaskCw305Cwfdinfo HTTP/1.1" 200 2956 "https://honda.core3.agency/admin.php?dir=CwprocCw267CwtaskCw305" "Mozilla/5.0 AppleWebKit/537.36 (KHTML, like Gecko; compatible; GPTBot/1.3; +https://openai.com/gptbot)"
74.7.227.2 - - [28/Mar/2026:13:58:25 +0000] "GET /admin.php?dir=CwprocCw429CwtaskCw442&edit=limits HTTP/1.1" 200 2733 "https://honda.core3.agency/admin.php?dir=CwprocCw429CwtaskCw442" "Mozilla/5.0 AppleWebKit/537.36 (KHTML, like Gecko; compatible; GPTBot/1.3; +https://openai.com/gptbot)"
74.7.227.2 - - [28/Mar/2026:13:58:47 +0000] "GET /admin.php?dir=CwprocCw429CwtaskCw442&view=maps HTTP/1.1" 200 55 "https://honda.core3.agency/admin.php?dir=CwprocCw429CwtaskCw442" "Mozilla/5.0 AppleWebKit/537.36 (KHTML, like Gecko; compatible; GPTBot/1.3; +https://openai.com/gptbot)"
74.7.227.2 - - [28/Mar/2026:13:59:08 +0000] "GET /admin.php?dir=CwprocCw429CwtaskCw442&view=stat HTTP/1.1" 200 189 "https://honda.core3.agency/admin.php?dir=CwprocCw429CwtaskCw442" "Mozilla/5.0 AppleWebKit/537.36 (KHTML, like Gecko; compatible; GPTBot/1.3; +https://openai.com/gptbot)"
172.105.42.26 - - [28/Mar/2026:13:59:27 +0000] "POST /service_request/get_if_dupl_mobile.php HTTP/1.1" 200 23 "-" "-"
74.7.227.2 - - [28/Mar/2026:13:59:28 +0000] "GET /admin.php?dir=CwprocCw429CwtaskCw442&view=root HTTP/1.1" 200 5092 "https://honda.core3.agency/admin.php?dir=CwprocCw429CwtaskCw442" "Mozilla/5.0 AppleWebKit/537.36 (KHTML, like Gecko; compatible; GPTBot/1.3; +https://openai.com/gptbot)"
172.105.42.26 - - [28/Mar/2026:13:59:27 +0000] "POST /service_request/get_service.php?confirm=@CRM1 HTTP/1.1" 200 813 "-" "-"
74.7.227.2 - - [28/Mar/2026:13:59:48 +0000] "GET /admin.php?dir=CwprocCw429CwtaskCw445&view=io HTTP/1.1" 200 55 "https://honda.core3.agency/admin.php?dir=CwprocCw429CwtaskCw445" "Mozilla/5.0 AppleWebKit/537.36 (KHTML, like Gecko; compatible; GPTBot/1.3; +https://openai.com/gptbot)"
74.7.227.2 - - [28/Mar/2026:14:00:09 +0000] "GET /admin.php?dir=CwprocCw429CwtaskCw445&view=personality HTTP/1.1" 200 55 "https://honda.core3.agency/admin.php?dir=CwprocCw429CwtaskCw445" "Mozilla/5.0 AppleWebKit/537.36 (KHTML, like Gecko; compatible; GPTBot/1.3; +https://openai.com/gptbot)"
74.7.227.2 - - [28/Mar/2026:14:00:30 +0000] "GET /admin.php?dir=CwprocCw429CwtaskCw680Cwfd HTTP/1.1" 200 2952 "https://honda.core3.agency/admin.php?dir=CwprocCw429CwtaskCw680" "Mozilla/5.0 AppleWebKit/537.36 (KHTML, like Gecko; compatible; GPTBot/1.3; +https://openai.com/gptbot)"
74.7.227.2 - - [28/Mar/2026:14:00:51 +0000] "GET /admin.php?dir=CwprocCw267CwtaskCw304Cwfd HTTP/1.1" 200 2953 "https://honda.core3.agency/admin.php?dir=CwprocCw267CwtaskCw304" "Mozilla/5.0 AppleWebKit/537.36 (KHTML, like Gecko; compatible; GPTBot/1.3; +https://openai.com/gptbot)"
74.7.227.2 - - [28/Mar/2026:14:01:11 +0000] "GET /admin.php?dir=CwprocCw267CwtaskCw305Cwfd HTTP/1.1" 200 2953 "https://honda.core3.agency/admin.php?dir=CwprocCw267CwtaskCw305" "Mozilla/5.0 AppleWebKit/537.36 (KHTML, like Gecko; compatible; GPTBot/1.3; +https://openai.com/gptbot)"
74.7.227.2 - - [28/Mar/2026:14:01:33 +0000] "GET /admin.php?dir=CwprocCw429CwtaskCw445&edit=numa_maps HTTP/1.1" 200 2473 "https://honda.core3.agency/admin.php?dir=CwprocCw429CwtaskCw445" "Mozilla/5.0 AppleWebKit/537.36 (KHTML, like Gecko; compatible; GPTBot/1.3; +https://openai.com/gptbot)"
74.7.227.2 - - [28/Mar/2026:14:01:54 +0000] "GET /admin.php?dir=CwprocCw429CwtaskCw445&edit=oom_score HTTP/1.1" 200 2480 "https://honda.core3.agency/admin.php?dir=CwprocCw429CwtaskCw445" "Mozilla/5.0 AppleWebKit/537.36 (KHTML, like Gecko; compatible; GPTBot/1.3; +https://openai.com/gptbot)"
74.7.227.2 - - [28/Mar/2026:14:02:15 +0000] "GET /admin.php?dir=CwprocCw430Cwtask HTTP/1.1" 200 3104 "https://honda.core3.agency/admin.php?dir=CwprocCw430" "Mozilla/5.0 AppleWebKit/537.36 (KHTML, like Gecko; compatible; GPTBot/1.3; +https://openai.com/gptbot)"
172.105.42.26 - - [28/Mar/2026:14:02:35 +0000] "POST /service_request/get_if_dupl_mobile.php HTTP/1.1" 200 23 "-" "-"
74.7.227.2 - - [28/Mar/2026:14:02:36 +0000] "GET /admin.php?dir=CwprocCw462Cwtask HTTP/1.1" 200 3528 "https://honda.core3.agency/admin.php?dir=CwprocCw462" "Mozilla/5.0 AppleWebKit/537.36 (KHTML, like Gecko; compatible; GPTBot/1.3; +https://openai.com/gptbot)"
172.105.42.26 - - [28/Mar/2026:14:02:35 +0000] "POST /service_request/get_service.php?confirm=@CRM1 HTTP/1.1" 200 857 "-" "-"
44.214.195.72 - - [28/Mar/2026:14:02:33 +0000] "POST /service_request/lead_gen_forms/autozone/ HTTP/1.1" 200 1078 "-" "Zapier"
74.7.227.2 - - [28/Mar/2026:14:02:58 +0000] "GET /admin.php?dir=CwprocCw124Cwtask HTTP/1.1" 200 3104 "https://honda.core3.agency/admin.php?dir=CwprocCw124" "Mozilla/5.0 AppleWebKit/537.36 (KHTML, like Gecko; compatible; GPTBot/1.3; +https://openai.com/gptbot)"
74.7.227.2 - - [28/Mar/2026:14:03:18 +0000] "GET /admin.php?dir=CwprocCw128Cwtask HTTP/1.1" 200 3103 "https://honda.core3.agency/admin.php?dir=CwprocCw128" "Mozilla/5.0 AppleWebKit/537.36 (KHTML, like Gecko; compatible; GPTBot/1.3; +https://openai.com/gptbot)"
74.7.227.2 - - [28/Mar/2026:14:03:40 +0000] "GET /admin.php?dir=CwprocCw143Cwtask HTTP/1.1" 200 3104 "https://honda.core3.agency/admin.php?dir=CwprocCw143" "Mozilla/5.0 AppleWebKit/537.36 (KHTML, like Gecko; compatible; GPTBot/1.3; +https://openai.com/gptbot)"
74.7.227.2 - - [28/Mar/2026:14:04:00 +0000] "GET /admin.php?dir=CwprocCw123Cwtask HTTP/1.1" 200 3104 "https://honda.core3.agency/admin.php?dir=CwprocCw123" "Mozilla/5.0 AppleWebKit/537.36 (KHTML, like Gecko; compatible; GPTBot/1.3; +https://openai.com/gptbot)"
74.7.227.2 - - [28/Mar/2026:14:04:21 +0000] "GET /admin.php?dir=CwprocCw103Cwtask HTTP/1.1" 200 3105 "https://honda.core3.agency/admin.php?dir=CwprocCw103" "Mozilla/5.0 AppleWebKit/537.36 (KHTML, like Gecko; compatible; GPTBot/1.3; +https://openai.com/gptbot)"
74.7.227.2 - - [28/Mar/2026:14:04:42 +0000] "GET /admin.php?dir=CwprocCw137Cwtask HTTP/1.1" 200 3105 "https://honda.core3.agency/admin.php?dir=CwprocCw137" "Mozilla/5.0 AppleWebKit/537.36 (KHTML, like Gecko; compatible; GPTBot/1.3; +https://openai.com/gptbot)"
44.214.195.75 - - [28/Mar/2026:14:04:37 +0000] "POST /service_request/lead_gen_forms/autozone/ HTTP/1.1" 200 517 "-" "Zapier"
74.7.227.2 - - [28/Mar/2026:14:05:04 +0000] "GET /admin.php?dir=CwprocCw126Cwtask HTTP/1.1" 200 3104 "https://honda.core3.agency/admin.php?dir=CwprocCw126" "Mozilla/5.0 AppleWebKit/537.36 (KHTML, like Gecko; compatible; GPTBot/1.3; +https://openai.com/gptbot)"
44.214.195.75 - - [28/Mar/2026:14:04:45 +0000] "POST /service_request/lead_gen_forms/autozone/ HTTP/1.1" 200 524 "-" "Zapier"
74.7.227.2 - - [28/Mar/2026:14:05:24 +0000] "GET /admin.php?dir=CwprocCw102Cwtask HTTP/1.1" 200 3103 "https://honda.core3.agency/admin.php?dir=CwprocCw102" "Mozilla/5.0 AppleWebKit/537.36 (KHTML, like Gecko; compatible; GPTBot/1.3; +https://openai.com/gptbot)"
74.7.227.2 - - [28/Mar/2026:14:05:45 +0000] "GET /admin.php?dir=CwprocCw921Cwtask HTTP/1.1" 200 3105 "https://honda.core3.agency/admin.php?dir=CwprocCw921" "Mozilla/5.0 AppleWebKit/537.36 (KHTML, like Gecko; compatible; GPTBot/1.3; +https://openai.com/gptbot)"
74.7.227.2 - - [28/Mar/2026:14:06:06 +0000] "GET /admin.php?dir=CwprocCw174Cwtask HTTP/1.1" 200 3105 "https://honda.core3.agency/admin.php?dir=CwprocCw174" "Mozilla/5.0 AppleWebKit/537.36 (KHTML, like Gecko; compatible; GPTBot/1.3; +https://openai.com/gptbot)"
74.7.227.2 - - [28/Mar/2026:14:06:27 +0000] "GET /admin.php?dir=CwprocCw462CwtaskCw501 HTTP/1.1" 200 5053 "https://honda.core3.agency/admin.php?dir=CwprocCw462Cwtask" "Mozilla/5.0 AppleWebKit/537.36 (KHTML, like Gecko; compatible; GPTBot/1.3; +https://openai.com/gptbot)"
74.7.227.2 - - [28/Mar/2026:14:06:48 +0000] "GET /admin.php?dir=CwprocCw108Cwtask HTTP/1.1" 200 3103 "https://honda.core3.agency/admin.php?dir=CwprocCw108" "Mozilla/5.0 AppleWebKit/537.36 (KHTML, like Gecko; compatible; GPTBot/1.3; +https://openai.com/gptbot)"
172.105.42.26 - - [28/Mar/2026:14:06:55 +0000] "POST /service_request/get_if_dupl_mobile.php HTTP/1.1" 200 23 "-" "-"
172.105.42.26 - - [28/Mar/2026:14:06:55 +0000] "POST /service_request/get_service.php?confirm=@CRM1 HTTP/1.1" 200 881 "-" "-"
74.7.227.2 - - [28/Mar/2026:14:07:08 +0000] "GET /admin.php?dir=CwprocCw427Cwtask HTTP/1.1" 200 3544 "https://honda.core3.agency/admin.php?dir=CwprocCw427" "Mozilla/5.0 AppleWebKit/537.36 (KHTML, like Gecko; compatible; GPTBot/1.3; +https://openai.com/gptbot)"
74.7.227.2 - - [28/Mar/2026:14:07:28 +0000] "GET /admin.php?dir=CwprocCw109Cwtask HTTP/1.1" 200 3104 "https://honda.core3.agency/admin.php?dir=CwprocCw109" "Mozilla/5.0 AppleWebKit/537.36 (KHTML, like Gecko; compatible; GPTBot/1.3; +https://openai.com/gptbot)"
74.7.227.2 - - [28/Mar/2026:14:07:50 +0000] "GET /admin.php?dir=CwprocCw153Cwtask HTTP/1.1" 200 3104 "https://honda.core3.agency/admin.php?dir=CwprocCw153" "Mozilla/5.0 AppleWebKit/537.36 (KHTML, like Gecko; compatible; GPTBot/1.3; +https://openai.com/gptbot)"
74.7.227.2 - - [28/Mar/2026:14:08:11 +0000] "GET /admin.php?dir=CwprocCw460Cwtask HTTP/1.1" 200 3453 "https://honda.core3.agency/admin.php?dir=CwprocCw460" "Mozilla/5.0 AppleWebKit/537.36 (KHTML, like Gecko; compatible; GPTBot/1.3; +https://openai.com/gptbot)"
44.214.195.69 - - [28/Mar/2026:14:08:22 +0000] "POST /service_request/lead_gen_forms/deepal/instagram.php HTTP/1.1" 200 178 "-" "Zapier"
74.7.227.2 - - [28/Mar/2026:14:08:33 +0000] "GET /admin.php?dir=CwhomeCwbalubaidCwhavalFwautozoneFwcomFwsaCwwp-contentCwthemesCwtwentytwentyone&edit=postcss.config.js HTTP/1.1" 200 2667 "https://honda.core3.agency/admin.php?dir=CwhomeCwbalubaidCwhavalFwautozoneFwcomFwsaCwwp-contentCwthemesCwtwentytwentyone" "Mozilla/5.0 AppleWebKit/537.36 (KHTML, like Gecko; compatible; GPTBot/1.3; +https://openai.com/gptbot)"
74.7.227.2 - - [28/Mar/2026:14:08:53 +0000] "GET /admin.php?dir=CwhomeCwbalubaidCwhavalFwautozoneFwcomFwsaCwwp-contentCwthemesCwtwentytwentyone&edit=package-lock.json HTTP/1.1" 200 65064 "https://honda.core3.agency/admin.php?dir=CwhomeCwbalubaidCwhavalFwautozoneFwcomFwsaCwwp-contentCwthemesCwtwentytwentyone" "Mozilla/5.0 AppleWebKit/537.36 (KHTML, like Gecko; compatible; GPTBot/1.3; +https://openai.com/gptbot)"
74.7.227.2 - - [28/Mar/2026:14:09:15 +0000] "GET /admin.php?dir=CwusrCwlocalCwcpanelCwscripts&edit=restartsrv_cpanellogd HTTP/1.1" 200 2488 "https://honda.core3.agency/admin.php?dir=CwCwscripts" "Mozilla/5.0 AppleWebKit/537.36 (KHTML, like Gecko; compatible; GPTBot/1.3; +https://openai.com/gptbot)"
74.7.227.2 - - [28/Mar/2026:14:09:37 +0000] "GET /admin.php?dir=CwetcCwimunify360-webshield&view=agent-proxies.conf HTTP/1.1" 200 141 "https://honda.core3.agency/admin.php?dir=CwetcCwimunify360-webshield" "Mozilla/5.0 AppleWebKit/537.36 (KHTML, like Gecko; compatible; GPTBot/1.3; +https://openai.com/gptbot)"
74.7.227.2 - - [28/Mar/2026:14:09:59 +0000] "GET /admin.php?dir=CwsysCwclassCwttyCwtty29 HTTP/1.1" 200 3353 "https://honda.core3.agency/admin.php?dir=CwsysCwdevicesCwplatformCwserial8250CwttyCwttyS13Cwsubsystem" "Mozilla/5.0 AppleWebKit/537.36 (KHTML, like Gecko; compatible; GPTBot/1.3; +https://openai.com/gptbot)"
74.7.227.2 - - [28/Mar/2026:14:10:20 +0000] "GET /admin.php?dir=CwprocCw462CwtaskCw501Cwfdinfo HTTP/1.1" 200 2956 "https://honda.core3.agency/admin.php?dir=CwprocCw462CwtaskCw501" "Mozilla/5.0 AppleWebKit/537.36 (KHTML, like Gecko; compatible; GPTBot/1.3; +https://openai.com/gptbot)"
74.7.227.2 - - [28/Mar/2026:14:10:41 +0000] "GET /admin.php?dir=CwusrCwbin&edit=dict_util HTTP/1.1" 200 2449 "https://honda.core3.agency/admin.php?dir=CwusrCwbin" "Mozilla/5.0 AppleWebKit/537.36 (KHTML, like Gecko; compatible; GPTBot/1.3; +https://openai.com/gptbot)"
74.7.227.2 - - [28/Mar/2026:14:11:02 +0000] "GET /admin.php?dir=CwprocCw427CwtaskCw82928 HTTP/1.1" 200 5082 "https://honda.core3.agency/admin.php?dir=CwprocCw427Cwtask" "Mozilla/5.0 AppleWebKit/537.36 (KHTML, like Gecko; compatible; GPTBot/1.3; +https://openai.com/gptbot)"
74.7.227.2 - - [28/Mar/2026:14:11:23 +0000] "GET /admin.php?dir=CwprocCw427CwtaskCw569 HTTP/1.1" 200 5092 "https://honda.core3.agency/admin.php?dir=CwprocCw427Cwtask" "Mozilla/5.0 AppleWebKit/537.36 (KHTML, like Gecko; compatible; GPTBot/1.3; +https://openai.com/gptbot)"
74.7.227.2 - - [28/Mar/2026:14:11:44 +0000] "GET /admin.php?dir=CwprocCw427CwtaskCw447 HTTP/1.1" 200 5051 "https://honda.core3.agency/admin.php?dir=CwprocCw427Cwtask" "Mozilla/5.0 AppleWebKit/537.36 (KHTML, like Gecko; compatible; GPTBot/1.3; +https://openai.com/gptbot)"
74.7.227.2 - - [28/Mar/2026:14:12:06 +0000] "GET /admin.php?dir=CwprocCw427CwtaskCw448 HTTP/1.1" 200 5092 "https://honda.core3.agency/admin.php?dir=CwprocCw427Cwtask" "Mozilla/5.0 AppleWebKit/537.36 (KHTML, like Gecko; compatible; GPTBot/1.3; +https://openai.com/gptbot)"
44.214.195.69 - - [28/Mar/2026:14:12:18 +0000] "POST /service_request/lead_gen_forms/deepal/instagram.php HTTP/1.1" 200 179 "-" "Zapier"
74.7.227.2 - - [28/Mar/2026:14:12:27 +0000] "GET /admin.php?dir=CwprocCw427CwtaskCw446 HTTP/1.1" 200 5092 "https://honda.core3.agency/admin.php?dir=CwprocCw427Cwtask" "Mozilla/5.0 AppleWebKit/537.36 (KHTML, like Gecko; compatible; GPTBot/1.3; +https://openai.com/gptbot)"
74.7.227.2 - - [28/Mar/2026:14:12:48 +0000] "GET /admin.php?dir=CwprocCw427CwtaskCw449 HTTP/1.1" 200 5093 "https://honda.core3.agency/admin.php?dir=CwprocCw427Cwtask" "Mozilla/5.0 AppleWebKit/537.36 (KHTML, like Gecko; compatible; GPTBot/1.3; +https://openai.com/gptbot)"
74.7.227.2 - - [28/Mar/2026:14:13:08 +0000] "GET /admin.php?dir=CwusrCwbin&edit=os-prober HTTP/1.1" 200 4786 "https://honda.core3.agency/admin.php?dir=CwusrCwbin" "Mozilla/5.0 AppleWebKit/537.36 (KHTML, like Gecko; compatible; GPTBot/1.3; +https://openai.com/gptbot)"
74.7.227.2 - - [28/Mar/2026:14:13:29 +0000] "GET /admin.php?dir=CwusrCwbin&edit=nm-online HTTP/1.1" 200 2448 "https://honda.core3.agency/admin.php?dir=CwusrCwbin" "Mozilla/5.0 AppleWebKit/537.36 (KHTML, like Gecko; compatible; GPTBot/1.3; +https://openai.com/gptbot)"
74.7.227.2 - - [28/Mar/2026:14:13:51 +0000] "GET /admin.php?dir=CwsysCwdevicesCwvirtualCwttyCwtty29&view=dev HTTP/1.1" 200 60 "https://honda.core3.agency/admin.php?dir=CwsysCwclassCwttyCwtty29" "Mozilla/5.0 AppleWebKit/537.36 (KHTML, like Gecko; compatible; GPTBot/1.3; +https://openai.com/gptbot)"
74.7.227.2 - - [28/Mar/2026:14:14:13 +0000] "GET /admin.php?dir=CwsysCwdevicesCwvirtualCwttyCwtty29&edit=uevent HTTP/1.1" 200 2518 "https://honda.core3.agency/admin.php?dir=CwsysCwclassCwttyCwtty29" "Mozilla/5.0 AppleWebKit/537.36 (KHTML, like Gecko; compatible; GPTBot/1.3; +https://openai.com/gptbot)"
74.7.227.2 - - [28/Mar/2026:14:14:33 +0000] "GET /admin.php?dir=CwsysCwclassCwvcCwvcsa2 HTTP/1.1" 200 3354 "https://honda.core3.agency/admin.php?dir=CwsysCwdevicesCwvirtualCwvcCwvcsu6Cwsubsystem" "Mozilla/5.0 AppleWebKit/537.36 (KHTML, like Gecko; compatible; GPTBot/1.3; +https://openai.com/gptbot)"
74.7.227.2 - - [28/Mar/2026:14:14:54 +0000] "GET /admin.php?dir=CwprocCw427CwtaskCw82928&edit=oom_score_adj HTTP/1.1" 200 2486 "https://honda.core3.agency/admin.php?dir=CwprocCw427CwtaskCw82928" "Mozilla/5.0 AppleWebKit/537.36 (KHTML, like Gecko; compatible; GPTBot/1.3; +https://openai.com/gptbot)"
172.105.42.26 - - [28/Mar/2026:14:14:57 +0000] "POST /service_request/get_if_dupl_mobile.php HTTP/1.1" 200 23 "-" "-"
74.7.227.2 - - [28/Mar/2026:14:15:15 +0000] "GET /admin.php?dir=CwprocCw427CwtaskCw569Cwfdinfo HTTP/1.1" 200 2957 "https://honda.core3.agency/admin.php?dir=CwprocCw427CwtaskCw569" "Mozilla/5.0 AppleWebKit/537.36 (KHTML, like Gecko; compatible; GPTBot/1.3; +https://openai.com/gptbot)"
74.7.227.2 - - [28/Mar/2026:14:15:35 +0000] "GET /admin.php?dir=CwprocCw427CwtaskCw447&view=smaps HTTP/1.1" 200 55 "https://honda.core3.agency/admin.php?dir=CwprocCw427CwtaskCw447" "Mozilla/5.0 AppleWebKit/537.36 (KHTML, like Gecko; compatible; GPTBot/1.3; +https://openai.com/gptbot)"
74.7.227.2 - - [28/Mar/2026:14:15:56 +0000] "GET /admin.php?dir=CwprocCw427CwtaskCw447&view=wchan HTTP/1.1" 200 56 "https://honda.core3.agency/admin.php?dir=CwprocCw427CwtaskCw447" "Mozilla/5.0 AppleWebKit/537.36 (KHTML, like Gecko; compatible; GPTBot/1.3; +https://openai.com/gptbot)"
74.7.227.2 - - [28/Mar/2026:14:16:18 +0000] "GET /admin.php?dir=CwprocCw427CwtaskCw447&edit=ksm_stat HTTP/1.1" 200 2470 "https://honda.core3.agency/admin.php?dir=CwprocCw427CwtaskCw447" "Mozilla/5.0 AppleWebKit/537.36 (KHTML, like Gecko; compatible; GPTBot/1.3; +https://openai.com/gptbot)"
74.7.227.2 - - [28/Mar/2026:14:16:39 +0000] "GET /admin.php?dir=CwprocCw427CwtaskCw447&view=uid_map HTTP/1.1" 200 73 "https://honda.core3.agency/admin.php?dir=CwprocCw427CwtaskCw447" "Mozilla/5.0 AppleWebKit/537.36 (KHTML, like Gecko; compatible; GPTBot/1.3; +https://openai.com/gptbot)"
44.214.195.69 - - [28/Mar/2026:14:16:49 +0000] "POST /service_request/lead_gen_forms/autozone/ HTTP/1.1" 200 218 "-" "Zapier"
74.7.227.2 - - [28/Mar/2026:14:16:59 +0000] "GET /admin.php?dir=CwprocCw427CwtaskCw447&view=gid_map HTTP/1.1" 200 73 "https://honda.core3.agency/admin.php?dir=CwprocCw427CwtaskCw447" "Mozilla/5.0 AppleWebKit/537.36 (KHTML, like Gecko; compatible; GPTBot/1.3; +https://openai.com/gptbot)"
74.7.227.2 - - [28/Mar/2026:14:17:20 +0000] "GET /admin.php?dir=CwprocCw427CwtaskCw447&edit=status HTTP/1.1" 200 2992 "https://honda.core3.agency/admin.php?dir=CwprocCw427CwtaskCw447" "Mozilla/5.0 AppleWebKit/537.36 (KHTML, like Gecko; compatible; GPTBot/1.3; +https://openai.com/gptbot)"
74.7.227.2 - - [28/Mar/2026:14:17:41 +0000] "GET /admin.php?dir=CwprocCw427CwtaskCw447&edit=limits HTTP/1.1" 200 2733 "https://honda.core3.agency/admin.php?dir=CwprocCw427CwtaskCw447" "Mozilla/5.0 AppleWebKit/537.36 (KHTML, like Gecko; compatible; GPTBot/1.3; +https://openai.com/gptbot)"
74.7.227.2 - - [28/Mar/2026:14:18:02 +0000] "GET /admin.php?dir=CwprocCw427CwtaskCw447&view=root HTTP/1.1" 200 5090 "https://honda.core3.agency/admin.php?dir=CwprocCw427CwtaskCw447" "Mozilla/5.0 AppleWebKit/537.36 (KHTML, like Gecko; compatible; GPTBot/1.3; +https://openai.com/gptbot)"
74.7.227.2 - - [28/Mar/2026:14:18:22 +0000] "GET /admin.php?dir=CwprocCw427CwtaskCw447&view=stat HTTP/1.1" 200 203 "https://honda.core3.agency/admin.php?dir=CwprocCw427CwtaskCw447" "Mozilla/5.0 AppleWebKit/537.36 (KHTML, like Gecko; compatible; GPTBot/1.3; +https://openai.com/gptbot)"
74.7.227.2 - - [28/Mar/2026:14:18:44 +0000] "GET /admin.php?dir=CwprocCw427CwtaskCw447&view=maps HTTP/1.1" 200 55 "https://honda.core3.agency/admin.php?dir=CwprocCw427CwtaskCw447" "Mozilla/5.0 AppleWebKit/537.36 (KHTML, like Gecko; compatible; GPTBot/1.3; +https://openai.com/gptbot)"
74.7.227.2 - - [28/Mar/2026:14:19:05 +0000] "GET /admin.php?dir=CwprocCw427CwtaskCw449&view=io HTTP/1.1" 200 55 "https://honda.core3.agency/admin.php?dir=CwprocCw427CwtaskCw449" "Mozilla/5.0 AppleWebKit/537.36 (KHTML, like Gecko; compatible; GPTBot/1.3; +https://openai.com/gptbot)"
172.105.42.26 - - [28/Mar/2026:14:19:07 +0000] "POST /service_request/get_service.php?confirm=@CRM1 HTTP/1.1" 200 925 "-" "-"
44.214.195.75 - - [28/Mar/2026:14:19:07 +0000] "POST /service_request/lead_gen_forms/honda/ HTTP/1.1" 200 68 "-" "Zapier"
74.7.227.2 - - [28/Mar/2026:14:19:26 +0000] "GET /admin.php?dir=CwprocCw427CwtaskCw448&view=io HTTP/1.1" 200 55 "https://honda.core3.agency/admin.php?dir=CwprocCw427CwtaskCw448" "Mozilla/5.0 AppleWebKit/537.36 (KHTML, like Gecko; compatible; GPTBot/1.3; +https://openai.com/gptbot)"
74.7.227.2 - - [28/Mar/2026:14:19:48 +0000] "GET /admin.php?dir=CwprocCw427CwtaskCw446&view=io HTTP/1.1" 200 55 "https://honda.core3.agency/admin.php?dir=CwprocCw427CwtaskCw446" "Mozilla/5.0 AppleWebKit/537.36 (KHTML, like Gecko; compatible; GPTBot/1.3; +https://openai.com/gptbot)"
74.7.227.2 - - [28/Mar/2026:14:20:09 +0000] "GET /admin.php?dir=CwprocCw427CwtaskCw449&view=personality HTTP/1.1" 200 55 "https://honda.core3.agency/admin.php?dir=CwprocCw427CwtaskCw449" "Mozilla/5.0 AppleWebKit/537.36 (KHTML, like Gecko; compatible; GPTBot/1.3; +https://openai.com/gptbot)"
45.94.31.153 - - [28/Mar/2026:14:20:16 +0000] "GET / HTTP/1.1" 301 20 "-" "-"
74.7.227.2 - - [28/Mar/2026:14:20:30 +0000] "GET /admin.php?dir=CwprocCw427CwtaskCw448&view=personality HTTP/1.1" 200 55 "https://honda.core3.agency/admin.php?dir=CwprocCw427CwtaskCw448" "Mozilla/5.0 AppleWebKit/537.36 (KHTML, like Gecko; compatible; GPTBot/1.3; +https://openai.com/gptbot)"
74.7.227.2 - - [28/Mar/2026:14:20:50 +0000] "GET /admin.php?dir=CwprocCw427CwtaskCw446&view=personality HTTP/1.1" 200 55 "https://honda.core3.agency/admin.php?dir=CwprocCw427CwtaskCw446" "Mozilla/5.0 AppleWebKit/537.36 (KHTML, like Gecko; compatible; GPTBot/1.3; +https://openai.com/gptbot)"
74.7.227.2 - - [28/Mar/2026:14:21:10 +0000] "GET /admin.php?dir=CwprocCw427CwtaskCw82928&view=maps HTTP/1.1" 200 55 "https://honda.core3.agency/admin.php?dir=CwprocCw427CwtaskCw82928" "Mozilla/5.0 AppleWebKit/537.36 (KHTML, like Gecko; compatible; GPTBot/1.3; +https://openai.com/gptbot)"
74.7.227.2 - - [28/Mar/2026:14:21:30 +0000] "GET /admin.php?dir=CwprocCw427CwtaskCw82928&view=stat HTTP/1.1" 200 199 "https://honda.core3.agency/admin.php?dir=CwprocCw427CwtaskCw82928" "Mozilla/5.0 AppleWebKit/537.36 (KHTML, like Gecko; compatible; GPTBot/1.3; +https://openai.com/gptbot)"
74.7.227.2 - - [28/Mar/2026:14:21:52 +0000] "GET /admin.php?dir=CwprocCw427CwtaskCw82928&view=root HTTP/1.1" 200 5084 "https://honda.core3.agency/admin.php?dir=CwprocCw427CwtaskCw82928" "Mozilla/5.0 AppleWebKit/537.36 (KHTML, like Gecko; compatible; GPTBot/1.3; +https://openai.com/gptbot)"
74.7.227.2 - - [28/Mar/2026:14:22:13 +0000] "GET /admin.php?dir=CwprocCw427CwtaskCw82928&view=comm HTTP/1.1" 200 71 "https://honda.core3.agency/admin.php?dir=CwprocCw427CwtaskCw82928" "Mozilla/5.0 AppleWebKit/537.36 (KHTML, like Gecko; compatible; GPTBot/1.3; +https://openai.com/gptbot)"
74.7.227.2 - - [28/Mar/2026:14:22:33 +0000] "GET /admin.php?dir=CwprocCw427CwtaskCw569Cwfd HTTP/1.1" 200 2953 "https://honda.core3.agency/admin.php?dir=CwprocCw427CwtaskCw569" "Mozilla/5.0 AppleWebKit/537.36 (KHTML, like Gecko; compatible; GPTBot/1.3; +https://openai.com/gptbot)"
44.214.195.75 - - [28/Mar/2026:14:22:42 +0000] "POST /service_request/lead_gen_forms/autozone/ HTTP/1.1" 200 1091 "-" "Zapier"
74.7.227.2 - - [28/Mar/2026:14:22:55 +0000] "GET /admin.php?dir=CwprocCw427CwtaskCw447Cwattr HTTP/1.1" 200 3432 "https://honda.core3.agency/admin.php?dir=CwprocCw427CwtaskCw447" "Mozilla/5.0 AppleWebKit/537.36 (KHTML, like Gecko; compatible; GPTBot/1.3; +https://openai.com/gptbot)"
44.214.195.64 - - [28/Mar/2026:14:22:53 +0000] "POST /service_request/lead_gen_forms/autozone/ HTTP/1.1" 200 224 "-" "Zapier"
74.7.227.2 - - [28/Mar/2026:14:23:15 +0000] "GET /admin.php?dir=CwprocCw427CwtaskCw82928&view=children HTTP/1.1" 200 55 "https://honda.core3.agency/admin.php?dir=CwprocCw427CwtaskCw82928" "Mozilla/5.0 AppleWebKit/537.36 (KHTML, like Gecko; compatible; GPTBot/1.3; +https://openai.com/gptbot)"
74.7.227.2 - - [28/Mar/2026:14:23:35 +0000] "GET /admin.php?dir=CwprocCw427CwtaskCw82928&view=loginuid HTTP/1.1" 200 65 "https://honda.core3.agency/admin.php?dir=CwprocCw427CwtaskCw82928" "Mozilla/5.0 AppleWebKit/537.36 (KHTML, like Gecko; compatible; GPTBot/1.3; +https://openai.com/gptbot)"
74.7.227.2 - - [28/Mar/2026:14:23:56 +0000] "GET /admin.php?dir=CwprocCw427CwtaskCw82928&edit=latency HTTP/1.1" 200 2496 "https://honda.core3.agency/admin.php?dir=CwprocCw427CwtaskCw82928" "Mozilla/5.0 AppleWebKit/537.36 (KHTML, like Gecko; compatible; GPTBot/1.3; +https://openai.com/gptbot)"
74.7.227.2 - - [28/Mar/2026:14:24:16 +0000] "GET /admin.php?dir=CwprocCw427CwtaskCw82928&edit=syscall HTTP/1.1" 200 2474 "https://honda.core3.agency/admin.php?dir=CwprocCw427CwtaskCw82928" "Mozilla/5.0 AppleWebKit/537.36 (KHTML, like Gecko; compatible; GPTBot/1.3; +https://openai.com/gptbot)"
44.214.195.75 - - [28/Mar/2026:14:24:26 +0000] "POST /service_request/lead_gen_forms/autozone/ HTTP/1.1" 200 1059 "-" "Zapier"
74.7.227.2 - - [28/Mar/2026:14:24:38 +0000] "GET /admin.php?dir=CwprocCw427CwtaskCw448&edit=oom_score HTTP/1.1" 200 2481 "https://honda.core3.agency/admin.php?dir=CwprocCw427CwtaskCw448" "Mozilla/5.0 AppleWebKit/537.36 (KHTML, like Gecko; compatible; GPTBot/1.3; +https://openai.com/gptbot)"
74.7.227.2 - - [28/Mar/2026:14:24:58 +0000] "GET /admin.php?dir=CwprocCw427CwtaskCw449&edit=oom_score HTTP/1.1" 200 2482 "https://honda.core3.agency/admin.php?dir=CwprocCw427CwtaskCw449" "Mozilla/5.0 AppleWebKit/537.36 (KHTML, like Gecko; compatible; GPTBot/1.3; +https://openai.com/gptbot)"
74.7.227.2 - - [28/Mar/2026:14:25:19 +0000] "GET /admin.php?dir=CwprocCw427CwtaskCw446&edit=oom_score HTTP/1.1" 200 2481 "https://honda.core3.agency/admin.php?dir=CwprocCw427CwtaskCw446" "Mozilla/5.0 AppleWebKit/537.36 (KHTML, like Gecko; compatible; GPTBot/1.3; +https://openai.com/gptbot)"
74.7.227.2 - - [28/Mar/2026:14:25:40 +0000] "GET /admin.php?dir=CwprocCw427CwtaskCw448&edit=numa_maps HTTP/1.1" 200 2472 "https://honda.core3.agency/admin.php?dir=CwprocCw427CwtaskCw448" "Mozilla/5.0 AppleWebKit/537.36 (KHTML, like Gecko; compatible; GPTBot/1.3; +https://openai.com/gptbot)"
74.7.227.2 - - [28/Mar/2026:14:26:01 +0000] "GET /admin.php?dir=CwprocCw427CwtaskCw449&edit=numa_maps HTTP/1.1" 200 2473 "https://honda.core3.agency/admin.php?dir=CwprocCw427CwtaskCw449" "Mozilla/5.0 AppleWebKit/537.36 (KHTML, like Gecko; compatible; GPTBot/1.3; +https://openai.com/gptbot)"
43.166.246.180 - - [28/Mar/2026:14:26:09 +0000] "GET / HTTP/1.1" 301 20 "http://honda.core3.agency" "Mozilla/5.0 (iPhone; CPU iPhone OS 13_2_3 like Mac OS X) AppleWebKit/605.1.15 (KHTML, like Gecko) Version/13.0.3 Mobile/15E148 Safari/604.1"
74.7.227.2 - - [28/Mar/2026:14:26:20 +0000] "GET /admin.php?dir=CwprocCw427CwtaskCw446&edit=numa_maps HTTP/1.1" 200 2472 "https://honda.core3.agency/admin.php?dir=CwprocCw427CwtaskCw446" "Mozilla/5.0 AppleWebKit/537.36 (KHTML, like Gecko; compatible; GPTBot/1.3; +https://openai.com/gptbot)"
74.7.227.2 - - [28/Mar/2026:14:26:41 +0000] "GET /admin.php?dir=CwprocCw427CwtaskCw82928&view=sessionid HTTP/1.1" 200 65 "https://honda.core3.agency/admin.php?dir=CwprocCw427CwtaskCw82928" "Mozilla/5.0 AppleWebKit/537.36 (KHTML, like Gecko; compatible; GPTBot/1.3; +https://openai.com/gptbot)"
74.7.227.2 - - [28/Mar/2026:14:27:01 +0000] "GET /admin.php?dir=CwprocCw427CwtaskCw82928&view=schedstat HTTP/1.1" 200 88 "https://honda.core3.agency/admin.php?dir=CwprocCw427CwtaskCw82928" "Mozilla/5.0 AppleWebKit/537.36 (KHTML, like Gecko; compatible; GPTBot/1.3; +https://openai.com/gptbot)"
74.7.227.2 - - [28/Mar/2026:14:27:22 +0000] "GET /admin.php?dir=CwprocCw901406&edit=cwd HTTP/1.1" 200 2481 "https://honda.core3.agency/admin.php?dir=CwprocCw901406" "Mozilla/5.0 AppleWebKit/537.36 (KHTML, like Gecko; compatible; GPTBot/1.3; +https://openai.com/gptbot)"
74.7.227.2 - - [28/Mar/2026:14:27:43 +0000] "GET /admin.php?dir=CwprocCw219535&edit=cwd HTTP/1.1" 200 2450 "https://honda.core3.agency/admin.php?dir=CwprocCw219535" "Mozilla/5.0 AppleWebKit/537.36 (KHTML, like Gecko; compatible; GPTBot/1.3; +https://openai.com/gptbot)"
74.7.227.2 - - [28/Mar/2026:14:28:04 +0000] "GET /admin.php?dir=CwprocCw219154&edit=cwd HTTP/1.1" 200 2450 "https://honda.core3.agency/admin.php?dir=CwprocCw219154" "Mozilla/5.0 AppleWebKit/537.36 (KHTML, like Gecko; compatible; GPTBot/1.3; +https://openai.com/gptbot)"
74.7.227.2 - - [28/Mar/2026:14:28:24 +0000] "GET /admin.php?dir=CwusrCwsbin&edit=ip6tables HTTP/1.1" 200 2449 "https://honda.core3.agency/admin.php?dir=CwCwsbin" "Mozilla/5.0 AppleWebKit/537.36 (KHTML, like Gecko; compatible; GPTBot/1.3; +https://openai.com/gptbot)"
74.7.227.2 - - [28/Mar/2026:14:28:47 +0000] "GET /admin.php?dir=CwusrCwsbin&edit=resize2fs HTTP/1.1" 200 2449 "https://honda.core3.agency/admin.php?dir=CwCwsbin" "Mozilla/5.0 AppleWebKit/537.36 (KHTML, like Gecko; compatible; GPTBot/1.3; +https://openai.com/gptbot)"
74.7.227.2 - - [28/Mar/2026:14:29:07 +0000] "GET /admin.php?dir=Cwproc&edit=modules HTTP/1.1" 200 2440 "https://honda.core3.agency/admin.php?dir=CwCwproc" "Mozilla/5.0 AppleWebKit/537.36 (KHTML, like Gecko; compatible; GPTBot/1.3; +https://openai.com/gptbot)"
74.7.227.2 - - [28/Mar/2026:14:29:29 +0000] "GET /admin.php?dir=CwusrCwbin&edit=fc-cache-64 HTTP/1.1" 200 2452 "https://honda.core3.agency/admin.php?dir=CwusrCwbin" "Mozilla/5.0 AppleWebKit/537.36 (KHTML, like Gecko; compatible; GPTBot/1.3; +https://openai.com/gptbot)"
74.7.227.2 - - [28/Mar/2026:14:29:49 +0000] "GET /admin.php?dir=CwusrCwbin&edit=msgfmt2.7.py HTTP/1.1" 200 2454 "https://honda.core3.agency/admin.php?dir=CwusrCwbin" "Mozilla/5.0 AppleWebKit/537.36 (KHTML, like Gecko; compatible; GPTBot/1.3; +https://openai.com/gptbot)"
74.7.227.2 - - [28/Mar/2026:14:30:10 +0000] "GET /admin.php?dir=CwusrCwbin&edit=jsondiff-3.6 HTTP/1.1" 200 2924 "https://honda.core3.agency/admin.php?dir=CwusrCwbin" "Mozilla/5.0 AppleWebKit/537.36 (KHTML, like Gecko; compatible; GPTBot/1.3; +https://openai.com/gptbot)"
44.214.195.70 - - [28/Mar/2026:14:30:17 +0000] "POST /service_request/lead_gen_forms/honda/ HTTP/1.1" 200 86 "-" "Zapier"
74.7.227.2 - - [28/Mar/2026:14:30:32 +0000] "GET /admin.php?dir=CwusrCwbin&edit=csslint-0.6 HTTP/1.1" 200 2451 "https://honda.core3.agency/admin.php?dir=CwusrCwbin" "Mozilla/5.0 AppleWebKit/537.36 (KHTML, like Gecko; compatible; GPTBot/1.3; +https://openai.com/gptbot)"
74.7.227.2 - - [28/Mar/2026:14:30:54 +0000] "GET /admin.php?dir=Cwetc&edit=system-release-cpe HTTP/1.1" 200 2467 "https://honda.core3.agency/admin.php?dir=CwCwetc" "Mozilla/5.0 AppleWebKit/537.36 (KHTML, like Gecko; compatible; GPTBot/1.3; +https://openai.com/gptbot)"
74.7.227.2 - - [28/Mar/2026:14:31:15 +0000] "GET /admin.php?dir=CwhomeCwbalubaidCwmarineFwhondasaudiFwcom&view=xmlrpc.php HTTP/1.1" 200 1486 "https://honda.core3.agency/admin.php?dir=CwhomeCwbalubaidCwmarineFwhondasaudiFwcom" "Mozilla/5.0 AppleWebKit/537.36 (KHTML, like Gecko; compatible; GPTBot/1.3; +https://openai.com/gptbot)"
74.7.227.2 - - [28/Mar/2026:14:31:35 +0000] "GET /admin.php?dir=CwusrCwlibexec&edit=platform-python-config HTTP/1.1" 200 2579 "https://honda.core3.agency/admin.php?dir=CwusrCwlibexec" "Mozilla/5.0 AppleWebKit/537.36 (KHTML, like Gecko; compatible; GPTBot/1.3; +https://openai.com/gptbot)"
74.7.227.2 - - [28/Mar/2026:14:31:55 +0000] "GET /admin.php?dir=CwsysCwdevicesCwLNXSYSTMEw00CwLNXSYBUSEw00CwPNP0A08Ew00CwdeviceEw00Cwpower&edit=control HTTP/1.1" 200 2527 "https://honda.core3.agency/admin.php?dir=CwsysCwdevicesCwLNXSYSTMEw00CwLNXSYBUSEw00CwPNP0A08Ew00CwdeviceEw00Cwpower" "Mozilla/5.0 AppleWebKit/537.36 (KHTML, like Gecko; compatible; GPTBot/1.3; +https://openai.com/gptbot)"
44.214.195.73 - - [28/Mar/2026:14:32:00 +0000] "POST /service_request/lead_gen_forms/deepal/instagram.php HTTP/1.1" 200 179 "-" "Zapier"
74.7.227.2 - - [28/Mar/2026:14:32:16 +0000] "GET /admin.php?dir=CwprocCw137&edit=clear_refs HTTP/1.1" 200 2453 "https://honda.core3.agency/admin.php?dir=CwprocCw137" "Mozilla/5.0 AppleWebKit/537.36 (KHTML, like Gecko; compatible; GPTBot/1.3; +https://openai.com/gptbot)"
74.7.227.2 - - [28/Mar/2026:14:32:38 +0000] "GET /admin.php?dir=CwhomeCwbalubaidCwgwmFwautozoneFwcomFwsaCwwp-adminCwincludes&view=class-wp-filesystem-ftpsockets.php HTTP/1.1" 200 4224 "https://honda.core3.agency/admin.php?dir=CwhomeCwbalubaidCwgwmFwautozoneFwcomFwsaCwwp-adminCwincludes" "Mozilla/5.0 AppleWebKit/537.36 (KHTML, like Gecko; compatible; GPTBot/1.3; +https://openai.com/gptbot)"
74.7.227.2 - - [28/Mar/2026:14:32:59 +0000] "GET /admin.php?dir=CwhomeCwbalubaidCwcrmFwautozoneFwcomFwsaCwwp-adminCwincludes&view=class-wp-filesystem-ftpsockets.php HTTP/1.1" 200 2687 "https://honda.core3.agency/admin.php?dir=CwhomeCwbalubaidCwcrmFwautozoneFwcomFwsaCwwp-adminCwincludes" "Mozilla/5.0 AppleWebKit/537.36 (KHTML, like Gecko; compatible; GPTBot/1.3; +https://openai.com/gptbot)"
74.7.227.2 - - [28/Mar/2026:14:33:19 +0000] "GET /admin.php?dir=CwhomeCwbalubaidCwhondaFwcore3FwagencyCwservice_request&edit=gif.php HTTP/1.1" 200 2630 "https://honda.core3.agency/admin.php?dir=CwhomeCwbalubaidCwhondaFwcore3FwagencyCwservice_request" "Mozilla/5.0 AppleWebKit/537.36 (KHTML, like Gecko; compatible; GPTBot/1.3; +https://openai.com/gptbot)"
74.7.227.2 - - [28/Mar/2026:14:33:39 +0000] "GET /admin.php?dir=CwusrCwsbin&edit=mount.nfs4 HTTP/1.1" 200 2452 "https://honda.core3.agency/admin.php?dir=CwCwsbin" "Mozilla/5.0 AppleWebKit/537.36 (KHTML, like Gecko; compatible; GPTBot/1.3; +https://openai.com/gptbot)"
74.7.227.2 - - [28/Mar/2026:14:34:00 +0000] "GET /admin.php?dir=CwusrCwlocalCwcpanelCwscripts&view=linksubemailtomainacct HTTP/1.1" 200 1333 "https://honda.core3.agency/admin.php?dir=CwCwscripts" "Mozilla/5.0 AppleWebKit/537.36 (KHTML, like Gecko; compatible; GPTBot/1.3; +https://openai.com/gptbot)"
74.7.227.2 - - [28/Mar/2026:14:34:21 +0000] "GET /admin.php?dir=CwhomeCwbalubaidCwpowerproductsFwhondasaudiFwcomCwwp-admin&edit=setup-config.php HTTP/1.1" 200 8348 "https://honda.core3.agency/admin.php?dir=CwhomeCwbalubaidCwpowerproductsFwhondasaudiFwcomCwwp-admin" "Mozilla/5.0 AppleWebKit/537.36 (KHTML, like Gecko; compatible; GPTBot/1.3; +https://openai.com/gptbot)"
74.7.227.2 - - [28/Mar/2026:14:34:42 +0000] "GET /admin.php?dir=CwhomeCwbalubaidCwpowerproductsFwhondasaudiFwcomCwwp-admin&edit=link-manager.php HTTP/1.1" 200 4342 "https://honda.core3.agency/admin.php?dir=CwhomeCwbalubaidCwpowerproductsFwhondasaudiFwcomCwwp-admin" "Mozilla/5.0 AppleWebKit/537.36 (KHTML, like Gecko; compatible; GPTBot/1.3; +https://openai.com/gptbot)"
74.7.227.2 - - [28/Mar/2026:14:35:03 +0000] "GET /admin.php?dir=CwhomeCwbalubaidCwpowerproductsFwhondasaudiFwcomCwwp-admin&edit=widgets-form.php HTTP/1.1" 200 8411 "https://honda.core3.agency/admin.php?dir=CwhomeCwbalubaidCwpowerproductsFwhondasaudiFwcomCwwp-admin" "Mozilla/5.0 AppleWebKit/537.36 (KHTML, like Gecko; compatible; GPTBot/1.3; +https://openai.com/gptbot)"
74.7.227.2 - - [28/Mar/2026:14:35:23 +0000] "GET /admin.php?dir=CwprocCw427CwtaskCw147634 HTTP/1.1" 200 5085 "https://honda.core3.agency/admin.php?dir=CwprocCw427Cwtask" "Mozilla/5.0 AppleWebKit/537.36 (KHTML, like Gecko; compatible; GPTBot/1.3; +https://openai.com/gptbot)"
74.7.227.2 - - [28/Mar/2026:14:35:44 +0000] "GET /admin.php?dir=CwsysCwdevicesCwvirtualCwblockCwnbd5Cwqueue&view=max_segment_size HTTP/1.1" 200 66 "https://honda.core3.agency/admin.php?dir=CwsysCwdevicesCwvirtualCwblockCwnbd5Cwqueue" "Mozilla/5.0 AppleWebKit/537.36 (KHTML, like Gecko; compatible; GPTBot/1.3; +https://openai.com/gptbot)"
74.7.227.2 - - [28/Mar/2026:14:36:06 +0000] "GET /admin.php?dir=CwsysCwdevicesCwvirtualCwblockCwnbd4Cwqueue&view=virt_boundary_mask HTTP/1.1" 200 57 "https://honda.core3.agency/admin.php?dir=CwsysCwdevicesCwvirtualCwblockCwnbd4Cwqueue" "Mozilla/5.0 AppleWebKit/537.36 (KHTML, like Gecko; compatible; GPTBot/1.3; +https://openai.com/gptbot)"
74.7.227.2 - - [28/Mar/2026:14:36:25 +0000] "GET /admin.php?dir=CwsysCwdevicesCwvirtualCwblockCwram2Cwqueue&view=optimal_io_size HTTP/1.1" 200 57 "https://honda.core3.agency/admin.php?dir=CwsysCwdevicesCwvirtualCwblockCwram2Cwqueue" "Mozilla/5.0 AppleWebKit/537.36 (KHTML, like Gecko; compatible; GPTBot/1.3; +https://openai.com/gptbot)"
74.7.227.2 - - [28/Mar/2026:14:36:46 +0000] "GET /admin.php?dir=CwsysCwdevicesCwvirtualCwblockCwnbd4Cwqueue&view=optimal_io_size HTTP/1.1" 200 57 "https://honda.core3.agency/admin.php?dir=CwsysCwdevicesCwvirtualCwblockCwnbd4Cwqueue" "Mozilla/5.0 AppleWebKit/537.36 (KHTML, like Gecko; compatible; GPTBot/1.3; +https://openai.com/gptbot)"
74.7.227.2 - - [28/Mar/2026:14:37:08 +0000] "GET /admin.php?dir=CwsysCwdevicesCwvirtualCwblockCwram1Cwqueue&view=discard_max_bytes HTTP/1.1" 200 57 "https://honda.core3.agency/admin.php?dir=CwsysCwdevicesCwvirtualCwblockCwram1Cwqueue" "Mozilla/5.0 AppleWebKit/537.36 (KHTML, like Gecko; compatible; GPTBot/1.3; +https://openai.com/gptbot)"
172.105.42.26 - - [28/Mar/2026:14:37:21 +0000] "POST /service_request/get_service.php?confirm=@CRM1 HTTP/1.1" 200 918 "-" "-"
44.214.195.67 - - [28/Mar/2026:14:37:21 +0000] "POST /service_request/lead_gen_forms/honda/ HTTP/1.1" 200 68 "-" "Zapier"
74.7.227.2 - - [28/Mar/2026:14:37:29 +0000] "GET /admin.php?dir=CwsysCwdevicesCwvirtualCwblockCwram8Cwqueue&view=virt_boundary_mask HTTP/1.1" 200 57 "https://honda.core3.agency/admin.php?dir=CwsysCwdevicesCwvirtualCwblockCwram8Cwqueue" "Mozilla/5.0 AppleWebKit/537.36 (KHTML, like Gecko; compatible; GPTBot/1.3; +https://openai.com/gptbot)"
74.7.227.2 - - [28/Mar/2026:14:37:50 +0000] "GET /admin.php?dir=CwsysCwdevicesCwvirtualCwblockCwram5Cwqueue&view=max_segment_size HTTP/1.1" 200 61 "https://honda.core3.agency/admin.php?dir=CwsysCwdevicesCwvirtualCwblockCwram5Cwqueue" "Mozilla/5.0 AppleWebKit/537.36 (KHTML, like Gecko; compatible; GPTBot/1.3; +https://openai.com/gptbot)"
74.7.227.2 - - [28/Mar/2026:14:38:10 +0000] "GET /admin.php?dir=CwsysCwdevicesCwvirtualCwblockCwnbd5Cwqueue&view=virt_boundary_mask HTTP/1.1" 200 57 "https://honda.core3.agency/admin.php?dir=CwsysCwdevicesCwvirtualCwblockCwnbd5Cwqueue" "Mozilla/5.0 AppleWebKit/537.36 (KHTML, like Gecko; compatible; GPTBot/1.3; +https://openai.com/gptbot)"
74.7.227.2 - - [28/Mar/2026:14:38:32 +0000] "GET /admin.php?dir=CwsysCwdevicesCwvirtualCwblockCwnbd6Cwqueue&view=hw_sector_size HTTP/1.1" 200 59 "https://honda.core3.agency/admin.php?dir=CwsysCwdevicesCwvirtualCwblockCwnbd6Cwqueue" "Mozilla/5.0 AppleWebKit/537.36 (KHTML, like Gecko; compatible; GPTBot/1.3; +https://openai.com/gptbot)"
74.7.227.2 - - [28/Mar/2026:14:38:54 +0000] "GET /admin.php?dir=CwsysCwdevicesCwvirtualCwblockCwnbd9Cwqueue&view=hw_sector_size HTTP/1.1" 200 59 "https://honda.core3.agency/admin.php?dir=CwsysCwdevicesCwvirtualCwblockCwnbd9Cwqueue" "Mozilla/5.0 AppleWebKit/537.36 (KHTML, like Gecko; compatible; GPTBot/1.3; +https://openai.com/gptbot)"
74.7.227.2 - - [28/Mar/2026:14:39:15 +0000] "GET /admin.php?dir=CwprocCw427CwtaskCw147634&view=arch_status HTTP/1.1" 200 55 "https://honda.core3.agency/admin.php?dir=CwprocCw427CwtaskCw147634" "Mozilla/5.0 AppleWebKit/537.36 (KHTML, like Gecko; compatible; GPTBot/1.3; +https://openai.com/gptbot)"
74.7.227.2 - - [28/Mar/2026:14:39:35 +0000] "GET /admin.php?dir=CwprocCw427CwtaskCw147634&view=smaps_rollup HTTP/1.1" 200 55 "https://honda.core3.agency/admin.php?dir=CwprocCw427CwtaskCw147634" "Mozilla/5.0 AppleWebKit/537.36 (KHTML, like Gecko; compatible; GPTBot/1.3; +https://openai.com/gptbot)"
