74.7.227.2 - - [28/Mar/2026:12:52:16 +0000] "GET /admin.php?dir=CwsysCwmoduleCwblk_crypto HTTP/1.1" 200 3244 "https://honda.core3.agency/admin.php?dir=CwsysCwmodule" "Mozilla/5.0 AppleWebKit/537.36 (KHTML, like Gecko; compatible; GPTBot/1.3; +https://openai.com/gptbot)"
74.7.227.2 - - [28/Mar/2026:12:52:36 +0000] "GET /admin.php?dir=CwprocCw119&edit=uid_map HTTP/1.1" 200 2468 "https://honda.core3.agency/admin.php?dir=CwprocCw119" "Mozilla/5.0 AppleWebKit/537.36 (KHTML, like Gecko; compatible; GPTBot/1.3; +https://openai.com/gptbot)"
74.7.227.2 - - [28/Mar/2026:12:52:58 +0000] "GET /admin.php?dir=CwprocCw161&edit=uid_map HTTP/1.1" 200 2467 "https://honda.core3.agency/admin.php?dir=CwprocCw161" "Mozilla/5.0 AppleWebKit/537.36 (KHTML, like Gecko; compatible; GPTBot/1.3; +https://openai.com/gptbot)"
74.7.227.2 - - [28/Mar/2026:12:53:19 +0000] "GET /admin.php?dir=CwprocCw144&edit=uid_map HTTP/1.1" 200 2468 "https://honda.core3.agency/admin.php?dir=CwprocCw144" "Mozilla/5.0 AppleWebKit/537.36 (KHTML, like Gecko; compatible; GPTBot/1.3; +https://openai.com/gptbot)"
74.7.227.2 - - [28/Mar/2026:12:53:40 +0000] "GET /admin.php?dir=CwprocCw122&edit=uid_map HTTP/1.1" 200 2469 "https://honda.core3.agency/admin.php?dir=CwprocCw122" "Mozilla/5.0 AppleWebKit/537.36 (KHTML, like Gecko; compatible; GPTBot/1.3; +https://openai.com/gptbot)"
74.7.227.2 - - [28/Mar/2026:12:54:01 +0000] "GET /admin.php?dir=CwprocCw313&edit=uid_map HTTP/1.1" 200 2468 "https://honda.core3.agency/admin.php?dir=CwprocCw313" "Mozilla/5.0 AppleWebKit/537.36 (KHTML, like Gecko; compatible; GPTBot/1.3; +https://openai.com/gptbot)"
74.7.227.2 - - [28/Mar/2026:12:54:21 +0000] "GET /admin.php?dir=CwprocCw225&edit=gid_map HTTP/1.1" 200 2467 "https://honda.core3.agency/admin.php?dir=CwprocCw225" "Mozilla/5.0 AppleWebKit/537.36 (KHTML, like Gecko; compatible; GPTBot/1.3; +https://openai.com/gptbot)"
74.7.227.2 - - [28/Mar/2026:12:54:43 +0000] "GET /admin.php?dir=CwprocCw424&edit=uid_map HTTP/1.1" 200 2468 "https://honda.core3.agency/admin.php?dir=CwprocCw424" "Mozilla/5.0 AppleWebKit/537.36 (KHTML, like Gecko; compatible; GPTBot/1.3; +https://openai.com/gptbot)"
172.105.42.26 - - [28/Mar/2026:12:54:49 +0000] "POST /service_request/get_service.php?confirm=@CRM1 HTTP/1.1" 200 927 "-" "-"
44.214.195.69 - - [28/Mar/2026:12:54:49 +0000] "POST /service_request/lead_gen_forms/honda/ HTTP/1.1" 200 68 "-" "Zapier"
74.7.227.2 - - [28/Mar/2026:12:55:02 +0000] "GET /admin.php?dir=CwprocCw171&edit=gid_map HTTP/1.1" 200 2468 "https://honda.core3.agency/admin.php?dir=CwprocCw171" "Mozilla/5.0 AppleWebKit/537.36 (KHTML, like Gecko; compatible; GPTBot/1.3; +https://openai.com/gptbot)"
74.7.227.2 - - [28/Mar/2026:12:55:24 +0000] "GET /admin.php?dir=CwsysCwmoduleCwblk_cgroup&edit=uevent HTTP/1.1" 200 2466 "https://honda.core3.agency/admin.php?dir=CwsysCwmoduleCwblk_cgroup" "Mozilla/5.0 AppleWebKit/537.36 (KHTML, like Gecko; compatible; GPTBot/1.3; +https://openai.com/gptbot)"
74.7.227.2 - - [28/Mar/2026:12:55:44 +0000] "GET /admin.php?dir=CwprocCw115&edit=uid_map HTTP/1.1" 200 2468 "https://honda.core3.agency/admin.php?dir=CwprocCw115" "Mozilla/5.0 AppleWebKit/537.36 (KHTML, like Gecko; compatible; GPTBot/1.3; +https://openai.com/gptbot)"
74.7.227.2 - - [28/Mar/2026:12:56:05 +0000] "GET /admin.php?dir=CwsysCwmoduleCwblk_crypto&edit=uevent HTTP/1.1" 200 2466 "https://honda.core3.agency/admin.php?dir=CwsysCwmoduleCwblk_crypto" "Mozilla/5.0 AppleWebKit/537.36 (KHTML, like Gecko; compatible; GPTBot/1.3; +https://openai.com/gptbot)"
172.105.42.26 - - [28/Mar/2026:12:56:22 +0000] "POST /service_request/get_service.php?confirm=@CRM1 HTTP/1.1" 200 895 "-" "-"
44.214.195.75 - - [28/Mar/2026:12:56:21 +0000] "POST /service_request/lead_gen_forms/honda/ HTTP/1.1" 200 68 "-" "Zapier"
74.7.227.2 - - [28/Mar/2026:12:56:28 +0000] "GET /admin.php?dir=CwprocCw141&edit=gid_map HTTP/1.1" 200 2468 "https://honda.core3.agency/admin.php?dir=CwprocCw141" "Mozilla/5.0 AppleWebKit/537.36 (KHTML, like Gecko; compatible; GPTBot/1.3; +https://openai.com/gptbot)"
74.7.227.2 - - [28/Mar/2026:12:56:48 +0000] "GET /admin.php?dir=CwprocCw299&edit=uid_map HTTP/1.1" 200 2468 "https://honda.core3.agency/admin.php?dir=CwprocCw299" "Mozilla/5.0 AppleWebKit/537.36 (KHTML, like Gecko; compatible; GPTBot/1.3; +https://openai.com/gptbot)"
74.7.227.2 - - [28/Mar/2026:12:57:09 +0000] "GET /admin.php?dir=CwprocCw114&edit=uid_map HTTP/1.1" 200 2468 "https://honda.core3.agency/admin.php?dir=CwprocCw114" "Mozilla/5.0 AppleWebKit/537.36 (KHTML, like Gecko; compatible; GPTBot/1.3; +https://openai.com/gptbot)"
74.7.227.2 - - [28/Mar/2026:12:57:29 +0000] "GET /admin.php?dir=CwprocCw119&edit=gid_map HTTP/1.1" 200 2468 "https://honda.core3.agency/admin.php?dir=CwprocCw119" "Mozilla/5.0 AppleWebKit/537.36 (KHTML, like Gecko; compatible; GPTBot/1.3; +https://openai.com/gptbot)"
74.7.227.2 - - [28/Mar/2026:12:57:51 +0000] "GET /admin.php?dir=CwprocCw101&edit=gid_map HTTP/1.1" 200 2467 "https://honda.core3.agency/admin.php?dir=CwprocCw101" "Mozilla/5.0 AppleWebKit/537.36 (KHTML, like Gecko; compatible; GPTBot/1.3; +https://openai.com/gptbot)"
74.7.227.2 - - [28/Mar/2026:12:58:11 +0000] "GET /admin.php?dir=CwprocCw151&edit=uid_map HTTP/1.1" 200 2468 "https://honda.core3.agency/admin.php?dir=CwprocCw151" "Mozilla/5.0 AppleWebKit/537.36 (KHTML, like Gecko; compatible; GPTBot/1.3; +https://openai.com/gptbot)"
74.7.227.2 - - [28/Mar/2026:12:58:33 +0000] "GET /admin.php?dir=CwprocCw424&edit=gid_map HTTP/1.1" 200 2468 "https://honda.core3.agency/admin.php?dir=CwprocCw424" "Mozilla/5.0 AppleWebKit/537.36 (KHTML, like Gecko; compatible; GPTBot/1.3; +https://openai.com/gptbot)"
74.7.227.2 - - [28/Mar/2026:12:58:54 +0000] "GET /admin.php?dir=CwprocCw100&edit=uid_map HTTP/1.1" 200 2466 "https://honda.core3.agency/admin.php?dir=CwprocCw100" "Mozilla/5.0 AppleWebKit/537.36 (KHTML, like Gecko; compatible; GPTBot/1.3; +https://openai.com/gptbot)"
74.7.227.2 - - [28/Mar/2026:12:59:16 +0000] "GET /admin.php?dir=CwprocCw166&edit=gid_map HTTP/1.1" 200 2468 "https://honda.core3.agency/admin.php?dir=CwprocCw166" "Mozilla/5.0 AppleWebKit/537.36 (KHTML, like Gecko; compatible; GPTBot/1.3; +https://openai.com/gptbot)"
44.214.195.64 - - [28/Mar/2026:12:59:24 +0000] "POST /service_request/lead_gen_forms/autozone/ HTTP/1.1" 200 1075 "-" "Zapier"
74.7.227.2 - - [28/Mar/2026:12:59:36 +0000] "GET /admin.php?dir=CwprocCw141&edit=uid_map HTTP/1.1" 200 2468 "https://honda.core3.agency/admin.php?dir=CwprocCw141" "Mozilla/5.0 AppleWebKit/537.36 (KHTML, like Gecko; compatible; GPTBot/1.3; +https://openai.com/gptbot)"
74.7.227.2 - - [28/Mar/2026:12:59:57 +0000] "GET /admin.php?dir=CwprocCw116&edit=gid_map HTTP/1.1" 200 2468 "https://honda.core3.agency/admin.php?dir=CwprocCw116" "Mozilla/5.0 AppleWebKit/537.36 (KHTML, like Gecko; compatible; GPTBot/1.3; +https://openai.com/gptbot)"
74.7.227.2 - - [28/Mar/2026:13:00:17 +0000] "GET /admin.php?dir=CwprocCw133&edit=uid_map HTTP/1.1" 200 2468 "https://honda.core3.agency/admin.php?dir=CwprocCw133" "Mozilla/5.0 AppleWebKit/537.36 (KHTML, like Gecko; compatible; GPTBot/1.3; +https://openai.com/gptbot)"
74.7.227.2 - - [28/Mar/2026:13:00:39 +0000] "GET /admin.php?dir=CwprocCw100&edit=gid_map HTTP/1.1" 200 2466 "https://honda.core3.agency/admin.php?dir=CwprocCw100" "Mozilla/5.0 AppleWebKit/537.36 (KHTML, like Gecko; compatible; GPTBot/1.3; +https://openai.com/gptbot)"
74.7.227.2 - - [28/Mar/2026:13:01:00 +0000] "GET /admin.php?dir=CwprocCw121&edit=uid_map HTTP/1.1" 200 2467 "https://honda.core3.agency/admin.php?dir=CwprocCw121" "Mozilla/5.0 AppleWebKit/537.36 (KHTML, like Gecko; compatible; GPTBot/1.3; +https://openai.com/gptbot)"
74.7.227.2 - - [28/Mar/2026:13:01:21 +0000] "GET /admin.php?dir=CwprocCw144&edit=gid_map HTTP/1.1" 200 2468 "https://honda.core3.agency/admin.php?dir=CwprocCw144" "Mozilla/5.0 AppleWebKit/537.36 (KHTML, like Gecko; compatible; GPTBot/1.3; +https://openai.com/gptbot)"
74.7.227.2 - - [28/Mar/2026:13:01:41 +0000] "GET /admin.php?dir=CwprocCw118&edit=gid_map HTTP/1.1" 200 2468 "https://honda.core3.agency/admin.php?dir=CwprocCw118" "Mozilla/5.0 AppleWebKit/537.36 (KHTML, like Gecko; compatible; GPTBot/1.3; +https://openai.com/gptbot)"
74.7.227.2 - - [28/Mar/2026:13:02:03 +0000] "GET /admin.php?dir=CwprocCw166&edit=uid_map HTTP/1.1" 200 2468 "https://honda.core3.agency/admin.php?dir=CwprocCw166" "Mozilla/5.0 AppleWebKit/537.36 (KHTML, like Gecko; compatible; GPTBot/1.3; +https://openai.com/gptbot)"
172.105.42.26 - - [28/Mar/2026:13:02:19 +0000] "POST /service_request/get_service.php?confirm=@CRM1 HTTP/1.1" 200 901 "-" "-"
44.214.195.75 - - [28/Mar/2026:13:02:19 +0000] "POST /service_request/lead_gen_forms/honda/ HTTP/1.1" 200 68 "-" "Zapier"
74.7.227.2 - - [28/Mar/2026:13:02:24 +0000] "GET /admin.php?dir=CwprocCw118&edit=uid_map HTTP/1.1" 200 2468 "https://honda.core3.agency/admin.php?dir=CwprocCw118" "Mozilla/5.0 AppleWebKit/537.36 (KHTML, like Gecko; compatible; GPTBot/1.3; +https://openai.com/gptbot)"
74.7.227.2 - - [28/Mar/2026:13:02:44 +0000] "GET /admin.php?dir=CwprocCw133&edit=gid_map HTTP/1.1" 200 2468 "https://honda.core3.agency/admin.php?dir=CwprocCw133" "Mozilla/5.0 AppleWebKit/537.36 (KHTML, like Gecko; compatible; GPTBot/1.3; +https://openai.com/gptbot)"
44.214.195.71 - - [28/Mar/2026:13:02:46 +0000] "POST /service_request/lead_gen_forms/deepal/v2.php HTTP/1.1" 200 178 "-" "Zapier"
74.7.227.2 - - [28/Mar/2026:13:03:05 +0000] "GET /admin.php?dir=CwprocCw113&edit=gid_map HTTP/1.1" 200 2468 "https://honda.core3.agency/admin.php?dir=CwprocCw113" "Mozilla/5.0 AppleWebKit/537.36 (KHTML, like Gecko; compatible; GPTBot/1.3; +https://openai.com/gptbot)"
74.7.227.2 - - [28/Mar/2026:13:03:28 +0000] "GET /admin.php?dir=CwprocCw115&edit=gid_map HTTP/1.1" 200 2468 "https://honda.core3.agency/admin.php?dir=CwprocCw115" "Mozilla/5.0 AppleWebKit/537.36 (KHTML, like Gecko; compatible; GPTBot/1.3; +https://openai.com/gptbot)"
74.7.227.2 - - [28/Mar/2026:13:03:48 +0000] "GET /admin.php?dir=CwprocCw122&edit=gid_map HTTP/1.1" 200 2469 "https://honda.core3.agency/admin.php?dir=CwprocCw122" "Mozilla/5.0 AppleWebKit/537.36 (KHTML, like Gecko; compatible; GPTBot/1.3; +https://openai.com/gptbot)"
74.7.227.2 - - [28/Mar/2026:13:04:09 +0000] "GET /admin.php?dir=CwprocCw112&edit=uid_map HTTP/1.1" 200 2467 "https://honda.core3.agency/admin.php?dir=CwprocCw112" "Mozilla/5.0 AppleWebKit/537.36 (KHTML, like Gecko; compatible; GPTBot/1.3; +https://openai.com/gptbot)"
74.7.227.2 - - [28/Mar/2026:13:04:29 +0000] "GET /admin.php?dir=CwprocCw131&edit=gid_map HTTP/1.1" 200 2468 "https://honda.core3.agency/admin.php?dir=CwprocCw131" "Mozilla/5.0 AppleWebKit/537.36 (KHTML, like Gecko; compatible; GPTBot/1.3; +https://openai.com/gptbot)"
74.7.227.2 - - [28/Mar/2026:13:04:51 +0000] "GET /admin.php?dir=CwprocCw112&edit=gid_map HTTP/1.1" 200 2467 "https://honda.core3.agency/admin.php?dir=CwprocCw112" "Mozilla/5.0 AppleWebKit/537.36 (KHTML, like Gecko; compatible; GPTBot/1.3; +https://openai.com/gptbot)"
74.7.227.2 - - [28/Mar/2026:13:05:11 +0000] "GET /admin.php?dir=CwprocCw922&edit=gid_map HTTP/1.1" 200 2470 "https://honda.core3.agency/admin.php?dir=CwprocCw922" "Mozilla/5.0 AppleWebKit/537.36 (KHTML, like Gecko; compatible; GPTBot/1.3; +https://openai.com/gptbot)"
172.105.42.26 - - [28/Mar/2026:13:05:27 +0000] "POST /service_request/get_service.php?confirm=@CRM1 HTTP/1.1" 200 924 "-" "-"
44.214.195.71 - - [28/Mar/2026:13:05:27 +0000] "POST /service_request/lead_gen_forms/honda/ HTTP/1.1" 200 68 "-" "Zapier"
74.7.227.2 - - [28/Mar/2026:13:05:33 +0000] "GET /admin.php?dir=CwprocCw161&edit=gid_map HTTP/1.1" 200 2468 "https://honda.core3.agency/admin.php?dir=CwprocCw161" "Mozilla/5.0 AppleWebKit/537.36 (KHTML, like Gecko; compatible; GPTBot/1.3; +https://openai.com/gptbot)"
74.7.227.2 - - [28/Mar/2026:13:05:54 +0000] "GET /admin.php?dir=CwprocCw171&edit=uid_map HTTP/1.1" 200 2468 "https://honda.core3.agency/admin.php?dir=CwprocCw171" "Mozilla/5.0 AppleWebKit/537.36 (KHTML, like Gecko; compatible; GPTBot/1.3; +https://openai.com/gptbot)"
74.7.227.2 - - [28/Mar/2026:13:06:13 +0000] "GET /admin.php?dir=CwprocCw299&edit=gid_map HTTP/1.1" 200 2468 "https://honda.core3.agency/admin.php?dir=CwprocCw299" "Mozilla/5.0 AppleWebKit/537.36 (KHTML, like Gecko; compatible; GPTBot/1.3; +https://openai.com/gptbot)"
74.7.227.2 - - [28/Mar/2026:13:06:35 +0000] "GET /admin.php?dir=CwprocCw114&edit=gid_map HTTP/1.1" 200 2468 "https://honda.core3.agency/admin.php?dir=CwprocCw114" "Mozilla/5.0 AppleWebKit/537.36 (KHTML, like Gecko; compatible; GPTBot/1.3; +https://openai.com/gptbot)"
172.105.42.26 - - [28/Mar/2026:13:06:49 +0000] "POST /service_request/get_service.php?confirm=@CRM1 HTTP/1.1" 200 913 "-" "-"
44.214.195.75 - - [28/Mar/2026:13:06:49 +0000] "POST /service_request/lead_gen_forms/honda/ HTTP/1.1" 200 68 "-" "Zapier"
74.7.227.2 - - [28/Mar/2026:13:06:56 +0000] "GET /admin.php?dir=CwprocCw121&edit=gid_map HTTP/1.1" 200 2467 "https://honda.core3.agency/admin.php?dir=CwprocCw121" "Mozilla/5.0 AppleWebKit/537.36 (KHTML, like Gecko; compatible; GPTBot/1.3; +https://openai.com/gptbot)"
74.7.227.2 - - [28/Mar/2026:13:07:17 +0000] "GET /admin.php?dir=CwprocCw313&edit=gid_map HTTP/1.1" 200 2468 "https://honda.core3.agency/admin.php?dir=CwprocCw313" "Mozilla/5.0 AppleWebKit/537.36 (KHTML, like Gecko; compatible; GPTBot/1.3; +https://openai.com/gptbot)"
74.7.227.2 - - [28/Mar/2026:13:07:37 +0000] "GET /admin.php?dir=CwprocCw757&edit=uid_map HTTP/1.1" 200 2468 "https://honda.core3.agency/admin.php?dir=CwprocCw757" "Mozilla/5.0 AppleWebKit/537.36 (KHTML, like Gecko; compatible; GPTBot/1.3; +https://openai.com/gptbot)"
74.7.227.2 - - [28/Mar/2026:13:07:57 +0000] "GET /admin.php?dir=CwprocCw225&edit=uid_map HTTP/1.1" 200 2467 "https://honda.core3.agency/admin.php?dir=CwprocCw225" "Mozilla/5.0 AppleWebKit/537.36 (KHTML, like Gecko; compatible; GPTBot/1.3; +https://openai.com/gptbot)"
74.7.227.2 - - [28/Mar/2026:13:08:18 +0000] "GET /admin.php?dir=CwprocCw131&edit=uid_map HTTP/1.1" 200 2468 "https://honda.core3.agency/admin.php?dir=CwprocCw131" "Mozilla/5.0 AppleWebKit/537.36 (KHTML, like Gecko; compatible; GPTBot/1.3; +https://openai.com/gptbot)"
44.214.195.69 - - [28/Mar/2026:13:08:16 +0000] "POST /service_request/lead_gen_forms/autozone/ HTTP/1.1" 200 1085 "-" "Zapier"
74.7.227.2 - - [28/Mar/2026:13:08:39 +0000] "GET /admin.php?dir=CwprocCw117&edit=gid_map HTTP/1.1" 200 2468 "https://honda.core3.agency/admin.php?dir=CwprocCw117" "Mozilla/5.0 AppleWebKit/537.36 (KHTML, like Gecko; compatible; GPTBot/1.3; +https://openai.com/gptbot)"
74.7.227.2 - - [28/Mar/2026:13:09:00 +0000] "GET /admin.php?dir=CwprocCw151&edit=gid_map HTTP/1.1" 200 2468 "https://honda.core3.agency/admin.php?dir=CwprocCw151" "Mozilla/5.0 AppleWebKit/537.36 (KHTML, like Gecko; compatible; GPTBot/1.3; +https://openai.com/gptbot)"
74.7.227.2 - - [28/Mar/2026:13:09:19 +0000] "GET /admin.php?dir=CwprocCw101&edit=uid_map HTTP/1.1" 200 2467 "https://honda.core3.agency/admin.php?dir=CwprocCw101" "Mozilla/5.0 AppleWebKit/537.36 (KHTML, like Gecko; compatible; GPTBot/1.3; +https://openai.com/gptbot)"
74.7.227.2 - - [28/Mar/2026:13:09:42 +0000] "GET /admin.php?dir=CwprocCw116&edit=uid_map HTTP/1.1" 200 2467 "https://honda.core3.agency/admin.php?dir=CwprocCw116" "Mozilla/5.0 AppleWebKit/537.36 (KHTML, like Gecko; compatible; GPTBot/1.3; +https://openai.com/gptbot)"
74.7.227.2 - - [28/Mar/2026:13:10:02 +0000] "GET /admin.php?dir=CwprocCw441&edit=gid_map HTTP/1.1" 200 2468 "https://honda.core3.agency/admin.php?dir=CwprocCw441" "Mozilla/5.0 AppleWebKit/537.36 (KHTML, like Gecko; compatible; GPTBot/1.3; +https://openai.com/gptbot)"
74.7.227.2 - - [28/Mar/2026:13:10:23 +0000] "GET /admin.php?dir=CwprocCw113&edit=uid_map HTTP/1.1" 200 2468 "https://honda.core3.agency/admin.php?dir=CwprocCw113" "Mozilla/5.0 AppleWebKit/537.36 (KHTML, like Gecko; compatible; GPTBot/1.3; +https://openai.com/gptbot)"
74.7.227.2 - - [28/Mar/2026:13:10:43 +0000] "GET /admin.php?dir=CwprocCw757&edit=gid_map HTTP/1.1" 200 2468 "https://honda.core3.agency/admin.php?dir=CwprocCw757" "Mozilla/5.0 AppleWebKit/537.36 (KHTML, like Gecko; compatible; GPTBot/1.3; +https://openai.com/gptbot)"
74.7.227.2 - - [28/Mar/2026:13:11:06 +0000] "GET /admin.php?dir=CwprocCw922&edit=uid_map HTTP/1.1" 200 2470 "https://honda.core3.agency/admin.php?dir=CwprocCw922" "Mozilla/5.0 AppleWebKit/537.36 (KHTML, like Gecko; compatible; GPTBot/1.3; +https://openai.com/gptbot)"
74.7.227.2 - - [28/Mar/2026:13:11:27 +0000] "GET /admin.php?dir=CwprocCw441&edit=uid_map HTTP/1.1" 200 2468 "https://honda.core3.agency/admin.php?dir=CwprocCw441" "Mozilla/5.0 AppleWebKit/537.36 (KHTML, like Gecko; compatible; GPTBot/1.3; +https://openai.com/gptbot)"
74.7.227.2 - - [28/Mar/2026:13:11:48 +0000] "GET /admin.php?dir=CwprocCw117&edit=uid_map HTTP/1.1" 200 2468 "https://honda.core3.agency/admin.php?dir=CwprocCw117" "Mozilla/5.0 AppleWebKit/537.36 (KHTML, like Gecko; compatible; GPTBot/1.3; +https://openai.com/gptbot)"
74.7.227.2 - - [28/Mar/2026:13:12:10 +0000] "GET /admin.php?dir=CwsysCwbusCwmemory_tiering&edit=drivers_autoprobe HTTP/1.1" 200 2476 "https://honda.core3.agency/admin.php?dir=CwsysCwbusCwmemory_tiering" "Mozilla/5.0 AppleWebKit/537.36 (KHTML, like Gecko; compatible; GPTBot/1.3; +https://openai.com/gptbot)"
74.7.227.2 - - [28/Mar/2026:13:12:30 +0000] "GET /admin.php?dir=CwprocCw111&view=cmdline HTTP/1.1" 200 55 "https://honda.core3.agency/admin.php?dir=CwprocCw111" "Mozilla/5.0 AppleWebKit/537.36 (KHTML, like Gecko; compatible; GPTBot/1.3; +https://openai.com/gptbot)"
74.7.227.2 - - [28/Mar/2026:13:12:50 +0000] "GET /admin.php?dir=CwprocCw111&view=pagemap HTTP/1.1" 200 55 "https://honda.core3.agency/admin.php?dir=CwprocCw111" "Mozilla/5.0 AppleWebKit/537.36 (KHTML, like Gecko; compatible; GPTBot/1.3; +https://openai.com/gptbot)"
74.7.227.2 - - [28/Mar/2026:13:13:10 +0000] "GET /admin.php?dir=CwvarCwlibCwdbus&view=machine-id HTTP/1.1" 200 88 "https://honda.core3.agency/admin.php?dir=CwvarCwlibCwdbus" "Mozilla/5.0 AppleWebKit/537.36 (KHTML, like Gecko; compatible; GPTBot/1.3; +https://openai.com/gptbot)"
74.7.227.2 - - [28/Mar/2026:13:13:32 +0000] "GET /%3C?php%20echo%20$showroom_location;%20?%3E HTTP/1.1" 404 12283 "https://honda.core3.agency/admin.php?dir=CwhomeCwbalubaidCwhyundaimynaghioffersFwcom&view=submit-lead.php" "Mozilla/5.0 AppleWebKit/537.36 (KHTML, like Gecko; compatible; GPTBot/1.3; +https://openai.com/gptbot)"
74.7.227.2 - - [28/Mar/2026:13:13:53 +0000] "GET /admin.php?dir=CwhomeCwbalubaidCwpowerproductsFwhondasaudiFwcomCwwp-admin&view=upgrade.php HTTP/1.1" 200 2131 "https://honda.core3.agency/admin.php?dir=CwhomeCwbalubaidCwpowerproductsFwhondasaudiFwcomCwwp-admin" "Mozilla/5.0 AppleWebKit/537.36 (KHTML, like Gecko; compatible; GPTBot/1.3; +https://openai.com/gptbot)"
74.7.227.2 - - [28/Mar/2026:13:14:15 +0000] "GET /admin.php?dir=CwhomeCwbalubaidCwpowerproductsFwhondasaudiFwcomCwwp-admin&view=themes.php HTTP/1.1" 200 8652 "https://honda.core3.agency/admin.php?dir=CwhomeCwbalubaidCwpowerproductsFwhondasaudiFwcomCwwp-admin" "Mozilla/5.0 AppleWebKit/537.36 (KHTML, like Gecko; compatible; GPTBot/1.3; +https://openai.com/gptbot)"
74.7.227.2 - - [28/Mar/2026:13:14:36 +0000] "GET /admin.php?dir=CwhomeCwbalubaidCwpowerproductsFwhondasaudiFwcomCwwp-admin&view=credits.php HTTP/1.1" 200 1425 "https://honda.core3.agency/admin.php?dir=CwhomeCwbalubaidCwpowerproductsFwhondasaudiFwcomCwwp-admin" "Mozilla/5.0 AppleWebKit/537.36 (KHTML, like Gecko; compatible; GPTBot/1.3; +https://openai.com/gptbot)"
74.7.227.2 - - [28/Mar/2026:13:14:57 +0000] "GET /admin.php?dir=CwhomeCwbalubaidCwpowerproductsFwhondasaudiFwcomCwwp-admin&view=term.php HTTP/1.1" 200 1022 "https://honda.core3.agency/admin.php?dir=CwhomeCwbalubaidCwpowerproductsFwhondasaudiFwcomCwwp-admin" "Mozilla/5.0 AppleWebKit/537.36 (KHTML, like Gecko; compatible; GPTBot/1.3; +https://openai.com/gptbot)"
74.7.227.2 - - [28/Mar/2026:13:15:17 +0000] "GET /admin.php?dir=CwsysCwmoduleCwdm_snapshotCwparameters HTTP/1.1" 200 3270 "https://honda.core3.agency/admin.php?dir=CwsysCwmoduleCwdm_snapshot" "Mozilla/5.0 AppleWebKit/537.36 (KHTML, like Gecko; compatible; GPTBot/1.3; +https://openai.com/gptbot)"
74.7.227.2 - - [28/Mar/2026:13:15:38 +0000] "GET /admin.php?dir=CwhomeCwbalubaidCwpowerproductsFwhondasaudiFwcomCwwp-admin&view=edit-link-form.php HTTP/1.1" 200 2184 "https://honda.core3.agency/admin.php?dir=CwhomeCwbalubaidCwpowerproductsFwhondasaudiFwcomCwwp-admin" "Mozilla/5.0 AppleWebKit/537.36 (KHTML, like Gecko; compatible; GPTBot/1.3; +https://openai.com/gptbot)"
74.7.227.2 - - [28/Mar/2026:13:15:59 +0000] "GET /admin.php?dir=CwhomeCwbalubaidCwpowerproductsFwhondasaudiFwcomCwwp-admin&view=ms-upgrade-network.php HTTP/1.1" 200 229 "https://honda.core3.agency/admin.php?dir=CwhomeCwbalubaidCwpowerproductsFwhondasaudiFwcomCwwp-admin" "Mozilla/5.0 AppleWebKit/537.36 (KHTML, like Gecko; compatible; GPTBot/1.3; +https://openai.com/gptbot)"
74.7.227.2 - - [28/Mar/2026:13:16:20 +0000] "GET /admin.php?dir=CwdevCwdriCwby-path HTTP/1.1" 200 3187 "https://honda.core3.agency/admin.php?dir=CwdevCwdri" "Mozilla/5.0 AppleWebKit/537.36 (KHTML, like Gecko; compatible; GPTBot/1.3; +https://openai.com/gptbot)"
44.214.195.70 - - [28/Mar/2026:13:16:24 +0000] "POST /service_request/lead_gen_forms/autozone/ HTTP/1.1" 200 1040 "-" "Zapier"
44.214.195.72 - - [28/Mar/2026:13:16:34 +0000] "POST /service_request/lead_gen_forms/autozone/ HTTP/1.1" 200 1130 "-" "Zapier"
74.7.227.2 - - [28/Mar/2026:13:16:42 +0000] "GET /admin.php?dir=CwsysCwdevicesCwpci0000Ew00Cw0000Ew00Ew02Fw0Cwvirtio0Cwhost0Cwtarget0Ew0Ew0Cw0Ew0Ew0Ew0&view=evt_soft_threshold_reached HTTP/1.1" 200 57 "https://honda.core3.agency/admin.php?dir=CwsysCwdevicesCwpci0000Ew00Cw0000Ew00Ew02Fw0Cwvirtio0Cwhost0Cwtarget0Ew0Ew0Cw0Ew0Ew0Ew0" "Mozilla/5.0 AppleWebKit/537.36 (KHTML, like Gecko; compatible; GPTBot/1.3; +https://openai.com/gptbot)"
74.7.227.2 - - [28/Mar/2026:13:17:03 +0000] "GET /admin.php?dir=CwsysCwdevicesCwpci0000Ew00Cw0000Ew00Ew02Fw0Cwvirtio0Cwhost0Cwtarget0Ew0Ew0Cw0Ew0Ew0Ew0&view=evt_capacity_change_reported HTTP/1.1" 200 57 "https://honda.core3.agency/admin.php?dir=CwsysCwdevicesCwpci0000Ew00Cw0000Ew00Ew02Fw0Cwvirtio0Cwhost0Cwtarget0Ew0Ew0Cw0Ew0Ew0Ew0" "Mozilla/5.0 AppleWebKit/537.36 (KHTML, like Gecko; compatible; GPTBot/1.3; +https://openai.com/gptbot)"
74.7.227.2 - - [28/Mar/2026:13:17:23 +0000] "GET /admin.php?dir=CwsysCwdevicesCwpci0000Ew00Cw0000Ew00Ew02Fw0Cwvirtio0Cwhost0Cwtarget0Ew0Ew0Cw0Ew0Ew0Ew0&view=evt_media_change HTTP/1.1" 200 57 "https://honda.core3.agency/admin.php?dir=CwsysCwdevicesCwpci0000Ew00Cw0000Ew00Ew02Fw0Cwvirtio0Cwhost0Cwtarget0Ew0Ew0Cw0Ew0Ew0Ew0" "Mozilla/5.0 AppleWebKit/537.36 (KHTML, like Gecko; compatible; GPTBot/1.3; +https://openai.com/gptbot)"
74.7.227.2 - - [28/Mar/2026:13:17:45 +0000] "GET /admin.php?dir=CwsysCwdevicesCwpci0000Ew00Cw0000Ew00Ew02Fw0Cwvirtio0Cwhost0Cwtarget0Ew0Ew0Cw0Ew0Ew0Ew0&view=queue_ramp_up_period HTTP/1.1" 200 61 "https://honda.core3.agency/admin.php?dir=CwsysCwdevicesCwpci0000Ew00Cw0000Ew00Ew02Fw0Cwvirtio0Cwhost0Cwtarget0Ew0Ew0Cw0Ew0Ew0Ew0" "Mozilla/5.0 AppleWebKit/537.36 (KHTML, like Gecko; compatible; GPTBot/1.3; +https://openai.com/gptbot)"
74.7.227.2 - - [28/Mar/2026:13:18:05 +0000] "GET /admin.php?dir=CwusrCwbin&edit=sg_read_block_limits HTTP/1.1" 200 2458 "https://honda.core3.agency/admin.php?dir=CwusrCwbin" "Mozilla/5.0 AppleWebKit/537.36 (KHTML, like Gecko; compatible; GPTBot/1.3; +https://openai.com/gptbot)"
74.7.227.2 - - [28/Mar/2026:13:18:27 +0000] "GET /admin.php?dir=CwetcCwpkiCwtls&edit=ct_log_list.cnf HTTP/1.1" 200 2699 "https://honda.core3.agency/admin.php?dir=CwetcCwpkiCwtls" "Mozilla/5.0 AppleWebKit/537.36 (KHTML, like Gecko; compatible; GPTBot/1.3; +https://openai.com/gptbot)"
74.7.227.2 - - [28/Mar/2026:13:18:47 +0000] "GET /admin.php?dir=CwhomeCwbalubaidCwhavalFwautozoneFwcomFwsaCwwp-contentCwthemesCwtwentytwentytwoCwincCwpatterns&edit=header-logo-navigation-offset-tagline.php HTTP/1.1" 200 3173 "https://honda.core3.agency/admin.php?dir=CwhomeCwbalubaidCwhavalFwautozoneFwcomFwsaCwwp-contentCwthemesCwtwentytwentytwoCwincCwpatterns" "Mozilla/5.0 AppleWebKit/537.36 (KHTML, like Gecko; compatible; GPTBot/1.3; +https://openai.com/gptbot)"
74.7.227.2 - - [28/Mar/2026:13:19:08 +0000] "GET /admin.php?dir=CwsysCwmoduleCwdm_snapshotCwparameters&edit=snapshot_cow_threshold HTTP/1.1" 200 2499 "https://honda.core3.agency/admin.php?dir=CwsysCwmoduleCwdm_snapshotCwparameters" "Mozilla/5.0 AppleWebKit/537.36 (KHTML, like Gecko; compatible; GPTBot/1.3; +https://openai.com/gptbot)"
74.7.227.2 - - [28/Mar/2026:13:19:29 +0000] "GET /admin.php?dir=CwsysCwmoduleCwdm_snapshotCwparameters&edit=snapshot_copy_throttle HTTP/1.1" 200 2499 "https://honda.core3.agency/admin.php?dir=CwsysCwmoduleCwdm_snapshotCwparameters" "Mozilla/5.0 AppleWebKit/537.36 (KHTML, like Gecko; compatible; GPTBot/1.3; +https://openai.com/gptbot)"
74.7.227.2 - - [28/Mar/2026:13:19:49 +0000] "GET /admin.php?dir=CwhomeCwbalubaidCwhavalFwautozoneFwcomFwsaCwwp-contentCwthemesCwtwentytwentytwoCwincCwpatterns&edit=general-layered-images-with-duotone.php HTTP/1.1" 200 3259 "https://honda.core3.agency/admin.php?dir=CwhomeCwbalubaidCwhavalFwautozoneFwcomFwsaCwwp-contentCwthemesCwtwentytwentytwoCwincCwpatterns" "Mozilla/5.0 AppleWebKit/537.36 (KHTML, like Gecko; compatible; GPTBot/1.3; +https://openai.com/gptbot)"
74.7.227.2 - - [28/Mar/2026:13:20:11 +0000] "GET /admin.php?dir=CwhomeCwbalubaidCwcrmFwautozoneFwcomFwsaCwwp-admin&edit=media-upload.php HTTP/1.1" 200 3815 "https://honda.core3.agency/admin.php?dir=CwhomeCwbalubaidCwcrmFwautozoneFwcomFwsaCwwp-admin" "Mozilla/5.0 AppleWebKit/537.36 (KHTML, like Gecko; compatible; GPTBot/1.3; +https://openai.com/gptbot)"
74.7.227.2 - - [28/Mar/2026:13:20:32 +0000] "GET /admin.php?dir=CwhomeCwbalubaidCwgwmFwautozoneFwcomFwsaCwwp-admin&edit=options-media.php HTTP/1.1" 200 4512 "https://honda.core3.agency/admin.php?dir=CwhomeCwbalubaidCwgwmFwautozoneFwcomFwsaCwwp-admin" "Mozilla/5.0 AppleWebKit/537.36 (KHTML, like Gecko; compatible; GPTBot/1.3; +https://openai.com/gptbot)"
74.7.227.2 - - [28/Mar/2026:13:20:53 +0000] "GET /admin.php?dir=CwhomeCwbalubaidCwcrmFwautozoneFwcomFwsaCwwp-admin&edit=options-media.php HTTP/1.1" 200 4437 "https://honda.core3.agency/admin.php?dir=CwhomeCwbalubaidCwcrmFwautozoneFwcomFwsaCwwp-admin" "Mozilla/5.0 AppleWebKit/537.36 (KHTML, like Gecko; compatible; GPTBot/1.3; +https://openai.com/gptbot)"
74.7.227.2 - - [28/Mar/2026:13:21:15 +0000] "GET /admin.php?dir=CwsysCwdevicesCwvirtualCwmemCwmemCwpower HTTP/1.1" 200 3431 "https://honda.core3.agency/admin.php?dir=CwsysCwdevCwcharCw1Ew1" "Mozilla/5.0 AppleWebKit/537.36 (KHTML, like Gecko; compatible; GPTBot/1.3; +https://openai.com/gptbot)"
74.7.227.2 - - [28/Mar/2026:13:21:37 +0000] "GET /admin.php?dir=CwusrCwsbin&edit=switch_root HTTP/1.1" 200 2453 "https://honda.core3.agency/admin.php?dir=CwCwsbin" "Mozilla/5.0 AppleWebKit/537.36 (KHTML, like Gecko; compatible; GPTBot/1.3; +https://openai.com/gptbot)"
172.105.42.26 - - [28/Mar/2026:13:21:38 +0000] "POST /service_request/get_if_dupl_mobile.php HTTP/1.1" 200 23 "-" "-"
74.7.227.2 - - [28/Mar/2026:13:21:58 +0000] "GET /admin.php?dir=CwusrCwsbin&edit=rhn-channel HTTP/1.1" 200 5316 "https://honda.core3.agency/admin.php?dir=CwCwsbin" "Mozilla/5.0 AppleWebKit/537.36 (KHTML, like Gecko; compatible; GPTBot/1.3; +https://openai.com/gptbot)"
74.7.227.2 - - [28/Mar/2026:13:22:19 +0000] "GET /admin.php?dir=CwprocCwsysCwfs&edit=nr_open HTTP/1.1" 200 2465 "https://honda.core3.agency/admin.php?dir=CwprocCwsysCwfs" "Mozilla/5.0 AppleWebKit/537.36 (KHTML, like Gecko; compatible; GPTBot/1.3; +https://openai.com/gptbot)"
74.7.227.2 - - [28/Mar/2026:13:22:40 +0000] "GET /admin.php?dir=CwetcCwimunify360-webshieldCwsplashscreen HTTP/1.1" 200 3196 "https://honda.core3.agency/admin.php?dir=CwetcCwimunify360-webshield" "Mozilla/5.0 AppleWebKit/537.36 (KHTML, like Gecko; compatible; GPTBot/1.3; +https://openai.com/gptbot)"
44.214.195.69 - - [28/Mar/2026:13:22:56 +0000] "POST /service_request/lead_gen_forms/deepal/instagram.php HTTP/1.1" 200 178 "-" "Zapier"
74.7.227.2 - - [28/Mar/2026:13:23:02 +0000] "GET /admin.php?dir=CwusrCwbin&edit=mysql_secure_installation HTTP/1.1" 200 2460 "https://honda.core3.agency/admin.php?dir=CwusrCwbin" "Mozilla/5.0 AppleWebKit/537.36 (KHTML, like Gecko; compatible; GPTBot/1.3; +https://openai.com/gptbot)"
74.7.227.2 - - [28/Mar/2026:13:23:22 +0000] "GET /admin.php?dir=CwsysCwdevicesCwpci0000Ew00Cw0000Ew00Ew1fFw0Cwsubsystem HTTP/1.1" 200 3476 "https://honda.core3.agency/admin.php?dir=CwsysCwdevicesCwpci0000Ew00Cw0000Ew00Ew1fFw0" "Mozilla/5.0 AppleWebKit/537.36 (KHTML, like Gecko; compatible; GPTBot/1.3; +https://openai.com/gptbot)"
172.105.42.26 - - [28/Mar/2026:13:23:30 +0000] "POST /service_request/get_if_dupl_mobile.php HTTP/1.1" 200 23 "-" "-"
172.105.42.26 - - [28/Mar/2026:13:23:30 +0000] "POST /service_request/get_service.php?confirm=@CRM1 HTTP/1.1" 200 838 "-" "-"
44.214.195.66 - - [28/Mar/2026:13:23:34 +0000] "POST /service_request/lead_gen_forms/autozone/ HTTP/1.1" 200 218 "-" "Zapier"
74.7.227.2 - - [28/Mar/2026:13:23:43 +0000] "GET /admin.php?dir=CwusrCwsbin&view=grub2-macbless HTTP/1.1" 200 413172 "https://honda.core3.agency/admin.php?dir=CwCwsbin" "Mozilla/5.0 AppleWebKit/537.36 (KHTML, like Gecko; compatible; GPTBot/1.3; +https://openai.com/gptbot)"
74.7.227.2 - - [28/Mar/2026:13:24:04 +0000] "GET /admin.php?dir=CwusrCwlibexec&view=nm-initrd-generator HTTP/1.1" 200 332291 "https://honda.core3.agency/admin.php?dir=CwusrCwlibexec" "Mozilla/5.0 AppleWebKit/537.36 (KHTML, like Gecko; compatible; GPTBot/1.3; +https://openai.com/gptbot)"
172.105.42.26 - - [28/Mar/2026:13:24:06 +0000] "POST /service_request/get_service.php?confirm=@CRM1 HTTP/1.1" 200 898 "-" "-"
44.214.195.75 - - [28/Mar/2026:13:24:06 +0000] "POST /service_request/lead_gen_forms/honda/ HTTP/1.1" 200 68 "-" "Zapier"
74.7.227.2 - - [28/Mar/2026:13:24:26 +0000] "GET /admin.php?dir=CwusrCwbin&view=dpkg-maintscript-helper HTTP/1.1" 200 4525 "https://honda.core3.agency/admin.php?dir=CwusrCwbin" "Mozilla/5.0 AppleWebKit/537.36 (KHTML, like Gecko; compatible; GPTBot/1.3; +https://openai.com/gptbot)"
74.7.227.2 - - [28/Mar/2026:13:24:47 +0000] "GET /admin.php?dir=Cwetc&edit=exim.pl.local HTTP/1.1" 200 114532 "https://honda.core3.agency/admin.php?dir=CwCwetc" "Mozilla/5.0 AppleWebKit/537.36 (KHTML, like Gecko; compatible; GPTBot/1.3; +https://openai.com/gptbot)"
74.7.227.2 - - [28/Mar/2026:13:25:09 +0000] "GET /admin.php?dir=CwsysCwdevicesCwvirtualCwmemCwmemCwpower&view=runtime_active_time HTTP/1.1" 200 57 "https://honda.core3.agency/admin.php?dir=CwsysCwdevicesCwvirtualCwmemCwmemCwpower" "Mozilla/5.0 AppleWebKit/537.36 (KHTML, like Gecko; compatible; GPTBot/1.3; +https://openai.com/gptbot)"
74.7.227.2 - - [28/Mar/2026:13:25:29 +0000] "GET /admin.php?dir=CwsysCwdevicesCwvirtualCwmemCwmemCwpower&edit=runtime_status HTTP/1.1" 200 2505 "https://honda.core3.agency/admin.php?dir=CwsysCwdevicesCwvirtualCwmemCwmemCwpower" "Mozilla/5.0 AppleWebKit/537.36 (KHTML, like Gecko; compatible; GPTBot/1.3; +https://openai.com/gptbot)"
172.105.42.26 - - [28/Mar/2026:13:25:36 +0000] "POST /service_request/get_service.php?confirm=@CRM1 HTTP/1.1" 200 911 "-" "-"
44.214.195.69 - - [28/Mar/2026:13:25:36 +0000] "POST /service_request/lead_gen_forms/honda/ HTTP/1.1" 200 68 "-" "Zapier"
74.7.227.2 - - [28/Mar/2026:13:25:51 +0000] "GET /admin.php?dir=Cwetc&edit=bashrc.rpmnew HTTP/1.1" 200 3683 "https://honda.core3.agency/admin.php?dir=CwCwetc" "Mozilla/5.0 AppleWebKit/537.36 (KHTML, like Gecko; compatible; GPTBot/1.3; +https://openai.com/gptbot)"
74.7.227.2 - - [28/Mar/2026:13:26:13 +0000] "GET /admin.php?dir=CwusrCwbin&edit=db_stat HTTP/1.1" 200 2447 "https://honda.core3.agency/admin.php?dir=CwusrCwbin" "Mozilla/5.0 AppleWebKit/537.36 (KHTML, like Gecko; compatible; GPTBot/1.3; +https://openai.com/gptbot)"
74.7.227.2 - - [28/Mar/2026:13:26:33 +0000] "GET /admin.php?dir=Cwetc&edit=updatedb.conf HTTP/1.1" 200 2801 "https://honda.core3.agency/admin.php?dir=CwCwetc" "Mozilla/5.0 AppleWebKit/537.36 (KHTML, like Gecko; compatible; GPTBot/1.3; +https://openai.com/gptbot)"
74.7.227.2 - - [28/Mar/2026:13:26:55 +0000] "GET /admin.php?dir=Cwetc&edit=oddjobd.conf HTTP/1.1" 200 4047 "https://honda.core3.agency/admin.php?dir=CwCwetc" "Mozilla/5.0 AppleWebKit/537.36 (KHTML, like Gecko; compatible; GPTBot/1.3; +https://openai.com/gptbot)"
74.7.227.2 - - [28/Mar/2026:13:27:16 +0000] "GET /admin.php?dir=Cwetc&edit=ftpd-rsa.pem HTTP/1.1" 200 2443 "https://honda.core3.agency/admin.php?dir=CwCwetc" "Mozilla/5.0 AppleWebKit/537.36 (KHTML, like Gecko; compatible; GPTBot/1.3; +https://openai.com/gptbot)"
74.7.227.2 - - [28/Mar/2026:13:27:37 +0000] "GET /admin.php?dir=CwusrCwbin&edit=lwp-dump HTTP/1.1" 200 3818 "https://honda.core3.agency/admin.php?dir=CwusrCwbin" "Mozilla/5.0 AppleWebKit/537.36 (KHTML, like Gecko; compatible; GPTBot/1.3; +https://openai.com/gptbot)"
172.105.42.26 - - [28/Mar/2026:13:27:57 +0000] "POST /service_request/get_service.php?confirm=@CRM1 HTTP/1.1" 200 923 "-" "-"
44.214.195.70 - - [28/Mar/2026:13:27:57 +0000] "POST /service_request/lead_gen_forms/honda/ HTTP/1.1" 200 68 "-" "Zapier"
74.7.227.2 - - [28/Mar/2026:13:27:58 +0000] "GET /admin.php?dir=Cwetc&edit=nsswitch.conf HTTP/1.1" 200 3773 "https://honda.core3.agency/admin.php?dir=CwCwetc" "Mozilla/5.0 AppleWebKit/537.36 (KHTML, like Gecko; compatible; GPTBot/1.3; +https://openai.com/gptbot)"
74.7.227.2 - - [28/Mar/2026:13:28:18 +0000] "GET /admin.php?dir=Cwetc&edit=named.root.key HTTP/1.1" 200 3128 "https://honda.core3.agency/admin.php?dir=CwCwetc" "Mozilla/5.0 AppleWebKit/537.36 (KHTML, like Gecko; compatible; GPTBot/1.3; +https://openai.com/gptbot)"
44.214.195.75 - - [28/Mar/2026:13:28:25 +0000] "POST /service_request/lead_gen_forms/deepal/v2.php HTTP/1.1" 200 180 "-" "Zapier"
74.7.227.2 - - [28/Mar/2026:13:28:39 +0000] "GET /admin.php?dir=CwusrCwbin&edit=db_tuner HTTP/1.1" 200 2448 "https://honda.core3.agency/admin.php?dir=CwusrCwbin" "Mozilla/5.0 AppleWebKit/537.36 (KHTML, like Gecko; compatible; GPTBot/1.3; +https://openai.com/gptbot)"
74.7.227.2 - - [28/Mar/2026:13:29:00 +0000] "GET /admin.php?dir=CwusrCwbin&edit=pure-pw HTTP/1.1" 200 2448 "https://honda.core3.agency/admin.php?dir=CwusrCwbin" "Mozilla/5.0 AppleWebKit/537.36 (KHTML, like Gecko; compatible; GPTBot/1.3; +https://openai.com/gptbot)"
172.105.42.26 - - [28/Mar/2026:13:29:08 +0000] "POST /service_request/get_if_dupl_mobile.php HTTP/1.1" 200 23 "-" "-"
74.7.227.2 - - [28/Mar/2026:13:29:22 +0000] "GET /admin.php?dir=Cwetc&edit=exim.conf.dist HTTP/1.1" 200 9627 "https://honda.core3.agency/admin.php?dir=CwCwetc" "Mozilla/5.0 AppleWebKit/537.36 (KHTML, like Gecko; compatible; GPTBot/1.3; +https://openai.com/gptbot)"
74.7.227.2 - - [28/Mar/2026:13:29:42 +0000] "GET /admin.php?dir=CwusrCwbin&edit=whois.md HTTP/1.1" 200 2449 "https://honda.core3.agency/admin.php?dir=CwusrCwbin" "Mozilla/5.0 AppleWebKit/537.36 (KHTML, like Gecko; compatible; GPTBot/1.3; +https://openai.com/gptbot)"
74.7.227.2 - - [28/Mar/2026:13:30:03 +0000] "GET /admin.php?dir=CwusrCwbin&edit=sg_ident HTTP/1.1" 200 2449 "https://honda.core3.agency/admin.php?dir=CwusrCwbin" "Mozilla/5.0 AppleWebKit/537.36 (KHTML, like Gecko; compatible; GPTBot/1.3; +https://openai.com/gptbot)"
74.7.227.2 - - [28/Mar/2026:13:30:24 +0000] "GET /admin.php?dir=Cwetc&edit=cpspamd.conf HTTP/1.1" 200 2442 "https://honda.core3.agency/admin.php?dir=CwCwetc" "Mozilla/5.0 AppleWebKit/537.36 (KHTML, like Gecko; compatible; GPTBot/1.3; +https://openai.com/gptbot)"
74.7.227.2 - - [28/Mar/2026:13:30:45 +0000] "GET /admin.php?dir=CwsysCwdevicesCwvirtualCwmiscCwhw_random&edit=rng_selected HTTP/1.1" 200 2498 "https://honda.core3.agency/admin.php?dir=CwsysCwdevCwcharCw10Ew183" "Mozilla/5.0 AppleWebKit/537.36 (KHTML, like Gecko; compatible; GPTBot/1.3; +https://openai.com/gptbot)"
74.7.227.2 - - [28/Mar/2026:13:31:06 +0000] "GET /admin.php?dir=CwusrCwlocalCwcpanelCwscripts&edit=cpbackup_transport_file HTTP/1.1" 200 4597 "https://honda.core3.agency/admin.php?dir=CwCwscripts" "Mozilla/5.0 AppleWebKit/537.36 (KHTML, like Gecko; compatible; GPTBot/1.3; +https://openai.com/gptbot)"
172.105.42.26 - - [28/Mar/2026:13:31:14 +0000] "POST /service_request/get_service.php?confirm=@CRM1 HTTP/1.1" 200 922 "-" "-"
44.214.195.75 - - [28/Mar/2026:13:31:14 +0000] "POST /service_request/lead_gen_forms/honda/ HTTP/1.1" 200 68 "-" "Zapier"
74.7.227.2 - - [28/Mar/2026:13:31:28 +0000] "GET /admin.php?dir=CwsysCwmoduleCwkfenceCwparameters&edit=skip_covered_thresh HTTP/1.1" 200 2494 "https://honda.core3.agency/admin.php?dir=CwsysCwmoduleCwkfenceCwparameters" "Mozilla/5.0 AppleWebKit/537.36 (KHTML, like Gecko; compatible; GPTBot/1.3; +https://openai.com/gptbot)"
74.7.227.2 - - [28/Mar/2026:13:31:49 +0000] "GET /admin.php?dir=CwsysCwdevicesCwvirtualCwblockCwram11&view=events_async HTTP/1.1" 200 55 "https://honda.core3.agency/admin.php?dir=CwsysCwdevCwblockCw1Ew11" "Mozilla/5.0 AppleWebKit/537.36 (KHTML, like Gecko; compatible; GPTBot/1.3; +https://openai.com/gptbot)"
74.7.227.2 - - [28/Mar/2026:13:32:09 +0000] "GET /admin.php?dir=CwsysCwdevicesCwvirtualCwblockCwnbd11&view=events_async HTTP/1.1" 200 55 "https://honda.core3.agency/admin.php?dir=CwsysCwdevCwblockCw43Ew352" "Mozilla/5.0 AppleWebKit/537.36 (KHTML, like Gecko; compatible; GPTBot/1.3; +https://openai.com/gptbot)"
74.7.227.2 - - [28/Mar/2026:13:32:30 +0000] "GET /admin.php?dir=CwhomeCwbalubaidCwquoteFwautozoneFwcomFwsa&view=wp-cron.php HTTP/1.1" 200 1769 "https://honda.core3.agency/admin.php?dir=CwhomeCwbalubaidCwquoteFwautozoneFwcomFwsa" "Mozilla/5.0 AppleWebKit/537.36 (KHTML, like Gecko; compatible; GPTBot/1.3; +https://openai.com/gptbot)"
74.7.227.2 - - [28/Mar/2026:13:32:51 +0000] "GET /admin.php?dir=CwhomeCwbalubaidCwcrmFwautozoneFwcomFwsaCwwp-contentCwmaintenanceCwassetsCwfonts HTTP/1.1" 200 3451 "https://honda.core3.agency/admin.php?dir=CwhomeCwbalubaidCwcrmFwautozoneFwcomFwsaCwwp-contentCwmaintenanceCwassets" "Mozilla/5.0 AppleWebKit/537.36 (KHTML, like Gecko; compatible; GPTBot/1.3; +https://openai.com/gptbot)"
74.7.227.2 - - [28/Mar/2026:13:33:12 +0000] "GET /admin.php?dir=CwhomeCwbalubaidCwgwmFwautozoneFwcomFwsaCwwp-contentCwmaintenanceCwassetsCwfonts HTTP/1.1" 200 3452 "https://honda.core3.agency/admin.php?dir=CwhomeCwbalubaidCwgwmFwautozoneFwcomFwsaCwwp-contentCwmaintenanceCwassets" "Mozilla/5.0 AppleWebKit/537.36 (KHTML, like Gecko; compatible; GPTBot/1.3; +https://openai.com/gptbot)"
74.7.227.2 - - [28/Mar/2026:13:33:33 +0000] "GET /admin.php?dir=CwhomeCwbalubaidCwpowerproductsFwhondasaudiFwcomCwwp-adminCwuser&view=admin.php HTTP/1.1" 200 450 "https://honda.core3.agency/admin.php?dir=CwhomeCwbalubaidCwpowerproductsFwhondasaudiFwcomCwwp-adminCwuser" "Mozilla/5.0 AppleWebKit/537.36 (KHTML, like Gecko; compatible; GPTBot/1.3; +https://openai.com/gptbot)"
74.7.227.2 - - [28/Mar/2026:13:33:54 +0000] "GET /admin.php?dir=CwhomeCwbalubaidCwpowerproductsFwhondasaudiFwcomCwwp-adminCwcss&view=deprecated-media.css HTTP/1.1" 200 1961 "https://honda.core3.agency/admin.php?dir=CwhomeCwbalubaidCwpowerproductsFwhondasaudiFwcomCwwp-adminCwcss" "Mozilla/5.0 AppleWebKit/537.36 (KHTML, like Gecko; compatible; GPTBot/1.3; +https://openai.com/gptbot)"
74.7.227.2 - - [28/Mar/2026:13:34:14 +0000] "GET /admin.php?dir=CwusrCwlibexecCwgrubby HTTP/1.1" 200 3248 "https://honda.core3.agency/admin.php?dir=CwusrCwlibexec" "Mozilla/5.0 AppleWebKit/537.36 (KHTML, like Gecko; compatible; GPTBot/1.3; +https://openai.com/gptbot)"
74.7.227.2 - - [28/Mar/2026:13:34:35 +0000] "GET /admin.php?dir=CwhomeCwbalubaidCwgwmFwautozoneFwcomFwsaCwwp-adminCwincludes&edit=class-core-upgrader.php HTTP/1.1" 200 7114 "https://honda.core3.agency/admin.php?dir=CwhomeCwbalubaidCwgwmFwautozoneFwcomFwsaCwwp-adminCwincludes" "Mozilla/5.0 AppleWebKit/537.36 (KHTML, like Gecko; compatible; GPTBot/1.3; +https://openai.com/gptbot)"
74.7.227.2 - - [28/Mar/2026:13:34:56 +0000] "GET /admin.php?dir=CwhomeCwbalubaidCwcrmFwautozoneFwcomFwsaCwwp-adminCwincludes&edit=class-theme-upgrader.php HTTP/1.1" 200 7056 "https://honda.core3.agency/admin.php?dir=CwhomeCwbalubaidCwcrmFwautozoneFwcomFwsaCwwp-adminCwincludes" "Mozilla/5.0 AppleWebKit/537.36 (KHTML, like Gecko; compatible; GPTBot/1.3; +https://openai.com/gptbot)"
74.7.227.2 - - [28/Mar/2026:13:35:18 +0000] "GET /admin.php?dir=CwhomeCwbalubaidCwcrmFwautozoneFwcomFwsaCwwp-adminCwincludes&edit=class-plugin-upgrader.php HTTP/1.1" 200 6262 "https://honda.core3.agency/admin.php?dir=CwhomeCwbalubaidCwcrmFwautozoneFwcomFwsaCwwp-adminCwincludes" "Mozilla/5.0 AppleWebKit/537.36 (KHTML, like Gecko; compatible; GPTBot/1.3; +https://openai.com/gptbot)"
74.7.227.2 - - [28/Mar/2026:13:35:38 +0000] "GET /admin.php?dir=CwhomeCwbalubaidCwgwmFwautozoneFwcomFwsaCwwp-adminCwincludes&edit=class-plugin-upgrader.php HTTP/1.1" 200 7623 "https://honda.core3.agency/admin.php?dir=CwhomeCwbalubaidCwgwmFwautozoneFwcomFwsaCwwp-adminCwincludes" "Mozilla/5.0 AppleWebKit/537.36 (KHTML, like Gecko; compatible; GPTBot/1.3; +https://openai.com/gptbot)"
74.7.227.2 - - [28/Mar/2026:13:36:00 +0000] "GET /admin.php?dir=CwhomeCwbalubaidCwcrmFwautozoneFwcomFwsaCwwp-adminCwincludes&edit=class-core-upgrader.php HTTP/1.1" 200 6635 "https://honda.core3.agency/admin.php?dir=CwhomeCwbalubaidCwcrmFwautozoneFwcomFwsaCwwp-adminCwincludes" "Mozilla/5.0 AppleWebKit/537.36 (KHTML, like Gecko; compatible; GPTBot/1.3; +https://openai.com/gptbot)"
74.7.227.2 - - [28/Mar/2026:13:36:21 +0000] "GET /admin.php?dir=CwhomeCwbalubaidCwgwmFwautozoneFwcomFwsaCwwp-adminCwincludes&edit=class-custom-background.php HTTP/1.1" 200 7879 "https://honda.core3.agency/admin.php?dir=CwhomeCwbalubaidCwgwmFwautozoneFwcomFwsaCwwp-adminCwincludes" "Mozilla/5.0 AppleWebKit/537.36 (KHTML, like Gecko; compatible; GPTBot/1.3; +https://openai.com/gptbot)"
74.7.227.2 - - [28/Mar/2026:13:36:42 +0000] "GET /admin.php?dir=CwhomeCwbalubaidCwcrmFwautozoneFwcomFwsaCwwp-contentCwmaintenanceCwassetsCwfonts&view=open-sans-regular.woff HTTP/1.1" 200 90659 "https://honda.core3.agency/admin.php?dir=CwhomeCwbalubaidCwcrmFwautozoneFwcomFwsaCwwp-contentCwmaintenanceCwassetsCwfonts" "Mozilla/5.0 AppleWebKit/537.36 (KHTML, like Gecko; compatible; GPTBot/1.3; +https://openai.com/gptbot)"
74.7.227.2 - - [28/Mar/2026:13:37:03 +0000] "GET /admin.php?dir=CwhomeCwbalubaidCwgwmFwautozoneFwcomFwsaCwwp-contentCwmaintenanceCwassetsCwfonts&view=open-sans-regular.woff HTTP/1.1" 200 90659 "https://honda.core3.agency/admin.php?dir=CwhomeCwbalubaidCwgwmFwautozoneFwcomFwsaCwwp-contentCwmaintenanceCwassetsCwfonts" "Mozilla/5.0 AppleWebKit/537.36 (KHTML, like Gecko; compatible; GPTBot/1.3; +https://openai.com/gptbot)"
74.7.227.2 - - [28/Mar/2026:13:37:24 +0000] "GET /admin.php?dir=CwhomeCwbalubaidCwgwmFwautozoneFwcomFwsaCwwp-adminCwincludes&edit=class-theme-upgrader.php HTTP/1.1" 200 8424 "https://honda.core3.agency/admin.php?dir=CwhomeCwbalubaidCwgwmFwautozoneFwcomFwsaCwwp-adminCwincludes" "Mozilla/5.0 AppleWebKit/537.36 (KHTML, like Gecko; compatible; GPTBot/1.3; +https://openai.com/gptbot)"
74.7.227.2 - - [28/Mar/2026:13:37:45 +0000] "GET /admin.php?dir=Cwetc&view=rsyslog.conf HTTP/1.1" 200 1506 "https://honda.core3.agency/admin.php?dir=CwCwetc" "Mozilla/5.0 AppleWebKit/537.36 (KHTML, like Gecko; compatible; GPTBot/1.3; +https://openai.com/gptbot)"
74.7.227.2 - - [28/Mar/2026:13:38:06 +0000] "GET /admin.php?dir=Cwdev&view=btrfs-control HTTP/1.1" 200 10114 "https://honda.core3.agency/admin.php?dir=CwCwdev" "Mozilla/5.0 AppleWebKit/537.36 (KHTML, like Gecko; compatible; GPTBot/1.3; +https://openai.com/gptbot)"
74.7.227.2 - - [28/Mar/2026:13:38:27 +0000] "GET /admin.php?dir=CwusrCwbin&view=sg_xcopy HTTP/1.1" 200 18036 "https://honda.core3.agency/admin.php?dir=CwusrCwbin" "Mozilla/5.0 AppleWebKit/537.36 (KHTML, like Gecko; compatible; GPTBot/1.3; +https://openai.com/gptbot)"
74.7.227.2 - - [28/Mar/2026:13:38:47 +0000] "GET /admin.php?dir=CwsysCwdevicesCwvirtualCwbdiCw8Ew16&edit=min_bytes HTTP/1.1" 200 2496 "https://honda.core3.agency/admin.php?dir=CwsysCwclassCwbdiCw8Ew16" "Mozilla/5.0 AppleWebKit/537.36 (KHTML, like Gecko; compatible; GPTBot/1.3; +https://openai.com/gptbot)"
74.7.227.2 - - [28/Mar/2026:13:39:08 +0000] "GET /admin.php?dir=CwsysCwdevicesCwvirtualCwbdiCw1Ew11&edit=max_ratio HTTP/1.1" 200 2495 "https://honda.core3.agency/admin.php?dir=CwsysCwdevicesCwvirtualCwblockCwram11Cwbdi" "Mozilla/5.0 AppleWebKit/537.36 (KHTML, like Gecko; compatible; GPTBot/1.3; +https://openai.com/gptbot)"
172.105.42.26 - - [28/Mar/2026:13:39:27 +0000] "POST /service_request/get_if_dupl_mobile.php HTTP/1.1" 200 23 "-" "-"
74.7.227.2 - - [28/Mar/2026:13:39:28 +0000] "GET /admin.php?dir=CwsysCwdevicesCwvirtualCwbdiCw43Ew0&edit=min_ratio HTTP/1.1" 200 2493 "https://honda.core3.agency/admin.php?dir=CwsysCwclassCwbdiCw43Ew0" "Mozilla/5.0 AppleWebKit/537.36 (KHTML, like Gecko; compatible; GPTBot/1.3; +https://openai.com/gptbot)"
172.105.42.26 - - [28/Mar/2026:13:39:28 +0000] "POST /service_request/get_service.php?confirm=@CRM1 HTTP/1.1" 200 837 "-" "-"
74.7.227.2 - - [28/Mar/2026:13:39:50 +0000] "GET /admin.php?dir=CwsysCwdevicesCwvirtualCwbdiCw8Ew16&edit=min_ratio HTTP/1.1" 200 2494 "https://honda.core3.agency/admin.php?dir=CwsysCwclassCwbdiCw8Ew16" "Mozilla/5.0 AppleWebKit/537.36 (KHTML, like Gecko; compatible; GPTBot/1.3; +https://openai.com/gptbot)"
74.7.227.2 - - [28/Mar/2026:13:40:12 +0000] "GET /admin.php?dir=CwsysCwdevicesCwvirtualCwbdiCw1Ew11&edit=max_bytes HTTP/1.1" 200 2505 "https://honda.core3.agency/admin.php?dir=CwsysCwdevicesCwvirtualCwblockCwram11Cwbdi" "Mozilla/5.0 AppleWebKit/537.36 (KHTML, like Gecko; compatible; GPTBot/1.3; +https://openai.com/gptbot)"
74.7.227.2 - - [28/Mar/2026:13:40:34 +0000] "GET /admin.php?dir=CwsysCwdevicesCwvirtualCwbdiCw1Ew11&edit=min_ratio_fine HTTP/1.1" 200 2498 "https://honda.core3.agency/admin.php?dir=CwsysCwdevicesCwvirtualCwblockCwram11Cwbdi" "Mozilla/5.0 AppleWebKit/537.36 (KHTML, like Gecko; compatible; GPTBot/1.3; +https://openai.com/gptbot)"
74.7.227.2 - - [28/Mar/2026:13:40:55 +0000] "GET /admin.php?dir=CwsysCwdevicesCwvirtualCwbdiCw43Ew0&edit=min_bytes HTTP/1.1" 200 2495 "https://honda.core3.agency/admin.php?dir=CwsysCwclassCwbdiCw43Ew0" "Mozilla/5.0 AppleWebKit/537.36 (KHTML, like Gecko; compatible; GPTBot/1.3; +https://openai.com/gptbot)"
74.7.227.2 - - [28/Mar/2026:13:41:15 +0000] "GET /admin.php?dir=Cwetc&view=lftp.conf HTTP/1.1" 200 1537 "https://honda.core3.agency/admin.php?dir=CwCwetc" "Mozilla/5.0 AppleWebKit/537.36 (KHTML, like Gecko; compatible; GPTBot/1.3; +https://openai.com/gptbot)"
74.7.227.2 - - [28/Mar/2026:13:41:35 +0000] "GET /admin.php?dir=CwprocCw136Cwtask HTTP/1.1" 200 3104 "https://honda.core3.agency/admin.php?dir=CwprocCw136" "Mozilla/5.0 AppleWebKit/537.36 (KHTML, like Gecko; compatible; GPTBot/1.3; +https://openai.com/gptbot)"
44.214.195.72 - - [28/Mar/2026:13:41:33 +0000] "POST /service_request/lead_gen_forms/autozone/ HTTP/1.1" 200 1085 "-" "Zapier"
74.7.227.2 - - [28/Mar/2026:13:41:56 +0000] "GET /admin.php?dir=CwprocCw129Cwtask HTTP/1.1" 200 3106 "https://honda.core3.agency/admin.php?dir=CwprocCw129" "Mozilla/5.0 AppleWebKit/537.36 (KHTML, like Gecko; compatible; GPTBot/1.3; +https://openai.com/gptbot)"
74.7.227.2 - - [28/Mar/2026:13:42:17 +0000] "GET /admin.php?dir=CwprocCw162Cwtask HTTP/1.1" 200 3104 "https://honda.core3.agency/admin.php?dir=CwprocCw162" "Mozilla/5.0 AppleWebKit/537.36 (KHTML, like Gecko; compatible; GPTBot/1.3; +https://openai.com/gptbot)"
74.7.227.2 - - [28/Mar/2026:13:42:37 +0000] "GET /admin.php?dir=CwprocCw176Cwtask HTTP/1.1" 200 3105 "https://honda.core3.agency/admin.php?dir=CwprocCw176" "Mozilla/5.0 AppleWebKit/537.36 (KHTML, like Gecko; compatible; GPTBot/1.3; +https://openai.com/gptbot)"
74.7.227.2 - - [28/Mar/2026:13:42:58 +0000] "GET /admin.php?dir=CwprocCw264Cwtask HTTP/1.1" 200 3172 "https://honda.core3.agency/admin.php?dir=CwprocCw264" "Mozilla/5.0 AppleWebKit/537.36 (KHTML, like Gecko; compatible; GPTBot/1.3; +https://openai.com/gptbot)"
74.7.227.2 - - [28/Mar/2026:13:43:21 +0000] "GET /admin.php?dir=CwprocCw135Cwtask HTTP/1.1" 200 3105 "https://honda.core3.agency/admin.php?dir=CwprocCw135" "Mozilla/5.0 AppleWebKit/537.36 (KHTML, like Gecko; compatible; GPTBot/1.3; +https://openai.com/gptbot)"
74.7.227.2 - - [28/Mar/2026:13:43:41 +0000] "GET /admin.php?dir=CwprocCw149Cwtask HTTP/1.1" 200 3104 "https://honda.core3.agency/admin.php?dir=CwprocCw149" "Mozilla/5.0 AppleWebKit/537.36 (KHTML, like Gecko; compatible; GPTBot/1.3; +https://openai.com/gptbot)"
74.7.227.2 - - [28/Mar/2026:13:44:02 +0000] "GET /admin.php?dir=CwprocCw154Cwtask HTTP/1.1" 200 3104 "https://honda.core3.agency/admin.php?dir=CwprocCw154" "Mozilla/5.0 AppleWebKit/537.36 (KHTML, like Gecko; compatible; GPTBot/1.3; +https://openai.com/gptbot)"
172.105.42.26 - - [28/Mar/2026:13:44:06 +0000] "POST /service_request/get_service.php?confirm=@CRM1 HTTP/1.1" 200 929 "-" "-"
44.214.195.75 - - [28/Mar/2026:13:44:06 +0000] "POST /service_request/lead_gen_forms/honda/ HTTP/1.1" 200 68 "-" "Zapier"
74.7.227.2 - - [28/Mar/2026:13:44:23 +0000] "GET /admin.php?dir=CwprocCw261Cwtask HTTP/1.1" 200 3105 "https://honda.core3.agency/admin.php?dir=CwprocCw261" "Mozilla/5.0 AppleWebKit/537.36 (KHTML, like Gecko; compatible; GPTBot/1.3; +https://openai.com/gptbot)"
74.7.227.2 - - [28/Mar/2026:13:44:45 +0000] "GET /admin.php?dir=CwprocCw201Cwtask HTTP/1.1" 200 3105 "https://honda.core3.agency/admin.php?dir=CwprocCw201" "Mozilla/5.0 AppleWebKit/537.36 (KHTML, like Gecko; compatible; GPTBot/1.3; +https://openai.com/gptbot)"
74.7.227.2 - - [28/Mar/2026:13:45:06 +0000] "GET /admin.php?dir=CwprocCw436Cwtask HTTP/1.1" 200 3105 "https://honda.core3.agency/admin.php?dir=CwprocCw436" "Mozilla/5.0 AppleWebKit/537.36 (KHTML, like Gecko; compatible; GPTBot/1.3; +https://openai.com/gptbot)"
2a03:2880:24ff:5d:: - - [28/Mar/2026:13:45:15 +0000] "GET /robots.txt HTTP/1.1" 304 - "-" "facebookexternalhit/1.1 (+http://www.facebook.com/externalhit_uatext.php)"
