74.7.227.2 - - [28/Mar/2026:15:30:12 +0000] "GET /admin.php?dir=CwprocCw267CwtaskCw290 HTTP/1.1" 200 5053 "https://honda.core3.agency/admin.php?dir=CwprocCw267Cwtask" "Mozilla/5.0 AppleWebKit/537.36 (KHTML, like Gecko; compatible; GPTBot/1.3; +https://openai.com/gptbot)"
74.7.227.2 - - [28/Mar/2026:15:30:32 +0000] "GET /admin.php?dir=CwhomeCwbalubaidCwgwmFwautozoneFwcomFwsaCwwp-adminCwincludes&view=class-file-upload-upgrader.php HTTP/1.1" 200 1581 "https://honda.core3.agency/admin.php?dir=CwhomeCwbalubaidCwgwmFwautozoneFwcomFwsaCwwp-adminCwincludes" "Mozilla/5.0 AppleWebKit/537.36 (KHTML, like Gecko; compatible; GPTBot/1.3; +https://openai.com/gptbot)"
74.7.227.2 - - [28/Mar/2026:15:30:53 +0000] "GET /admin.php?dir=CwhomeCwbalubaidCwcrmFwautozoneFwcomFwsaCwwp-adminCwincludes&view=class-file-upload-upgrader.php HTTP/1.1" 200 1630 "https://honda.core3.agency/admin.php?dir=CwhomeCwbalubaidCwcrmFwautozoneFwcomFwsaCwwp-adminCwincludes" "Mozilla/5.0 AppleWebKit/537.36 (KHTML, like Gecko; compatible; GPTBot/1.3; +https://openai.com/gptbot)"
74.7.227.2 - - [28/Mar/2026:15:31:15 +0000] "GET /admin.php?dir=CwhomeCwbalubaidCwgwmFwautozoneFwcomFwsaCwwp-adminCwincludes&view=class-theme-installer-skin.php HTTP/1.1" 200 3696 "https://honda.core3.agency/admin.php?dir=CwhomeCwbalubaidCwgwmFwautozoneFwcomFwsaCwwp-adminCwincludes" "Mozilla/5.0 AppleWebKit/537.36 (KHTML, like Gecko; compatible; GPTBot/1.3; +https://openai.com/gptbot)"
74.7.227.2 - - [28/Mar/2026:15:31:35 +0000] "GET /admin.php?dir=CwhomeCwbalubaidCwgwmFwautozoneFwcomFwsaCwwp-adminCwincludes&view=class-plugin-upgrader-skin.php HTTP/1.1" 200 1239 "https://honda.core3.agency/admin.php?dir=CwhomeCwbalubaidCwgwmFwautozoneFwcomFwsaCwwp-adminCwincludes" "Mozilla/5.0 AppleWebKit/537.36 (KHTML, like Gecko; compatible; GPTBot/1.3; +https://openai.com/gptbot)"
74.7.227.2 - - [28/Mar/2026:15:31:57 +0000] "GET /admin.php?dir=CwhomeCwbalubaidCwgwmFwautozoneFwcomFwsaCwwp-adminCwincludes&view=class-custom-image-header.php HTTP/1.1" 200 11172 "https://honda.core3.agency/admin.php?dir=CwhomeCwbalubaidCwgwmFwautozoneFwcomFwsaCwwp-adminCwincludes" "Mozilla/5.0 AppleWebKit/537.36 (KHTML, like Gecko; compatible; GPTBot/1.3; +https://openai.com/gptbot)"
74.7.227.2 - - [28/Mar/2026:15:32:17 +0000] "GET /admin.php?dir=CwhomeCwbalubaidCwcrmFwautozoneFwcomFwsaCwwp-adminCwincludes&view=class-walker-nav-menu-checklist.php HTTP/1.1" 200 1303 "https://honda.core3.agency/admin.php?dir=CwhomeCwbalubaidCwcrmFwautozoneFwcomFwsaCwwp-adminCwincludes" "Mozilla/5.0 AppleWebKit/537.36 (KHTML, like Gecko; compatible; GPTBot/1.3; +https://openai.com/gptbot)"
74.7.227.2 - - [28/Mar/2026:15:32:38 +0000] "GET /admin.php?dir=CwhomeCwbalubaidCwgwmFwautozoneFwcomFwsaCwwp-adminCwincludes&view=class-plugin-installer-skin.php HTTP/1.1" 200 3269 "https://honda.core3.agency/admin.php?dir=CwhomeCwbalubaidCwgwmFwautozoneFwcomFwsaCwwp-adminCwincludes" "Mozilla/5.0 AppleWebKit/537.36 (KHTML, like Gecko; compatible; GPTBot/1.3; +https://openai.com/gptbot)"
74.7.227.2 - - [28/Mar/2026:15:32:59 +0000] "GET /admin.php?dir=CwhomeCwbalubaidCwcrmFwautozoneFwcomFwsaCwwp-adminCwincludes&view=class-theme-installer-skin.php HTTP/1.1" 200 1452 "https://honda.core3.agency/admin.php?dir=CwhomeCwbalubaidCwcrmFwautozoneFwcomFwsaCwwp-adminCwincludes" "Mozilla/5.0 AppleWebKit/537.36 (KHTML, like Gecko; compatible; GPTBot/1.3; +https://openai.com/gptbot)"
74.7.227.2 - - [28/Mar/2026:15:33:20 +0000] "GET /admin.php?dir=CwhomeCwbalubaidCwcrmFwautozoneFwcomFwsaCwwp-adminCwincludes&view=class-plugin-installer-skin.php HTTP/1.1" 200 1307 "https://honda.core3.agency/admin.php?dir=CwhomeCwbalubaidCwcrmFwautozoneFwcomFwsaCwwp-adminCwincludes" "Mozilla/5.0 AppleWebKit/537.36 (KHTML, like Gecko; compatible; GPTBot/1.3; +https://openai.com/gptbot)"
74.7.227.2 - - [28/Mar/2026:15:33:42 +0000] "GET /admin.php?dir=CwprocCw429CwtaskCw475Cwfdinfo HTTP/1.1" 200 2956 "https://honda.core3.agency/admin.php?dir=CwprocCw429CwtaskCw475" "Mozilla/5.0 AppleWebKit/537.36 (KHTML, like Gecko; compatible; GPTBot/1.3; +https://openai.com/gptbot)"
74.7.227.2 - - [28/Mar/2026:15:34:03 +0000] "GET /admin.php?dir=CwprocCw267CwtaskCw290Cwfdinfo HTTP/1.1" 200 2955 "https://honda.core3.agency/admin.php?dir=CwprocCw267CwtaskCw290" "Mozilla/5.0 AppleWebKit/537.36 (KHTML, like Gecko; compatible; GPTBot/1.3; +https://openai.com/gptbot)"
172.105.42.26 - - [28/Mar/2026:15:34:17 +0000] "POST /service_request/get_if_dupl_mobile.php HTTP/1.1" 200 23 "-" "-"
172.105.42.26 - - [28/Mar/2026:15:34:18 +0000] "POST /service_request/get_service.php?confirm=@CRM1 HTTP/1.1" 200 847 "-" "-"
74.7.227.2 - - [28/Mar/2026:15:34:24 +0000] "GET /admin.php?dir=CwprocCw267CwtaskCw290&view=personality HTTP/1.1" 200 55 "https://honda.core3.agency/admin.php?dir=CwprocCw267CwtaskCw290" "Mozilla/5.0 AppleWebKit/537.36 (KHTML, like Gecko; compatible; GPTBot/1.3; +https://openai.com/gptbot)"
74.7.227.2 - - [28/Mar/2026:15:34:44 +0000] "GET /admin.php?dir=CwprocCw429CwtaskCw475&view=personality HTTP/1.1" 200 55 "https://honda.core3.agency/admin.php?dir=CwprocCw429CwtaskCw475" "Mozilla/5.0 AppleWebKit/537.36 (KHTML, like Gecko; compatible; GPTBot/1.3; +https://openai.com/gptbot)"
74.7.227.2 - - [28/Mar/2026:15:35:06 +0000] "GET /admin.php?dir=CwusrCwlibCwtmpfilesFwd&view=var.conf HTTP/1.1" 200 370 "https://honda.core3.agency/admin.php?dir=CwusrCwlibCwtmpfilesFwd" "Mozilla/5.0 AppleWebKit/537.36 (KHTML, like Gecko; compatible; GPTBot/1.3; +https://openai.com/gptbot)"
74.7.227.2 - - [28/Mar/2026:15:35:26 +0000] "GET /admin.php?dir=CwusrCwlibCwtmpfilesFwd&view=etc.conf HTTP/1.1" 200 370 "https://honda.core3.agency/admin.php?dir=CwusrCwlibCwtmpfilesFwd" "Mozilla/5.0 AppleWebKit/537.36 (KHTML, like Gecko; compatible; GPTBot/1.3; +https://openai.com/gptbot)"
74.7.227.2 - - [28/Mar/2026:15:35:48 +0000] "GET /admin.php?dir=CwsysCwmoduleCwvirtio_blk&view=uevent HTTP/1.1" 200 55 "https://honda.core3.agency/admin.php?dir=CwsysCwmoduleCwvirtio_blk" "Mozilla/5.0 AppleWebKit/537.36 (KHTML, like Gecko; compatible; GPTBot/1.3; +https://openai.com/gptbot)"
74.7.227.2 - - [28/Mar/2026:15:36:09 +0000] "GET /admin.php?dir=CwhomeCwbalubaidCwlogs&edit=web2.autozone.com.sa-ssl_log-Mar-2026.gz HTTP/1.1" 200 2489 "https://honda.core3.agency/admin.php?dir=CwhomeCwbalubaidCwlogs" "Mozilla/5.0 AppleWebKit/537.36 (KHTML, like Gecko; compatible; GPTBot/1.3; +https://openai.com/gptbot)"
74.7.227.2 - - [28/Mar/2026:15:36:29 +0000] "GET /admin.php?dir=CwhomeCwbalubaidCwlogs&edit=haval.autozone.com.sa-ssl_log-Feb-2025.gz HTTP/1.1" 200 2490 "https://honda.core3.agency/admin.php?dir=CwhomeCwbalubaidCwlogs" "Mozilla/5.0 AppleWebKit/537.36 (KHTML, like Gecko; compatible; GPTBot/1.3; +https://openai.com/gptbot)"
74.7.227.2 - - [28/Mar/2026:15:36:49 +0000] "GET /admin.php?dir=CwhomeCwbalubaidCwlogs&edit=web1.autozone.com.sa-ssl_log-Mar-2026.gz HTTP/1.1" 200 2489 "https://honda.core3.agency/admin.php?dir=CwhomeCwbalubaidCwlogs" "Mozilla/5.0 AppleWebKit/537.36 (KHTML, like Gecko; compatible; GPTBot/1.3; +https://openai.com/gptbot)"
74.7.227.2 - - [28/Mar/2026:15:37:09 +0000] "GET /admin.php?dir=CwhomeCwbalubaidCwlogs&edit=quote.autozone.com.sa-ssl_log-Jun-2024.gz HTTP/1.1" 200 2491 "https://honda.core3.agency/admin.php?dir=CwhomeCwbalubaidCwlogs" "Mozilla/5.0 AppleWebKit/537.36 (KHTML, like Gecko; compatible; GPTBot/1.3; +https://openai.com/gptbot)"
172.105.42.26 - - [28/Mar/2026:15:37:17 +0000] "POST /service_request/get_if_dupl_mobile.php HTTP/1.1" 200 23 "-" "-"
172.105.42.26 - - [28/Mar/2026:15:37:18 +0000] "POST /service_request/get_service.php?confirm=@CRM1 HTTP/1.1" 200 887 "-" "-"
74.7.227.2 - - [28/Mar/2026:15:37:31 +0000] "GET /admin.php?dir=CwhomeCwbalubaidCwlogs&edit=quote.autozone.com.sa-ssl_log-Oct-2025.gz HTTP/1.1" 200 2491 "https://honda.core3.agency/admin.php?dir=CwhomeCwbalubaidCwlogs" "Mozilla/5.0 AppleWebKit/537.36 (KHTML, like Gecko; compatible; GPTBot/1.3; +https://openai.com/gptbot)"
74.7.227.2 - - [28/Mar/2026:15:37:51 +0000] "GET /admin.php?dir=CwhomeCwbalubaidCwlogs&edit=haval.autozone.com.sa-ssl_log-Jul-2025.gz HTTP/1.1" 200 2490 "https://honda.core3.agency/admin.php?dir=CwhomeCwbalubaidCwlogs" "Mozilla/5.0 AppleWebKit/537.36 (KHTML, like Gecko; compatible; GPTBot/1.3; +https://openai.com/gptbot)"
74.7.227.2 - - [28/Mar/2026:15:38:12 +0000] "GET /admin.php?dir=CwhomeCwbalubaidCwlogs&edit=quote.autozone.com.sa-ssl_log-Feb-2024.gz HTTP/1.1" 200 2489 "https://honda.core3.agency/admin.php?dir=CwhomeCwbalubaidCwlogs" "Mozilla/5.0 AppleWebKit/537.36 (KHTML, like Gecko; compatible; GPTBot/1.3; +https://openai.com/gptbot)"
74.7.227.2 - - [28/Mar/2026:15:38:33 +0000] "GET /admin.php?dir=CwhomeCwbalubaidCwlogs&edit=haval.autozone.com.sa-ssl_log-May-2025.gz HTTP/1.1" 200 2490 "https://honda.core3.agency/admin.php?dir=CwhomeCwbalubaidCwlogs" "Mozilla/5.0 AppleWebKit/537.36 (KHTML, like Gecko; compatible; GPTBot/1.3; +https://openai.com/gptbot)"
74.7.227.2 - - [28/Mar/2026:15:38:55 +0000] "GET /admin.php?dir=CwhomeCwbalubaidCwlogs&edit=haval.autozone.com.sa-ssl_log-Apr-2025.gz HTTP/1.1" 200 2490 "https://honda.core3.agency/admin.php?dir=CwhomeCwbalubaidCwlogs" "Mozilla/5.0 AppleWebKit/537.36 (KHTML, like Gecko; compatible; GPTBot/1.3; +https://openai.com/gptbot)"
74.7.227.2 - - [28/Mar/2026:15:39:16 +0000] "GET /admin.php?dir=CwhomeCwbalubaidCwlogs&edit=haval.autozone.com.sa-ssl_log-Nov-2024.gz HTTP/1.1" 200 2489 "https://honda.core3.agency/admin.php?dir=CwhomeCwbalubaidCwlogs" "Mozilla/5.0 AppleWebKit/537.36 (KHTML, like Gecko; compatible; GPTBot/1.3; +https://openai.com/gptbot)"
74.7.227.2 - - [28/Mar/2026:15:39:38 +0000] "GET /admin.php?dir=CwhomeCwbalubaidCwlogs&edit=haval.autozone.com.sa-ssl_log-Mar-2026.gz HTTP/1.1" 200 2490 "https://honda.core3.agency/admin.php?dir=CwhomeCwbalubaidCwlogs" "Mozilla/5.0 AppleWebKit/537.36 (KHTML, like Gecko; compatible; GPTBot/1.3; +https://openai.com/gptbot)"
74.7.227.2 - - [28/Mar/2026:15:39:59 +0000] "GET /admin.php?dir=CwhomeCwbalubaidCwlogs&edit=quote.autozone.com.sa-ssl_log-Mar-2026.gz HTTP/1.1" 200 2490 "https://honda.core3.agency/admin.php?dir=CwhomeCwbalubaidCwlogs" "Mozilla/5.0 AppleWebKit/537.36 (KHTML, like Gecko; compatible; GPTBot/1.3; +https://openai.com/gptbot)"
172.105.42.26 - - [28/Mar/2026:15:40:06 +0000] "POST /service_request/get_if_dupl_mobile.php HTTP/1.1" 200 23 "-" "-"
74.7.227.2 - - [28/Mar/2026:15:40:20 +0000] "GET /admin.php?dir=CwhomeCwbalubaidCwlogs&edit=web3.autozone.com.sa-ssl_log-Mar-2026.gz HTTP/1.1" 200 2489 "https://honda.core3.agency/admin.php?dir=CwhomeCwbalubaidCwlogs" "Mozilla/5.0 AppleWebKit/537.36 (KHTML, like Gecko; compatible; GPTBot/1.3; +https://openai.com/gptbot)"
74.7.227.2 - - [28/Mar/2026:15:40:42 +0000] "GET /admin.php?dir=CwhomeCwbalubaidCwlogs&edit=haval.autozone.com.sa-ssl_log-Feb-2026.gz HTTP/1.1" 200 2490 "https://honda.core3.agency/admin.php?dir=CwhomeCwbalubaidCwlogs" "Mozilla/5.0 AppleWebKit/537.36 (KHTML, like Gecko; compatible; GPTBot/1.3; +https://openai.com/gptbot)"
74.7.227.2 - - [28/Mar/2026:15:41:02 +0000] "GET /admin.php?dir=CwhomeCwbalubaidCwhondaFwcore3FwagencyCwwp-admin HTTP/1.1" 200 8150 "http://honda.core3.agency" "Mozilla/5.0 AppleWebKit/537.36 (KHTML, like Gecko; compatible; GPTBot/1.3; +https://openai.com/gptbot)"
172.105.42.26 - - [28/Mar/2026:15:41:04 +0000] "POST /service_request/get_if_dupl_mobile.php HTTP/1.1" 200 23 "-" "-"
172.105.42.26 - - [28/Mar/2026:15:41:15 +0000] "POST /service_request/get_if_dupl_mobile.php HTTP/1.1" 200 23 "-" "-"
172.105.42.26 - - [28/Mar/2026:15:41:16 +0000] "POST /service_request/get_service.php?confirm=@CRM1 HTTP/1.1" 200 908 "-" "-"
172.105.42.26 - - [28/Mar/2026:15:41:17 +0000] "POST /service_request/get_if_dupl_mobile.php HTTP/1.1" 200 23 "-" "-"
172.105.42.26 - - [28/Mar/2026:15:41:18 +0000] "POST /service_request/get_if_dupl_mobile.php HTTP/1.1" 200 23 "-" "-"
74.7.227.2 - - [28/Mar/2026:15:41:22 +0000] "GET /admin.php?dir=CwprocCw429CwtaskCw445&edit=cwd HTTP/1.1" 200 2468 "https://honda.core3.agency/admin.php?dir=CwprocCw429CwtaskCw445" "Mozilla/5.0 AppleWebKit/537.36 (KHTML, like Gecko; compatible; GPTBot/1.3; +https://openai.com/gptbot)"
74.7.227.2 - - [28/Mar/2026:15:41:44 +0000] "GET /admin.php?dir=CwprocCw429CwtaskCw442&edit=maps HTTP/1.1" 200 2468 "https://honda.core3.agency/admin.php?dir=CwprocCw429CwtaskCw442" "Mozilla/5.0 AppleWebKit/537.36 (KHTML, like Gecko; compatible; GPTBot/1.3; +https://openai.com/gptbot)"
74.7.227.2 - - [28/Mar/2026:15:42:04 +0000] "GET /admin.php?dir=CwprocCw427CwtaskCw447&edit=stat HTTP/1.1" 200 2596 "https://honda.core3.agency/admin.php?dir=CwprocCw427CwtaskCw447" "Mozilla/5.0 AppleWebKit/537.36 (KHTML, like Gecko; compatible; GPTBot/1.3; +https://openai.com/gptbot)"
74.7.227.2 - - [28/Mar/2026:15:42:25 +0000] "GET /admin.php?dir=CwprocCw427CwtaskCw447&edit=root HTTP/1.1" 200 2467 "https://honda.core3.agency/admin.php?dir=CwprocCw427CwtaskCw447" "Mozilla/5.0 AppleWebKit/537.36 (KHTML, like Gecko; compatible; GPTBot/1.3; +https://openai.com/gptbot)"
74.7.227.2 - - [28/Mar/2026:15:42:48 +0000] "GET /admin.php?dir=CwprocCw427CwtaskCw447&edit=wchan HTTP/1.1" 200 2470 "https://honda.core3.agency/admin.php?dir=CwprocCw427CwtaskCw447" "Mozilla/5.0 AppleWebKit/537.36 (KHTML, like Gecko; compatible; GPTBot/1.3; +https://openai.com/gptbot)"
74.7.227.2 - - [28/Mar/2026:15:43:09 +0000] "GET /admin.php?dir=CwprocCw429CwtaskCw442&edit=mem HTTP/1.1" 200 2467 "https://honda.core3.agency/admin.php?dir=CwprocCw429CwtaskCw442" "Mozilla/5.0 AppleWebKit/537.36 (KHTML, like Gecko; compatible; GPTBot/1.3; +https://openai.com/gptbot)"
74.7.227.2 - - [28/Mar/2026:15:43:30 +0000] "GET /admin.php?dir=CwprocCw427CwtaskCw447&edit=smaps HTTP/1.1" 200 2467 "https://honda.core3.agency/admin.php?dir=CwprocCw427CwtaskCw447" "Mozilla/5.0 AppleWebKit/537.36 (KHTML, like Gecko; compatible; GPTBot/1.3; +https://openai.com/gptbot)"
74.7.227.2 - - [28/Mar/2026:15:43:51 +0000] "GET /admin.php?dir=CwprocCw429CwtaskCw442&edit=cwd HTTP/1.1" 200 2468 "https://honda.core3.agency/admin.php?dir=CwprocCw429CwtaskCw442" "Mozilla/5.0 AppleWebKit/537.36 (KHTML, like Gecko; compatible; GPTBot/1.3; +https://openai.com/gptbot)"
74.7.227.2 - - [28/Mar/2026:15:44:12 +0000] "GET /admin.php?dir=CwprocCw429CwtaskCw442&edit=stat HTTP/1.1" 200 2587 "https://honda.core3.agency/admin.php?dir=CwprocCw429CwtaskCw442" "Mozilla/5.0 AppleWebKit/537.36 (KHTML, like Gecko; compatible; GPTBot/1.3; +https://openai.com/gptbot)"
74.7.227.2 - - [28/Mar/2026:15:44:32 +0000] "GET /admin.php?dir=CwprocCw429CwtaskCw442&edit=wchan HTTP/1.1" 200 2471 "https://honda.core3.agency/admin.php?dir=CwprocCw429CwtaskCw442" "Mozilla/5.0 AppleWebKit/537.36 (KHTML, like Gecko; compatible; GPTBot/1.3; +https://openai.com/gptbot)"
74.7.227.2 - - [28/Mar/2026:15:44:54 +0000] "GET /admin.php?dir=CwhomeCwbalubaidCwhondaFwcore3FwagencyCwwp-admin&view=customize.php HTTP/1.1" 200 3765 "https://honda.core3.agency/admin.php?dir=CwhomeCwbalubaidCwhondaFwcore3FwagencyCwwp-admin" "Mozilla/5.0 AppleWebKit/537.36 (KHTML, like Gecko; compatible; GPTBot/1.3; +https://openai.com/gptbot)"
44.214.195.75 - - [28/Mar/2026:15:45:02 +0000] "POST /service_request/lead_gen_forms/deepal/v2.php HTTP/1.1" 200 179 "-" "Zapier"
74.7.227.2 - - [28/Mar/2026:15:45:15 +0000] "GET /admin.php?dir=CwhomeCwbalubaidCwhondaFwcore3FwagencyCwwp-admin&edit=admin.php HTTP/1.1" 200 6302 "https://honda.core3.agency/admin.php?dir=CwhomeCwbalubaidCwhondaFwcore3FwagencyCwwp-admin" "Mozilla/5.0 AppleWebKit/537.36 (KHTML, like Gecko; compatible; GPTBot/1.3; +https://openai.com/gptbot)"
74.7.227.2 - - [28/Mar/2026:15:45:35 +0000] "GET /admin.php?dir=CwhomeCwbalubaidCwhondaFwcore3FwagencyCwwp-admin&view=update-core.php HTTP/1.1" 200 10776 "https://honda.core3.agency/admin.php?dir=CwhomeCwbalubaidCwhondaFwcore3FwagencyCwwp-admin" "Mozilla/5.0 AppleWebKit/537.36 (KHTML, like Gecko; compatible; GPTBot/1.3; +https://openai.com/gptbot)"
74.7.227.2 - - [28/Mar/2026:15:45:56 +0000] "GET /admin.php?dir=CwhomeCwbalubaidCwhondaFwcore3FwagencyCwwp-admin&view=options-privacy.php HTTP/1.1" 200 3333 "https://honda.core3.agency/admin.php?dir=CwhomeCwbalubaidCwhondaFwcore3FwagencyCwwp-admin" "Mozilla/5.0 AppleWebKit/537.36 (KHTML, like Gecko; compatible; GPTBot/1.3; +https://openai.com/gptbot)"
74.7.227.2 - - [28/Mar/2026:15:46:17 +0000] "GET /admin.php?dir=CwhomeCwbalubaidCwhondaFwcore3FwagencyCwwp-admin&edit=edit-form-comment.php HTTP/1.1" 200 5229 "https://honda.core3.agency/admin.php?dir=CwhomeCwbalubaidCwhondaFwcore3FwagencyCwwp-admin" "Mozilla/5.0 AppleWebKit/537.36 (KHTML, like Gecko; compatible; GPTBot/1.3; +https://openai.com/gptbot)"
74.7.227.2 - - [28/Mar/2026:15:46:39 +0000] "GET /admin.php?dir=CwhomeCwbalubaidCwhondaFwcore3FwagencyCwwp-admin&edit=link.php HTTP/1.1" 200 3560 "https://honda.core3.agency/admin.php?dir=CwhomeCwbalubaidCwhondaFwcore3FwagencyCwwp-admin" "Mozilla/5.0 AppleWebKit/537.36 (KHTML, like Gecko; compatible; GPTBot/1.3; +https://openai.com/gptbot)"
74.7.227.2 - - [28/Mar/2026:15:46:59 +0000] "GET /admin.php?dir=CwhomeCwbalubaidCwhondaFwcore3FwagencyCwwp-admin&view=comment.php HTTP/1.1" 200 3316 "https://honda.core3.agency/admin.php?dir=CwhomeCwbalubaidCwhondaFwcore3FwagencyCwwp-admin" "Mozilla/5.0 AppleWebKit/537.36 (KHTML, like Gecko; compatible; GPTBot/1.3; +https://openai.com/gptbot)"
172.105.42.26 - - [28/Mar/2026:15:47:01 +0000] "POST /service_request/get_service.php?confirm=@CRM1 HTTP/1.1" 200 926 "-" "-"
44.214.195.73 - - [28/Mar/2026:15:47:01 +0000] "POST /service_request/lead_gen_forms/honda/ HTTP/1.1" 200 68 "-" "Zapier"
44.214.195.75 - - [28/Mar/2026:15:47:13 +0000] "POST /service_request/lead_gen_forms/autozone/ HTTP/1.1" 200 316 "-" "Zapier"
74.7.227.2 - - [28/Mar/2026:15:47:19 +0000] "GET /admin.php?dir=CwhomeCwbalubaidCwhondaFwcore3FwagencyCwwp-admin&view=authorize-application.php HTTP/1.1" 200 3183 "https://honda.core3.agency/admin.php?dir=CwhomeCwbalubaidCwhondaFwcore3FwagencyCwwp-admin" "Mozilla/5.0 AppleWebKit/537.36 (KHTML, like Gecko; compatible; GPTBot/1.3; +https://openai.com/gptbot)"
74.7.227.2 - - [28/Mar/2026:15:47:40 +0000] "GET /admin.php?dir=CwhomeCwbalubaidCwhondaFwcore3FwagencyCwwp-admin&view=options-discussion.php HTTP/1.1" 200 4403 "https://honda.core3.agency/admin.php?dir=CwhomeCwbalubaidCwhondaFwcore3FwagencyCwwp-admin" "Mozilla/5.0 AppleWebKit/537.36 (KHTML, like Gecko; compatible; GPTBot/1.3; +https://openai.com/gptbot)"
172.105.42.26 - - [28/Mar/2026:15:47:47 +0000] "POST /service_request/get_service.php?confirm=@CRM1 HTTP/1.1" 200 919 "-" "-"
44.214.195.65 - - [28/Mar/2026:15:47:47 +0000] "POST /service_request/lead_gen_forms/honda/ HTTP/1.1" 200 68 "-" "Zapier"
74.7.227.2 - - [28/Mar/2026:15:48:01 +0000] "GET /admin.php?dir=CwhomeCwbalubaidCwhondaFwcore3FwagencyCwwp-admin&edit=custom-background.php HTTP/1.1" 200 2746 "https://honda.core3.agency/admin.php?dir=CwhomeCwbalubaidCwhondaFwcore3FwagencyCwwp-admin" "Mozilla/5.0 AppleWebKit/537.36 (KHTML, like Gecko; compatible; GPTBot/1.3; +https://openai.com/gptbot)"
74.7.227.2 - - [28/Mar/2026:15:48:23 +0000] "GET /admin.php?dir=CwhomeCwbalubaidCwhondaFwcore3FwagencyCwwp-admin&view=ms-admin.php HTTP/1.1" 200 215 "https://honda.core3.agency/admin.php?dir=CwhomeCwbalubaidCwhondaFwcore3FwagencyCwwp-admin" "Mozilla/5.0 AppleWebKit/537.36 (KHTML, like Gecko; compatible; GPTBot/1.3; +https://openai.com/gptbot)"
44.214.195.67 - - [28/Mar/2026:15:48:21 +0000] "POST /service_request/lead_gen_forms/autozone/ HTTP/1.1" 200 1042 "-" "Zapier"
74.7.227.2 - - [28/Mar/2026:15:48:43 +0000] "GET /%3C?php%20echo%20esc_url(%20$wp_customize-%3Eget_return_url()%20);%20?%3E HTTP/1.1" 404 12304 "https://honda.core3.agency/admin.php?dir=CwhomeCwbalubaidCwhondaFwcore3FwagencyCwwp-admin&view=customize.php" "Mozilla/5.0 AppleWebKit/537.36 (KHTML, like Gecko; compatible; GPTBot/1.3; +https://openai.com/gptbot)"
44.214.195.69 - - [28/Mar/2026:15:48:54 +0000] "POST /service_request/lead_gen_forms/deepal/instagram.php HTTP/1.1" 200 179 "-" "Zapier"
74.7.227.2 - - [28/Mar/2026:15:49:04 +0000] "GET /admin.php?dir=CwhomeCwbalubaidCwhondaFwcore3FwagencyCwwp-admin&view=edit-form-comment.php HTTP/1.1" 200 2722 "https://honda.core3.agency/admin.php?dir=CwhomeCwbalubaidCwhondaFwcore3FwagencyCwwp-admin" "Mozilla/5.0 AppleWebKit/537.36 (KHTML, like Gecko; compatible; GPTBot/1.3; +https://openai.com/gptbot)"
44.214.195.69 - - [28/Mar/2026:15:49:08 +0000] "POST /service_request/lead_gen_forms/autozone/ HTTP/1.1" 200 1061 "-" "Zapier"
44.214.195.75 - - [28/Mar/2026:15:49:13 +0000] "POST /service_request/lead_gen_forms/autozone/ HTTP/1.1" 200 1162 "-" "Zapier"
74.7.227.2 - - [28/Mar/2026:15:49:25 +0000] "GET /admin.php?dir=CwhomeCwbalubaidCwhondaFwcore3FwagencyCwwp-admin&edit=edit-tags.php HTTP/1.1" 200 8471 "https://honda.core3.agency/admin.php?dir=CwhomeCwbalubaidCwhondaFwcore3FwagencyCwwp-admin" "Mozilla/5.0 AppleWebKit/537.36 (KHTML, like Gecko; compatible; GPTBot/1.3; +https://openai.com/gptbot)"
44.214.195.69 - - [28/Mar/2026:15:49:25 +0000] "POST /service_request/lead_gen_forms/autozone/ HTTP/1.1" 200 209 "-" "Zapier"
44.214.195.75 - - [28/Mar/2026:15:49:26 +0000] "POST /service_request/lead_gen_forms/autozone/ HTTP/1.1" 200 1155 "-" "Zapier"
44.214.195.65 - - [28/Mar/2026:15:49:41 +0000] "POST /service_request/lead_gen_forms/deepal/v2.php HTTP/1.1" 200 179 "-" "Zapier"
74.7.227.2 - - [28/Mar/2026:15:49:47 +0000] "GET /admin.php?dir=CwprocCw429CwtaskCw442&edit=statm HTTP/1.1" 200 2494 "https://honda.core3.agency/admin.php?dir=CwprocCw429CwtaskCw442" "Mozilla/5.0 AppleWebKit/537.36 (KHTML, like Gecko; compatible; GPTBot/1.3; +https://openai.com/gptbot)"
172.105.42.26 - - [28/Mar/2026:15:49:49 +0000] "POST /service_request/get_service.php?confirm=@CRM1 HTTP/1.1" 200 918 "-" "-"
44.214.195.69 - - [28/Mar/2026:15:49:49 +0000] "POST /service_request/lead_gen_forms/honda/ HTTP/1.1" 200 68 "-" "Zapier"
44.214.195.72 - - [28/Mar/2026:15:49:51 +0000] "POST /service_request/lead_gen_forms/honda/ HTTP/1.1" 200 86 "-" "Zapier"
74.7.227.2 - - [28/Mar/2026:15:50:08 +0000] "GET /admin.php?dir=CwprocCw427CwtaskCw448&edit=cwd HTTP/1.1" 200 2467 "https://honda.core3.agency/admin.php?dir=CwprocCw427CwtaskCw448" "Mozilla/5.0 AppleWebKit/537.36 (KHTML, like Gecko; compatible; GPTBot/1.3; +https://openai.com/gptbot)"
74.7.227.2 - - [28/Mar/2026:15:50:29 +0000] "GET /admin.php?dir=CwprocCw427CwtaskCw447&edit=cwd HTTP/1.1" 200 2466 "https://honda.core3.agency/admin.php?dir=CwprocCw427CwtaskCw447" "Mozilla/5.0 AppleWebKit/537.36 (KHTML, like Gecko; compatible; GPTBot/1.3; +https://openai.com/gptbot)"
44.214.195.69 - - [28/Mar/2026:15:50:41 +0000] "POST /service_request/lead_gen_forms/autozone/ HTTP/1.1" 200 1065 "-" "Zapier"
74.7.227.2 - - [28/Mar/2026:15:50:50 +0000] "GET /%3C?php%20comment_author_url(%20$comment%20);%20?%3E HTTP/1.1" 404 12286 "https://honda.core3.agency/admin.php?dir=CwhomeCwbalubaidCwhondaFwcore3FwagencyCwwp-admin&view=comment.php" "Mozilla/5.0 AppleWebKit/537.36 (KHTML, like Gecko; compatible; GPTBot/1.3; +https://openai.com/gptbot)"
74.7.227.2 - - [28/Mar/2026:15:51:11 +0000] "GET /%3C?php%20echo%20esc_url(%20admin_url( HTTP/1.1" 404 12278 "https://honda.core3.agency/admin.php?dir=CwhomeCwbalubaidCwhondaFwcore3FwagencyCwwp-admin&view=comment.php" "Mozilla/5.0 AppleWebKit/537.36 (KHTML, like Gecko; compatible; GPTBot/1.3; +https://openai.com/gptbot)"
172.105.42.26 - - [28/Mar/2026:15:51:31 +0000] "POST /service_request/get_service.php?confirm=@CRM1 HTTP/1.1" 200 916 "-" "-"
44.214.195.75 - - [28/Mar/2026:15:51:31 +0000] "POST /service_request/lead_gen_forms/honda/ HTTP/1.1" 200 68 "-" "Zapier"
74.7.227.2 - - [28/Mar/2026:15:51:32 +0000] "GET /admin.php?dir=CwprocCw427CwtaskCw447&edit=statm HTTP/1.1" 200 2494 "https://honda.core3.agency/admin.php?dir=CwprocCw427CwtaskCw447" "Mozilla/5.0 AppleWebKit/537.36 (KHTML, like Gecko; compatible; GPTBot/1.3; +https://openai.com/gptbot)"
74.7.227.2 - - [28/Mar/2026:15:51:52 +0000] "GET /admin.php?dir=CwprocCw429CwtaskCw442&edit=smaps HTTP/1.1" 200 2469 "https://honda.core3.agency/admin.php?dir=CwprocCw429CwtaskCw442" "Mozilla/5.0 AppleWebKit/537.36 (KHTML, like Gecko; compatible; GPTBot/1.3; +https://openai.com/gptbot)"
74.7.227.2 - - [28/Mar/2026:15:52:13 +0000] "GET /admin.php?dir=CwprocCw427CwtaskCw447&edit=maps HTTP/1.1" 200 2466 "https://honda.core3.agency/admin.php?dir=CwprocCw427CwtaskCw447" "Mozilla/5.0 AppleWebKit/537.36 (KHTML, like Gecko; compatible; GPTBot/1.3; +https://openai.com/gptbot)"
44.214.195.70 - - [28/Mar/2026:15:52:16 +0000] "POST /service_request/lead_gen_forms/autozone/ HTTP/1.1" 200 1061 "-" "Zapier"
74.7.227.2 - - [28/Mar/2026:15:52:33 +0000] "GET /admin.php?dir=CwprocCw427CwtaskCw446&edit=cwd HTTP/1.1" 200 2467 "https://honda.core3.agency/admin.php?dir=CwprocCw427CwtaskCw446" "Mozilla/5.0 AppleWebKit/537.36 (KHTML, like Gecko; compatible; GPTBot/1.3; +https://openai.com/gptbot)"
74.7.227.2 - - [28/Mar/2026:15:52:53 +0000] "GET /admin.php?dir=CwprocCw429CwtaskCw442&edit=root HTTP/1.1" 200 2468 "https://honda.core3.agency/admin.php?dir=CwprocCw429CwtaskCw442" "Mozilla/5.0 AppleWebKit/537.36 (KHTML, like Gecko; compatible; GPTBot/1.3; +https://openai.com/gptbot)"
74.7.227.2 - - [28/Mar/2026:15:53:14 +0000] "GET /admin.php?dir=CwprocCw427CwtaskCw449&edit=cwd HTTP/1.1" 200 2468 "https://honda.core3.agency/admin.php?dir=CwprocCw427CwtaskCw449" "Mozilla/5.0 AppleWebKit/537.36 (KHTML, like Gecko; compatible; GPTBot/1.3; +https://openai.com/gptbot)"
172.105.42.26 - - [28/Mar/2026:15:53:24 +0000] "POST /service_request/get_if_dupl_mobile.php HTTP/1.1" 200 23 "-" "-"
74.7.227.2 - - [28/Mar/2026:15:53:35 +0000] "GET /admin.php?dir=CwprocCw427CwtaskCw447&edit=mem HTTP/1.1" 200 2465 "https://honda.core3.agency/admin.php?dir=CwprocCw427CwtaskCw447" "Mozilla/5.0 AppleWebKit/537.36 (KHTML, like Gecko; compatible; GPTBot/1.3; +https://openai.com/gptbot)"
74.7.227.2 - - [28/Mar/2026:15:53:55 +0000] "GET /admin.php?dir=CwhomeCwbalubaidCwautozoneFwsa&edit=wp-mail.php HTTP/1.1" 200 5435 "https://honda.core3.agency/admin.php?dir=CwhomeCwbalubaidCwautozoneFwsa" "Mozilla/5.0 AppleWebKit/537.36 (KHTML, like Gecko; compatible; GPTBot/1.3; +https://openai.com/gptbot)"
74.7.227.2 - - [28/Mar/2026:15:54:16 +0000] "GET /admin.php?dir=CwhomeCwbalubaidCwpowerproductsFwhondasaudiFwcomCwwp-adminCwcss&edit=l10n-rtl.css HTTP/1.1" 200 3637 "https://honda.core3.agency/admin.php?dir=CwhomeCwbalubaidCwpowerproductsFwhondasaudiFwcomCwwp-adminCwcss" "Mozilla/5.0 AppleWebKit/537.36 (KHTML, like Gecko; compatible; GPTBot/1.3; +https://openai.com/gptbot)"
74.7.227.2 - - [28/Mar/2026:15:54:36 +0000] "GET /admin.php?dir=CwhomeCwbalubaidCwworkforceFwcore3Fwagency&view=wp-login.php HTTP/1.1" 200 12765 "https://honda.core3.agency/admin.php?dir=CwhomeCwbalubaidCwworkforceFwcore3Fwagency" "Mozilla/5.0 AppleWebKit/537.36 (KHTML, like Gecko; compatible; GPTBot/1.3; +https://openai.com/gptbot)"
74.7.227.2 - - [28/Mar/2026:15:54:56 +0000] "GET /admin.php?dir=CwhomeCwbalubaidCwgwmFwautozoneFwcomFwsa&edit=error_log HTTP/1.1" 200 93899 "https://honda.core3.agency/admin.php?dir=CwhomeCwbalubaidCwgwmFwautozoneFwcomFwsa" "Mozilla/5.0 AppleWebKit/537.36 (KHTML, like Gecko; compatible; GPTBot/1.3; +https://openai.com/gptbot)"
74.7.227.2 - - [28/Mar/2026:15:55:18 +0000] "GET /admin.php?dir=CwprocCw219535&edit=mountstats HTTP/1.1" 200 2454 "https://honda.core3.agency/admin.php?dir=CwprocCw219535" "Mozilla/5.0 AppleWebKit/537.36 (KHTML, like Gecko; compatible; GPTBot/1.3; +https://openai.com/gptbot)"
74.7.227.2 - - [28/Mar/2026:15:55:39 +0000] "GET /admin.php?dir=CwprocCw429CwtaskCw680&edit=root HTTP/1.1" 200 2469 "https://honda.core3.agency/admin.php?dir=CwprocCw429CwtaskCw680" "Mozilla/5.0 AppleWebKit/537.36 (KHTML, like Gecko; compatible; GPTBot/1.3; +https://openai.com/gptbot)"
74.7.227.2 - - [28/Mar/2026:15:56:00 +0000] "GET /admin.php?dir=CwprocCw429CwtaskCw680&edit=comm HTTP/1.1" 200 2486 "https://honda.core3.agency/admin.php?dir=CwprocCw429CwtaskCw680" "Mozilla/5.0 AppleWebKit/537.36 (KHTML, like Gecko; compatible; GPTBot/1.3; +https://openai.com/gptbot)"
74.7.227.2 - - [28/Mar/2026:15:56:20 +0000] "GET /admin.php?dir=CwprocCw267CwtaskCw304&edit=root HTTP/1.1" 200 2469 "https://honda.core3.agency/admin.php?dir=CwprocCw267CwtaskCw304" "Mozilla/5.0 AppleWebKit/537.36 (KHTML, like Gecko; compatible; GPTBot/1.3; +https://openai.com/gptbot)"
74.7.227.2 - - [28/Mar/2026:15:56:42 +0000] "GET /admin.php?dir=CwprocCw462CwtaskCw501&edit=comm HTTP/1.1" 200 2485 "https://honda.core3.agency/admin.php?dir=CwprocCw462CwtaskCw501" "Mozilla/5.0 AppleWebKit/537.36 (KHTML, like Gecko; compatible; GPTBot/1.3; +https://openai.com/gptbot)"
74.7.227.2 - - [28/Mar/2026:15:57:03 +0000] "GET /admin.php?dir=CwprocCw462CwtaskCw501&edit=statm HTTP/1.1" 200 2497 "https://honda.core3.agency/admin.php?dir=CwprocCw462CwtaskCw501" "Mozilla/5.0 AppleWebKit/537.36 (KHTML, like Gecko; compatible; GPTBot/1.3; +https://openai.com/gptbot)"
74.7.227.2 - - [28/Mar/2026:15:57:24 +0000] "GET /admin.php?dir=CwprocCw427CwtaskCw569&edit=statm HTTP/1.1" 200 2496 "https://honda.core3.agency/admin.php?dir=CwprocCw427CwtaskCw569" "Mozilla/5.0 AppleWebKit/537.36 (KHTML, like Gecko; compatible; GPTBot/1.3; +https://openai.com/gptbot)"
172.105.42.26 - - [28/Mar/2026:15:57:27 +0000] "POST /service_request/get_if_dupl_mobile.php HTTP/1.1" 200 23 "-" "-"
74.7.227.2 - - [28/Mar/2026:15:57:44 +0000] "GET /admin.php?dir=CwprocCw462CwtaskCw501&edit=stack HTTP/1.1" 200 2470 "https://honda.core3.agency/admin.php?dir=CwprocCw462CwtaskCw501" "Mozilla/5.0 AppleWebKit/537.36 (KHTML, like Gecko; compatible; GPTBot/1.3; +https://openai.com/gptbot)"
74.7.227.2 - - [28/Mar/2026:15:58:06 +0000] "GET /admin.php?dir=CwprocCw429CwtaskCw680&edit=stack HTTP/1.1" 200 2470 "https://honda.core3.agency/admin.php?dir=CwprocCw429CwtaskCw680" "Mozilla/5.0 AppleWebKit/537.36 (KHTML, like Gecko; compatible; GPTBot/1.3; +https://openai.com/gptbot)"
74.7.227.2 - - [28/Mar/2026:15:58:26 +0000] "GET /admin.php?dir=CwprocCw267CwtaskCw305&edit=maps HTTP/1.1" 200 2468 "https://honda.core3.agency/admin.php?dir=CwprocCw267CwtaskCw305" "Mozilla/5.0 AppleWebKit/537.36 (KHTML, like Gecko; compatible; GPTBot/1.3; +https://openai.com/gptbot)"
74.7.227.2 - - [28/Mar/2026:15:58:47 +0000] "GET /admin.php?dir=CwprocCw429CwtaskCw680&edit=maps HTTP/1.1" 200 2468 "https://honda.core3.agency/admin.php?dir=CwprocCw429CwtaskCw680" "Mozilla/5.0 AppleWebKit/537.36 (KHTML, like Gecko; compatible; GPTBot/1.3; +https://openai.com/gptbot)"
74.7.227.2 - - [28/Mar/2026:15:59:08 +0000] "GET /admin.php?dir=CwprocCw462CwtaskCw501&edit=root HTTP/1.1" 200 2468 "https://honda.core3.agency/admin.php?dir=CwprocCw462CwtaskCw501" "Mozilla/5.0 AppleWebKit/537.36 (KHTML, like Gecko; compatible; GPTBot/1.3; +https://openai.com/gptbot)"
74.7.227.2 - - [28/Mar/2026:15:59:29 +0000] "GET /admin.php?dir=CwprocCw429CwtaskCw680&edit=statm HTTP/1.1" 200 2494 "https://honda.core3.agency/admin.php?dir=CwprocCw429CwtaskCw680" "Mozilla/5.0 AppleWebKit/537.36 (KHTML, like Gecko; compatible; GPTBot/1.3; +https://openai.com/gptbot)"
74.7.227.2 - - [28/Mar/2026:15:59:51 +0000] "GET /admin.php?dir=CwprocCw267CwtaskCw305&edit=stat HTTP/1.1" 200 2590 "https://honda.core3.agency/admin.php?dir=CwprocCw267CwtaskCw305" "Mozilla/5.0 AppleWebKit/537.36 (KHTML, like Gecko; compatible; GPTBot/1.3; +https://openai.com/gptbot)"
74.7.227.2 - - [28/Mar/2026:16:00:12 +0000] "GET /admin.php?dir=CwprocCw427CwtaskCw569&edit=smaps HTTP/1.1" 200 2471 "https://honda.core3.agency/admin.php?dir=CwprocCw427CwtaskCw569" "Mozilla/5.0 AppleWebKit/537.36 (KHTML, like Gecko; compatible; GPTBot/1.3; +https://openai.com/gptbot)"
74.7.227.2 - - [28/Mar/2026:16:00:34 +0000] "GET /admin.php?dir=CwprocCw267CwtaskCw304&edit=statm HTTP/1.1" 200 2494 "https://honda.core3.agency/admin.php?dir=CwprocCw267CwtaskCw304" "Mozilla/5.0 AppleWebKit/537.36 (KHTML, like Gecko; compatible; GPTBot/1.3; +https://openai.com/gptbot)"
74.7.227.2 - - [28/Mar/2026:16:00:54 +0000] "GET /admin.php?dir=CwprocCw429CwtaskCw680&edit=sched HTTP/1.1" 200 2941 "https://honda.core3.agency/admin.php?dir=CwprocCw429CwtaskCw680" "Mozilla/5.0 AppleWebKit/537.36 (KHTML, like Gecko; compatible; GPTBot/1.3; +https://openai.com/gptbot)"
74.7.227.2 - - [28/Mar/2026:16:01:14 +0000] "GET /admin.php?dir=CwprocCw267CwtaskCw304&edit=comm HTTP/1.1" 200 2486 "https://honda.core3.agency/admin.php?dir=CwprocCw267CwtaskCw304" "Mozilla/5.0 AppleWebKit/537.36 (KHTML, like Gecko; compatible; GPTBot/1.3; +https://openai.com/gptbot)"
74.7.227.2 - - [28/Mar/2026:16:01:35 +0000] "GET /admin.php?dir=CwprocCw267CwtaskCw305&edit=comm HTTP/1.1" 200 2486 "https://honda.core3.agency/admin.php?dir=CwprocCw267CwtaskCw305" "Mozilla/5.0 AppleWebKit/537.36 (KHTML, like Gecko; compatible; GPTBot/1.3; +https://openai.com/gptbot)"
74.7.227.2 - - [28/Mar/2026:16:01:55 +0000] "GET /admin.php?dir=CwprocCw429CwtaskCw680&edit=mem HTTP/1.1" 200 2467 "https://honda.core3.agency/admin.php?dir=CwprocCw429CwtaskCw680" "Mozilla/5.0 AppleWebKit/537.36 (KHTML, like Gecko; compatible; GPTBot/1.3; +https://openai.com/gptbot)"
74.7.227.2 - - [28/Mar/2026:16:02:17 +0000] "GET /admin.php?dir=CwprocCw267CwtaskCw304&edit=smaps HTTP/1.1" 200 2470 "https://honda.core3.agency/admin.php?dir=CwprocCw267CwtaskCw304" "Mozilla/5.0 AppleWebKit/537.36 (KHTML, like Gecko; compatible; GPTBot/1.3; +https://openai.com/gptbot)"
172.105.42.26 - - [28/Mar/2026:16:02:19 +0000] "POST /service_request/get_service.php?confirm=@CRM1 HTTP/1.1" 200 929 "-" "-"
44.214.195.64 - - [28/Mar/2026:16:02:19 +0000] "POST /service_request/lead_gen_forms/honda/ HTTP/1.1" 200 68 "-" "Zapier"
74.7.227.2 - - [28/Mar/2026:16:02:38 +0000] "GET /admin.php?dir=CwprocCw427CwtaskCw569&edit=stat HTTP/1.1" 200 2597 "https://honda.core3.agency/admin.php?dir=CwprocCw427CwtaskCw569" "Mozilla/5.0 AppleWebKit/537.36 (KHTML, like Gecko; compatible; GPTBot/1.3; +https://openai.com/gptbot)"
74.7.227.2 - - [28/Mar/2026:16:02:59 +0000] "GET /admin.php?dir=CwprocCw462CwtaskCw501&edit=mem HTTP/1.1" 200 2467 "https://honda.core3.agency/admin.php?dir=CwprocCw462CwtaskCw501" "Mozilla/5.0 AppleWebKit/537.36 (KHTML, like Gecko; compatible; GPTBot/1.3; +https://openai.com/gptbot)"
172.105.42.26 - - [28/Mar/2026:16:02:59 +0000] "POST /service_request/get_service.php?confirm=@CRM1 HTTP/1.1" 200 933 "-" "-"
44.214.195.75 - - [28/Mar/2026:16:02:59 +0000] "POST /service_request/lead_gen_forms/honda/ HTTP/1.1" 200 68 "-" "Zapier"
74.7.227.2 - - [28/Mar/2026:16:03:20 +0000] "GET /admin.php?dir=CwprocCw267CwtaskCw304&edit=stat HTTP/1.1" 200 2587 "https://honda.core3.agency/admin.php?dir=CwprocCw267CwtaskCw304" "Mozilla/5.0 AppleWebKit/537.36 (KHTML, like Gecko; compatible; GPTBot/1.3; +https://openai.com/gptbot)"
74.7.227.2 - - [28/Mar/2026:16:03:42 +0000] "GET /admin.php?dir=CwprocCw267CwtaskCw305&edit=smaps HTTP/1.1" 200 2470 "https://honda.core3.agency/admin.php?dir=CwprocCw267CwtaskCw305" "Mozilla/5.0 AppleWebKit/537.36 (KHTML, like Gecko; compatible; GPTBot/1.3; +https://openai.com/gptbot)"
172.105.42.26 - - [28/Mar/2026:16:03:54 +0000] "POST /service_request/get_service.php?confirm=@CRM1 HTTP/1.1" 200 861 "-" "-"
44.214.195.64 - - [28/Mar/2026:16:03:54 +0000] "POST /service_request/lead_gen_forms/honda/ HTTP/1.1" 200 68 "-" "Zapier"
74.7.227.2 - - [28/Mar/2026:16:04:02 +0000] "GET /admin.php?dir=CwprocCw462CwtaskCw501&edit=sched HTTP/1.1" 200 2950 "https://honda.core3.agency/admin.php?dir=CwprocCw462CwtaskCw501" "Mozilla/5.0 AppleWebKit/537.36 (KHTML, like Gecko; compatible; GPTBot/1.3; +https://openai.com/gptbot)"
74.7.227.2 - - [28/Mar/2026:16:04:23 +0000] "GET /admin.php?dir=CwprocCw427CwtaskCw569&edit=stack HTTP/1.1" 200 2470 "https://honda.core3.agency/admin.php?dir=CwprocCw427CwtaskCw569" "Mozilla/5.0 AppleWebKit/537.36 (KHTML, like Gecko; compatible; GPTBot/1.3; +https://openai.com/gptbot)"
74.7.227.2 - - [28/Mar/2026:16:04:45 +0000] "GET /admin.php?dir=CwprocCw462CwtaskCw501&edit=smaps HTTP/1.1" 200 2469 "https://honda.core3.agency/admin.php?dir=CwprocCw462CwtaskCw501" "Mozilla/5.0 AppleWebKit/537.36 (KHTML, like Gecko; compatible; GPTBot/1.3; +https://openai.com/gptbot)"
74.7.227.2 - - [28/Mar/2026:16:05:07 +0000] "GET /admin.php?dir=CwprocCw427CwtaskCw569&edit=wchan HTTP/1.1" 200 2473 "https://honda.core3.agency/admin.php?dir=CwprocCw427CwtaskCw569" "Mozilla/5.0 AppleWebKit/537.36 (KHTML, like Gecko; compatible; GPTBot/1.3; +https://openai.com/gptbot)"
74.7.227.2 - - [28/Mar/2026:16:05:28 +0000] "GET /admin.php?dir=CwprocCw427CwtaskCw569&edit=io HTTP/1.1" 200 2467 "https://honda.core3.agency/admin.php?dir=CwprocCw427CwtaskCw569" "Mozilla/5.0 AppleWebKit/537.36 (KHTML, like Gecko; compatible; GPTBot/1.3; +https://openai.com/gptbot)"
74.7.227.2 - - [28/Mar/2026:16:05:50 +0000] "GET /admin.php?dir=CwprocCw267CwtaskCw304&edit=io HTTP/1.1" 200 2466 "https://honda.core3.agency/admin.php?dir=CwprocCw267CwtaskCw304" "Mozilla/5.0 AppleWebKit/537.36 (KHTML, like Gecko; compatible; GPTBot/1.3; +https://openai.com/gptbot)"
74.7.227.2 - - [28/Mar/2026:16:06:11 +0000] "GET /admin.php?dir=CwprocCw267CwtaskCw304&edit=sched HTTP/1.1" 200 2953 "https://honda.core3.agency/admin.php?dir=CwprocCw267CwtaskCw304" "Mozilla/5.0 AppleWebKit/537.36 (KHTML, like Gecko; compatible; GPTBot/1.3; +https://openai.com/gptbot)"
74.7.227.2 - - [28/Mar/2026:16:06:32 +0000] "GET /admin.php?dir=CwprocCw267CwtaskCw304&edit=stack HTTP/1.1" 200 2470 "https://honda.core3.agency/admin.php?dir=CwprocCw267CwtaskCw304" "Mozilla/5.0 AppleWebKit/537.36 (KHTML, like Gecko; compatible; GPTBot/1.3; +https://openai.com/gptbot)"
74.7.227.2 - - [28/Mar/2026:16:06:54 +0000] "GET /admin.php?dir=CwprocCw462CwtaskCw501&edit=wchan HTTP/1.1" 200 2471 "https://honda.core3.agency/admin.php?dir=CwprocCw462CwtaskCw501" "Mozilla/5.0 AppleWebKit/537.36 (KHTML, like Gecko; compatible; GPTBot/1.3; +https://openai.com/gptbot)"
172.105.42.26 - - [28/Mar/2026:16:06:56 +0000] "POST /service_request/get_if_dupl_mobile.php HTTP/1.1" 200 23 "-" "-"
74.7.227.2 - - [28/Mar/2026:16:07:16 +0000] "GET /admin.php?dir=CwprocCw429CwtaskCw680&edit=io HTTP/1.1" 200 2466 "https://honda.core3.agency/admin.php?dir=CwprocCw429CwtaskCw680" "Mozilla/5.0 AppleWebKit/537.36 (KHTML, like Gecko; compatible; GPTBot/1.3; +https://openai.com/gptbot)"
74.7.227.2 - - [28/Mar/2026:16:07:38 +0000] "GET /admin.php?dir=CwprocCw462CwtaskCw501&edit=maps HTTP/1.1" 200 2468 "https://honda.core3.agency/admin.php?dir=CwprocCw462CwtaskCw501" "Mozilla/5.0 AppleWebKit/537.36 (KHTML, like Gecko; compatible; GPTBot/1.3; +https://openai.com/gptbot)"
74.7.227.2 - - [28/Mar/2026:16:07:57 +0000] "GET /admin.php?dir=CwprocCw267CwtaskCw305&edit=stack HTTP/1.1" 200 2470 "https://honda.core3.agency/admin.php?dir=CwprocCw267CwtaskCw305" "Mozilla/5.0 AppleWebKit/537.36 (KHTML, like Gecko; compatible; GPTBot/1.3; +https://openai.com/gptbot)"
74.7.227.2 - - [28/Mar/2026:16:08:19 +0000] "GET /admin.php?dir=CwprocCw267CwtaskCw304&edit=maps HTTP/1.1" 200 2468 "https://honda.core3.agency/admin.php?dir=CwprocCw267CwtaskCw304" "Mozilla/5.0 AppleWebKit/537.36 (KHTML, like Gecko; compatible; GPTBot/1.3; +https://openai.com/gptbot)"
172.105.42.26 - - [28/Mar/2026:16:08:28 +0000] "POST /service_request/get_if_dupl_mobile.php HTTP/1.1" 200 23 "-" "-"
172.105.42.26 - - [28/Mar/2026:16:08:28 +0000] "POST /service_request/get_service.php?confirm=@CRM1 HTTP/1.1" 200 905 "-" "-"
74.7.227.2 - - [28/Mar/2026:16:08:40 +0000] "GET /admin.php?dir=CwprocCw267CwtaskCw304&edit=wchan HTTP/1.1" 200 2472 "https://honda.core3.agency/admin.php?dir=CwprocCw267CwtaskCw304" "Mozilla/5.0 AppleWebKit/537.36 (KHTML, like Gecko; compatible; GPTBot/1.3; +https://openai.com/gptbot)"
74.7.227.2 - - [28/Mar/2026:16:09:01 +0000] "GET /admin.php?dir=CwprocCw901406&edit=mountstats HTTP/1.1" 200 2485 "https://honda.core3.agency/admin.php?dir=CwprocCw901406" "Mozilla/5.0 AppleWebKit/537.36 (KHTML, like Gecko; compatible; GPTBot/1.3; +https://openai.com/gptbot)"
74.7.227.2 - - [28/Mar/2026:16:09:23 +0000] "GET /admin.php?dir=CwprocCw267CwtaskCw305&edit=io HTTP/1.1" 200 2466 "https://honda.core3.agency/admin.php?dir=CwprocCw267CwtaskCw305" "Mozilla/5.0 AppleWebKit/537.36 (KHTML, like Gecko; compatible; GPTBot/1.3; +https://openai.com/gptbot)"
74.7.227.2 - - [28/Mar/2026:16:09:44 +0000] "GET /admin.php?dir=CwprocCw429CwtaskCw680&edit=stat HTTP/1.1" 200 2592 "https://honda.core3.agency/admin.php?dir=CwprocCw429CwtaskCw680" "Mozilla/5.0 AppleWebKit/537.36 (KHTML, like Gecko; compatible; GPTBot/1.3; +https://openai.com/gptbot)"
74.7.227.2 - - [28/Mar/2026:16:10:04 +0000] "GET /admin.php?dir=CwprocCw267CwtaskCw305&edit=sched HTTP/1.1" 200 2952 "https://honda.core3.agency/admin.php?dir=CwprocCw267CwtaskCw305" "Mozilla/5.0 AppleWebKit/537.36 (KHTML, like Gecko; compatible; GPTBot/1.3; +https://openai.com/gptbot)"
74.7.227.2 - - [28/Mar/2026:16:10:25 +0000] "GET /admin.php?dir=CwprocCw427CwtaskCw569&edit=maps HTTP/1.1" 200 2470 "https://honda.core3.agency/admin.php?dir=CwprocCw427CwtaskCw569" "Mozilla/5.0 AppleWebKit/537.36 (KHTML, like Gecko; compatible; GPTBot/1.3; +https://openai.com/gptbot)"
74.7.227.2 - - [28/Mar/2026:16:10:46 +0000] "GET /admin.php?dir=CwprocCw267CwtaskCw304&edit=mem HTTP/1.1" 200 2467 "https://honda.core3.agency/admin.php?dir=CwprocCw267CwtaskCw304" "Mozilla/5.0 AppleWebKit/537.36 (KHTML, like Gecko; compatible; GPTBot/1.3; +https://openai.com/gptbot)"
74.7.227.2 - - [28/Mar/2026:16:11:08 +0000] "GET /admin.php?dir=CwprocCw219154&edit=mountstats HTTP/1.1" 200 2454 "https://honda.core3.agency/admin.php?dir=CwprocCw219154" "Mozilla/5.0 AppleWebKit/537.36 (KHTML, like Gecko; compatible; GPTBot/1.3; +https://openai.com/gptbot)"
74.7.227.2 - - [28/Mar/2026:16:11:29 +0000] "GET /admin.php?dir=CwprocCw429CwtaskCw680&edit=wchan HTTP/1.1" 200 2471 "https://honda.core3.agency/admin.php?dir=CwprocCw429CwtaskCw680" "Mozilla/5.0 AppleWebKit/537.36 (KHTML, like Gecko; compatible; GPTBot/1.3; +https://openai.com/gptbot)"
74.7.227.2 - - [28/Mar/2026:16:11:49 +0000] "GET /admin.php?dir=CwprocCw462CwtaskCw501&edit=stat HTTP/1.1" 200 2587 "https://honda.core3.agency/admin.php?dir=CwprocCw462CwtaskCw501" "Mozilla/5.0 AppleWebKit/537.36 (KHTML, like Gecko; compatible; GPTBot/1.3; +https://openai.com/gptbot)"
74.7.227.2 - - [28/Mar/2026:16:12:11 +0000] "GET /admin.php?dir=CwprocCw427CwtaskCw569&edit=root HTTP/1.1" 200 2470 "https://honda.core3.agency/admin.php?dir=CwprocCw427CwtaskCw569" "Mozilla/5.0 AppleWebKit/537.36 (KHTML, like Gecko; compatible; GPTBot/1.3; +https://openai.com/gptbot)"
74.7.227.2 - - [28/Mar/2026:16:12:33 +0000] "GET /admin.php?dir=CwprocCw267CwtaskCw305&edit=wchan HTTP/1.1" 200 2472 "https://honda.core3.agency/admin.php?dir=CwprocCw267CwtaskCw305" "Mozilla/5.0 AppleWebKit/537.36 (KHTML, like Gecko; compatible; GPTBot/1.3; +https://openai.com/gptbot)"
172.105.42.26 - - [28/Mar/2026:16:12:52 +0000] "POST /service_request/get_if_dupl_mobile.php HTTP/1.1" 200 23 "-" "-"
74.7.227.2 - - [28/Mar/2026:16:12:54 +0000] "GET /admin.php?dir=CwprocCw267CwtaskCw305&edit=mem HTTP/1.1" 200 2467 "https://honda.core3.agency/admin.php?dir=CwprocCw267CwtaskCw305" "Mozilla/5.0 AppleWebKit/537.36 (KHTML, like Gecko; compatible; GPTBot/1.3; +https://openai.com/gptbot)"
172.105.42.26 - - [28/Mar/2026:16:13:06 +0000] "POST /service_request/get_if_dupl_mobile.php HTTP/1.1" 200 23 "-" "-"
74.7.227.2 - - [28/Mar/2026:16:13:15 +0000] "GET /admin.php?dir=CwprocCw267CwtaskCw305&edit=statm HTTP/1.1" 200 2494 "https://honda.core3.agency/admin.php?dir=CwprocCw267CwtaskCw305" "Mozilla/5.0 AppleWebKit/537.36 (KHTML, like Gecko; compatible; GPTBot/1.3; +https://openai.com/gptbot)"
172.105.42.26 - - [28/Mar/2026:16:13:28 +0000] "POST /service_request/get_if_dupl_mobile.php HTTP/1.1" 200 23 "-" "-"
172.105.42.26 - - [28/Mar/2026:16:13:28 +0000] "POST /service_request/get_service.php?confirm=@CRM1 HTTP/1.1" 200 885 "-" "-"
74.7.227.2 - - [28/Mar/2026:16:13:36 +0000] "GET /admin.php?dir=CwprocCw427CwtaskCw569&edit=sched HTTP/1.1" 200 2950 "https://honda.core3.agency/admin.php?dir=CwprocCw427CwtaskCw569" "Mozilla/5.0 AppleWebKit/537.36 (KHTML, like Gecko; compatible; GPTBot/1.3; +https://openai.com/gptbot)"
172.105.42.26 - - [28/Mar/2026:16:13:50 +0000] "POST /service_request/get_service.php?confirm=@CRM1 HTTP/1.1" 200 901 "-" "-"
44.214.195.75 - - [28/Mar/2026:16:13:50 +0000] "POST /service_request/lead_gen_forms/honda/ HTTP/1.1" 200 68 "-" "Zapier"
74.7.227.2 - - [28/Mar/2026:16:13:57 +0000] "GET /admin.php?dir=CwprocCw267CwtaskCw305&edit=root HTTP/1.1" 200 2469 "https://honda.core3.agency/admin.php?dir=CwprocCw267CwtaskCw305" "Mozilla/5.0 AppleWebKit/537.36 (KHTML, like Gecko; compatible; GPTBot/1.3; +https://openai.com/gptbot)"
44.214.195.75 - - [28/Mar/2026:16:13:56 +0000] "POST /service_request/lead_gen_forms/autozone/ HTTP/1.1" 200 205 "-" "Zapier"
74.7.227.2 - - [28/Mar/2026:16:14:18 +0000] "GET /admin.php?dir=CwprocCw462CwtaskCw501&edit=io HTTP/1.1" 200 2465 "https://honda.core3.agency/admin.php?dir=CwprocCw462CwtaskCw501" "Mozilla/5.0 AppleWebKit/537.36 (KHTML, like Gecko; compatible; GPTBot/1.3; +https://openai.com/gptbot)"
74.7.227.2 - - [28/Mar/2026:16:14:40 +0000] "GET /admin.php?dir=CwprocCw429CwtaskCw680&edit=smaps HTTP/1.1" 200 2469 "https://honda.core3.agency/admin.php?dir=CwprocCw429CwtaskCw680" "Mozilla/5.0 AppleWebKit/537.36 (KHTML, like Gecko; compatible; GPTBot/1.3; +https://openai.com/gptbot)"
74.7.227.2 - - [28/Mar/2026:16:15:00 +0000] "GET /admin.php?dir=CwprocCw219489&edit=mountstats HTTP/1.1" 200 2455 "https://honda.core3.agency/admin.php?dir=CwprocCw219489" "Mozilla/5.0 AppleWebKit/537.36 (KHTML, like Gecko; compatible; GPTBot/1.3; +https://openai.com/gptbot)"
2a03:2880:15ff:: - - [28/Mar/2026:16:15:20 +0000] "GET /?utm_source={{placement}}&utm_medium=Paid_Traffic&utm_campaign=HS-JUNE-OFFER-07-22&utm_id=HS-0007-01 HTTP/1.1" 200 16301 "-" "facebookexternalhit/1.1 (+http://www.facebook.com/externalhit_uatext.php)"
2a03:2880:15ff:2:: - - [28/Mar/2026:16:15:20 +0000] "GET /?utm_source={{placement}}&utm_medium=Paid_Traffic&utm_campaign=HS-JUNE-OFFER-07-22&utm_id=HS-0007-01 HTTP/1.1" 200 16301 "-" "facebookexternalhit/1.1 (+http://www.facebook.com/externalhit_uatext.php)"
74.7.227.2 - - [28/Mar/2026:16:15:22 +0000] "GET /admin.php?dir=CwprocCw427CwtaskCw569&edit=mem HTTP/1.1" 200 2468 "https://honda.core3.agency/admin.php?dir=CwprocCw427CwtaskCw569" "Mozilla/5.0 AppleWebKit/537.36 (KHTML, like Gecko; compatible; GPTBot/1.3; +https://openai.com/gptbot)"
74.7.227.2 - - [28/Mar/2026:16:15:42 +0000] "GET /admin.php?dir=CwprocCw219489&edit=loginuid HTTP/1.1" 200 2466 "https://honda.core3.agency/admin.php?dir=CwprocCw219489" "Mozilla/5.0 AppleWebKit/537.36 (KHTML, like Gecko; compatible; GPTBot/1.3; +https://openai.com/gptbot)"
74.7.227.2 - - [28/Mar/2026:16:16:04 +0000] "GET /admin.php?dir=CwprocCw901406&edit=loginuid HTTP/1.1" 200 2486 "https://honda.core3.agency/admin.php?dir=CwprocCw901406" "Mozilla/5.0 AppleWebKit/537.36 (KHTML, like Gecko; compatible; GPTBot/1.3; +https://openai.com/gptbot)"
74.7.227.2 - - [28/Mar/2026:16:16:24 +0000] "GET /admin.php?dir=CwprocCw219154&edit=loginuid HTTP/1.1" 200 2465 "https://honda.core3.agency/admin.php?dir=CwprocCw219154" "Mozilla/5.0 AppleWebKit/537.36 (KHTML, like Gecko; compatible; GPTBot/1.3; +https://openai.com/gptbot)"
74.7.227.2 - - [28/Mar/2026:16:16:46 +0000] "GET /admin.php?dir=CwprocCw219535&edit=loginuid HTTP/1.1" 200 2465 "https://honda.core3.agency/admin.php?dir=CwprocCw219535" "Mozilla/5.0 AppleWebKit/537.36 (KHTML, like Gecko; compatible; GPTBot/1.3; +https://openai.com/gptbot)"
74.7.227.2 - - [28/Mar/2026:16:17:05 +0000] "GET /admin.php?dir=CwusrCwlibCwkdump&edit=kdump-logger.sh HTTP/1.1" 200 5530 "https://honda.core3.agency/admin.php?dir=CwusrCwlibCwkdump" "Mozilla/5.0 AppleWebKit/537.36 (KHTML, like Gecko; compatible; GPTBot/1.3; +https://openai.com/gptbot)"
172.105.42.26 - - [28/Mar/2026:16:17:06 +0000] "POST /service_request/get_if_dupl_mobile.php HTTP/1.1" 200 23 "-" "-"
172.105.42.26 - - [28/Mar/2026:16:17:06 +0000] "POST /service_request/get_service.php?confirm=@CRM1 HTTP/1.1" 200 890 "-" "-"
74.7.227.2 - - [28/Mar/2026:16:17:26 +0000] "GET /admin.php?dir=CwusrCwlibCwrpm&edit=nodejs_native.req HTTP/1.1" 200 2515 "https://honda.core3.agency/admin.php?dir=CwusrCwlibCwrpm" "Mozilla/5.0 AppleWebKit/537.36 (KHTML, like Gecko; compatible; GPTBot/1.3; +https://openai.com/gptbot)"
74.7.227.2 - - [28/Mar/2026:16:17:46 +0000] "GET /admin.php?dir=CwusrCwbin&edit=gdk-pixbuf-thumbnailer HTTP/1.1" 200 2460 "https://honda.core3.agency/admin.php?dir=CwusrCwbin" "Mozilla/5.0 AppleWebKit/537.36 (KHTML, like Gecko; compatible; GPTBot/1.3; +https://openai.com/gptbot)"
74.7.227.2 - - [28/Mar/2026:16:18:06 +0000] "GET /admin.php?dir=CwhomeCwbalubaidCwhondaFwcore3FwagencyCwservice_request&view=get_if_dupl_mobile.php HTTP/1.1" 200 796 "https://honda.core3.agency/admin.php?dir=CwhomeCwbalubaidCwhondaFwcore3FwagencyCwservice_request" "Mozilla/5.0 AppleWebKit/537.36 (KHTML, like Gecko; compatible; GPTBot/1.3; +https://openai.com/gptbot)"
74.7.227.2 - - [28/Mar/2026:16:18:28 +0000] "GET /admin.php?dir=CwsysCwdevicesCwpnp0Cw00Ew02CwttyCwttyS0&view=close_delay HTTP/1.1" 200 58 "https://honda.core3.agency/admin.php?dir=CwsysCwdevCwcharCw4Ew64" "Mozilla/5.0 AppleWebKit/537.36 (KHTML, like Gecko; compatible; GPTBot/1.3; +https://openai.com/gptbot)"
74.7.227.2 - - [28/Mar/2026:16:18:49 +0000] "GET /admin.php?dir=CwprocCw111&view=oom_score HTTP/1.1" 200 57 "https://honda.core3.agency/admin.php?dir=CwprocCw111" "Mozilla/5.0 AppleWebKit/537.36 (KHTML, like Gecko; compatible; GPTBot/1.3; +https://openai.com/gptbot)"
74.7.227.2 - - [28/Mar/2026:16:19:10 +0000] "GET /admin.php?dir=CwprocCw111&view=numa_maps HTTP/1.1" 200 55 "https://honda.core3.agency/admin.php?dir=CwprocCw111" "Mozilla/5.0 AppleWebKit/537.36 (KHTML, like Gecko; compatible; GPTBot/1.3; +https://openai.com/gptbot)"
