74.7.227.2 - - [28/Mar/2026:16:19:32 +0000] "GET /admin.php?dir=CwsysCwdevicesCwvirtualCwblockCwram6Cwqueue&edit=rotational HTTP/1.1" 200 2505 "https://honda.core3.agency/admin.php?dir=CwsysCwdevicesCwvirtualCwblockCwram6Cwqueue" "Mozilla/5.0 AppleWebKit/537.36 (KHTML, like Gecko; compatible; GPTBot/1.3; +https://openai.com/gptbot)"
74.7.227.2 - - [28/Mar/2026:16:19:54 +0000] "GET /admin.php?dir=CwsysCwdevicesCwvirtualCwblockCwram0Cwqueue&edit=rotational HTTP/1.1" 200 2505 "https://honda.core3.agency/admin.php?dir=CwsysCwdevicesCwvirtualCwblockCwram0Cwqueue" "Mozilla/5.0 AppleWebKit/537.36 (KHTML, like Gecko; compatible; GPTBot/1.3; +https://openai.com/gptbot)"
74.7.227.2 - - [28/Mar/2026:16:20:15 +0000] "GET /admin.php?dir=CwsysCwdevicesCwvirtualCwblockCwram3Cwqueue&edit=rotational HTTP/1.1" 200 2506 "https://honda.core3.agency/admin.php?dir=CwsysCwdevicesCwvirtualCwblockCwram3Cwqueue" "Mozilla/5.0 AppleWebKit/537.36 (KHTML, like Gecko; compatible; GPTBot/1.3; +https://openai.com/gptbot)"
74.7.227.2 - - [28/Mar/2026:16:20:36 +0000] "GET /admin.php?dir=CwsysCwdevicesCwvirtualCwblockCwram1Cwqueue&edit=rotational HTTP/1.1" 200 2506 "https://honda.core3.agency/admin.php?dir=CwsysCwdevicesCwvirtualCwblockCwram1Cwqueue" "Mozilla/5.0 AppleWebKit/537.36 (KHTML, like Gecko; compatible; GPTBot/1.3; +https://openai.com/gptbot)"
172.105.42.26 - - [28/Mar/2026:16:20:38 +0000] "POST /service_request/get_service.php?confirm=@CRM1 HTTP/1.1" 200 914 "-" "-"
44.214.195.72 - - [28/Mar/2026:16:20:38 +0000] "POST /service_request/lead_gen_forms/honda/ HTTP/1.1" 200 68 "-" "Zapier"
74.7.227.2 - - [28/Mar/2026:16:20:56 +0000] "GET /admin.php?dir=CwsysCwdevicesCwvirtualCwblockCwnbd6Cwqueue&edit=rotational HTTP/1.1" 200 2506 "https://honda.core3.agency/admin.php?dir=CwsysCwdevicesCwvirtualCwblockCwnbd6Cwqueue" "Mozilla/5.0 AppleWebKit/537.36 (KHTML, like Gecko; compatible; GPTBot/1.3; +https://openai.com/gptbot)"
74.7.227.2 - - [28/Mar/2026:16:21:17 +0000] "GET /admin.php?dir=CwsysCwdevicesCwvirtualCwblockCwram4Cwqueue&edit=rotational HTTP/1.1" 200 2506 "https://honda.core3.agency/admin.php?dir=CwsysCwdevicesCwvirtualCwblockCwram4Cwqueue" "Mozilla/5.0 AppleWebKit/537.36 (KHTML, like Gecko; compatible; GPTBot/1.3; +https://openai.com/gptbot)"
74.7.227.2 - - [28/Mar/2026:16:21:38 +0000] "GET /admin.php?dir=CwsysCwdevicesCwvirtualCwblockCwram9Cwqueue&edit=rotational HTTP/1.1" 200 2506 "https://honda.core3.agency/admin.php?dir=CwsysCwdevicesCwvirtualCwblockCwram9Cwqueue" "Mozilla/5.0 AppleWebKit/537.36 (KHTML, like Gecko; compatible; GPTBot/1.3; +https://openai.com/gptbot)"
74.7.227.2 - - [28/Mar/2026:16:21:59 +0000] "GET /admin.php?dir=CwsysCwdevicesCwvirtualCwblockCwnbd4Cwqueue&edit=rotational HTTP/1.1" 200 2506 "https://honda.core3.agency/admin.php?dir=CwsysCwdevicesCwvirtualCwblockCwnbd4Cwqueue" "Mozilla/5.0 AppleWebKit/537.36 (KHTML, like Gecko; compatible; GPTBot/1.3; +https://openai.com/gptbot)"
74.7.227.2 - - [28/Mar/2026:16:22:19 +0000] "GET /admin.php?dir=CwsysCwdevicesCwvirtualCwblockCwram8Cwqueue&edit=rotational HTTP/1.1" 200 2506 "https://honda.core3.agency/admin.php?dir=CwsysCwdevicesCwvirtualCwblockCwram8Cwqueue" "Mozilla/5.0 AppleWebKit/537.36 (KHTML, like Gecko; compatible; GPTBot/1.3; +https://openai.com/gptbot)"
44.214.195.75 - - [28/Mar/2026:16:22:28 +0000] "POST /service_request/lead_gen_forms/autozone/ HTTP/1.1" 200 208 "-" "Zapier"
74.7.227.2 - - [28/Mar/2026:16:22:41 +0000] "GET /admin.php?dir=CwsysCwdevicesCwvirtualCwblockCwnbd3Cwqueue&edit=rotational HTTP/1.1" 200 2506 "https://honda.core3.agency/admin.php?dir=CwsysCwdevicesCwvirtualCwblockCwnbd3Cwqueue" "Mozilla/5.0 AppleWebKit/537.36 (KHTML, like Gecko; compatible; GPTBot/1.3; +https://openai.com/gptbot)"
74.7.227.2 - - [28/Mar/2026:16:23:01 +0000] "GET /admin.php?dir=CwsysCwdevicesCwvirtualCwblockCwnbd8Cwqueue&edit=rotational HTTP/1.1" 200 2506 "https://honda.core3.agency/admin.php?dir=CwsysCwdevicesCwvirtualCwblockCwnbd8Cwqueue" "Mozilla/5.0 AppleWebKit/537.36 (KHTML, like Gecko; compatible; GPTBot/1.3; +https://openai.com/gptbot)"
44.214.195.69 - - [28/Mar/2026:16:23:15 +0000] "POST /service_request/lead_gen_forms/autozone/ HTTP/1.1" 200 1032 "-" "Zapier"
74.7.227.2 - - [28/Mar/2026:16:23:21 +0000] "GET /admin.php?dir=CwsysCwdevicesCwvirtualCwblockCwnbd9Cwqueue&edit=rotational HTTP/1.1" 200 2507 "https://honda.core3.agency/admin.php?dir=CwsysCwdevicesCwvirtualCwblockCwnbd9Cwqueue" "Mozilla/5.0 AppleWebKit/537.36 (KHTML, like Gecko; compatible; GPTBot/1.3; +https://openai.com/gptbot)"
44.214.195.69 - - [28/Mar/2026:16:23:23 +0000] "POST /service_request/lead_gen_forms/deepal/facebook.php HTTP/1.1" 200 179 "-" "Zapier"
74.7.227.2 - - [28/Mar/2026:16:23:42 +0000] "GET /admin.php?dir=CwsysCwdevicesCwvirtualCwblockCwnbd5Cwqueue&edit=rotational HTTP/1.1" 200 2506 "https://honda.core3.agency/admin.php?dir=CwsysCwdevicesCwvirtualCwblockCwnbd5Cwqueue" "Mozilla/5.0 AppleWebKit/537.36 (KHTML, like Gecko; compatible; GPTBot/1.3; +https://openai.com/gptbot)"
74.7.227.2 - - [28/Mar/2026:16:24:02 +0000] "GET /admin.php?dir=CwsysCwdevicesCwvirtualCwblockCwloop0Cwqueue&edit=rotational HTTP/1.1" 200 2506 "https://honda.core3.agency/admin.php?dir=CwsysCwdevicesCwvirtualCwblockCwloop0Cwqueue" "Mozilla/5.0 AppleWebKit/537.36 (KHTML, like Gecko; compatible; GPTBot/1.3; +https://openai.com/gptbot)"
172.105.42.26 - - [28/Mar/2026:16:24:06 +0000] "POST /service_request/get_service.php?confirm=@CRM1 HTTP/1.1" 200 938 "-" "-"
44.214.195.73 - - [28/Mar/2026:16:24:06 +0000] "POST /service_request/lead_gen_forms/honda/ HTTP/1.1" 200 68 "-" "Zapier"
74.7.227.2 - - [28/Mar/2026:16:24:22 +0000] "GET /admin.php?dir=CwsysCwdevicesCwvirtualCwblockCwram2Cwqueue&edit=rotational HTTP/1.1" 200 2507 "https://honda.core3.agency/admin.php?dir=CwsysCwdevicesCwvirtualCwblockCwram2Cwqueue" "Mozilla/5.0 AppleWebKit/537.36 (KHTML, like Gecko; compatible; GPTBot/1.3; +https://openai.com/gptbot)"
74.7.227.2 - - [28/Mar/2026:16:24:43 +0000] "GET /admin.php?dir=CwsysCwdevicesCwvirtualCwblockCwram7Cwqueue&edit=rotational HTTP/1.1" 200 2506 "https://honda.core3.agency/admin.php?dir=CwsysCwdevicesCwvirtualCwblockCwram7Cwqueue" "Mozilla/5.0 AppleWebKit/537.36 (KHTML, like Gecko; compatible; GPTBot/1.3; +https://openai.com/gptbot)"
74.7.227.2 - - [28/Mar/2026:16:25:05 +0000] "GET /admin.php?dir=CwsysCwdevicesCwvirtualCwblockCwram5Cwqueue&edit=rotational HTTP/1.1" 200 2506 "https://honda.core3.agency/admin.php?dir=CwsysCwdevicesCwvirtualCwblockCwram5Cwqueue" "Mozilla/5.0 AppleWebKit/537.36 (KHTML, like Gecko; compatible; GPTBot/1.3; +https://openai.com/gptbot)"
74.7.227.2 - - [28/Mar/2026:16:25:26 +0000] "GET /admin.php?dir=CwhomeCwbalubaidCwgwmFwautozoneFwcomFwsa&edit=wp-comments-post.php HTTP/1.1" 200 3557 "https://honda.core3.agency/admin.php?dir=CwhomeCwbalubaidCwgwmFwautozoneFwcomFwsa" "Mozilla/5.0 AppleWebKit/537.36 (KHTML, like Gecko; compatible; GPTBot/1.3; +https://openai.com/gptbot)"
44.214.195.75 - - [28/Mar/2026:16:25:27 +0000] "POST /service_request/lead_gen_forms/autozone/ HTTP/1.1" 200 1049 "-" "Zapier"
74.7.227.2 - - [28/Mar/2026:16:25:46 +0000] "GET /admin.php?dir=CwhomeCwbalubaidCwcrmFwautozoneFwcomFwsa&edit=wp-comments-post.php HTTP/1.1" 200 3390 "https://honda.core3.agency/admin.php?dir=CwhomeCwbalubaidCwcrmFwautozoneFwcomFwsa" "Mozilla/5.0 AppleWebKit/537.36 (KHTML, like Gecko; compatible; GPTBot/1.3; +https://openai.com/gptbot)"
74.7.227.2 - - [28/Mar/2026:16:26:07 +0000] "GET /admin.php?dir=CwhomeCwbalubaidCwquoteFwautozoneFwcomFwsa&edit=wp-comments-post.php HTTP/1.1" 200 3564 "https://honda.core3.agency/admin.php?dir=CwhomeCwbalubaidCwquoteFwautozoneFwcomFwsa" "Mozilla/5.0 AppleWebKit/537.36 (KHTML, like Gecko; compatible; GPTBot/1.3; +https://openai.com/gptbot)"
74.7.227.2 - - [28/Mar/2026:16:26:29 +0000] "GET /admin.php?dir=CwprocCw122&view=stat HTTP/1.1" 200 146 "https://honda.core3.agency/admin.php?dir=CwprocCw122" "Mozilla/5.0 AppleWebKit/537.36 (KHTML, like Gecko; compatible; GPTBot/1.3; +https://openai.com/gptbot)"
74.7.227.2 - - [28/Mar/2026:16:26:50 +0000] "GET /admin.php?dir=CwprocCw299&view=stat HTTP/1.1" 200 148 "https://honda.core3.agency/admin.php?dir=CwprocCw299" "Mozilla/5.0 AppleWebKit/537.36 (KHTML, like Gecko; compatible; GPTBot/1.3; +https://openai.com/gptbot)"
74.7.227.2 - - [28/Mar/2026:16:27:11 +0000] "GET /admin.php?dir=CwprocCw113&view=stat HTTP/1.1" 200 145 "https://honda.core3.agency/admin.php?dir=CwprocCw113" "Mozilla/5.0 AppleWebKit/537.36 (KHTML, like Gecko; compatible; GPTBot/1.3; +https://openai.com/gptbot)"
74.7.227.2 - - [28/Mar/2026:16:27:32 +0000] "GET /admin.php?dir=CwprocCw119&view=stat HTTP/1.1" 200 143 "https://honda.core3.agency/admin.php?dir=CwprocCw119" "Mozilla/5.0 AppleWebKit/537.36 (KHTML, like Gecko; compatible; GPTBot/1.3; +https://openai.com/gptbot)"
74.7.227.2 - - [28/Mar/2026:16:27:53 +0000] "GET /admin.php?dir=CwprocCw114&view=stat HTTP/1.1" 200 144 "https://honda.core3.agency/admin.php?dir=CwprocCw114" "Mozilla/5.0 AppleWebKit/537.36 (KHTML, like Gecko; compatible; GPTBot/1.3; +https://openai.com/gptbot)"
74.7.227.2 - - [28/Mar/2026:16:28:15 +0000] "GET /admin.php?dir=CwprocCw299&view=auxv HTTP/1.1" 200 55 "https://honda.core3.agency/admin.php?dir=CwprocCw299" "Mozilla/5.0 AppleWebKit/537.36 (KHTML, like Gecko; compatible; GPTBot/1.3; +https://openai.com/gptbot)"
74.7.227.2 - - [28/Mar/2026:16:28:35 +0000] "GET /admin.php?dir=CwprocCw131&view=auxv HTTP/1.1" 200 55 "https://honda.core3.agency/admin.php?dir=CwprocCw131" "Mozilla/5.0 AppleWebKit/537.36 (KHTML, like Gecko; compatible; GPTBot/1.3; +https://openai.com/gptbot)"
74.7.227.2 - - [28/Mar/2026:16:28:55 +0000] "GET /admin.php?dir=CwprocCw151&view=stat HTTP/1.1" 200 143 "https://honda.core3.agency/admin.php?dir=CwprocCw151" "Mozilla/5.0 AppleWebKit/537.36 (KHTML, like Gecko; compatible; GPTBot/1.3; +https://openai.com/gptbot)"
74.7.227.2 - - [28/Mar/2026:16:29:16 +0000] "GET /admin.php?dir=CwprocCw161&view=auxv HTTP/1.1" 200 55 "https://honda.core3.agency/admin.php?dir=CwprocCw161" "Mozilla/5.0 AppleWebKit/537.36 (KHTML, like Gecko; compatible; GPTBot/1.3; +https://openai.com/gptbot)"
74.7.227.2 - - [28/Mar/2026:16:29:37 +0000] "GET /admin.php?dir=CwprocCw114&view=auxv HTTP/1.1" 200 55 "https://honda.core3.agency/admin.php?dir=CwprocCw114" "Mozilla/5.0 AppleWebKit/537.36 (KHTML, like Gecko; compatible; GPTBot/1.3; +https://openai.com/gptbot)"
74.7.227.2 - - [28/Mar/2026:16:29:57 +0000] "GET /admin.php?dir=CwprocCw121&view=stat HTTP/1.1" 200 146 "https://honda.core3.agency/admin.php?dir=CwprocCw121" "Mozilla/5.0 AppleWebKit/537.36 (KHTML, like Gecko; compatible; GPTBot/1.3; +https://openai.com/gptbot)"
74.7.227.2 - - [28/Mar/2026:16:30:18 +0000] "GET /admin.php?dir=CwprocCw313&view=stat HTTP/1.1" 200 180 "https://honda.core3.agency/admin.php?dir=CwprocCw313" "Mozilla/5.0 AppleWebKit/537.36 (KHTML, like Gecko; compatible; GPTBot/1.3; +https://openai.com/gptbot)"
172.105.42.26 - - [28/Mar/2026:16:30:26 +0000] "POST /service_request/get_service.php?confirm=@CRM1 HTTP/1.1" 200 907 "-" "-"
44.214.195.75 - - [28/Mar/2026:16:30:26 +0000] "POST /service_request/lead_gen_forms/honda/ HTTP/1.1" 200 68 "-" "Zapier"
74.7.227.2 - - [28/Mar/2026:16:30:40 +0000] "GET /admin.php?dir=CwprocCw115&view=stat HTTP/1.1" 200 146 "https://honda.core3.agency/admin.php?dir=CwprocCw115" "Mozilla/5.0 AppleWebKit/537.36 (KHTML, like Gecko; compatible; GPTBot/1.3; +https://openai.com/gptbot)"
74.7.227.2 - - [28/Mar/2026:16:31:01 +0000] "GET /admin.php?dir=CwprocCw112&view=stat HTTP/1.1" 200 146 "https://honda.core3.agency/admin.php?dir=CwprocCw112" "Mozilla/5.0 AppleWebKit/537.36 (KHTML, like Gecko; compatible; GPTBot/1.3; +https://openai.com/gptbot)"
74.7.227.2 - - [28/Mar/2026:16:31:21 +0000] "GET /admin.php?dir=CwprocCw161&view=stat HTTP/1.1" 200 140 "https://honda.core3.agency/admin.php?dir=CwprocCw161" "Mozilla/5.0 AppleWebKit/537.36 (KHTML, like Gecko; compatible; GPTBot/1.3; +https://openai.com/gptbot)"
74.7.227.2 - - [28/Mar/2026:16:31:43 +0000] "GET /admin.php?dir=CwprocCw424&view=stat HTTP/1.1" 200 202 "https://honda.core3.agency/admin.php?dir=CwprocCw424" "Mozilla/5.0 AppleWebKit/537.36 (KHTML, like Gecko; compatible; GPTBot/1.3; +https://openai.com/gptbot)"
74.7.227.2 - - [28/Mar/2026:16:32:04 +0000] "GET /admin.php?dir=CwprocCw144&view=auxv HTTP/1.1" 200 55 "https://honda.core3.agency/admin.php?dir=CwprocCw144" "Mozilla/5.0 AppleWebKit/537.36 (KHTML, like Gecko; compatible; GPTBot/1.3; +https://openai.com/gptbot)"
74.7.227.2 - - [28/Mar/2026:16:32:25 +0000] "GET /admin.php?dir=CwprocCw225&view=auxv HTTP/1.1" 200 55 "https://honda.core3.agency/admin.php?dir=CwprocCw225" "Mozilla/5.0 AppleWebKit/537.36 (KHTML, like Gecko; compatible; GPTBot/1.3; +https://openai.com/gptbot)"
172.105.42.26 - - [28/Mar/2026:16:32:43 +0000] "POST /service_request/get_service.php?confirm=@CRM1 HTTP/1.1" 200 917 "-" "-"
44.214.195.75 - - [28/Mar/2026:16:32:43 +0000] "POST /service_request/lead_gen_forms/honda/ HTTP/1.1" 200 68 "-" "Zapier"
74.7.227.2 - - [28/Mar/2026:16:32:46 +0000] "GET /admin.php?dir=CwprocCw118&view=auxv HTTP/1.1" 200 55 "https://honda.core3.agency/admin.php?dir=CwprocCw118" "Mozilla/5.0 AppleWebKit/537.36 (KHTML, like Gecko; compatible; GPTBot/1.3; +https://openai.com/gptbot)"
74.7.227.2 - - [28/Mar/2026:16:33:08 +0000] "GET /admin.php?dir=CwprocCw141&view=stat HTTP/1.1" 200 141 "https://honda.core3.agency/admin.php?dir=CwprocCw141" "Mozilla/5.0 AppleWebKit/537.36 (KHTML, like Gecko; compatible; GPTBot/1.3; +https://openai.com/gptbot)"
74.7.227.2 - - [28/Mar/2026:16:33:31 +0000] "GET /admin.php?dir=CwprocCw922&view=auxv HTTP/1.1" 200 55 "https://honda.core3.agency/admin.php?dir=CwprocCw922" "Mozilla/5.0 AppleWebKit/537.36 (KHTML, like Gecko; compatible; GPTBot/1.3; +https://openai.com/gptbot)"
74.7.227.2 - - [28/Mar/2026:16:33:52 +0000] "GET /admin.php?dir=CwprocCw117&view=stat HTTP/1.1" 200 143 "https://honda.core3.agency/admin.php?dir=CwprocCw117" "Mozilla/5.0 AppleWebKit/537.36 (KHTML, like Gecko; compatible; GPTBot/1.3; +https://openai.com/gptbot)"
74.7.227.2 - - [28/Mar/2026:16:34:12 +0000] "GET /admin.php?dir=CwprocCw166&view=stat HTTP/1.1" 200 147 "https://honda.core3.agency/admin.php?dir=CwprocCw166" "Mozilla/5.0 AppleWebKit/537.36 (KHTML, like Gecko; compatible; GPTBot/1.3; +https://openai.com/gptbot)"
44.214.195.75 - - [28/Mar/2026:16:34:16 +0000] "POST /service_request/lead_gen_forms/autozone/ HTTP/1.1" 200 1052 "-" "Zapier"
74.7.227.2 - - [28/Mar/2026:16:34:33 +0000] "GET /admin.php?dir=CwprocCw115&view=auxv HTTP/1.1" 200 55 "https://honda.core3.agency/admin.php?dir=CwprocCw115" "Mozilla/5.0 AppleWebKit/537.36 (KHTML, like Gecko; compatible; GPTBot/1.3; +https://openai.com/gptbot)"
74.7.227.2 - - [28/Mar/2026:16:34:54 +0000] "GET /admin.php?dir=CwprocCw100&view=stat HTTP/1.1" 200 139 "https://honda.core3.agency/admin.php?dir=CwprocCw100" "Mozilla/5.0 AppleWebKit/537.36 (KHTML, like Gecko; compatible; GPTBot/1.3; +https://openai.com/gptbot)"
74.7.227.2 - - [28/Mar/2026:16:35:16 +0000] "GET /admin.php?dir=CwprocCw922&view=stat HTTP/1.1" 200 151 "https://honda.core3.agency/admin.php?dir=CwprocCw922" "Mozilla/5.0 AppleWebKit/537.36 (KHTML, like Gecko; compatible; GPTBot/1.3; +https://openai.com/gptbot)"
74.7.227.2 - - [28/Mar/2026:16:35:37 +0000] "GET /admin.php?dir=CwprocCw100&view=auxv HTTP/1.1" 200 55 "https://honda.core3.agency/admin.php?dir=CwprocCw100" "Mozilla/5.0 AppleWebKit/537.36 (KHTML, like Gecko; compatible; GPTBot/1.3; +https://openai.com/gptbot)"
74.7.227.2 - - [28/Mar/2026:16:35:58 +0000] "GET /admin.php?dir=CwprocCw151&view=auxv HTTP/1.1" 200 55 "https://honda.core3.agency/admin.php?dir=CwprocCw151" "Mozilla/5.0 AppleWebKit/537.36 (KHTML, like Gecko; compatible; GPTBot/1.3; +https://openai.com/gptbot)"
74.7.227.2 - - [28/Mar/2026:16:36:20 +0000] "GET /admin.php?dir=CwprocCw313&view=auxv HTTP/1.1" 200 55 "https://honda.core3.agency/admin.php?dir=CwprocCw313" "Mozilla/5.0 AppleWebKit/537.36 (KHTML, like Gecko; compatible; GPTBot/1.3; +https://openai.com/gptbot)"
44.214.195.73 - - [28/Mar/2026:16:36:25 +0000] "POST /service_request/lead_gen_forms/autozone/ HTTP/1.1" 200 1068 "-" "Zapier"
74.7.227.2 - - [28/Mar/2026:16:36:41 +0000] "GET /admin.php?dir=CwprocCw225&view=stat HTTP/1.1" 200 186 "https://honda.core3.agency/admin.php?dir=CwprocCw225" "Mozilla/5.0 AppleWebKit/537.36 (KHTML, like Gecko; compatible; GPTBot/1.3; +https://openai.com/gptbot)"
74.7.227.2 - - [28/Mar/2026:16:37:01 +0000] "GET /admin.php?dir=CwprocCw144&view=stat HTTP/1.1" 200 147 "https://honda.core3.agency/admin.php?dir=CwprocCw144" "Mozilla/5.0 AppleWebKit/537.36 (KHTML, like Gecko; compatible; GPTBot/1.3; +https://openai.com/gptbot)"
74.7.227.2 - - [28/Mar/2026:16:37:22 +0000] "GET /admin.php?dir=CwprocCw112&view=auxv HTTP/1.1" 200 55 "https://honda.core3.agency/admin.php?dir=CwprocCw112" "Mozilla/5.0 AppleWebKit/537.36 (KHTML, like Gecko; compatible; GPTBot/1.3; +https://openai.com/gptbot)"
74.7.227.2 - - [28/Mar/2026:16:37:44 +0000] "GET /admin.php?dir=CwprocCw441&view=stat HTTP/1.1" 200 191 "https://honda.core3.agency/admin.php?dir=CwprocCw441" "Mozilla/5.0 AppleWebKit/537.36 (KHTML, like Gecko; compatible; GPTBot/1.3; +https://openai.com/gptbot)"
74.7.227.2 - - [28/Mar/2026:16:38:05 +0000] "GET /admin.php?dir=CwprocCw441&view=auxv HTTP/1.1" 200 55 "https://honda.core3.agency/admin.php?dir=CwprocCw441" "Mozilla/5.0 AppleWebKit/537.36 (KHTML, like Gecko; compatible; GPTBot/1.3; +https://openai.com/gptbot)"
74.7.227.2 - - [28/Mar/2026:16:38:25 +0000] "GET /admin.php?dir=CwprocCw122&view=auxv HTTP/1.1" 200 55 "https://honda.core3.agency/admin.php?dir=CwprocCw122" "Mozilla/5.0 AppleWebKit/537.36 (KHTML, like Gecko; compatible; GPTBot/1.3; +https://openai.com/gptbot)"
172.105.42.26 - - [28/Mar/2026:16:38:37 +0000] "POST /service_request/get_service.php?confirm=@CRM1 HTTP/1.1" 200 878 "-" "-"
44.214.195.69 - - [28/Mar/2026:16:38:37 +0000] "POST /service_request/lead_gen_forms/honda/ HTTP/1.1" 200 68 "-" "Zapier"
74.7.227.2 - - [28/Mar/2026:16:38:46 +0000] "GET /admin.php?dir=CwprocCw131&view=stat HTTP/1.1" 200 147 "https://honda.core3.agency/admin.php?dir=CwprocCw131" "Mozilla/5.0 AppleWebKit/537.36 (KHTML, like Gecko; compatible; GPTBot/1.3; +https://openai.com/gptbot)"
74.7.227.2 - - [28/Mar/2026:16:39:07 +0000] "GET /admin.php?dir=CwprocCw133&view=stat HTTP/1.1" 200 140 "https://honda.core3.agency/admin.php?dir=CwprocCw133" "Mozilla/5.0 AppleWebKit/537.36 (KHTML, like Gecko; compatible; GPTBot/1.3; +https://openai.com/gptbot)"
44.214.195.75 - - [28/Mar/2026:16:39:14 +0000] "POST /service_request/lead_gen_forms/autozone/ HTTP/1.1" 200 121 "-" "Zapier"
74.7.227.2 - - [28/Mar/2026:16:39:29 +0000] "GET /admin.php?dir=CwprocCw101&view=auxv HTTP/1.1" 200 55 "https://honda.core3.agency/admin.php?dir=CwprocCw101" "Mozilla/5.0 AppleWebKit/537.36 (KHTML, like Gecko; compatible; GPTBot/1.3; +https://openai.com/gptbot)"
74.7.227.2 - - [28/Mar/2026:16:39:50 +0000] "GET /admin.php?dir=CwprocCw118&view=stat HTTP/1.1" 200 143 "https://honda.core3.agency/admin.php?dir=CwprocCw118" "Mozilla/5.0 AppleWebKit/537.36 (KHTML, like Gecko; compatible; GPTBot/1.3; +https://openai.com/gptbot)"
74.7.227.2 - - [28/Mar/2026:16:40:11 +0000] "GET /admin.php?dir=CwprocCw101&view=stat HTTP/1.1" 200 142 "https://honda.core3.agency/admin.php?dir=CwprocCw101" "Mozilla/5.0 AppleWebKit/537.36 (KHTML, like Gecko; compatible; GPTBot/1.3; +https://openai.com/gptbot)"
44.214.195.73 - - [28/Mar/2026:16:40:08 +0000] "POST /service_request/lead_gen_forms/autozone/ HTTP/1.1" 200 210 "-" "Zapier"
74.7.227.2 - - [28/Mar/2026:16:40:32 +0000] "GET /admin.php?dir=CwprocCw117&view=auxv HTTP/1.1" 200 55 "https://honda.core3.agency/admin.php?dir=CwprocCw117" "Mozilla/5.0 AppleWebKit/537.36 (KHTML, like Gecko; compatible; GPTBot/1.3; +https://openai.com/gptbot)"
74.7.227.2 - - [28/Mar/2026:16:40:53 +0000] "GET /admin.php?dir=CwprocCw116&view=stat HTTP/1.1" 200 146 "https://honda.core3.agency/admin.php?dir=CwprocCw116" "Mozilla/5.0 AppleWebKit/537.36 (KHTML, like Gecko; compatible; GPTBot/1.3; +https://openai.com/gptbot)"
74.7.227.2 - - [28/Mar/2026:16:41:15 +0000] "GET /admin.php?dir=CwprocCw133&view=auxv HTTP/1.1" 200 55 "https://honda.core3.agency/admin.php?dir=CwprocCw133" "Mozilla/5.0 AppleWebKit/537.36 (KHTML, like Gecko; compatible; GPTBot/1.3; +https://openai.com/gptbot)"
44.214.195.73 - - [28/Mar/2026:16:41:12 +0000] "POST /service_request/lead_gen_forms/deepal/facebook.php HTTP/1.1" 200 180 "-" "Zapier"
74.7.227.2 - - [28/Mar/2026:16:41:36 +0000] "GET /admin.php?dir=CwprocCw757&view=auxv HTTP/1.1" 200 55 "https://honda.core3.agency/admin.php?dir=CwprocCw757" "Mozilla/5.0 AppleWebKit/537.36 (KHTML, like Gecko; compatible; GPTBot/1.3; +https://openai.com/gptbot)"
74.7.227.2 - - [28/Mar/2026:16:41:57 +0000] "GET /admin.php?dir=CwprocCw113&view=auxv HTTP/1.1" 200 55 "https://honda.core3.agency/admin.php?dir=CwprocCw113" "Mozilla/5.0 AppleWebKit/537.36 (KHTML, like Gecko; compatible; GPTBot/1.3; +https://openai.com/gptbot)"
74.7.227.2 - - [28/Mar/2026:16:42:19 +0000] "GET /admin.php?dir=CwprocCw171&view=stat HTTP/1.1" 200 160 "https://honda.core3.agency/admin.php?dir=CwprocCw171" "Mozilla/5.0 AppleWebKit/537.36 (KHTML, like Gecko; compatible; GPTBot/1.3; +https://openai.com/gptbot)"
74.7.227.2 - - [28/Mar/2026:16:42:39 +0000] "GET /admin.php?dir=CwprocCw757&view=stat HTTP/1.1" 200 180 "https://honda.core3.agency/admin.php?dir=CwprocCw757" "Mozilla/5.0 AppleWebKit/537.36 (KHTML, like Gecko; compatible; GPTBot/1.3; +https://openai.com/gptbot)"
74.7.227.2 - - [28/Mar/2026:16:43:01 +0000] "GET /admin.php?dir=CwprocCw119&view=auxv HTTP/1.1" 200 55 "https://honda.core3.agency/admin.php?dir=CwprocCw119" "Mozilla/5.0 AppleWebKit/537.36 (KHTML, like Gecko; compatible; GPTBot/1.3; +https://openai.com/gptbot)"
74.7.227.2 - - [28/Mar/2026:16:43:22 +0000] "GET /admin.php?dir=CwprocCw141&view=auxv HTTP/1.1" 200 55 "https://honda.core3.agency/admin.php?dir=CwprocCw141" "Mozilla/5.0 AppleWebKit/537.36 (KHTML, like Gecko; compatible; GPTBot/1.3; +https://openai.com/gptbot)"
74.7.227.2 - - [28/Mar/2026:16:43:44 +0000] "GET /admin.php?dir=CwprocCw116&view=auxv HTTP/1.1" 200 55 "https://honda.core3.agency/admin.php?dir=CwprocCw116" "Mozilla/5.0 AppleWebKit/537.36 (KHTML, like Gecko; compatible; GPTBot/1.3; +https://openai.com/gptbot)"
74.7.227.2 - - [28/Mar/2026:16:44:05 +0000] "GET /admin.php?dir=CwprocCw166&view=auxv HTTP/1.1" 200 55 "https://honda.core3.agency/admin.php?dir=CwprocCw166" "Mozilla/5.0 AppleWebKit/537.36 (KHTML, like Gecko; compatible; GPTBot/1.3; +https://openai.com/gptbot)"
74.7.227.2 - - [28/Mar/2026:16:44:27 +0000] "GET /admin.php?dir=CwprocCw121&view=auxv HTTP/1.1" 200 55 "https://honda.core3.agency/admin.php?dir=CwprocCw121" "Mozilla/5.0 AppleWebKit/537.36 (KHTML, like Gecko; compatible; GPTBot/1.3; +https://openai.com/gptbot)"
74.7.227.2 - - [28/Mar/2026:16:44:48 +0000] "GET /admin.php?dir=CwprocCw424&view=auxv HTTP/1.1" 200 55 "https://honda.core3.agency/admin.php?dir=CwprocCw424" "Mozilla/5.0 AppleWebKit/537.36 (KHTML, like Gecko; compatible; GPTBot/1.3; +https://openai.com/gptbot)"
74.7.227.2 - - [28/Mar/2026:16:45:43 +0000] "GET /admin.php?dir=CwsysCwmoduleCwib_coreCwparameters&view=netns_mode HTTP/1.1" 200 57 "https://honda.core3.agency/admin.php?dir=CwsysCwmoduleCwib_coreCwparameters" "Mozilla/5.0 AppleWebKit/537.36 (KHTML, like Gecko; compatible; GPTBot/1.3; +https://openai.com/gptbot)"
74.7.227.2 - - [28/Mar/2026:16:45:51 +0000] "GET /admin.php?dir=CwsysCwdevicesCwvirtualCwmiscCwdevice-mapperCwsubsystem HTTP/1.1" 200 3802 "https://honda.core3.agency/admin.php?dir=CwsysCwdevCwcharCw10Ew236" "Mozilla/5.0 AppleWebKit/537.36 (KHTML, like Gecko; compatible; GPTBot/1.3; +https://openai.com/gptbot)"
74.7.227.2 - - [28/Mar/2026:16:46:04 +0000] "GET /admin.php?dir=CwhomeCwbalubaidCwworkforceFwcore3FwagencyCwwp-admin&edit=update-core.php HTTP/1.1" 200 13519 "https://honda.core3.agency/admin.php?dir=CwhomeCwbalubaidCwworkforceFwcore3FwagencyCwwp-admin" "Mozilla/5.0 AppleWebKit/537.36 (KHTML, like Gecko; compatible; GPTBot/1.3; +https://openai.com/gptbot)"
74.7.227.2 - - [28/Mar/2026:16:46:26 +0000] "GET /admin.php?dir=CwsysCwdevicesCwpci0000Ew00Cw0000Ew00Ew1fFw0&edit=msi_bus HTTP/1.1" 200 2495 "https://honda.core3.agency/admin.php?dir=CwsysCwdevicesCwpci0000Ew00Cw0000Ew00Ew1fFw0" "Mozilla/5.0 AppleWebKit/537.36 (KHTML, like Gecko; compatible; GPTBot/1.3; +https://openai.com/gptbot)"
74.7.227.2 - - [28/Mar/2026:16:46:46 +0000] "GET /admin.php?dir=CwvarCwlog&view=hawkey.log-20260308 HTTP/1.1" 200 70591 "https://honda.core3.agency/admin.php?dir=CwvarCwlog" "Mozilla/5.0 AppleWebKit/537.36 (KHTML, like Gecko; compatible; GPTBot/1.3; +https://openai.com/gptbot)"
74.7.227.2 - - [28/Mar/2026:16:47:07 +0000] "GET /admin.php?dir=CwvarCwlog&view=hawkey.log-20260301 HTTP/1.1" 200 69974 "https://honda.core3.agency/admin.php?dir=CwvarCwlog" "Mozilla/5.0 AppleWebKit/537.36 (KHTML, like Gecko; compatible; GPTBot/1.3; +https://openai.com/gptbot)"
74.7.227.2 - - [28/Mar/2026:16:47:28 +0000] "GET /admin.php?dir=CwusrCwbin&edit=c89 HTTP/1.1" 200 2620 "https://honda.core3.agency/admin.php?dir=CwusrCwbin" "Mozilla/5.0 AppleWebKit/537.36 (KHTML, like Gecko; compatible; GPTBot/1.3; +https://openai.com/gptbot)"
74.7.227.2 - - [28/Mar/2026:16:47:49 +0000] "GET /admin.php?dir=CwusrCwbin&edit=g13 HTTP/1.1" 200 2445 "https://honda.core3.agency/admin.php?dir=CwusrCwbin" "Mozilla/5.0 AppleWebKit/537.36 (KHTML, like Gecko; compatible; GPTBot/1.3; +https://openai.com/gptbot)"
44.214.195.75 - - [28/Mar/2026:16:47:44 +0000] "POST /service_request/lead_gen_forms/autozone/ HTTP/1.1" 200 1052 "-" "Zapier"
74.7.227.2 - - [28/Mar/2026:16:48:11 +0000] "GET /admin.php?dir=CwprocCw427CwtaskCw541 HTTP/1.1" 200 5093 "https://honda.core3.agency/admin.php?dir=CwprocCw427Cwtask" "Mozilla/5.0 AppleWebKit/537.36 (KHTML, like Gecko; compatible; GPTBot/1.3; +https://openai.com/gptbot)"
44.214.195.69 - - [28/Mar/2026:16:48:25 +0000] "POST /service_request/lead_gen_forms/deepal/instagram.php HTTP/1.1" 200 178 "-" "Zapier"
74.7.227.2 - - [28/Mar/2026:16:48:31 +0000] "GET /admin.php?dir=CwprocCw267CwtaskCw306 HTTP/1.1" 200 5093 "https://honda.core3.agency/admin.php?dir=CwprocCw267Cwtask" "Mozilla/5.0 AppleWebKit/537.36 (KHTML, like Gecko; compatible; GPTBot/1.3; +https://openai.com/gptbot)"
74.7.227.2 - - [28/Mar/2026:16:48:53 +0000] "GET /admin.php?dir=CwprocCw462CwtaskCw506 HTTP/1.1" 200 5092 "https://honda.core3.agency/admin.php?dir=CwprocCw462Cwtask" "Mozilla/5.0 AppleWebKit/537.36 (KHTML, like Gecko; compatible; GPTBot/1.3; +https://openai.com/gptbot)"
74.7.227.2 - - [28/Mar/2026:16:49:14 +0000] "GET /admin.php?dir=CwprocCw427CwtaskCw521 HTTP/1.1" 200 5054 "https://honda.core3.agency/admin.php?dir=CwprocCw427Cwtask" "Mozilla/5.0 AppleWebKit/537.36 (KHTML, like Gecko; compatible; GPTBot/1.3; +https://openai.com/gptbot)"
74.7.227.2 - - [28/Mar/2026:16:49:35 +0000] "GET /admin.php?dir=CwprocCw462CwtaskCw651 HTTP/1.1" 200 5093 "https://honda.core3.agency/admin.php?dir=CwprocCw462Cwtask" "Mozilla/5.0 AppleWebKit/537.36 (KHTML, like Gecko; compatible; GPTBot/1.3; +https://openai.com/gptbot)"
44.214.195.67 - - [28/Mar/2026:16:49:45 +0000] "POST /service_request/lead_gen_forms/autozone/ HTTP/1.1" 200 206 "-" "Zapier"
74.7.227.2 - - [28/Mar/2026:16:49:55 +0000] "GET /admin.php?dir=CwprocCw462CwtaskCw650 HTTP/1.1" 200 5093 "https://honda.core3.agency/admin.php?dir=CwprocCw462Cwtask" "Mozilla/5.0 AppleWebKit/537.36 (KHTML, like Gecko; compatible; GPTBot/1.3; +https://openai.com/gptbot)"
74.7.227.2 - - [28/Mar/2026:16:50:16 +0000] "GET /admin.php?dir=CwprocCw462CwtaskCw520 HTTP/1.1" 200 5091 "https://honda.core3.agency/admin.php?dir=CwprocCw462Cwtask" "Mozilla/5.0 AppleWebKit/537.36 (KHTML, like Gecko; compatible; GPTBot/1.3; +https://openai.com/gptbot)"
74.7.227.2 - - [28/Mar/2026:16:50:37 +0000] "GET /admin.php?dir=CwprocCw462CwtaskCw516 HTTP/1.1" 200 5092 "https://honda.core3.agency/admin.php?dir=CwprocCw462Cwtask" "Mozilla/5.0 AppleWebKit/537.36 (KHTML, like Gecko; compatible; GPTBot/1.3; +https://openai.com/gptbot)"
74.7.227.2 - - [28/Mar/2026:16:50:58 +0000] "GET /admin.php?dir=CwprocCw460CwtaskCw653 HTTP/1.1" 200 5092 "https://honda.core3.agency/admin.php?dir=CwprocCw460Cwtask" "Mozilla/5.0 AppleWebKit/537.36 (KHTML, like Gecko; compatible; GPTBot/1.3; +https://openai.com/gptbot)"
74.7.227.2 - - [28/Mar/2026:16:51:19 +0000] "GET /admin.php?dir=CwprocCw462CwtaskCw610 HTTP/1.1" 200 5092 "https://honda.core3.agency/admin.php?dir=CwprocCw462Cwtask" "Mozilla/5.0 AppleWebKit/537.36 (KHTML, like Gecko; compatible; GPTBot/1.3; +https://openai.com/gptbot)"
74.7.227.2 - - [28/Mar/2026:16:51:39 +0000] "GET /admin.php?dir=CwprocCw427CwtaskCw925 HTTP/1.1" 200 5094 "https://honda.core3.agency/admin.php?dir=CwprocCw427Cwtask" "Mozilla/5.0 AppleWebKit/537.36 (KHTML, like Gecko; compatible; GPTBot/1.3; +https://openai.com/gptbot)"
74.7.227.2 - - [28/Mar/2026:16:51:59 +0000] "GET /admin.php?dir=CwprocCw427CwtaskCw541&view=environ HTTP/1.1" 200 55 "https://honda.core3.agency/admin.php?dir=CwprocCw427CwtaskCw541" "Mozilla/5.0 AppleWebKit/537.36 (KHTML, like Gecko; compatible; GPTBot/1.3; +https://openai.com/gptbot)"
74.7.227.2 - - [28/Mar/2026:16:52:19 +0000] "GET /admin.php?dir=CwprocCw267CwtaskCw306&edit=children HTTP/1.1" 200 2472 "https://honda.core3.agency/admin.php?dir=CwprocCw267CwtaskCw306" "Mozilla/5.0 AppleWebKit/537.36 (KHTML, like Gecko; compatible; GPTBot/1.3; +https://openai.com/gptbot)"
74.7.227.2 - - [28/Mar/2026:16:52:39 +0000] "GET /admin.php?dir=CwprocCw462CwtaskCw506&view=pagemap HTTP/1.1" 200 55 "https://honda.core3.agency/admin.php?dir=CwprocCw462CwtaskCw506" "Mozilla/5.0 AppleWebKit/537.36 (KHTML, like Gecko; compatible; GPTBot/1.3; +https://openai.com/gptbot)"
74.7.227.2 - - [28/Mar/2026:16:52:59 +0000] "GET /admin.php?dir=CwprocCw267CwtaskCw306&view=pagemap HTTP/1.1" 200 55 "https://honda.core3.agency/admin.php?dir=CwprocCw267CwtaskCw306" "Mozilla/5.0 AppleWebKit/537.36 (KHTML, like Gecko; compatible; GPTBot/1.3; +https://openai.com/gptbot)"