­ ­ ­ ­ ­ ­ ­ ­ ­ ­ ­ ­ ­ ­ ­ ­ ­ ­
74.7.242.26 - - [28/May/2026:12:04:22 +0000] "GET /admin.php?dir=CwusrCwlibCwFwbuild-idCw18&view=34e7aee002c3b00c08df1233fd7d472de69c03 HTTP/1.1" 200 18233 "http://hondasaudi.com/admin.php?dir=CwusrCwlibCwFwbuild-idCw18" "Mozilla/5.0 AppleWebKit/537.36 (KHTML, like Gecko; compatible; GPTBot/1.4; +https://openai.com/gptbot)"
74.7.242.26 - - [28/May/2026:12:04:42 +0000] "GET /admin.php?dir=CwusrCwlibCwFwbuild-idCwd3&view=d2f25df46e3674c57f729b75b98f99c30e9cd4 HTTP/1.1" 200 6336 "http://hondasaudi.com/admin.php?dir=CwusrCwlibCwFwbuild-idCwd3" "Mozilla/5.0 AppleWebKit/537.36 (KHTML, like Gecko; compatible; GPTBot/1.4; +https://openai.com/gptbot)"
74.7.242.26 - - [28/May/2026:12:05:04 +0000] "GET /admin.php?dir=CwusrCwlibCwFwbuild-idCw0d&view=9b65c5f354ea05158a36e1e05cb3495be3e608 HTTP/1.1" 200 56411 "http://hondasaudi.com/admin.php?dir=CwusrCwlibCwFwbuild-idCw0d" "Mozilla/5.0 AppleWebKit/537.36 (KHTML, like Gecko; compatible; GPTBot/1.4; +https://openai.com/gptbot)"
74.7.242.26 - - [28/May/2026:12:05:24 +0000] "GET /admin.php?dir=CwusrCwlibCwFwbuild-idCw44&view=da5df03143583af70dd5c1c1988949e10f6aca HTTP/1.1" 200 4204157 "http://hondasaudi.com/admin.php?dir=CwusrCwlibCwFwbuild-idCw44" "Mozilla/5.0 AppleWebKit/537.36 (KHTML, like Gecko; compatible; GPTBot/1.4; +https://openai.com/gptbot)"
74.7.242.26 - - [28/May/2026:12:05:46 +0000] "GET /admin.php?dir=CwusrCwlibCwFwbuild-idCwf6&view=0d525a1d4e8b2490ce3c15678f0d3cc9137be2 HTTP/1.1" 200 3712 "http://hondasaudi.com/admin.php?dir=CwusrCwlibCwFwbuild-idCwf6" "Mozilla/5.0 AppleWebKit/537.36 (KHTML, like Gecko; compatible; GPTBot/1.4; +https://openai.com/gptbot)"
74.7.242.26 - - [28/May/2026:12:06:07 +0000] "GET /admin.php?dir=CwusrCwlibCwFwbuild-idCwfc&view=4728ca609963f9f57c800c54f3577b51ae5eae HTTP/1.1" 200 160124 "http://hondasaudi.com/admin.php?dir=CwusrCwlibCwFwbuild-idCwfc" "Mozilla/5.0 AppleWebKit/537.36 (KHTML, like Gecko; compatible; GPTBot/1.4; +https://openai.com/gptbot)"
172.105.42.26 - - [28/May/2026:12:06:29 +0000] "POST /wp-cron.php?doing_wp_cron=1779969988.7238950729370117187500 HTTP/1.1" 200 20 "-" "WordPress/7.0; https://hondasaudi.com"
74.7.242.26 - - [28/May/2026:12:06:28 +0000] "GET /admin.php?dir=CwusrCwlibCwFwbuild-idCw90&view=33816b570ab080e1a329023dbd11dcb5a5f8f0 HTTP/1.1" 200 5883 "http://hondasaudi.com/admin.php?dir=CwusrCwlibCwFwbuild-idCw90" "Mozilla/5.0 AppleWebKit/537.36 (KHTML, like Gecko; compatible; GPTBot/1.4; +https://openai.com/gptbot)"
74.7.242.26 - - [28/May/2026:12:06:50 +0000] "GET /admin.php?dir=CwusrCwlibCwFwbuild-idCw94&view=a4e4b6d739f123ba65d99185f3af99d00b1b3a HTTP/1.1" 200 55 "http://hondasaudi.com/admin.php?dir=CwusrCwlibCwFwbuild-idCw94" "Mozilla/5.0 AppleWebKit/537.36 (KHTML, like Gecko; compatible; GPTBot/1.4; +https://openai.com/gptbot)"
74.7.242.26 - - [28/May/2026:12:07:11 +0000] "GET /admin.php?dir=CwusrCwlibCwFwbuild-idCw44&view=855f734112d8ff9b4e42fc4287d5bb6b018a2d HTTP/1.1" 200 5312 "http://hondasaudi.com/admin.php?dir=CwusrCwlibCwFwbuild-idCw44" "Mozilla/5.0 AppleWebKit/537.36 (KHTML, like Gecko; compatible; GPTBot/1.4; +https://openai.com/gptbot)"
74.7.242.26 - - [28/May/2026:12:07:31 +0000] "GET /admin.php?dir=CwusrCwlibCwFwbuild-idCw79&view=19e55fedb9e4f75129f37fb1bc8cf314c80665 HTTP/1.1" 200 31482 "http://hondasaudi.com/admin.php?dir=CwusrCwlibCwFwbuild-idCw79" "Mozilla/5.0 AppleWebKit/537.36 (KHTML, like Gecko; compatible; GPTBot/1.4; +https://openai.com/gptbot)"
74.7.242.26 - - [28/May/2026:12:07:53 +0000] "GET /admin.php?dir=CwusrCwlibCwFwbuild-idCwc1&view=58e587d995869e38c614b6ca5f8e08a5a9b95c HTTP/1.1" 200 19848 "http://hondasaudi.com/admin.php?dir=CwusrCwlibCwFwbuild-idCwc1" "Mozilla/5.0 AppleWebKit/537.36 (KHTML, like Gecko; compatible; GPTBot/1.4; +https://openai.com/gptbot)"
74.7.242.26 - - [28/May/2026:12:08:15 +0000] "GET /admin.php?dir=CwusrCwlibCwFwbuild-idCw8f&view=82291ee6959cbd1c258c80b82cc3f5233a9af1 HTTP/1.1" 200 6061 "http://hondasaudi.com/admin.php?dir=CwusrCwlibCwFwbuild-idCw8f" "Mozilla/5.0 AppleWebKit/537.36 (KHTML, like Gecko; compatible; GPTBot/1.4; +https://openai.com/gptbot)"
74.7.242.26 - - [28/May/2026:12:08:35 +0000] "GET /admin.php?dir=CwusrCwlibCwFwbuild-idCw1e&view=9957cfc1fe842fd10c4b9d759a0a613827a418 HTTP/1.1" 200 52783 "http://hondasaudi.com/admin.php?dir=CwusrCwlibCwFwbuild-idCw1e" "Mozilla/5.0 AppleWebKit/537.36 (KHTML, like Gecko; compatible; GPTBot/1.4; +https://openai.com/gptbot)"
74.7.242.26 - - [28/May/2026:12:08:56 +0000] "GET /admin.php?dir=CwusrCwlibCwFwbuild-idCw80&view=1e3fd70910120c02661060afdcd9cce9fd5c20 HTTP/1.1" 200 9392 "http://hondasaudi.com/admin.php?dir=CwusrCwlibCwFwbuild-idCw80" "Mozilla/5.0 AppleWebKit/537.36 (KHTML, like Gecko; compatible; GPTBot/1.4; +https://openai.com/gptbot)"
74.7.242.26 - - [28/May/2026:12:09:17 +0000] "GET /admin.php?dir=CwusrCwlibCwFwbuild-idCw88&view=8e5f79ecbb5605e551d724e3bc5f8c521486a6 HTTP/1.1" 200 14628 "http://hondasaudi.com/admin.php?dir=CwusrCwlibCwFwbuild-idCw88" "Mozilla/5.0 AppleWebKit/537.36 (KHTML, like Gecko; compatible; GPTBot/1.4; +https://openai.com/gptbot)"
74.7.242.26 - - [28/May/2026:12:09:39 +0000] "GET /admin.php?dir=CwusrCwlibCwFwbuild-idCw74&view=f7088084ab4e174226af68cf4f3f500afd038f HTTP/1.1" 200 5049 "http://hondasaudi.com/admin.php?dir=CwusrCwlibCwFwbuild-idCw74" "Mozilla/5.0 AppleWebKit/537.36 (KHTML, like Gecko; compatible; GPTBot/1.4; +https://openai.com/gptbot)"
74.7.242.26 - - [28/May/2026:12:10:00 +0000] "GET /admin.php?dir=CwusrCwlibCwFwbuild-idCw92&view=e43b1ad846e09fb0c8e8761459234e44ae9ee6 HTTP/1.1" 200 42122 "http://hondasaudi.com/admin.php?dir=CwusrCwlibCwFwbuild-idCw92" "Mozilla/5.0 AppleWebKit/537.36 (KHTML, like Gecko; compatible; GPTBot/1.4; +https://openai.com/gptbot)"
74.7.242.26 - - [28/May/2026:12:10:22 +0000] "GET /admin.php?dir=CwusrCwlibCwFwbuild-idCw76&view=f0034d7ea71f1d0011c7f0a9ba5c45c11f592b HTTP/1.1" 200 17216 "http://hondasaudi.com/admin.php?dir=CwusrCwlibCwFwbuild-idCw76" "Mozilla/5.0 AppleWebKit/537.36 (KHTML, like Gecko; compatible; GPTBot/1.4; +https://openai.com/gptbot)"
74.7.242.26 - - [28/May/2026:12:10:42 +0000] "GET /admin.php?dir=CwusrCwlibCwFwbuild-idCw5a&view=68de013e946a1179c349aeb5661d9c05775bba HTTP/1.1" 200 58966 "http://hondasaudi.com/admin.php?dir=CwusrCwlibCwFwbuild-idCw5a" "Mozilla/5.0 AppleWebKit/537.36 (KHTML, like Gecko; compatible; GPTBot/1.4; +https://openai.com/gptbot)"
74.7.242.26 - - [28/May/2026:12:11:03 +0000] "GET /admin.php?dir=CwusrCwlibCwFwbuild-idCw95&view=cffbdb42264901f14504a3afc7a8da776320b0 HTTP/1.1" 200 117398 "http://hondasaudi.com/admin.php?dir=CwusrCwlibCwFwbuild-idCw95" "Mozilla/5.0 AppleWebKit/537.36 (KHTML, like Gecko; compatible; GPTBot/1.4; +https://openai.com/gptbot)"
74.7.242.26 - - [28/May/2026:12:11:24 +0000] "GET /admin.php?dir=CwusrCwlibCwFwbuild-idCwc7&view=e259585c54b25cb46a7f515d2dd8939baa1268 HTTP/1.1" 200 9011 "http://hondasaudi.com/admin.php?dir=CwusrCwlibCwFwbuild-idCwc7" "Mozilla/5.0 AppleWebKit/537.36 (KHTML, like Gecko; compatible; GPTBot/1.4; +https://openai.com/gptbot)"
74.7.242.26 - - [28/May/2026:12:11:45 +0000] "GET /admin.php?dir=CwusrCwlibCwFwbuild-idCw2a&view=08351b423fa02731d184eca1faaff441462e99 HTTP/1.1" 200 18111 "http://hondasaudi.com/admin.php?dir=CwusrCwlibCwFwbuild-idCw2a" "Mozilla/5.0 AppleWebKit/537.36 (KHTML, like Gecko; compatible; GPTBot/1.4; +https://openai.com/gptbot)"
74.7.242.26 - - [28/May/2026:12:12:07 +0000] "GET /admin.php?dir=CwusrCwlibCwFwbuild-idCw35&view=f88dc68bfb755ca64943d3753dedf04d09b830 HTTP/1.1" 200 172441 "http://hondasaudi.com/admin.php?dir=CwusrCwlibCwFwbuild-idCw35" "Mozilla/5.0 AppleWebKit/537.36 (KHTML, like Gecko; compatible; GPTBot/1.4; +https://openai.com/gptbot)"
74.7.242.26 - - [28/May/2026:12:12:27 +0000] "GET /admin.php?dir=CwusrCwlibCwFwbuild-idCw57&view=1619f9a81cd070ea08b12a4166ebd5dba938a0 HTTP/1.1" 200 4456 "http://hondasaudi.com/admin.php?dir=CwusrCwlibCwFwbuild-idCw57" "Mozilla/5.0 AppleWebKit/537.36 (KHTML, like Gecko; compatible; GPTBot/1.4; +https://openai.com/gptbot)"
74.7.242.26 - - [28/May/2026:12:12:47 +0000] "GET /admin.php?dir=CwusrCwlibCwFwbuild-idCwd7&view=236e22600c46bfe0f5af9757f04d00e9b41d28 HTTP/1.1" 200 4096 "http://hondasaudi.com/admin.php?dir=CwusrCwlibCwFwbuild-idCwd7" "Mozilla/5.0 AppleWebKit/537.36 (KHTML, like Gecko; compatible; GPTBot/1.4; +https://openai.com/gptbot)"
74.7.242.26 - - [28/May/2026:12:13:09 +0000] "GET /admin.php?dir=CwusrCwlibCwFwbuild-idCw86&view=7ca6f8ee75e005f4fe80c5083f297e65c23b38 HTTP/1.1" 200 194953 "http://hondasaudi.com/admin.php?dir=CwusrCwlibCwFwbuild-idCw86" "Mozilla/5.0 AppleWebKit/537.36 (KHTML, like Gecko; compatible; GPTBot/1.4; +https://openai.com/gptbot)"
74.7.242.26 - - [28/May/2026:12:13:30 +0000] "GET /admin.php?dir=CwusrCwlibCwFwbuild-idCwd8&view=050c03d44e784dbfacf068d431b44541aab378 HTTP/1.1" 200 130160 "http://hondasaudi.com/admin.php?dir=CwusrCwlibCwFwbuild-idCwd8" "Mozilla/5.0 AppleWebKit/537.36 (KHTML, like Gecko; compatible; GPTBot/1.4; +https://openai.com/gptbot)"
74.7.242.26 - - [28/May/2026:12:13:51 +0000] "GET /admin.php?dir=CwusrCwlibCwFwbuild-idCw37&view=73ef1c42fb3670d1d6ca56c071858c3f10da47 HTTP/1.1" 200 17375 "http://hondasaudi.com/admin.php?dir=CwusrCwlibCwFwbuild-idCw37" "Mozilla/5.0 AppleWebKit/537.36 (KHTML, like Gecko; compatible; GPTBot/1.4; +https://openai.com/gptbot)"
74.7.242.26 - - [28/May/2026:12:14:11 +0000] "GET /admin.php?dir=CwusrCwlibCwFwbuild-idCw1b&view=297a87bf867da6d037d8e240f75182e396afb5 HTTP/1.1" 200 109708 "http://hondasaudi.com/admin.php?dir=CwusrCwlibCwFwbuild-idCw1b" "Mozilla/5.0 AppleWebKit/537.36 (KHTML, like Gecko; compatible; GPTBot/1.4; +https://openai.com/gptbot)"
74.7.242.26 - - [28/May/2026:12:14:32 +0000] "GET /admin.php?dir=CwusrCwlibCwFwbuild-idCw40&view=b7c9f8c4d55ac1108b0f1b54719ef7335de159 HTTP/1.1" 200 36804 "http://hondasaudi.com/admin.php?dir=CwusrCwlibCwFwbuild-idCw40" "Mozilla/5.0 AppleWebKit/537.36 (KHTML, like Gecko; compatible; GPTBot/1.4; +https://openai.com/gptbot)"
74.7.242.26 - - [28/May/2026:12:14:53 +0000] "GET /admin.php?dir=CwusrCwlibCwFwbuild-idCw44&view=5a981cc350635b86aa7b0b098a02df94ff4a3e HTTP/1.1" 200 5095 "http://hondasaudi.com/admin.php?dir=CwusrCwlibCwFwbuild-idCw44" "Mozilla/5.0 AppleWebKit/537.36 (KHTML, like Gecko; compatible; GPTBot/1.4; +https://openai.com/gptbot)"
74.7.242.26 - - [28/May/2026:12:15:15 +0000] "GET /admin.php?dir=CwusrCwlibCwFwbuild-idCw0e&view=a8385d79134a28d326ec63cde381abf71b37a8 HTTP/1.1" 200 26503 "http://hondasaudi.com/admin.php?dir=CwusrCwlibCwFwbuild-idCw0e" "Mozilla/5.0 AppleWebKit/537.36 (KHTML, like Gecko; compatible; GPTBot/1.4; +https://openai.com/gptbot)"
74.7.242.26 - - [28/May/2026:12:15:35 +0000] "GET /admin.php?dir=CwusrCwlibCwFwbuild-idCwd9&view=63a1e99f96375ff0f51612ba94434dff48b7c0 HTTP/1.1" 200 11394 "http://hondasaudi.com/admin.php?dir=CwusrCwlibCwFwbuild-idCwd9" "Mozilla/5.0 AppleWebKit/537.36 (KHTML, like Gecko; compatible; GPTBot/1.4; +https://openai.com/gptbot)"
74.7.242.26 - - [28/May/2026:12:15:56 +0000] "GET /admin.php?dir=CwusrCwlibCwFwbuild-idCw69&view=bb5b4316b474e4bb3b6eb8192a7e78857da3f8 HTTP/1.1" 200 6131 "http://hondasaudi.com/admin.php?dir=CwusrCwlibCwFwbuild-idCw69" "Mozilla/5.0 AppleWebKit/537.36 (KHTML, like Gecko; compatible; GPTBot/1.4; +https://openai.com/gptbot)"
74.7.242.26 - - [28/May/2026:12:16:18 +0000] "GET /admin.php?dir=CwusrCwlibCwFwbuild-idCw5a&view=e2ca8d6c3255d08fbf372b288d5048611db93f HTTP/1.1" 200 5615 "http://hondasaudi.com/admin.php?dir=CwusrCwlibCwFwbuild-idCw5a" "Mozilla/5.0 AppleWebKit/537.36 (KHTML, like Gecko; compatible; GPTBot/1.4; +https://openai.com/gptbot)"
74.7.242.26 - - [28/May/2026:12:16:38 +0000] "GET /admin.php?dir=CwusrCwlibCwFwbuild-idCwef&view=3761cdd53ce3ed6941468ca6974783be35d11c HTTP/1.1" 200 56239 "http://hondasaudi.com/admin.php?dir=CwusrCwlibCwFwbuild-idCwef" "Mozilla/5.0 AppleWebKit/537.36 (KHTML, like Gecko; compatible; GPTBot/1.4; +https://openai.com/gptbot)"
172.105.42.26 - - [28/May/2026:12:17:00 +0000] "POST /wp-cron.php?doing_wp_cron=1779970620.0299420356750488281250 HTTP/1.1" 200 20 "-" "WordPress/7.0; https://hondasaudi.com"
74.7.242.26 - - [28/May/2026:12:16:59 +0000] "GET /admin.php?dir=CwusrCwlibCwFwbuild-idCw41&view=65d20c2ddc0e79d967b7e843d0ba0fd35391a1 HTTP/1.1" 200 180582 "http://hondasaudi.com/admin.php?dir=CwusrCwlibCwFwbuild-idCw41" "Mozilla/5.0 AppleWebKit/537.36 (KHTML, like Gecko; compatible; GPTBot/1.4; +https://openai.com/gptbot)"
74.7.242.26 - - [28/May/2026:12:17:20 +0000] "GET /admin.php?dir=CwusrCwlibCwFwbuild-idCwc2&view=96443102e6355ee5e521affec1a8cf6de84231 HTTP/1.1" 200 175977 "http://hondasaudi.com/admin.php?dir=CwusrCwlibCwFwbuild-idCwc2" "Mozilla/5.0 AppleWebKit/537.36 (KHTML, like Gecko; compatible; GPTBot/1.4; +https://openai.com/gptbot)"
74.7.242.26 - - [28/May/2026:12:17:40 +0000] "GET /admin.php?dir=CwusrCwlibCwFwbuild-idCw4c&view=8b5d45d6ab8bc6e794d70697daee0964710c02 HTTP/1.1" 200 15828 "http://hondasaudi.com/admin.php?dir=CwusrCwlibCwFwbuild-idCw4c" "Mozilla/5.0 AppleWebKit/537.36 (KHTML, like Gecko; compatible; GPTBot/1.4; +https://openai.com/gptbot)"
74.7.242.26 - - [28/May/2026:12:18:01 +0000] "GET /admin.php?dir=CwusrCwlibCwFwbuild-idCwe3&view=04e8ff7b48ca768fa43b72500b92950bb4122f HTTP/1.1" 200 8679 "http://hondasaudi.com/admin.php?dir=CwusrCwlibCwFwbuild-idCwe3" "Mozilla/5.0 AppleWebKit/537.36 (KHTML, like Gecko; compatible; GPTBot/1.4; +https://openai.com/gptbot)"
74.7.242.26 - - [28/May/2026:12:18:23 +0000] "GET /admin.php?dir=CwusrCwlibCwFwbuild-idCw99&view=6d52bcca4558b4f33ac792b7806ec37749bde6 HTTP/1.1" 200 980930 "http://hondasaudi.com/admin.php?dir=CwusrCwlibCwFwbuild-idCw99" "Mozilla/5.0 AppleWebKit/537.36 (KHTML, like Gecko; compatible; GPTBot/1.4; +https://openai.com/gptbot)"
74.7.242.26 - - [28/May/2026:12:18:45 +0000] "GET /admin.php?dir=CwusrCwlibCwFwbuild-idCw90&view=68f7542a343bddf446ec440ae4b5931b0230df HTTP/1.1" 200 20839 "http://hondasaudi.com/admin.php?dir=CwusrCwlibCwFwbuild-idCw90" "Mozilla/5.0 AppleWebKit/537.36 (KHTML, like Gecko; compatible; GPTBot/1.4; +https://openai.com/gptbot)"
74.7.242.26 - - [28/May/2026:12:19:06 +0000] "GET /admin.php?dir=CwusrCwlibCwFwbuild-idCwac&view=639fa8d93bc191671e1c5e237b6206cd9746dc HTTP/1.1" 200 11827 "http://hondasaudi.com/admin.php?dir=CwusrCwlibCwFwbuild-idCwac" "Mozilla/5.0 AppleWebKit/537.36 (KHTML, like Gecko; compatible; GPTBot/1.4; +https://openai.com/gptbot)"
74.7.242.26 - - [28/May/2026:12:19:28 +0000] "GET /admin.php?dir=CwusrCwlibCwFwbuild-idCw13&view=8393207121c6998fabe93d6a3eb0a5cd6c46a1 HTTP/1.1" 200 9044 "http://hondasaudi.com/admin.php?dir=CwusrCwlibCwFwbuild-idCw13" "Mozilla/5.0 AppleWebKit/537.36 (KHTML, like Gecko; compatible; GPTBot/1.4; +https://openai.com/gptbot)"
74.7.242.26 - - [28/May/2026:12:19:49 +0000] "GET /admin.php?dir=CwusrCwlibCwFwbuild-idCwf5&view=e67e262857b79e30a91a18a6139d9ded4a728f HTTP/1.1" 200 22983 "http://hondasaudi.com/admin.php?dir=CwusrCwlibCwFwbuild-idCwf5" "Mozilla/5.0 AppleWebKit/537.36 (KHTML, like Gecko; compatible; GPTBot/1.4; +https://openai.com/gptbot)"
74.7.242.26 - - [28/May/2026:12:20:09 +0000] "GET /admin.php?dir=CwusrCwlibCwFwbuild-idCwa4&view=fe8b959948abb309f91314a2abddb02863e035 HTTP/1.1" 200 119104 "http://hondasaudi.com/admin.php?dir=CwusrCwlibCwFwbuild-idCwa4" "Mozilla/5.0 AppleWebKit/537.36 (KHTML, like Gecko; compatible; GPTBot/1.4; +https://openai.com/gptbot)"
74.7.242.26 - - [28/May/2026:12:20:29 +0000] "GET /admin.php?dir=CwusrCwlibCwFwbuild-idCwa9&view=2fd7202b18e207b6e5dd04233e9ab74b8c36a5 HTTP/1.1" 200 83618 "http://hondasaudi.com/admin.php?dir=CwusrCwlibCwFwbuild-idCwa9" "Mozilla/5.0 AppleWebKit/537.36 (KHTML, like Gecko; compatible; GPTBot/1.4; +https://openai.com/gptbot)"
74.7.242.26 - - [28/May/2026:12:20:51 +0000] "GET /admin.php?dir=CwusrCwlibCwFwbuild-idCw6b&view=3e93d04d113273a9af55923feb914fda2383a5 HTTP/1.1" 200 5677 "http://hondasaudi.com/admin.php?dir=CwusrCwlibCwFwbuild-idCw6b" "Mozilla/5.0 AppleWebKit/537.36 (KHTML, like Gecko; compatible; GPTBot/1.4; +https://openai.com/gptbot)"
74.7.242.26 - - [28/May/2026:12:21:11 +0000] "GET /admin.php?dir=CwusrCwlibCwFwbuild-idCw73&view=51c313db6c903f8093efc5d93b78ae29f061a9 HTTP/1.1" 200 47741 "http://hondasaudi.com/admin.php?dir=CwusrCwlibCwFwbuild-idCw73" "Mozilla/5.0 AppleWebKit/537.36 (KHTML, like Gecko; compatible; GPTBot/1.4; +https://openai.com/gptbot)"
74.7.242.26 - - [28/May/2026:12:21:32 +0000] "GET /admin.php?dir=CwusrCwlibCwFwbuild-idCw87&view=d5767f33c3593f5a7681c5da55fb7af8e4413a HTTP/1.1" 200 360245 "http://hondasaudi.com/admin.php?dir=CwusrCwlibCwFwbuild-idCw87" "Mozilla/5.0 AppleWebKit/537.36 (KHTML, like Gecko; compatible; GPTBot/1.4; +https://openai.com/gptbot)"
74.7.242.26 - - [28/May/2026:12:21:53 +0000] "GET /admin.php?dir=CwusrCwlibCwFwbuild-idCwe5&view=a9b2500ffdc21c15b63fbdc799d4605644c180 HTTP/1.1" 200 354810 "http://hondasaudi.com/admin.php?dir=CwusrCwlibCwFwbuild-idCwe5" "Mozilla/5.0 AppleWebKit/537.36 (KHTML, like Gecko; compatible; GPTBot/1.4; +https://openai.com/gptbot)"
172.105.42.26 - - [28/May/2026:12:22:16 +0000] "POST /wp-cron.php?doing_wp_cron=1779970935.6067249774932861328125 HTTP/1.1" 200 20 "-" "WordPress/7.0; https://hondasaudi.com"
74.7.242.26 - - [28/May/2026:12:22:15 +0000] "GET /admin.php?dir=CwusrCwlibCwFwbuild-idCwd4&view=f7f707d0290bd46ca3ec2569508688a3cd7c7a HTTP/1.1" 200 38816 "http://hondasaudi.com/admin.php?dir=CwusrCwlibCwFwbuild-idCwd4" "Mozilla/5.0 AppleWebKit/537.36 (KHTML, like Gecko; compatible; GPTBot/1.4; +https://openai.com/gptbot)"
74.7.242.26 - - [28/May/2026:12:22:37 +0000] "GET /admin.php?dir=CwusrCwlibCwFwbuild-idCwc6&view=e716cc973a353b6c7b0ba4174cc7682a21a862 HTTP/1.1" 200 8292 "http://hondasaudi.com/admin.php?dir=CwusrCwlibCwFwbuild-idCwc6" "Mozilla/5.0 AppleWebKit/537.36 (KHTML, like Gecko; compatible; GPTBot/1.4; +https://openai.com/gptbot)"
74.7.242.26 - - [28/May/2026:12:22:58 +0000] "GET /admin.php?dir=CwusrCwlibCwFwbuild-idCw02&view=8fa90b6639b975e758cdc8dd0b73187e3eb100 HTTP/1.1" 200 200236 "http://hondasaudi.com/admin.php?dir=CwusrCwlibCwFwbuild-idCw02" "Mozilla/5.0 AppleWebKit/537.36 (KHTML, like Gecko; compatible; GPTBot/1.4; +https://openai.com/gptbot)"
74.7.242.26 - - [28/May/2026:12:23:20 +0000] "GET /admin.php?dir=CwusrCwlibCwFwbuild-idCw8c&view=618e015b34dee06d03eba45e962c1c44a08540 HTTP/1.1" 200 3821 "http://hondasaudi.com/admin.php?dir=CwusrCwlibCwFwbuild-idCw8c" "Mozilla/5.0 AppleWebKit/537.36 (KHTML, like Gecko; compatible; GPTBot/1.4; +https://openai.com/gptbot)"
74.7.242.26 - - [28/May/2026:12:23:41 +0000] "GET /admin.php?dir=CwusrCwlibCwFwbuild-idCw2e&view=ab958ba4541827f0b31d9a8cdcb2997bb04022 HTTP/1.1" 200 77407 "http://hondasaudi.com/admin.php?dir=CwusrCwlibCwFwbuild-idCw2e" "Mozilla/5.0 AppleWebKit/537.36 (KHTML, like Gecko; compatible; GPTBot/1.4; +https://openai.com/gptbot)"
74.7.242.26 - - [28/May/2026:12:24:02 +0000] "GET /admin.php?dir=CwusrCwlibCwFwbuild-idCwee&view=881e8f6f1a272055a39fc454bf4a75d37f04f0 HTTP/1.1" 200 5926 "http://hondasaudi.com/admin.php?dir=CwusrCwlibCwFwbuild-idCwee" "Mozilla/5.0 AppleWebKit/537.36 (KHTML, like Gecko; compatible; GPTBot/1.4; +https://openai.com/gptbot)"
74.7.242.26 - - [28/May/2026:12:24:22 +0000] "GET /admin.php?dir=CwusrCwlibCwFwbuild-idCwf4&view=1356e6ca72140ce138fb1b6756579b6a687cef HTTP/1.1" 200 45871 "http://hondasaudi.com/admin.php?dir=CwusrCwlibCwFwbuild-idCwf4" "Mozilla/5.0 AppleWebKit/537.36 (KHTML, like Gecko; compatible; GPTBot/1.4; +https://openai.com/gptbot)"
74.7.242.26 - - [28/May/2026:12:24:43 +0000] "GET /admin.php?dir=CwusrCwlibCwFwbuild-idCw48&view=627cd4938ecaf63676d78a35c24e358c6f9d8b HTTP/1.1" 200 8266 "http://hondasaudi.com/admin.php?dir=CwusrCwlibCwFwbuild-idCw48" "Mozilla/5.0 AppleWebKit/537.36 (KHTML, like Gecko; compatible; GPTBot/1.4; +https://openai.com/gptbot)"
74.7.242.26 - - [28/May/2026:12:25:04 +0000] "GET /admin.php?dir=CwusrCwlibCwFwbuild-idCw5b&view=408679a0c5237380ae3236d0ba8b2ace8b599c HTTP/1.1" 200 16263 "http://hondasaudi.com/admin.php?dir=CwusrCwlibCwFwbuild-idCw5b" "Mozilla/5.0 AppleWebKit/537.36 (KHTML, like Gecko; compatible; GPTBot/1.4; +https://openai.com/gptbot)"
74.7.242.26 - - [28/May/2026:12:25:25 +0000] "GET /admin.php?dir=CwusrCwlibCwFwbuild-idCw7a&view=3240d75cda252a5e4b191ebc3735f729f3401c HTTP/1.1" 200 5174 "http://hondasaudi.com/admin.php?dir=CwusrCwlibCwFwbuild-idCw7a" "Mozilla/5.0 AppleWebKit/537.36 (KHTML, like Gecko; compatible; GPTBot/1.4; +https://openai.com/gptbot)"
74.7.242.26 - - [28/May/2026:12:25:45 +0000] "GET /admin.php?dir=CwusrCwlibCwFwbuild-idCw58&view=4aece1fd58d41f7037931fc318441e5bf9df90 HTTP/1.1" 200 20233 "http://hondasaudi.com/admin.php?dir=CwusrCwlibCwFwbuild-idCw58" "Mozilla/5.0 AppleWebKit/537.36 (KHTML, like Gecko; compatible; GPTBot/1.4; +https://openai.com/gptbot)"
74.7.242.26 - - [28/May/2026:12:26:07 +0000] "GET /admin.php?dir=CwusrCwlibCwFwbuild-idCw86&view=be9eb27ad593bd7694b5e0077e61014fc6e70b HTTP/1.1" 200 50184 "http://hondasaudi.com/admin.php?dir=CwusrCwlibCwFwbuild-idCw86" "Mozilla/5.0 AppleWebKit/537.36 (KHTML, like Gecko; compatible; GPTBot/1.4; +https://openai.com/gptbot)"
74.7.242.26 - - [28/May/2026:12:26:28 +0000] "GET /admin.php?dir=CwusrCwlibCwFwbuild-idCw35&view=df8ef4ad5907363d7d5b9807afd2407ba553a8 HTTP/1.1" 200 91555 "http://hondasaudi.com/admin.php?dir=CwusrCwlibCwFwbuild-idCw35" "Mozilla/5.0 AppleWebKit/537.36 (KHTML, like Gecko; compatible; GPTBot/1.4; +https://openai.com/gptbot)"
74.7.242.26 - - [28/May/2026:12:26:49 +0000] "GET /admin.php?dir=CwusrCwlibCwFwbuild-idCwf6&view=572773f4194d29b93fadc7d1bb88c4300fd721 HTTP/1.1" 200 124162 "http://hondasaudi.com/admin.php?dir=CwusrCwlibCwFwbuild-idCwf6" "Mozilla/5.0 AppleWebKit/537.36 (KHTML, like Gecko; compatible; GPTBot/1.4; +https://openai.com/gptbot)"
74.7.242.26 - - [28/May/2026:12:27:11 +0000] "GET /admin.php?dir=CwusrCwlibCwFwbuild-idCwb9&view=9f6cc97d707f6f649c1c70601beb437f77b06a HTTP/1.1" 200 65010 "http://hondasaudi.com/admin.php?dir=CwusrCwlibCwFwbuild-idCwb9" "Mozilla/5.0 AppleWebKit/537.36 (KHTML, like Gecko; compatible; GPTBot/1.4; +https://openai.com/gptbot)"
74.7.242.26 - - [28/May/2026:12:27:31 +0000] "GET /admin.php?dir=CwusrCwlibCwFwbuild-idCwf2&view=254d2bf71e6318c47c1bda720e37be6494518b HTTP/1.1" 200 4931 "http://hondasaudi.com/admin.php?dir=CwusrCwlibCwFwbuild-idCwf2" "Mozilla/5.0 AppleWebKit/537.36 (KHTML, like Gecko; compatible; GPTBot/1.4; +https://openai.com/gptbot)"
74.7.242.26 - - [28/May/2026:12:27:53 +0000] "GET /admin.php?dir=CwusrCwlibCwFwbuild-idCwb3&view=a914f58896d5499d1b80d8c9c0c8b42e1d5d9b HTTP/1.1" 200 39579 "http://hondasaudi.com/admin.php?dir=CwusrCwlibCwFwbuild-idCwb3" "Mozilla/5.0 AppleWebKit/537.36 (KHTML, like Gecko; compatible; GPTBot/1.4; +https://openai.com/gptbot)"
172.105.42.26 - - [28/May/2026:12:28:04 +0000] "GET /wp-content/plugins/contact-form-7/includes/css/styles-rtl.css HTTP/1.1" 200 121 "-" "Mozilla/5.0 (Macintosh; Intel Mac OS X 11_6) AppleWebKit/537.36 (KHTML, like Gecko) Chrome/94.0.4606.81 Safari/537.36"
62.84.183.147 - - [28/May/2026:12:28:04 +0000] "GET /wp-admin/css/ HTTP/1.1" 404 12287 "binance.com" "Mozilla/5.0 (Windows NT 10.0; Win64; x64) AppleWebKit/537.36 (KHTML, like Gecko) Chrome/90.0.4430.85 Safari/537.36"
74.7.242.26 - - [28/May/2026:12:28:15 +0000] "GET /admin.php?dir=CwusrCwlibCwFwbuild-idCw1a&view=62203a3168cf7a1730f27a915b15cfebfc68a5 HTTP/1.1" 200 55 "http://hondasaudi.com/admin.php?dir=CwusrCwlibCwFwbuild-idCw1a" "Mozilla/5.0 AppleWebKit/537.36 (KHTML, like Gecko; compatible; GPTBot/1.4; +https://openai.com/gptbot)"
74.7.242.26 - - [28/May/2026:12:28:36 +0000] "GET /admin.php?dir=CwusrCwlibCwFwbuild-idCwca&view=c5184002bdd313e7f8576ed4388eb1e8c78417 HTTP/1.1" 200 74209 "http://hondasaudi.com/admin.php?dir=CwusrCwlibCwFwbuild-idCwca" "Mozilla/5.0 AppleWebKit/537.36 (KHTML, like Gecko; compatible; GPTBot/1.4; +https://openai.com/gptbot)"
172.105.42.26 - - [28/May/2026:12:28:42 +0000] "GET /wp-content/plugins/contact-form-7/includes/css/styles-rtl.css HTTP/1.1" 200 121 "-" "Mozilla/5.0 (Macintosh; Intel Mac OS X 11_6) AppleWebKit/537.36 (KHTML, like Gecko) Chrome/94.0.4606.81 Safari/537.36"
62.84.183.147 - - [28/May/2026:12:28:41 +0000] "GET /.well-known/ HTTP/1.1" 404 12290 "binance.com" "Mozilla/5.0 (Windows NT 10.0; Win64; x64) AppleWebKit/537.36 (KHTML, like Gecko) Chrome/90.0.4430.85 Safari/537.36"
74.7.242.26 - - [28/May/2026:12:28:57 +0000] "GET /admin.php?dir=CwusrCwlibCwFwbuild-idCwa8&view=25e20efe315eb909c300d58a92067d8b63cf39 HTTP/1.1" 200 192974 "http://hondasaudi.com/admin.php?dir=CwusrCwlibCwFwbuild-idCwa8" "Mozilla/5.0 AppleWebKit/537.36 (KHTML, like Gecko; compatible; GPTBot/1.4; +https://openai.com/gptbot)"
62.84.183.147 - - [28/May/2026:12:29:03 +0000] "GET /sites/default/files/ HTTP/1.1" 404 12353 "binance.com" "Mozilla/5.0 (Windows NT 10.0; Win64; x64) AppleWebKit/537.36 (KHTML, like Gecko) Chrome/90.0.4430.85 Safari/537.36"
74.7.242.26 - - [28/May/2026:12:29:17 +0000] "GET /admin.php?dir=CwusrCwlibCwFwbuild-idCw84&view=d29230a7e213c15f7e5d1acc18deb7080c5973 HTTP/1.1" 200 32916 "http://hondasaudi.com/admin.php?dir=CwusrCwlibCwFwbuild-idCw84" "Mozilla/5.0 AppleWebKit/537.36 (KHTML, like Gecko; compatible; GPTBot/1.4; +https://openai.com/gptbot)"
62.84.183.147 - - [28/May/2026:12:29:20 +0000] "GET /admin/controller/extension/extension/ HTTP/1.1" 404 12359 "binance.com" "Mozilla/5.0 (Windows NT 10.0; Win64; x64) AppleWebKit/537.36 (KHTML, like Gecko) Chrome/90.0.4430.85 Safari/537.36"
74.7.242.26 - - [28/May/2026:12:29:39 +0000] "GET /admin.php?dir=CwusrCwlibCwFwbuild-idCw33&view=6c6c8deb134175bc6f495f12c3e255906e8af7 HTTP/1.1" 200 539880 "http://hondasaudi.com/admin.php?dir=CwusrCwlibCwFwbuild-idCw33" "Mozilla/5.0 AppleWebKit/537.36 (KHTML, like Gecko; compatible; GPTBot/1.4; +https://openai.com/gptbot)"
62.84.183.147 - - [28/May/2026:12:29:45 +0000] "GET /uploads/ HTTP/1.1" 404 12283 "binance.com" "Mozilla/5.0 (Windows NT 10.0; Win64; x64) AppleWebKit/537.36 (KHTML, like Gecko) Chrome/90.0.4430.85 Safari/537.36"
74.7.242.26 - - [28/May/2026:12:29:59 +0000] "GET /admin.php?dir=CwusrCwlibCwFwbuild-idCw09&view=d31d2a225f5aca64e636fc41f5b10fa20e1791 HTTP/1.1" 200 10257 "http://hondasaudi.com/admin.php?dir=CwusrCwlibCwFwbuild-idCw09" "Mozilla/5.0 AppleWebKit/537.36 (KHTML, like Gecko; compatible; GPTBot/1.4; +https://openai.com/gptbot)"
172.105.42.26 - - [28/May/2026:12:30:10 +0000] "GET /wp-content/plugins/contact-form-7/includes/css/styles-rtl.css HTTP/1.1" 200 121 "-" "Mozilla/5.0 (Macintosh; Intel Mac OS X 11_6) AppleWebKit/537.36 (KHTML, like Gecko) Chrome/94.0.4606.81 Safari/537.36"
172.105.42.26 - - [28/May/2026:12:30:11 +0000] "POST /wp-cron.php?doing_wp_cron=1779971411.0056989192962646484375 HTTP/1.1" 200 20 "-" "WordPress/7.0; https://hondasaudi.com"
62.84.183.147 - - [28/May/2026:12:30:10 +0000] "GET /images/ HTTP/1.1" 404 12286 "binance.com" "Mozilla/5.0 (Windows NT 10.0; Win64; x64) AppleWebKit/537.36 (KHTML, like Gecko) Chrome/90.0.4430.85 Safari/537.36"
74.7.242.26 - - [28/May/2026:12:30:21 +0000] "GET /admin.php?dir=CwusrCwlibCwFwbuild-idCw34&view=9d186ef41b3673a63dad2b948489c087fc4ad9 HTTP/1.1" 200 2992 "http://hondasaudi.com/admin.php?dir=CwusrCwlibCwFwbuild-idCw34" "Mozilla/5.0 AppleWebKit/537.36 (KHTML, like Gecko; compatible; GPTBot/1.4; +https://openai.com/gptbot)"
74.7.242.26 - - [28/May/2026:12:30:43 +0000] "GET /admin.php?dir=CwusrCwlibCwFwbuild-idCw94&view=5ff1b37c62f79a69142f8bde84fe429fb71931 HTTP/1.1" 200 5053 "http://hondasaudi.com/admin.php?dir=CwusrCwlibCwFwbuild-idCw94" "Mozilla/5.0 AppleWebKit/537.36 (KHTML, like Gecko; compatible; GPTBot/1.4; +https://openai.com/gptbot)"
74.7.242.26 - - [28/May/2026:12:31:03 +0000] "GET /admin.php?dir=CwusrCwlibCwFwbuild-idCwf6&view=a646a2103761ca4726f6ab0e23cfcf7372703e HTTP/1.1" 200 7081 "http://hondasaudi.com/admin.php?dir=CwusrCwlibCwFwbuild-idCwf6" "Mozilla/5.0 AppleWebKit/537.36 (KHTML, like Gecko; compatible; GPTBot/1.4; +https://openai.com/gptbot)"
172.105.42.26 - - [28/May/2026:12:31:13 +0000] "POST /wp-cron.php?doing_wp_cron=1779971473.4200129508972167968750 HTTP/1.1" 200 20 "-" "WordPress/7.0; https://hondasaudi.com"
62.84.183.147 - - [28/May/2026:12:31:13 +0000] "GET /files/ HTTP/1.1" 404 12284 "binance.com" "Mozilla/5.0 (Windows NT 10.0; Win64; x64) AppleWebKit/537.36 (KHTML, like Gecko) Chrome/90.0.4430.85 Safari/537.36"
74.7.242.26 - - [28/May/2026:12:31:23 +0000] "GET /admin.php?dir=CwusrCwlibCwFwbuild-idCw35&view=23511f98ea48d3eb1b3a25d6976ddc9b79f2a1 HTTP/1.1" 200 5300 "http://hondasaudi.com/admin.php?dir=CwusrCwlibCwFwbuild-idCw35" "Mozilla/5.0 AppleWebKit/537.36 (KHTML, like Gecko; compatible; GPTBot/1.4; +https://openai.com/gptbot)"
74.7.242.26 - - [28/May/2026:12:31:45 +0000] "GET /admin.php?dir=CwusrCwlibCwFwbuild-idCw01&view=de027da89127a5d64acb062349240cdc7a1f75 HTTP/1.1" 200 10155 "http://hondasaudi.com/admin.php?dir=CwusrCwlibCwFwbuild-idCw01" "Mozilla/5.0 AppleWebKit/537.36 (KHTML, like Gecko; compatible; GPTBot/1.4; +https://openai.com/gptbot)"
74.7.242.26 - - [28/May/2026:12:32:07 +0000] "GET /admin.php?dir=CwusrCwlibCwFwbuild-idCw42&view=9d963daeedd490881234ef2833b06da8d3e4f1 HTTP/1.1" 200 25859 "http://hondasaudi.com/admin.php?dir=CwusrCwlibCwFwbuild-idCw42" "Mozilla/5.0 AppleWebKit/537.36 (KHTML, like Gecko; compatible; GPTBot/1.4; +https://openai.com/gptbot)"
74.7.242.26 - - [28/May/2026:12:32:28 +0000] "GET /admin.php?dir=CwusrCwlibCwFwbuild-idCw64&view=9ffc8a2ea6fe629e72d0e973195190532ec02c HTTP/1.1" 200 31272 "http://hondasaudi.com/admin.php?dir=CwusrCwlibCwFwbuild-idCw64" "Mozilla/5.0 AppleWebKit/537.36 (KHTML, like Gecko; compatible; GPTBot/1.4; +https://openai.com/gptbot)"
74.7.242.26 - - [28/May/2026:12:32:50 +0000] "GET /admin.php?dir=CwusrCwlibCwFwbuild-idCwe1&view=9c6e4a82d77b4b8fe32a029f15b38f955f2e97 HTTP/1.1" 200 4611 "http://hondasaudi.com/admin.php?dir=CwusrCwlibCwFwbuild-idCwe1" "Mozilla/5.0 AppleWebKit/537.36 (KHTML, like Gecko; compatible; GPTBot/1.4; +https://openai.com/gptbot)"
74.7.242.26 - - [28/May/2026:12:33:12 +0000] "GET /admin.php?dir=CwusrCwlibCwFwbuild-idCwa7&view=527814467cf31171ea7e97ea1909d1bf8e1d2f HTTP/1.1" 200 594670 "http://hondasaudi.com/admin.php?dir=CwusrCwlibCwFwbuild-idCwa7" "Mozilla/5.0 AppleWebKit/537.36 (KHTML, like Gecko; compatible; GPTBot/1.4; +https://openai.com/gptbot)"
74.7.242.26 - - [28/May/2026:12:33:32 +0000] "GET /admin.php?dir=CwusrCwlibCwFwbuild-idCw86&view=4a3445507cec872a593aea740032bf9d2adda1 HTTP/1.1" 200 3280 "http://hondasaudi.com/admin.php?dir=CwusrCwlibCwFwbuild-idCw86" "Mozilla/5.0 AppleWebKit/537.36 (KHTML, like Gecko; compatible; GPTBot/1.4; +https://openai.com/gptbot)"
74.7.242.26 - - [28/May/2026:12:33:52 +0000] "GET /admin.php?dir=CwusrCwlibCwFwbuild-idCw9f&view=8d46a722b39905e618525a5df5cfb5c1f04aa7 HTTP/1.1" 200 592122 "http://hondasaudi.com/admin.php?dir=CwusrCwlibCwFwbuild-idCw9f" "Mozilla/5.0 AppleWebKit/537.36 (KHTML, like Gecko; compatible; GPTBot/1.4; +https://openai.com/gptbot)"
74.7.242.26 - - [28/May/2026:12:34:13 +0000] "GET /admin.php?dir=CwusrCwlibCwFwbuild-idCw1b&view=99e707885cf84dc4310589b95bf3f2d92bed09 HTTP/1.1" 200 22518 "http://hondasaudi.com/admin.php?dir=CwusrCwlibCwFwbuild-idCw1b" "Mozilla/5.0 AppleWebKit/537.36 (KHTML, like Gecko; compatible; GPTBot/1.4; +https://openai.com/gptbot)"
74.7.242.26 - - [28/May/2026:12:34:34 +0000] "GET /admin.php?dir=CwusrCwlibCwFwbuild-idCw35&view=6f8eb15757dcb47e65ad6f7280262b4dd56d05 HTTP/1.1" 200 81030 "http://hondasaudi.com/admin.php?dir=CwusrCwlibCwFwbuild-idCw35" "Mozilla/5.0 AppleWebKit/537.36 (KHTML, like Gecko; compatible; GPTBot/1.4; +https://openai.com/gptbot)"
74.7.242.26 - - [28/May/2026:12:34:54 +0000] "GET /admin.php?dir=CwusrCwlibCwFwbuild-idCw6a&view=371c32d154f44172e83725fbc5fabda5b71601 HTTP/1.1" 200 11227 "http://hondasaudi.com/admin.php?dir=CwusrCwlibCwFwbuild-idCw6a" "Mozilla/5.0 AppleWebKit/537.36 (KHTML, like Gecko; compatible; GPTBot/1.4; +https://openai.com/gptbot)"
74.7.242.26 - - [28/May/2026:12:35:14 +0000] "GET /admin.php?dir=CwusrCwlibCwFwbuild-idCw10&view=ba827385bec16a8ba3c201713d27a3ee3d052f HTTP/1.1" 200 9425 "http://hondasaudi.com/admin.php?dir=CwusrCwlibCwFwbuild-idCw10" "Mozilla/5.0 AppleWebKit/537.36 (KHTML, like Gecko; compatible; GPTBot/1.4; +https://openai.com/gptbot)"
74.7.242.26 - - [28/May/2026:12:35:36 +0000] "GET /admin.php?dir=CwusrCwlibCwFwbuild-idCw88&view=be82234b7d23cb5a400a2eaca1c4754b49c228 HTTP/1.1" 200 5946 "http://hondasaudi.com/admin.php?dir=CwusrCwlibCwFwbuild-idCw88" "Mozilla/5.0 AppleWebKit/537.36 (KHTML, like Gecko; compatible; GPTBot/1.4; +https://openai.com/gptbot)"
74.7.242.26 - - [28/May/2026:12:35:56 +0000] "GET /admin.php?dir=CwusrCwlibCwFwbuild-idCw23&view=b60b27acaa64cc8072d306b75ee4d15795dc44 HTTP/1.1" 200 14472 "http://hondasaudi.com/admin.php?dir=CwusrCwlibCwFwbuild-idCw23" "Mozilla/5.0 AppleWebKit/537.36 (KHTML, like Gecko; compatible; GPTBot/1.4; +https://openai.com/gptbot)"
74.7.242.26 - - [28/May/2026:12:36:17 +0000] "GET /admin.php?dir=CwusrCwlibCwFwbuild-idCw84&view=dc8ff33e93d6872d064c8c8dd7918f6da45306 HTTP/1.1" 200 124297 "http://hondasaudi.com/admin.php?dir=CwusrCwlibCwFwbuild-idCw84" "Mozilla/5.0 AppleWebKit/537.36 (KHTML, like Gecko; compatible; GPTBot/1.4; +https://openai.com/gptbot)"
74.7.242.26 - - [28/May/2026:12:36:38 +0000] "GET /admin.php?dir=CwusrCwlibCwFwbuild-idCw62&view=4ff13095f38570f905b2d63b29a1a14c9cbb0f HTTP/1.1" 200 12983 "http://hondasaudi.com/admin.php?dir=CwusrCwlibCwFwbuild-idCw62" "Mozilla/5.0 AppleWebKit/537.36 (KHTML, like Gecko; compatible; GPTBot/1.4; +https://openai.com/gptbot)"
74.7.242.26 - - [28/May/2026:12:37:00 +0000] "GET /admin.php?dir=CwusrCwlibCwFwbuild-idCw23&view=170f087b46031a6dc74e54bd3536f2c4bf9feb HTTP/1.1" 200 5722 "http://hondasaudi.com/admin.php?dir=CwusrCwlibCwFwbuild-idCw23" "Mozilla/5.0 AppleWebKit/537.36 (KHTML, like Gecko; compatible; GPTBot/1.4; +https://openai.com/gptbot)"
74.7.242.26 - - [28/May/2026:12:37:22 +0000] "GET /admin.php?dir=CwusrCwlibCwFwbuild-idCw9e&view=9dd6d0a0690943e615180df8aa5042f4ab3c99 HTTP/1.1" 200 11623 "http://hondasaudi.com/admin.php?dir=CwusrCwlibCwFwbuild-idCw9e" "Mozilla/5.0 AppleWebKit/537.36 (KHTML, like Gecko; compatible; GPTBot/1.4; +https://openai.com/gptbot)"
74.7.242.26 - - [28/May/2026:12:37:42 +0000] "GET /admin.php?dir=CwusrCwlibCwFwbuild-idCw61&view=35a5d4e6e501260c8ea09392bc006e6acf4d59 HTTP/1.1" 200 21370 "http://hondasaudi.com/admin.php?dir=CwusrCwlibCwFwbuild-idCw61" "Mozilla/5.0 AppleWebKit/537.36 (KHTML, like Gecko; compatible; GPTBot/1.4; +https://openai.com/gptbot)"
74.7.242.26 - - [28/May/2026:12:38:03 +0000] "GET /admin.php?dir=CwusrCwlibCwFwbuild-idCwd9&view=4b1764d85ea18ef1c97700814b7a7b810cbd37 HTTP/1.1" 200 7128 "http://hondasaudi.com/admin.php?dir=CwusrCwlibCwFwbuild-idCwd9" "Mozilla/5.0 AppleWebKit/537.36 (KHTML, like Gecko; compatible; GPTBot/1.4; +https://openai.com/gptbot)"
74.7.242.26 - - [28/May/2026:12:38:25 +0000] "GET /admin.php?dir=CwusrCwlibCwFwbuild-idCw54&view=61cc14f61e39dca2ec74dc4a990d8505f9043f HTTP/1.1" 200 5415 "http://hondasaudi.com/admin.php?dir=CwusrCwlibCwFwbuild-idCw54" "Mozilla/5.0 AppleWebKit/537.36 (KHTML, like Gecko; compatible; GPTBot/1.4; +https://openai.com/gptbot)"
74.7.242.26 - - [28/May/2026:12:38:47 +0000] "GET /admin.php?dir=CwusrCwlibCwFwbuild-idCw31&view=1fc633a6274a406dd2df16845bac3ee7a48215 HTTP/1.1" 200 23849 "http://hondasaudi.com/admin.php?dir=CwusrCwlibCwFwbuild-idCw31" "Mozilla/5.0 AppleWebKit/537.36 (KHTML, like Gecko; compatible; GPTBot/1.4; +https://openai.com/gptbot)"
74.7.242.26 - - [28/May/2026:12:39:07 +0000] "GET /admin.php?dir=CwusrCwlibCwFwbuild-idCw35&view=bbf91319eb660d139ae019dd8c85f11ca1e118 HTTP/1.1" 200 291953 "http://hondasaudi.com/admin.php?dir=CwusrCwlibCwFwbuild-idCw35" "Mozilla/5.0 AppleWebKit/537.36 (KHTML, like Gecko; compatible; GPTBot/1.4; +https://openai.com/gptbot)"
74.7.242.26 - - [28/May/2026:12:39:28 +0000] "GET /admin.php?dir=CwusrCwlibCwFwbuild-idCweb&view=e6e87e988644e625eac24a677c62e3435fd056 HTTP/1.1" 200 14866 "http://hondasaudi.com/admin.php?dir=CwusrCwlibCwFwbuild-idCweb" "Mozilla/5.0 AppleWebKit/537.36 (KHTML, like Gecko; compatible; GPTBot/1.4; +https://openai.com/gptbot)"
74.7.242.26 - - [28/May/2026:12:39:49 +0000] "GET /admin.php?dir=CwusrCwlibCwFwbuild-idCwc0&view=28289d207c272b6a2b25e6ffca1bc9b542c132 HTTP/1.1" 200 4639 "http://hondasaudi.com/admin.php?dir=CwusrCwlibCwFwbuild-idCwc0" "Mozilla/5.0 AppleWebKit/537.36 (KHTML, like Gecko; compatible; GPTBot/1.4; +https://openai.com/gptbot)"
74.7.242.26 - - [28/May/2026:12:40:10 +0000] "GET /admin.php?dir=CwusrCwlibCwFwbuild-idCw9b&view=5e873b0e4d672d390df38f452c1d0bc21f58c5 HTTP/1.1" 200 249987 "http://hondasaudi.com/admin.php?dir=CwusrCwlibCwFwbuild-idCw9b" "Mozilla/5.0 AppleWebKit/537.36 (KHTML, like Gecko; compatible; GPTBot/1.4; +https://openai.com/gptbot)"
74.7.242.26 - - [28/May/2026:12:40:31 +0000] "GET /admin.php?dir=CwusrCwlibCwFwbuild-idCwf8&view=9c3a03e51d08f01e121647138fecbd01d4b91a HTTP/1.1" 200 38377 "http://hondasaudi.com/admin.php?dir=CwusrCwlibCwFwbuild-idCwf8" "Mozilla/5.0 AppleWebKit/537.36 (KHTML, like Gecko; compatible; GPTBot/1.4; +https://openai.com/gptbot)"
74.7.242.26 - - [28/May/2026:12:40:52 +0000] "GET /admin.php?dir=CwusrCwlibCwFwbuild-idCwbe&view=342a72cdf9196dc45f8c7e10f6727c6f552f75 HTTP/1.1" 200 33375 "http://hondasaudi.com/admin.php?dir=CwusrCwlibCwFwbuild-idCwbe" "Mozilla/5.0 AppleWebKit/537.36 (KHTML, like Gecko; compatible; GPTBot/1.4; +https://openai.com/gptbot)"
74.7.242.26 - - [28/May/2026:12:41:13 +0000] "GET /admin.php?dir=CwusrCwlibCwFwbuild-idCw86&view=1db173e71e65bd854347ec3b10f5a505c2cc99 HTTP/1.1" 200 10783 "http://hondasaudi.com/admin.php?dir=CwusrCwlibCwFwbuild-idCw86" "Mozilla/5.0 AppleWebKit/537.36 (KHTML, like Gecko; compatible; GPTBot/1.4; +https://openai.com/gptbot)"
74.7.242.26 - - [28/May/2026:12:41:33 +0000] "GET /admin.php?dir=CwusrCwlibCwFwbuild-idCwa8&view=a7ee9d5002492edfc62e3e2e44149e981f9866 HTTP/1.1" 200 7687 "http://hondasaudi.com/admin.php?dir=CwusrCwlibCwFwbuild-idCwa8" "Mozilla/5.0 AppleWebKit/537.36 (KHTML, like Gecko; compatible; GPTBot/1.4; +https://openai.com/gptbot)"
74.7.242.26 - - [28/May/2026:12:41:54 +0000] "GET /admin.php?dir=CwusrCwlibCwFwbuild-idCw67&view=d7aec5b9a969e9579d21adca6276e422ed6258 HTTP/1.1" 200 26505 "http://hondasaudi.com/admin.php?dir=CwusrCwlibCwFwbuild-idCw67" "Mozilla/5.0 AppleWebKit/537.36 (KHTML, like Gecko; compatible; GPTBot/1.4; +https://openai.com/gptbot)"
74.7.242.26 - - [28/May/2026:12:42:15 +0000] "GET /admin.php?dir=CwusrCwlibCwFwbuild-idCwae&view=7e2784ab0ed6ceab9cd814959316751f043647 HTTP/1.1" 200 5178 "http://hondasaudi.com/admin.php?dir=CwusrCwlibCwFwbuild-idCwae" "Mozilla/5.0 AppleWebKit/537.36 (KHTML, like Gecko; compatible; GPTBot/1.4; +https://openai.com/gptbot)"
74.7.242.26 - - [28/May/2026:12:42:36 +0000] "GET /admin.php?dir=CwusrCwlibCwFwbuild-idCw25&view=a965722bf383cc943846bd369381cb5e47eaab HTTP/1.1" 200 4919 "http://hondasaudi.com/admin.php?dir=CwusrCwlibCwFwbuild-idCw25" "Mozilla/5.0 AppleWebKit/537.36 (KHTML, like Gecko; compatible; GPTBot/1.4; +https://openai.com/gptbot)"
74.7.242.26 - - [28/May/2026:12:42:56 +0000] "GET /admin.php?dir=CwusrCwlibCwFwbuild-idCw9c&view=6db6510fa730640a689b917cf76de16e43d32e HTTP/1.1" 200 245858 "http://hondasaudi.com/admin.php?dir=CwusrCwlibCwFwbuild-idCw9c" "Mozilla/5.0 AppleWebKit/537.36 (KHTML, like Gecko; compatible; GPTBot/1.4; +https://openai.com/gptbot)"
172.105.42.26 - - [28/May/2026:12:43:17 +0000] "POST /wp-cron.php?doing_wp_cron=1779972197.9390680789947509765625 HTTP/1.1" 200 20 "-" "WordPress/7.0; https://hondasaudi.com"
74.7.242.26 - - [28/May/2026:12:43:17 +0000] "GET /admin.php?dir=CwusrCwlibCwFwbuild-idCwd3&view=7b338afa0615f8147ea46d7ad718ca573c1799 HTTP/1.1" 200 6172 "http://hondasaudi.com/admin.php?dir=CwusrCwlibCwFwbuild-idCwd3" "Mozilla/5.0 AppleWebKit/537.36 (KHTML, like Gecko; compatible; GPTBot/1.4; +https://openai.com/gptbot)"
172.105.42.26 - - [28/May/2026:12:43:28 +0000] "GET /wp-content/plugins/contact-form-7/includes/css/styles-rtl.css HTTP/1.1" 200 121 "-" "Mozilla/5.0 (Macintosh; Intel Mac OS X 11_6) AppleWebKit/537.36 (KHTML, like Gecko) Chrome/94.0.4606.81 Safari/537.36"
145.239.10.137 - - [28/May/2026:12:43:28 +0000] "GET /comment.php HTTP/1.1" 404 12284 "http://hondasaudi.com/comment.php" "Mozilla/5.0 (iPhone; CPU iPhone OS 17_5_1 like Mac OS X) AppleWebKit/605.1.15 (KHTML, like Gecko) Version/17.5 Mobile/15E148 Safari/604.1"
74.7.242.26 - - [28/May/2026:12:43:39 +0000] "GET /admin.php?dir=CwusrCwlibCwFwbuild-idCw9c&view=882a9b34d3c34ad15dc9a90bac0731055c23f6 HTTP/1.1" 200 3129 "http://hondasaudi.com/admin.php?dir=CwusrCwlibCwFwbuild-idCw9c" "Mozilla/5.0 AppleWebKit/537.36 (KHTML, like Gecko; compatible; GPTBot/1.4; +https://openai.com/gptbot)"