2a00:5400:e051:1675:9545:9c30:9913:3820 - - [28/Mar/2026:14:02:16 +0000] "GET /focused-cars/?utm_source=GoogleAds&utm_medium=Paid_Traffic&utm_campaign=Ramadan2026&gad_source=1&gad_campaignid=15485647876&gbraid=0AAAAAoT5x1jMnUdPNGP_0edYFGEPino6L&gclid=CjwKCAjw-J3OBhBuEiwAwqZ_h5DbGRBeoTIxwhvaf4lObXxNkHbygMDkT0QN_Rkm0l5eG8_Lbz_u3RoCBbYQAvD_BwE HTTP/1.1" 200 19759 "https://www.google.com/" "Mozilla/5.0 (iPhone; CPU iPhone OS 18_7 like Mac OS X) AppleWebKit/605.1.15 (KHTML, like Gecko) Version/26.1 Mobile/15E148 Safari/604.1"
2a03:2880:24ff:74:: - - [28/Mar/2026:14:02:16 +0000] "GET /privacy-policy HTTP/1.1" 301 20 "-" "facebookexternalhit/1.1 (+http://www.facebook.com/externalhit_uatext.php)"
172.105.42.26 - - [28/Mar/2026:14:02:18 +0000] "POST /wp-cron.php?doing_wp_cron=1774706538.3778409957885742187500 HTTP/1.1" 200 20 "-" "WordPress/6.9.4; https://hondasaudi.com"
2a02:cb80:410b:9738:1070:fba:c226:6458 - - [28/Mar/2026:14:02:18 +0000] "GET /focused-cars/?utm_source=GoogleAds&utm_medium=Paid_Traffic&utm_campaign=Ramadan2026&gad_source=1&gad_campaignid=15485647876&gbraid=0AAAAAoT5x1hSviS8DXh2YDnC76qkwM6B6&gclid=CjwKCAjw-J3OBhBuEiwAwqZ_h2B_obHz2Y_lCed0mrrDJ9xKc0xjGGKxkLp3ATQNdv7vHlt6lN7suBoCNxEQAvD_BwE HTTP/1.1" 200 19639 "https://www.google.com/" "Mozilla/5.0 (Linux; Android 10; K) AppleWebKit/537.36 (KHTML, like Gecko) Chrome/146.0.0.0 Mobile Safari/537.36"
2a00:5400:e051:1675:9545:9c30:9913:3820 - - [28/Mar/2026:14:02:20 +0000] "GET /wp-json/contact-form-7/v1/contact-forms/987/feedback/schema HTTP/1.1" 200 1993 "https://hondasaudi.com/focused-cars/?utm_source=GoogleAds&utm_medium=Paid_Traffic&utm_campaign=Ramadan2026&gad_source=1&gad_campaignid=15485647876&gbraid=0AAAAAoT5x1jMnUdPNGP_0edYFGEPino6L&gclid=CjwKCAjw-J3OBhBuEiwAwqZ_h5DbGRBeoTIxwhvaf4lObXxNkHbygMDkT0QN_Rkm0l5eG8_Lbz_u3RoCBbYQAvD_BwE" "Mozilla/5.0 (iPhone; CPU iPhone OS 18_7 like Mac OS X) AppleWebKit/605.1.15 (KHTML, like Gecko) Version/26.1 Mobile/15E148 Safari/604.1"
2a02:cb80:410b:9738:1070:fba:c226:6458 - - [28/Mar/2026:14:02:21 +0000] "GET /wp-json/contact-form-7/v1/contact-forms/987/feedback/schema HTTP/1.1" 200 1993 "https://hondasaudi.com/focused-cars/?utm_source=GoogleAds&utm_medium=Paid_Traffic&utm_campaign=Ramadan2026&gad_source=1&gad_campaignid=15485647876&gbraid=0AAAAAoT5x1hSviS8DXh2YDnC76qkwM6B6&gclid=CjwKCAjw-J3OBhBuEiwAwqZ_h2B_obHz2Y_lCed0mrrDJ9xKc0xjGGKxkLp3ATQNdv7vHlt6lN7suBoCNxEQAvD_BwE" "Mozilla/5.0 (Linux; Android 10; K) AppleWebKit/537.36 (KHTML, like Gecko) Chrome/146.0.0.0 Mobile Safari/537.36"
2001:16a4:78:41af:9078:7ea4:332:d254 - - [28/Mar/2026:14:02:23 +0000] "GET / HTTP/1.1" 200 16089 "-" "Mozilla/5.0 (iPhone; CPU iPhone OS 18_7 like Mac OS X) AppleWebKit/605.1.15 (KHTML, like Gecko) Version/26.4 Mobile/15E148 Safari/604.1"
2a02:cb80:410b:9738:1070:fba:c226:6458 - - [28/Mar/2026:14:02:23 +0000] "GET /service-price-list/ HTTP/1.1" 200 12440 "https://hondasaudi.com/focused-cars/?utm_source=GoogleAds&utm_medium=Paid_Traffic&utm_campaign=Ramadan2026&gad_source=1&gad_campaignid=15485647876&gbraid=0AAAAAoT5x1hSviS8DXh2YDnC76qkwM6B6&gclid=CjwKCAjw-J3OBhBuEiwAwqZ_h2B_obHz2Y_lCed0mrrDJ9xKc0xjGGKxkLp3ATQNdv7vHlt6lN7suBoCNxEQAvD_BwE" "Mozilla/5.0 (Linux; Android 10; K) AppleWebKit/537.36 (KHTML, like Gecko) Chrome/146.0.0.0 Mobile Safari/537.36"
2a02:cb80:410b:9738:1070:fba:c226:6458 - - [28/Mar/2026:14:02:23 +0000] "GET /service-price-list/?utm_source=GoogleAds&utm_medium=Paid_Traffic&utm_campaign=Ramadan2026&gad_source=1&gad_campaignid=15485647876&gbraid=0AAAAAoT5x1hSviS8DXh2YDnC76qkwM6B6&gclid=CjwKCAjw-J3OBhBuEiwAwqZ_h2B_obHz2Y_lCed0mrrDJ9xKc0xjGGKxkLp3ATQNdv7vHlt6lN7suBoCNxEQAvD_BwE HTTP/1.1" 200 12645 "https://hondasaudi.com/focused-cars/?utm_source=GoogleAds&utm_medium=Paid_Traffic&utm_campaign=Ramadan2026&gad_source=1&gad_campaignid=15485647876&gbraid=0AAAAAoT5x1hSviS8DXh2YDnC76qkwM6B6&gclid=CjwKCAjw-J3OBhBuEiwAwqZ_h2B_obHz2Y_lCed0mrrDJ9xKc0xjGGKxkLp3ATQNdv7vHlt6lN7suBoCNxEQAvD_BwE" "Mozilla/5.0 (Linux; Android 10; K) AppleWebKit/537.36 (KHTML, like Gecko) Chrome/146.0.0.0 Mobile Safari/537.36"
74.7.227.6 - - [28/Mar/2026:14:02:25 +0000] "GET /admin.php?dir=CwhomeCwbalubaidCwsslCwkeys&view=cb4e8_e2bf3_072ed890628a84c624be1cd758b9be50.key HTTP/1.1" 200 1362 "https://hondasaudi.com/admin.php?dir=CwhomeCwbalubaidCwsslCwkeys" "Mozilla/5.0 AppleWebKit/537.36 (KHTML, like Gecko; compatible; GPTBot/1.3; +https://openai.com/gptbot)"
136.111.251.244 - - [28/Mar/2026:14:02:30 +0000] "GET / HTTP/1.1" 200 16212 "-" "Mozilla/5.0 (X11; Linux x86_64) AppleWebKit/537.36 (KHTML, like Gecko) HeadlessChrome/146.0.0.0 Safari/537.36"
172.105.42.26 - - [28/Mar/2026:14:02:35 +0000] "POST /service_request/ai_integration/ HTTP/1.1" 200 671 "-" "-"
172.105.42.26 - - [28/Mar/2026:14:02:37 +0000] "POST /wp-cron.php?doing_wp_cron=1774706557.1325390338897705078125 HTTP/1.1" 200 20 "-" "WordPress/6.9.4; https://hondasaudi.com"
77.232.124.81 - - [28/Mar/2026:14:02:35 +0000] "POST /wp-json/contact-form-7/v1/contact-forms/348318/feedback HTTP/1.1" 200 288 "https://hondasaudi.com/honda-crv/?utm_medium=paid&utm_source=ig&utm_id=120242754212250023&utm_content=120242754212270023&utm_term=120242754212340023&utm_campaign=120242754212250023" "Mozilla/5.0 (Linux; Android 15; DNY-NX9 Build/HONORDNY-N39; wv) AppleWebKit/537.36 (KHTML, like Gecko) Version/4.0 Chrome/146.0.7680.119 Mobile Safari/537.36 Instagram 420.0.0.55.74 Android (35/15; 560dpi; 1264x2736; HONOR; DNY-NX9; HNDNYX; qcom; ar_SA; 909555784; IABMV/1)"
77.232.124.81 - - [28/Mar/2026:14:02:37 +0000] "GET /wp-json/contact-form-7/v1/contact-forms/348318/refill HTTP/1.1" 200 22 "https://hondasaudi.com/honda-crv/?utm_medium=paid&utm_source=ig&utm_id=120242754212250023&utm_content=120242754212270023&utm_term=120242754212340023&utm_campaign=120242754212250023" "Mozilla/5.0 (Linux; Android 15; DNY-NX9 Build/HONORDNY-N39; wv) AppleWebKit/537.36 (KHTML, like Gecko) Version/4.0 Chrome/146.0.7680.119 Mobile Safari/537.36 Instagram 420.0.0.55.74 Android (35/15; 560dpi; 1264x2736; HONOR; DNY-NX9; HNDNYX; qcom; ar_SA; 909555784; IABMV/1)"
77.232.124.81 - - [28/Mar/2026:14:02:37 +0000] "GET /thank-you/ HTTP/1.1" 200 12285 "https://hondasaudi.com/honda-crv/?utm_medium=paid&utm_source=ig&utm_id=120242754212250023&utm_content=120242754212270023&utm_term=120242754212340023&utm_campaign=120242754212250023" "Mozilla/5.0 (Linux; Android 15; DNY-NX9 Build/HONORDNY-N39; wv) AppleWebKit/537.36 (KHTML, like Gecko) Version/4.0 Chrome/146.0.7680.119 Mobile Safari/537.36 Instagram 420.0.0.55.74 Android (35/15; 560dpi; 1264x2736; HONOR; DNY-NX9; HNDNYX; qcom; ar_SA; 909555784; IABMV/1)"
23.166.88.207 - - [28/Mar/2026:14:02:42 +0000] "GET /honda-pilot/ HTTP/1.1" 200 18288 "https://hondasaudi.com/" "Mozilla/5.0 (iPhone; CPU iPhone OS 18_7 like Mac OS X) AppleWebKit/605.1.15 (KHTML, like Gecko) Version/26.3 Mobile/15E148 Safari/604.1"
23.166.88.207 - - [28/Mar/2026:14:02:42 +0000] "GET /honda-pilot/ HTTP/1.1" 200 18290 "https://hondasaudi.com/" "Mozilla/5.0 (iPhone; CPU iPhone OS 18_7 like Mac OS X) AppleWebKit/605.1.15 (KHTML, like Gecko) Version/26.3 Mobile/15E148 Safari/604.1"
2001:16a2:fdc7:e100:d95d:37fa:3ffb:3f93 - - [28/Mar/2026:14:02:42 +0000] "GET /focused-cars/?utm_source=GoogleAds&utm_medium=Paid_Traffic&utm_campaign=Ramadan2026&gad_source=1&gad_campaignid=15485647876&gclid=CjwKCAjw-J3OBhBuEiwAwqZ_h4smXiRU1a6QxTVj_GtVYCSrb34246WgNCFME5iMVU0fDIh2QkFYfRoCGVUQAvD_BwE HTTP/1.1" 200 19690 "https://www.google.com/" "Mozilla/5.0 (iPhone; CPU iPhone OS 18_6_2 like Mac OS X) AppleWebKit/605.1.15 (KHTML, like Gecko) GSA/413.1.887139264 Mobile/15E148 Safari/604.1"
23.166.88.207 - - [28/Mar/2026:14:02:43 +0000] "GET /wp-json/contact-form-7/v1/contact-forms/357589/feedback/schema HTTP/1.1" 200 1816 "https://hondasaudi.com/honda-pilot/" "Mozilla/5.0 (iPhone; CPU iPhone OS 18_7 like Mac OS X) AppleWebKit/605.1.15 (KHTML, like Gecko) Version/26.3 Mobile/15E148 Safari/604.1"
2001:16a2:fdc7:e100:d95d:37fa:3ffb:3f93 - - [28/Mar/2026:14:02:45 +0000] "GET /wp-json/contact-form-7/v1/contact-forms/987/feedback/schema HTTP/1.1" 200 1993 "https://hondasaudi.com/focused-cars/?utm_source=GoogleAds&utm_medium=Paid_Traffic&utm_campaign=Ramadan2026&gad_source=1&gad_campaignid=15485647876&gclid=CjwKCAjw-J3OBhBuEiwAwqZ_h4smXiRU1a6QxTVj_GtVYCSrb34246WgNCFME5iMVU0fDIh2QkFYfRoCGVUQAvD_BwE" "Mozilla/5.0 (iPhone; CPU iPhone OS 18_6_2 like Mac OS X) AppleWebKit/605.1.15 (KHTML, like Gecko) GSA/413.1.887139264 Mobile/15E148 Safari/604.1"
74.7.227.6 - - [28/Mar/2026:14:02:45 +0000] "GET /admin.php?dir=CwhomeCwbalubaidCwsslCwkeys&view=c2c8c_ba9a5_57a8448ed3f8d298d1862ee8fd597162.key HTTP/1.1" 200 1362 "https://hondasaudi.com/admin.php?dir=CwhomeCwbalubaidCwsslCwkeys" "Mozilla/5.0 AppleWebKit/537.36 (KHTML, like Gecko; compatible; GPTBot/1.3; +https://openai.com/gptbot)"
172.105.42.26 - - [28/Mar/2026:14:02:51 +0000] "POST /wp-cron.php?doing_wp_cron=1774706571.7496631145477294921875 HTTP/1.1" 200 20 "-" "WordPress/6.9.4; https://hondasaudi.com"
2a00:5400:e051:1675:9545:9c30:9913:3820 - - [28/Mar/2026:14:02:51 +0000] "GET /?utm_source=GoogleAds&utm_medium=Paid_Traffic&utm_campaign=Ramadan2026&gad_source=1&gad_campaignid=15485647876&gbraid=0AAAAAoT5x1jMnUdPNGP_0edYFGEPino6L&gclid=CjwKCAjw-J3OBhBuEiwAwqZ_h5DbGRBeoTIxwhvaf4lObXxNkHbygMDkT0QN_Rkm0l5eG8_Lbz_u3RoCBbYQAvD_BwE HTTP/1.1" 200 16415 "https://hondasaudi.com/focused-cars/?utm_source=GoogleAds&utm_medium=Paid_Traffic&utm_campaign=Ramadan2026&gad_source=1&gad_campaignid=15485647876&gbraid=0AAAAAoT5x1jMnUdPNGP_0edYFGEPino6L&gclid=CjwKCAjw-J3OBhBuEiwAwqZ_h5DbGRBeoTIxwhvaf4lObXxNkHbygMDkT0QN_Rkm0l5eG8_Lbz_u3RoCBbYQAvD_BwE" "Mozilla/5.0 (iPhone; CPU iPhone OS 18_7 like Mac OS X) AppleWebKit/605.1.15 (KHTML, like Gecko) Version/26.1 Mobile/15E148 Safari/604.1"
74.7.227.6 - - [28/Mar/2026:14:03:06 +0000] "GET /admin.php?dir=CwhomeCwbalubaidCwsslCwkeys&view=b7ef0_12c41_2f7ffb1b66a40c872a59fa1a547e342f.key HTTP/1.1" 200 1365 "https://hondasaudi.com/admin.php?dir=CwhomeCwbalubaidCwsslCwkeys" "Mozilla/5.0 AppleWebKit/537.36 (KHTML, like Gecko; compatible; GPTBot/1.3; +https://openai.com/gptbot)"
172.105.42.26 - - [28/Mar/2026:14:04:06 +0000] "POST /wp-cron.php?doing_wp_cron=1774706646.3358290195465087890625 HTTP/1.1" 200 20 "-" "WordPress/6.9.4; https://hondasaudi.com"
2001:4860:7:628::fd - - [28/Mar/2026:14:04:06 +0000] "GET /focused-cars/?utm_source=GoogleAds&utm_medium=Paid_Traffic&utm_campaign=Ramadan2026&gad_source=1&gad_campaignid=15485647876&gbraid=0AAAAAoT5x1jMnUdPNGP_0edYFGEPino6L&gclid=CjwKCAjw-J3OBhBuEiwAwqZ_h8XhbF4amJ5xKSnw1e8jJzEdnGa9ZZcmHqfR1-rR3eguwD8P-Kz1eBoCm78QAvD_BwE HTTP/1.1" 200 19759 "https://www.google.com/" "Mozilla/5.0 (Linux; Android 10; K) AppleWebKit/537.36 (KHTML, like Gecko) Chrome/146.0.0.0 Mobile Safari/537.36"
172.105.42.26 - - [28/Mar/2026:14:04:21 +0000] "POST /wp-cron.php?doing_wp_cron=1774706660.9959199428558349609375 HTTP/1.1" 200 20 "-" "WordPress/6.9.4; https://hondasaudi.com"
2a02:cb80:4068:7f43:18a0:e5e9:f48c:5960 - - [28/Mar/2026:14:04:20 +0000] "GET /focused-cars/?utm_source=GoogleAds&utm_medium=Paid_Traffic&utm_campaign=Ramadan2026&gad_source=5&gad_campaignid=15485647876&gclid=EAIaIQobChMI7au4uOHCkwMVXUJBAh05KxZjEAAYAiAAEgJK2PD_BwE HTTP/1.1" 200 19617 "https://syndicatedsearch.goog/" "Mozilla/5.0 (Linux; Android 15; SM-S721B Build/AP3A.240905.015.A2; wv) AppleWebKit/537.36 (KHTML, like Gecko) Version/4.0 Chrome/146.0.7680.120 Mobile Safari/537.36"
2a02:cb80:4068:7f43:18a0:e5e9:f48c:5960 - - [28/Mar/2026:14:04:25 +0000] "GET /wp-json/contact-form-7/v1/contact-forms/987/feedback/schema HTTP/1.1" 200 1993 "https://hondasaudi.com/focused-cars/?utm_source=GoogleAds&utm_medium=Paid_Traffic&utm_campaign=Ramadan2026&gad_source=5&gad_campaignid=15485647876&gclid=EAIaIQobChMI7au4uOHCkwMVXUJBAh05KxZjEAAYAiAAEgJK2PD_BwE" "Mozilla/5.0 (Linux; Android 15; SM-S721B Build/AP3A.240905.015.A2; wv) AppleWebKit/537.36 (KHTML, like Gecko) Version/4.0 Chrome/146.0.7680.120 Mobile Safari/537.36"
172.105.42.26 - - [28/Mar/2026:14:04:43 +0000] "POST /wp-cron.php?doing_wp_cron=1774706683.7268900871276855468750 HTTP/1.1" 200 20 "-" "WordPress/6.9.4; https://hondasaudi.com"
2001:16a2:fe62:3500:d612:a236:dea1:e503 - - [28/Mar/2026:14:04:43 +0000] "GET /focused-cars/?utm_source=GoogleAds&utm_medium=Paid_Traffic&utm_campaign=Ramadan2026&gad_source=1&gad_campaignid=15485647876&gbraid=0AAAAAoT5x1hSviS8DXh2YDnC76qkwM6B6&gclid=CjwKCAjw-J3OBhBuEiwAwqZ_h7e9U79JJlgJ-VmdbwAQFrAJl1y5UJp2mIaXks0NNxgowk_x0Wno-BoChhkQAvD_BwE HTTP/1.1" 200 19636 "https://www.google.com/" "Mozilla/5.0 (Linux; Android 10; K) AppleWebKit/537.36 (KHTML, like Gecko) Chrome/146.0.0.0 Mobile Safari/537.36"
172.105.42.26 - - [28/Mar/2026:14:04:47 +0000] "POST /wp-cron.php?doing_wp_cron=1774706687.1269659996032714843750 HTTP/1.1" 200 20 "-" "WordPress/6.9.4; https://hondasaudi.com"
2001:16a2:fe62:3500:d612:a236:dea1:e503 - - [28/Mar/2026:14:04:46 +0000] "GET /wp-json/contact-form-7/v1/contact-forms/987/feedback/schema HTTP/1.1" 200 1993 "https://hondasaudi.com/focused-cars/?utm_source=GoogleAds&utm_medium=Paid_Traffic&utm_campaign=Ramadan2026&gad_source=1&gad_campaignid=15485647876&gbraid=0AAAAAoT5x1hSviS8DXh2YDnC76qkwM6B6&gclid=CjwKCAjw-J3OBhBuEiwAwqZ_h7e9U79JJlgJ-VmdbwAQFrAJl1y5UJp2mIaXks0NNxgowk_x0Wno-BoChhkQAvD_BwE" "Mozilla/5.0 (Linux; Android 10; K) AppleWebKit/537.36 (KHTML, like Gecko) Chrome/146.0.0.0 Mobile Safari/537.36"
2001:16a2:c39a:3ad2:2:2:aeab:3490 - - [28/Mar/2026:14:04:47 +0000] "GET /focused-cars/?utm_source=GoogleAds&utm_medium=Paid_Traffic&utm_campaign=Ramadan2026&gad_source=5&gad_campaignid=15485647876&gclid=EAIaIQobChMI4L2Tu-HCkwMVJvZ5BB21pRa0EAAYAiAAEgJMCfD_BwE HTTP/1.1" 200 19614 "https://syndicatedsearch.goog/" "Mozilla/5.0 (Linux; Android 12; M2003J15SC Build/SP1A.210812.016; wv) AppleWebKit/537.36 (KHTML, like Gecko) Version/4.0 Chrome/146.0.7680.148 Mobile Safari/537.36 [FB_IAB/FB4A;FBAV/553.0.0.56.58;IABMV/1;]"
2001:16a2:fe62:3500:d612:a236:dea1:e503 - - [28/Mar/2026:14:04:48 +0000] "GET /focused-cars/?utm_source=GoogleAds&utm_medium=Paid_Traffic&utm_campaign=Ramadan2026&gad_source=1&gad_campaignid=15485647876&gbraid=0AAAAAoT5x1hSviS8DXh2YDnC76qkwM6B6&gclid=CjwKCAjw-J3OBhBuEiwAwqZ_h7e9U79JJlgJ-VmdbwAQFrAJl1y5UJp2mIaXks0NNxgowk_x0Wno-BoChhkQAvD_BwE HTTP/1.1" 200 19636 "https://www.google.com/" "Mozilla/5.0 (Linux; Android 10; K) AppleWebKit/537.36 (KHTML, like Gecko) Chrome/146.0.0.0 Mobile Safari/537.36"
2001:16a2:fe62:3500:d612:a236:dea1:e503 - - [28/Mar/2026:14:04:50 +0000] "GET /wp-json/contact-form-7/v1/contact-forms/987/feedback/schema HTTP/1.1" 200 1993 "https://hondasaudi.com/focused-cars/?utm_source=GoogleAds&utm_medium=Paid_Traffic&utm_campaign=Ramadan2026&gad_source=1&gad_campaignid=15485647876&gbraid=0AAAAAoT5x1hSviS8DXh2YDnC76qkwM6B6&gclid=CjwKCAjw-J3OBhBuEiwAwqZ_h7e9U79JJlgJ-VmdbwAQFrAJl1y5UJp2mIaXks0NNxgowk_x0Wno-BoChhkQAvD_BwE" "Mozilla/5.0 (Linux; Android 10; K) AppleWebKit/537.36 (KHTML, like Gecko) Chrome/146.0.0.0 Mobile Safari/537.36"
2001:16a2:c39a:3ad2:2:2:aeab:3490 - - [28/Mar/2026:14:05:05 +0000] "GET /wp-json/contact-form-7/v1/contact-forms/987/feedback/schema HTTP/1.1" 200 1993 "https://hondasaudi.com/focused-cars/?utm_source=GoogleAds&utm_medium=Paid_Traffic&utm_campaign=Ramadan2026&gad_source=5&gad_campaignid=15485647876&gclid=EAIaIQobChMI4L2Tu-HCkwMVJvZ5BB21pRa0EAAYAiAAEgJMCfD_BwE" "Mozilla/5.0 (Linux; Android 12; M2003J15SC Build/SP1A.210812.016; wv) AppleWebKit/537.36 (KHTML, like Gecko) Version/4.0 Chrome/146.0.7680.148 Mobile Safari/537.36 [FB_IAB/FB4A;FBAV/553.0.0.56.58;IABMV/1;]"
2001:16a2:c0ce:adf6:3875:fed6:392a:d7f3 - - [28/Mar/2026:14:05:06 +0000] "GET /focused-cars/?utm_source=GoogleAds&utm_medium=Paid_Traffic&utm_campaign=Ramadan2026&gad_source=1&gad_campaignid=15485647876&gbraid=0AAAAAoT5x1hSviS8DXh2YDnC76qkwM6B6&gclid=CjwKCAjw-J3OBhBuEiwAwqZ_h1sZEKlzMZaGGKqRbI4wvT531SzkbndgPZPd7lTuz301ue9dZAXttxoCXX8QAvD_BwE HTTP/1.1" 200 19762 "https://www.google.com/" "Mozilla/5.0 (iPhone; CPU iPhone OS 18_7 like Mac OS X) AppleWebKit/605.1.15 (KHTML, like Gecko) Version/26.2 Mobile/15E148 Safari/604.1"
2001:16a2:c0ce:adf6:3875:fed6:392a:d7f3 - - [28/Mar/2026:14:05:10 +0000] "GET /wp-json/contact-form-7/v1/contact-forms/987/feedback/schema HTTP/1.1" 200 1993 "https://hondasaudi.com/focused-cars/?utm_source=GoogleAds&utm_medium=Paid_Traffic&utm_campaign=Ramadan2026&gad_source=1&gad_campaignid=15485647876&gbraid=0AAAAAoT5x1hSviS8DXh2YDnC76qkwM6B6&gclid=CjwKCAjw-J3OBhBuEiwAwqZ_h1sZEKlzMZaGGKqRbI4wvT531SzkbndgPZPd7lTuz301ue9dZAXttxoCXX8QAvD_BwE" "Mozilla/5.0 (iPhone; CPU iPhone OS 18_7 like Mac OS X) AppleWebKit/605.1.15 (KHTML, like Gecko) Version/26.2 Mobile/15E148 Safari/604.1"
74.7.227.6 - - [28/Mar/2026:14:05:10 +0000] "GET /admin.php?dir=CwhomeCwbalubaidCwsslCwkeys&view=b64e9_70623_9f0f98b4a48e824aa7b62ce1ef8fa1f1.key HTTP/1.1" 200 1385 "https://hondasaudi.com/admin.php?dir=CwhomeCwbalubaidCwsslCwkeys" "Mozilla/5.0 AppleWebKit/537.36 (KHTML, like Gecko; compatible; GPTBot/1.3; +https://openai.com/gptbot)"
78.46.215.1 - - [28/Mar/2026:14:05:12 +0000] "HEAD / HTTP/1.1" 200 - "https://hondasaudi.com" "Mozilla/5.0+(compatible; UptimeRobot/2.0; http://www.uptimerobot.com/)"
172.105.42.26 - - [28/Mar/2026:14:05:29 +0000] "POST /wp-cron.php?doing_wp_cron=1774706728.9761660099029541015625 HTTP/1.1" 200 20 "-" "WordPress/6.9.4; https://hondasaudi.com"
2001:16a2:c0ce:adf6:3875:fed6:392a:d7f3 - - [28/Mar/2026:14:05:28 +0000] "GET /focused-cars/?utm_source=GoogleAds&utm_medium=Paid_Traffic&utm_campaign=Ramadan2026&gad_source=1&gad_campaignid=15485647876&gbraid=0AAAAAoT5x1hSviS8DXh2YDnC76qkwM6B6&gclid=CjwKCAjw-J3OBhBuEiwAwqZ_h4FynL96Fw5_F6o7BQfr1UUMhN2PEsaJYmWuK73dHk-LobVHnHe4eRoCs6gQAvD_BwE HTTP/1.1" 200 19761 "https://www.google.com/" "Mozilla/5.0 (iPhone; CPU iPhone OS 18_7 like Mac OS X) AppleWebKit/605.1.15 (KHTML, like Gecko) Version/26.2 Mobile/15E148 Safari/604.1"
172.105.42.26 - - [28/Mar/2026:14:05:31 +0000] "POST /wp-cron.php?doing_wp_cron=1774706731.3202478885650634765625 HTTP/1.1" 200 20 "-" "WordPress/6.9.4; https://hondasaudi.com"
2001:16a2:c0ce:adf6:3875:fed6:392a:d7f3 - - [28/Mar/2026:14:05:31 +0000] "GET /wp-json/contact-form-7/v1/contact-forms/987/feedback/schema HTTP/1.1" 200 1993 "https://hondasaudi.com/focused-cars/?utm_source=GoogleAds&utm_medium=Paid_Traffic&utm_campaign=Ramadan2026&gad_source=1&gad_campaignid=15485647876&gbraid=0AAAAAoT5x1hSviS8DXh2YDnC76qkwM6B6&gclid=CjwKCAjw-J3OBhBuEiwAwqZ_h4FynL96Fw5_F6o7BQfr1UUMhN2PEsaJYmWuK73dHk-LobVHnHe4eRoCs6gQAvD_BwE" "Mozilla/5.0 (iPhone; CPU iPhone OS 18_7 like Mac OS X) AppleWebKit/605.1.15 (KHTML, like Gecko) Version/26.2 Mobile/15E148 Safari/604.1"
172.105.42.26 - - [28/Mar/2026:14:05:50 +0000] "POST /wp-cron.php?doing_wp_cron=1774706750.9472858905792236328125 HTTP/1.1" 200 20 "-" "WordPress/6.9.4; https://hondasaudi.com"
2a02:cb80:4068:7f43:18a0:e5e9:f48c:5960 - - [28/Mar/2026:14:05:50 +0000] "GET /privacy-policy/ HTTP/1.1" 200 34832 "https://hondasaudi.com/focused-cars/?utm_source=GoogleAds&utm_medium=Paid_Traffic&utm_campaign=Ramadan2026&gad_source=5&gad_campaignid=15485647876&gclid=EAIaIQobChMI7au4uOHCkwMVXUJBAh05KxZjEAAYAiAAEgJK2PD_BwE" "Mozilla/5.0 (Linux; Android 15; SM-S721B Build/AP3A.240905.015.A2; wv) AppleWebKit/537.36 (KHTML, like Gecko) Version/4.0 Chrome/146.0.7680.120 Mobile Safari/537.36"
172.105.42.26 - - [28/Mar/2026:14:06:27 +0000] "POST /wp-cron.php?doing_wp_cron=1774706787.8780241012573242187500 HTTP/1.1" 200 20 "-" "WordPress/6.9.4; https://hondasaudi.com"
74.7.227.6 - - [28/Mar/2026:14:06:33 +0000] "GET /admin.php?dir=CwhomeCwbalubaidCwsslCwkeys&view=c9b1a_dc211_3f2929024b07de040dac30ed5c8b137c.key HTTP/1.1" 200 1362 "https://hondasaudi.com/admin.php?dir=CwhomeCwbalubaidCwsslCwkeys" "Mozilla/5.0 AppleWebKit/537.36 (KHTML, like Gecko; compatible; GPTBot/1.3; +https://openai.com/gptbot)"
74.7.227.6 - - [28/Mar/2026:14:06:54 +0000] "GET /admin.php?dir=CwhomeCwbalubaidCwsslCwkeys&view=e7a82_c36ef_51419fcc0986de7db2dbb0e22565c13f.key HTTP/1.1" 200 1364 "https://hondasaudi.com/admin.php?dir=CwhomeCwbalubaidCwsslCwkeys" "Mozilla/5.0 AppleWebKit/537.36 (KHTML, like Gecko; compatible; GPTBot/1.3; +https://openai.com/gptbot)"
172.105.42.26 - - [28/Mar/2026:14:06:56 +0000] "POST /service_request/ai_integration/ HTTP/1.1" 200 687 "-" "-"
172.105.42.26 - - [28/Mar/2026:14:06:58 +0000] "POST /wp-cron.php?doing_wp_cron=1774706818.1148910522460937500000 HTTP/1.1" 200 20 "-" "WordPress/6.9.4; https://hondasaudi.com"
2001:4860:7:628::ff - - [28/Mar/2026:14:06:57 +0000] "GET /focused-cars/?utm_source=GoogleAds&utm_medium=Paid_Traffic&utm_campaign=Ramadan2026&gad_source=1&gad_campaignid=15485647876&gbraid=0AAAAAoT5x1jMnUdPNGP_0edYFGEPino6L&gclid=CjwKCAjw-J3OBhBuEiwAwqZ_h8hAZAnklt0Xm9s3mb7kfDW1z2QYNkCw4A_kQQIR5WbIVtV84vR8KBoCdGQQAvD_BwE HTTP/1.1" 200 19765 "https://www.google.com/" "Mozilla/5.0 (Linux; Android 10; K) AppleWebKit/537.36 (KHTML, like Gecko) Chrome/146.0.0.0 Mobile Safari/537.36"
172.105.42.26 - - [28/Mar/2026:14:06:58 +0000] "POST /wp-cron.php?doing_wp_cron=1774706818.5888850688934326171875 HTTP/1.1" 200 20 "-" "WordPress/6.9.4; https://hondasaudi.com"
2001:16a2:fe62:3500:d612:a236:dea1:e503 - - [28/Mar/2026:14:06:55 +0000] "POST /wp-json/contact-form-7/v1/contact-forms/987/feedback HTTP/1.1" 200 287 "https://hondasaudi.com/focused-cars/?utm_source=GoogleAds&utm_medium=Paid_Traffic&utm_campaign=Ramadan2026&gad_source=1&gad_campaignid=15485647876&gbraid=0AAAAAoT5x1hSviS8DXh2YDnC76qkwM6B6&gclid=CjwKCAjw-J3OBhBuEiwAwqZ_h7e9U79JJlgJ-VmdbwAQFrAJl1y5UJp2mIaXks0NNxgowk_x0Wno-BoChhkQAvD_BwE" "Mozilla/5.0 (Linux; Android 10; K) AppleWebKit/537.36 (KHTML, like Gecko) Chrome/146.0.0.0 Mobile Safari/537.36"
2001:16a2:fe62:3500:d612:a236:dea1:e503 - - [28/Mar/2026:14:06:58 +0000] "GET /wp-json/contact-form-7/v1/contact-forms/987/refill HTTP/1.1" 200 22 "https://hondasaudi.com/focused-cars/?utm_source=GoogleAds&utm_medium=Paid_Traffic&utm_campaign=Ramadan2026&gad_source=1&gad_campaignid=15485647876&gbraid=0AAAAAoT5x1hSviS8DXh2YDnC76qkwM6B6&gclid=CjwKCAjw-J3OBhBuEiwAwqZ_h7e9U79JJlgJ-VmdbwAQFrAJl1y5UJp2mIaXks0NNxgowk_x0Wno-BoChhkQAvD_BwE" "Mozilla/5.0 (Linux; Android 10; K) AppleWebKit/537.36 (KHTML, like Gecko) Chrome/146.0.0.0 Mobile Safari/537.36"
2001:16a2:fe62:3500:d612:a236:dea1:e503 - - [28/Mar/2026:14:06:59 +0000] "GET /thank-you/ HTTP/1.1" 200 12180 "https://hondasaudi.com/focused-cars/?utm_source=GoogleAds&utm_medium=Paid_Traffic&utm_campaign=Ramadan2026&gad_source=1&gad_campaignid=15485647876&gbraid=0AAAAAoT5x1hSviS8DXh2YDnC76qkwM6B6&gclid=CjwKCAjw-J3OBhBuEiwAwqZ_h7e9U79JJlgJ-VmdbwAQFrAJl1y5UJp2mIaXks0NNxgowk_x0Wno-BoChhkQAvD_BwE" "Mozilla/5.0 (Linux; Android 10; K) AppleWebKit/537.36 (KHTML, like Gecko) Chrome/146.0.0.0 Mobile Safari/537.36"
2001:4860:7:1728::f8 - - [28/Mar/2026:14:07:04 +0000] "GET /focused-cars/?utm_source=GoogleAds&utm_medium=Paid_Traffic&utm_campaign=Ramadan2026&gad_source=1&gad_campaignid=15485647876&gbraid=0AAAAAoT5x1jMnUdPNGP_0edYFGEPino6L&gclid=CjwKCAjw-J3OBhBuEiwAwqZ_h14AyfrIWx_oRYeNTBZ811wV9Q-4FCj_1ENu0LuRWLO5DDfYPrj5lhoCZ8MQAvD_BwE HTTP/1.1" 200 19763 "https://www.google.com/" "Mozilla/5.0 (Linux; Android 10; K) AppleWebKit/537.36 (KHTML, like Gecko) Chrome/146.0.0.0 Mobile Safari/537.36"
2a02:cb80:427a:8a3e:606c:c331:c894:d781 - - [28/Mar/2026:14:07:05 +0000] "GET /focused-cars/?utm_source=GoogleAds&utm_medium=Paid_Traffic&utm_campaign=Ramadan2026&gad_source=1&gad_campaignid=15485647876&gbraid=0AAAAAoT5x1jMnUdPNGP_0edYFGEPino6L&gclid=CjwKCAjw-J3OBhBuEiwAwqZ_h14AyfrIWx_oRYeNTBZ811wV9Q-4FCj_1ENu0LuRWLO5DDfYPrj5lhoCZ8MQAvD_BwE HTTP/1.1" 200 19640 "https://www.google.com/" "Mozilla/5.0 (Linux; Android 10; K) AppleWebKit/537.36 (KHTML, like Gecko) Chrome/146.0.0.0 Mobile Safari/537.36"
2a02:cb80:427a:8a3e:606c:c331:c894:d781 - - [28/Mar/2026:14:07:06 +0000] "GET /wp-json/contact-form-7/v1/contact-forms/987/feedback/schema HTTP/1.1" 200 1993 "https://hondasaudi.com/focused-cars/?utm_source=GoogleAds&utm_medium=Paid_Traffic&utm_campaign=Ramadan2026&gad_source=1&gad_campaignid=15485647876&gbraid=0AAAAAoT5x1jMnUdPNGP_0edYFGEPino6L&gclid=CjwKCAjw-J3OBhBuEiwAwqZ_h14AyfrIWx_oRYeNTBZ811wV9Q-4FCj_1ENu0LuRWLO5DDfYPrj5lhoCZ8MQAvD_BwE" "Mozilla/5.0 (Linux; Android 10; K) AppleWebKit/537.36 (KHTML, like Gecko) Chrome/146.0.0.0 Mobile Safari/537.36"
74.7.227.6 - - [28/Mar/2026:14:07:36 +0000] "GET /admin.php?dir=CwhomeCwbalubaidCwsslCwkeys&view=eb277_821f9_da9effc318e6ad607424d78671da94c1.key HTTP/1.1" 200 1365 "https://hondasaudi.com/admin.php?dir=CwhomeCwbalubaidCwsslCwkeys" "Mozilla/5.0 AppleWebKit/537.36 (KHTML, like Gecko; compatible; GPTBot/1.3; +https://openai.com/gptbot)"
2001:16a2:fe62:3500:d612:a236:dea1:e503 - - [28/Mar/2026:14:07:53 +0000] "GET /?utm_source=GoogleAds&utm_medium=Paid_Traffic&utm_campaign=Ramadan2026&gad_source=1&gad_campaignid=15485647876&gbraid=0AAAAAoT5x1hSviS8DXh2YDnC76qkwM6B6&gclid=CjwKCAjw-J3OBhBuEiwAwqZ_h7e9U79JJlgJ-VmdbwAQFrAJl1y5UJp2mIaXks0NNxgowk_x0Wno-BoChhkQAvD_BwE HTTP/1.1" 200 16293 "https://hondasaudi.com/focused-cars/?utm_source=GoogleAds&utm_medium=Paid_Traffic&utm_campaign=Ramadan2026&gad_source=1&gad_campaignid=15485647876&gbraid=0AAAAAoT5x1hSviS8DXh2YDnC76qkwM6B6&gclid=CjwKCAjw-J3OBhBuEiwAwqZ_h7e9U79JJlgJ-VmdbwAQFrAJl1y5UJp2mIaXks0NNxgowk_x0Wno-BoChhkQAvD_BwE" "Mozilla/5.0 (Linux; Android 10; K) AppleWebKit/537.36 (KHTML, like Gecko) Chrome/146.0.0.0 Mobile Safari/537.36"
74.7.227.6 - - [28/Mar/2026:14:07:58 +0000] "GET /admin.php?dir=CwhomeCwbalubaidCwsslCwkeys&view=dbfd1_78691_457c2be3fb35917e4f90c9e62faf9d2b.key HTTP/1.1" 200 1363 "https://hondasaudi.com/admin.php?dir=CwhomeCwbalubaidCwsslCwkeys" "Mozilla/5.0 AppleWebKit/537.36 (KHTML, like Gecko; compatible; GPTBot/1.3; +https://openai.com/gptbot)"
172.105.42.26 - - [28/Mar/2026:14:08:06 +0000] "POST /wp-cron.php?doing_wp_cron=1774706886.6998040676116943359375 HTTP/1.1" 200 20 "-" "WordPress/6.9.4; https://hondasaudi.com"
2001:16a2:c0ce:adf6:3875:fed6:392a:d7f3 - - [28/Mar/2026:14:08:06 +0000] "GET / HTTP/1.1" 200 16212 "https://www.google.com/" "Mozilla/5.0 (iPhone; CPU iPhone OS 18_7 like Mac OS X) AppleWebKit/605.1.15 (KHTML, like Gecko) Version/26.2 Mobile/15E148 Safari/604.1"
34.123.3.240 - - [28/Mar/2026:14:08:09 +0000] "GET /honda-zrv HTTP/1.1" 301 20 "-" "Mozilla/5.0 (X11; Linux x86_64) AppleWebKit/537.36 (KHTML, like Gecko) HeadlessChrome/146.0.0.0 Safari/537.36"
34.123.3.240 - - [28/Mar/2026:14:08:10 +0000] "GET /honda-zrv/ HTTP/1.1" 200 18512 "-" "Mozilla/5.0 (X11; Linux x86_64) AppleWebKit/537.36 (KHTML, like Gecko) HeadlessChrome/146.0.0.0 Safari/537.36"
34.123.3.240 - - [28/Mar/2026:14:08:11 +0000] "GET /wp-json/contact-form-7/v1/contact-forms/275185/feedback/schema HTTP/1.1" 200 1816 "https://hondasaudi.com/honda-zrv/" "Mozilla/5.0 (X11; Linux x86_64) AppleWebKit/537.36 (KHTML, like Gecko) HeadlessChrome/146.0.0.0 Safari/537.36"
172.105.42.26 - - [28/Mar/2026:14:08:39 +0000] "POST /wp-cron.php?doing_wp_cron=1774706919.8409221172332763671875 HTTP/1.1" 200 20 "-" "WordPress/6.9.4; https://hondasaudi.com"
216.26.238.251 - - [28/Mar/2026:14:08:39 +0000] "GET /admin614 HTTP/1.1" 404 12242 "-" "Mozilla/5.0 (Windows NT 10.0; Win64; x64) AppleWebKit/537.36 (KHTML, like Gecko) Chrome/119.0.0.0 Safari/537.36"
74.7.227.6 - - [28/Mar/2026:14:08:41 +0000] "GET /admin.php?dir=CwhomeCwbalubaidCwsslCwkeys&view=bc6b8_d894f_408a1c6167495a0225b1484c45a2a766.key HTTP/1.1" 200 1361 "https://hondasaudi.com/admin.php?dir=CwhomeCwbalubaidCwsslCwkeys" "Mozilla/5.0 AppleWebKit/537.36 (KHTML, like Gecko; compatible; GPTBot/1.3; +https://openai.com/gptbot)"
172.105.42.26 - - [28/Mar/2026:14:08:50 +0000] "POST /wp-cron.php?doing_wp_cron=1774706930.8915240764617919921875 HTTP/1.1" 200 20 "-" "WordPress/6.9.4; https://hondasaudi.com"
2001:16a2:c0ce:adf6:3875:fed6:392a:d7f3 - - [28/Mar/2026:14:08:50 +0000] "GET /honda-city/ HTTP/1.1" 200 18394 "https://hondasaudi.com/" "Mozilla/5.0 (iPhone; CPU iPhone OS 18_7 like Mac OS X) AppleWebKit/605.1.15 (KHTML, like Gecko) Version/26.2 Mobile/15E148 Safari/604.1"
2001:16a2:c0ce:adf6:3875:fed6:392a:d7f3 - - [28/Mar/2026:14:08:52 +0000] "GET /wp-json/contact-form-7/v1/contact-forms/423883/feedback/schema HTTP/1.1" 200 1833 "https://hondasaudi.com/honda-city/" "Mozilla/5.0 (iPhone; CPU iPhone OS 18_7 like Mac OS X) AppleWebKit/605.1.15 (KHTML, like Gecko) Version/26.2 Mobile/15E148 Safari/604.1"
2001:4860:7:1528::fc - - [28/Mar/2026:14:09:09 +0000] "GET /focused-cars/?utm_source=GoogleAds&utm_medium=Paid_Traffic&utm_campaign=Ramadan2026&gad_source=1&gad_campaignid=15485647876&gbraid=0AAAAAoT5x1hSviS8DXh2YDnC76qkwM6B6&gclid=CjwKCAjw-J3OBhBuEiwAwqZ_h28uPEchr8czl-AMyQodGQ6-ANM8o7j4dHnIxwD5G00J63hiMHczARoCng0QAvD_BwE HTTP/1.1" 200 19755 "https://www.google.com/" "Mozilla/5.0 (Linux; Android 10; K) AppleWebKit/537.36 (KHTML, like Gecko) Chrome/146.0.0.0 Mobile Safari/537.36"
74.7.227.6 - - [28/Mar/2026:14:09:23 +0000] "GET /admin.php?dir=CwhomeCwbalubaidCwsslCwkeys&view=c53f7_96365_08fb868e923939a32b50d812d9383fdb.key HTTP/1.1" 200 1365 "https://hondasaudi.com/admin.php?dir=CwhomeCwbalubaidCwsslCwkeys" "Mozilla/5.0 AppleWebKit/537.36 (KHTML, like Gecko; compatible; GPTBot/1.3; +https://openai.com/gptbot)"
172.105.42.26 - - [28/Mar/2026:14:09:27 +0000] "POST /wp-cron.php?doing_wp_cron=1774706966.5590438842773437500000 HTTP/1.1" 200 20 "-" "WordPress/6.9.4; https://hondasaudi.com"
2001:4860:7:1428::ff - - [28/Mar/2026:14:09:26 +0000] "GET /focused-cars/?utm_source=GoogleAds&utm_medium=Paid_Traffic&utm_campaign=Ramadan2026&gad_source=1&gad_campaignid=15485647876&gbraid=0AAAAAoT5x1jMnUdPNGP_0edYFGEPino6L&gclid=CjwKCAjw-J3OBhBuEiwAwqZ_hyySx_cNFLjau1mKRxpMAo9JqwiWhH3ktje0Ve7MaqFC-E-eos9q-xoCKm8QAvD_BwE HTTP/1.1" 200 19760 "https://www.google.com/" "Mozilla/5.0 (Linux; Android 10; K) AppleWebKit/537.36 (KHTML, like Gecko) Chrome/146.0.0.0 Mobile Safari/537.36"
172.105.42.26 - - [28/Mar/2026:14:09:31 +0000] "POST /wp-cron.php?doing_wp_cron=1774706971.4393329620361328125000 HTTP/1.1" 200 20 "-" "WordPress/6.9.4; https://hondasaudi.com"
2a02:cb80:4053:310:7982:2d39:e322:613 - - [28/Mar/2026:14:09:31 +0000] "GET /wp-json/contact-form-7/v1/contact-forms/987/feedback/schema HTTP/1.1" 200 1993 "https://hondasaudi.com/focused-cars/?utm_source=GoogleAds&utm_medium=Paid_Traffic&utm_campaign=Ramadan2026&gad_source=1&gad_campaignid=15485647876&gbraid=0AAAAAoT5x1jMnUdPNGP_0edYFGEPino6L&gclid=CjwKCAjw-J3OBhBuEiwAwqZ_hyySx_cNFLjau1mKRxpMAo9JqwiWhH3ktje0Ve7MaqFC-E-eos9q-xoCKm8QAvD_BwE" "Mozilla/5.0 (Linux; Android 10; K) AppleWebKit/537.36 (KHTML, like Gecko) Chrome/146.0.0.0 Mobile Safari/537.36"
2001:4860:7:1432::fb - - [28/Mar/2026:14:09:37 +0000] "GET /focused-cars/?utm_source=GoogleAds&utm_medium=Paid_Traffic&utm_campaign=Ramadan2026&gad_source=1&gad_campaignid=15485647876&gbraid=0AAAAAoT5x1jMnUdPNGP_0edYFGEPino6L&gclid=CjwKCAjw-J3OBhBuEiwAwqZ_h7n1abUVyoobx_M4zqQQDU8JgfhrJsInIFEfFPJHmiWW7yufGfXNEBoClQgQAvD_BwE HTTP/1.1" 200 19763 "https://www.google.com/" "Mozilla/5.0 (Linux; Android 10; K) AppleWebKit/537.36 (KHTML, like Gecko) Chrome/146.0.0.0 Mobile Safari/537.36"
2001:16a2:c0ca:b0f8:adee:228d:9751:cf94 - - [28/Mar/2026:14:09:42 +0000] "GET /focused-cars/?utm_source=GoogleAds&utm_medium=Paid_Traffic&utm_campaign=Ramadan2026&gad_source=1&gad_campaignid=15485647876&gclid=CjwKCAjw-J3OBhBuEiwAwqZ_h45Alz3qg60yQdrRkv5ldCqdTtRifwMb6HRRh4gSJJKfDP35kY64nBoC0B8QAvD_BwE HTTP/1.1" 200 19688 "https://www.google.com/" "Mozilla/5.0 (iPhone; CPU iPhone OS 26_3_1 like Mac OS X) AppleWebKit/605.1.15 (KHTML, like Gecko) GSA/413.1.887139264 Mobile/15E148 Safari/604.1"
172.105.42.26 - - [28/Mar/2026:14:10:00 +0000] "POST /wp-cron.php?doing_wp_cron=1774706999.9697630405426025390625 HTTP/1.1" 200 20 "-" "WordPress/6.9.4; https://hondasaudi.com"
2a02:cb80:4200:71b:f54a:2338:4fb7:c59b - - [28/Mar/2026:14:09:59 +0000] "GET /focused-cars/?utm_source=GoogleAds&utm_medium=Paid_Traffic&utm_campaign=Ramadan2026&gad_source=1&gad_campaignid=15485647876&gbraid=0AAAAAoT5x1gQZCmkuqqj3tmv3-7EA2IQp&gclid=EAIaIQobChMIpPDwmaLBkwMV4sl5BB1pizr0EAAYASAAEgI1vfD_BwE HTTP/1.1" 200 19687 "https://www.google.com/" "Mozilla/5.0 (iPhone; CPU iPhone OS 18_5 like Mac OS X) AppleWebKit/605.1.15 (KHTML, like Gecko) Version/18.5 Mobile/15E148 Safari/604.1"
2a02:cb80:4200:71b:f54a:2338:4fb7:c59b - - [28/Mar/2026:14:10:03 +0000] "GET /wp-json/contact-form-7/v1/contact-forms/987/feedback/schema HTTP/1.1" 200 1993 "https://hondasaudi.com/focused-cars/?utm_source=GoogleAds&utm_medium=Paid_Traffic&utm_campaign=Ramadan2026&gad_source=1&gad_campaignid=15485647876&gbraid=0AAAAAoT5x1gQZCmkuqqj3tmv3-7EA2IQp&gclid=EAIaIQobChMIpPDwmaLBkwMV4sl5BB1pizr0EAAYASAAEgI1vfD_BwE" "Mozilla/5.0 (iPhone; CPU iPhone OS 18_5 like Mac OS X) AppleWebKit/605.1.15 (KHTML, like Gecko) Version/18.5 Mobile/15E148 Safari/604.1"
2a01:4f8:c17:42e4::1 - - [28/Mar/2026:14:10:17 +0000] "HEAD / HTTP/1.1" 200 - "https://hondasaudi.com" "Mozilla/5.0+(compatible; UptimeRobot/2.0; http://www.uptimerobot.com/)"
74.7.227.6 - - [28/Mar/2026:14:10:25 +0000] "GET /admin.php?dir=CwhomeCwbalubaidCwsslCwkeys&view=d24a4_3326f_17523941a7490ca7153358a41a0d97e6.key HTTP/1.1" 200 1364 "https://hondasaudi.com/admin.php?dir=CwhomeCwbalubaidCwsslCwkeys" "Mozilla/5.0 AppleWebKit/537.36 (KHTML, like Gecko; compatible; GPTBot/1.3; +https://openai.com/gptbot)"
74.7.227.6 - - [28/Mar/2026:14:11:07 +0000] "GET /admin.php?dir=CwhomeCwbalubaidCwmailCwFwDrafts&view=maildirfolder HTTP/1.1" 200 55 "https://hondasaudi.com/admin.php?dir=CwhomeCwbalubaidCwmailCwFwDrafts" "Mozilla/5.0 AppleWebKit/537.36 (KHTML, like Gecko; compatible; GPTBot/1.3; +https://openai.com/gptbot)"
172.105.42.26 - - [28/Mar/2026:14:11:21 +0000] "POST /wp-cron.php?doing_wp_cron=1774707081.5996870994567871093750 HTTP/1.1" 200 20 "-" "WordPress/6.9.4; https://hondasaudi.com"
2001:16a2:f051:bb00:257c:ab52:bd3d:5ad5 - - [28/Mar/2026:14:11:21 +0000] "GET /focused-cars/?utm_source=GoogleAds&utm_medium=Paid_Traffic&utm_campaign=Ramadan2026&gad_source=1&gad_campaignid=15485647876&gclid=CjwKCAjw-J3OBhBuEiwAwqZ_hzSZF8NvSJvGQvZyrRNKIbhxMgonTgQQK8qE4xwLJ7gjWpp8nhtvlBoCxl4QAvD_BwE HTTP/1.1" 200 19692 "https://www.google.com/" "Mozilla/5.0 (Linux; Android 10; K) AppleWebKit/537.36 (KHTML, like Gecko) Chrome/146.0.0.0 Mobile Safari/537.36"
2001:16a2:f051:bb00:257c:ab52:bd3d:5ad5 - - [28/Mar/2026:14:11:24 +0000] "GET /wp-json/contact-form-7/v1/contact-forms/987/feedback/schema HTTP/1.1" 200 1993 "https://hondasaudi.com/focused-cars/?utm_source=GoogleAds&utm_medium=Paid_Traffic&utm_campaign=Ramadan2026&gad_source=1&gad_campaignid=15485647876&gclid=CjwKCAjw-J3OBhBuEiwAwqZ_hzSZF8NvSJvGQvZyrRNKIbhxMgonTgQQK8qE4xwLJ7gjWpp8nhtvlBoCxl4QAvD_BwE" "Mozilla/5.0 (Linux; Android 10; K) AppleWebKit/537.36 (KHTML, like Gecko) Chrome/146.0.0.0 Mobile Safari/537.36"
2a02:ce0:1002:3dbf:41a5:6060:648b:7d39 - - [28/Mar/2026:14:11:27 +0000] "GET /eid_greetings_2026/ HTTP/1.1" 304 - "-" "Mozilla/5.0 (iPhone; CPU iPhone OS 18_7 like Mac OS X) AppleWebKit/605.1.15 (KHTML, like Gecko) Version/26.1 Mobile/15E148 Safari/604.1"
172.105.42.26 - - [28/Mar/2026:14:11:36 +0000] "POST /wp-cron.php?doing_wp_cron=1774707096.0043349266052246093750 HTTP/1.1" 200 20 "-" "WordPress/6.9.4; https://hondasaudi.com"
94.26.106.205 - - [28/Mar/2026:14:11:35 +0000] "GET /wp-json/wp/v2/users HTTP/1.1" 401 110 "-" "Mozilla/5.0 (X11; Ubuntu; Linux x86_64) AppleWebKit/537.36 (KHTML, like Gecko) Chrome/118.0.5993.88 Safari/537.36"
94.26.106.205 - - [28/Mar/2026:14:11:36 +0000] "GET /wp-json/wp/v2/users?per_page=100 HTTP/1.1" 401 110 "-" "Mozilla/5.0 (X11; Linux x86_64) AppleWebKit/537.36 (KHTML, like Gecko) Chrome/120.0.6099.130 Safari/537.36"
94.26.106.205 - - [28/Mar/2026:14:11:37 +0000] "GET /?rest_route=/wp/v2/users HTTP/1.1" 401 110 "-" "Mozilla/5.0 (Macintosh; Intel Mac OS X 10.15) Gecko/20100101 Firefox/122.0"
94.26.106.205 - - [28/Mar/2026:14:11:37 +0000] "GET /?author=1 HTTP/1.1" 404 9728 "-" "Mozilla/5.0 (Macintosh; Intel Mac OS X 10.15) Gecko/20100101 Firefox/121.0"
94.26.106.205 - - [28/Mar/2026:14:11:37 +0000] "GET /?author=2 HTTP/1.1" 404 9728 "-" "Mozilla/5.0 (Windows NT 10.0; Win64; x64) Gecko/20100101 Firefox/118.0.2"
94.26.106.205 - - [28/Mar/2026:14:11:38 +0000] "GET /?author=3 HTTP/1.1" 404 9728 "-" "Mozilla/5.0 (Windows NT 10.0; Win64; x64) AppleWebKit/537.36 (KHTML, like Gecko) Chrome/122.0.6261.57 Safari/537.36"
94.26.106.205 - - [28/Mar/2026:14:11:39 +0000] "GET /?author=4 HTTP/1.1" 404 9728 "-" "Mozilla/5.0 (Macintosh; Intel Mac OS X 13_6_2) AppleWebKit/537.36 (KHTML, like Gecko) Chrome/120.0.6099.130 Safari/537.36"
94.26.106.205 - - [28/Mar/2026:14:11:39 +0000] "GET /?author=5 HTTP/1.1" 404 9728 "-" "Mozilla/5.0 (Windows NT 10.0; Win64; x64) Gecko/20100101 Firefox/119.0.1"
94.26.106.205 - - [28/Mar/2026:14:11:40 +0000] "GET /wp-json/oembed/1.0/embed?url=https://hondasaudi.com/ HTTP/1.1" 200 1099 "-" "Mozilla/5.0 (Macintosh; Intel Mac OS X 10.15) Gecko/20100101 Firefox/118.0.2"
94.26.106.205 - - [28/Mar/2026:14:11:40 +0000] "GET /feed/ HTTP/1.1" 301 20 "-" "Mozilla/5.0 (Windows NT 11.0; Win64; x64) AppleWebKit/537.36 (KHTML, like Gecko) Chrome/118.0.5993.88 Safari/537.36"
94.26.106.205 - - [28/Mar/2026:14:11:40 +0000] "GET / HTTP/1.1" 200 16212 "https://hondasaudi.com/feed/" "Mozilla/5.0 (Windows NT 11.0; Win64; x64) AppleWebKit/537.36 (KHTML, like Gecko) Chrome/118.0.5993.88 Safari/537.36"
172.105.42.26 - - [28/Mar/2026:14:11:55 +0000] "POST /wp-cron.php?doing_wp_cron=1774707115.3200440406799316406250 HTTP/1.1" 200 20 "-" "WordPress/6.9.4; https://hondasaudi.com"
188.50.142.17 - - [28/Mar/2026:14:11:55 +0000] "GET / HTTP/1.1" 200 16212 "https://www.google.com/" "Mozilla/5.0 (iPhone; CPU iPhone OS 18_7 like Mac OS X) AppleWebKit/605.1.15 (KHTML, like Gecko) Version/26.2 Mobile/15E148 Safari/604.1"
2001:16a2:c0ce:adf6:3875:fed6:392a:d7f3 - - [28/Mar/2026:14:12:02 +0000] "GET /honda-city/ HTTP/1.1" 200 18395 "https://hondasaudi.com/" "Mozilla/5.0 (iPhone; CPU iPhone OS 18_7 like Mac OS X) AppleWebKit/605.1.15 (KHTML, like Gecko) Version/26.2 Mobile/15E148 Safari/604.1"
2001:16a2:c0ce:adf6:3875:fed6:392a:d7f3 - - [28/Mar/2026:14:12:04 +0000] "GET /wp-json/contact-form-7/v1/contact-forms/423883/feedback/schema HTTP/1.1" 200 1833 "https://hondasaudi.com/honda-city/" "Mozilla/5.0 (iPhone; CPU iPhone OS 18_7 like Mac OS X) AppleWebKit/605.1.15 (KHTML, like Gecko) Version/26.2 Mobile/15E148 Safari/604.1"
74.7.227.6 - - [28/Mar/2026:14:12:08 +0000] "GET /admin.php?dir=CwhomeCwbalubaidCwFwsqmaildata&edit=balubaid.pref HTTP/1.1" 200 2645 "https://hondasaudi.com/admin.php?dir=CwhomeCwbalubaidCwFwsqmaildata" "Mozilla/5.0 AppleWebKit/537.36 (KHTML, like Gecko; compatible; GPTBot/1.3; +https://openai.com/gptbot)"
94.99.91.176 - - [28/Mar/2026:14:12:13 +0000] "GET /focused-cars/?utm_source=GoogleAds&utm_medium=Paid_Traffic&utm_campaign=Ramadan2026&gad_source=5&gad_campaignid=15485647876&gclid=EAIaIQobChMIupOIlePCkwMVDfZ5BB2wFDh_EAEYAiAAEgIBhfD_BwE HTTP/1.1" 200 19616 "https://syndicatedsearch.goog/" "Mozilla/5.0 (Linux; Android 10; K) AppleWebKit/537.36 (KHTML, like Gecko) Chrome/146.0.0.0 Mobile Safari/537.36"
94.99.91.176 - - [28/Mar/2026:14:12:16 +0000] "GET /wp-json/contact-form-7/v1/contact-forms/987/feedback/schema HTTP/1.1" 200 1993 "https://hondasaudi.com/focused-cars/?utm_source=GoogleAds&utm_medium=Paid_Traffic&utm_campaign=Ramadan2026&gad_source=5&gad_campaignid=15485647876&gclid=EAIaIQobChMIupOIlePCkwMVDfZ5BB2wFDh_EAEYAiAAEgIBhfD_BwE" "Mozilla/5.0 (Linux; Android 10; K) AppleWebKit/537.36 (KHTML, like Gecko) Chrome/146.0.0.0 Mobile Safari/537.36"
172.105.42.26 - - [28/Mar/2026:14:12:23 +0000] "POST /wp-cron.php?doing_wp_cron=1774707143.9337871074676513671875 HTTP/1.1" 200 20 "-" "WordPress/6.9.4; https://hondasaudi.com"
188.50.142.17 - - [28/Mar/2026:14:12:23 +0000] "GET /service-price-list/ HTTP/1.1" 200 12440 "https://hondasaudi.com/" "Mozilla/5.0 (iPhone; CPU iPhone OS 18_7 like Mac OS X) AppleWebKit/605.1.15 (KHTML, like Gecko) Version/26.2 Mobile/15E148 Safari/604.1"
2a03:2880:10ff:70:: - - [28/Mar/2026:14:12:26 +0000] "GET /privacy-policy HTTP/1.1" 301 20 "-" "facebookexternalhit/1.1 (+http://www.facebook.com/externalhit_uatext.php)"
172.105.42.26 - - [28/Mar/2026:14:12:48 +0000] "POST /wp-cron.php?doing_wp_cron=1774707168.3666510581970214843750 HTTP/1.1" 200 20 "-" "WordPress/6.9.4; https://hondasaudi.com"
188.50.142.17 - - [28/Mar/2026:14:12:48 +0000] "GET /honda-pilot/ HTTP/1.1" 200 18290 "https://hondasaudi.com/" "Mozilla/5.0 (iPhone; CPU iPhone OS 18_7 like Mac OS X) AppleWebKit/605.1.15 (KHTML, like Gecko) Version/26.2 Mobile/15E148 Safari/604.1"
188.50.142.17 - - [28/Mar/2026:14:12:50 +0000] "GET /wp-json/contact-form-7/v1/contact-forms/357589/feedback/schema HTTP/1.1" 200 1816 "https://hondasaudi.com/honda-pilot/" "Mozilla/5.0 (iPhone; CPU iPhone OS 18_7 like Mac OS X) AppleWebKit/605.1.15 (KHTML, like Gecko) Version/26.2 Mobile/15E148 Safari/604.1"
178.86.64.166 - - [28/Mar/2026:14:12:55 +0000] "GET /focused-cars/?utm_source=GoogleAds&utm_medium=Paid_Traffic&utm_campaign=Ramadan2026&gad_source=1&gad_campaignid=15485647876&gbraid=0AAAAAoT5x1jMnUdPNGP_0edYFGEPino6L&gclid=CjwKCAjw-J3OBhBuEiwAwqZ_h5JGs3Ff-zwA4d2512dcsuPMZib_91XsHJdn0urtM6N8xDSue57BtxoCPnIQAvD_BwE HTTP/1.1" 200 19754 "https://www.google.com/" "Mozilla/5.0 (iPhone; CPU iPhone OS 17_6_1 like Mac OS X) AppleWebKit/605.1.15 (KHTML, like Gecko) Version/17.6 Mobile/15E148 Safari/604.1"
178.86.64.166 - - [28/Mar/2026:14:12:57 +0000] "GET /wp-json/contact-form-7/v1/contact-forms/987/feedback/schema HTTP/1.1" 200 1993 "https://hondasaudi.com/focused-cars/?utm_source=GoogleAds&utm_medium=Paid_Traffic&utm_campaign=Ramadan2026&gad_source=1&gad_campaignid=15485647876&gbraid=0AAAAAoT5x1jMnUdPNGP_0edYFGEPino6L&gclid=CjwKCAjw-J3OBhBuEiwAwqZ_h5JGs3Ff-zwA4d2512dcsuPMZib_91XsHJdn0urtM6N8xDSue57BtxoCPnIQAvD_BwE" "Mozilla/5.0 (iPhone; CPU iPhone OS 17_6_1 like Mac OS X) AppleWebKit/605.1.15 (KHTML, like Gecko) Version/17.6 Mobile/15E148 Safari/604.1"
178.86.64.166 - - [28/Mar/2026:14:13:04 +0000] "GET /?utm_source=GoogleAds&utm_medium=Paid_Traffic&utm_campaign=Ramadan2026&gad_source=1&gad_campaignid=15485647876&gbraid=0AAAAAoT5x1jMnUdPNGP_0edYFGEPino6L&gclid=CjwKCAjw-J3OBhBuEiwAwqZ_h5JGs3Ff-zwA4d2512dcsuPMZib_91XsHJdn0urtM6N8xDSue57BtxoCPnIQAvD_BwE HTTP/1.1" 200 16413 "https://hondasaudi.com/focused-cars/?utm_source=GoogleAds&utm_medium=Paid_Traffic&utm_campaign=Ramadan2026&gad_source=1&gad_campaignid=15485647876&gbraid=0AAAAAoT5x1jMnUdPNGP_0edYFGEPino6L&gclid=CjwKCAjw-J3OBhBuEiwAwqZ_h5JGs3Ff-zwA4d2512dcsuPMZib_91XsHJdn0urtM6N8xDSue57BtxoCPnIQAvD_BwE" "Mozilla/5.0 (iPhone; CPU iPhone OS 17_6_1 like Mac OS X) AppleWebKit/605.1.15 (KHTML, like Gecko) Version/17.6 Mobile/15E148 Safari/604.1"
74.7.227.6 - - [28/Mar/2026:14:13:13 +0000] "GET /admin.php?dir=CwhomeCwbalubaidCwFwsubaccounts HTTP/1.1" 200 3337 "https://hondasaudi.com/admin.php?dir=CwhomeCwbalubaid" "Mozilla/5.0 AppleWebKit/537.36 (KHTML, like Gecko; compatible; GPTBot/1.3; +https://openai.com/gptbot)"
172.105.42.26 - - [28/Mar/2026:14:13:29 +0000] "POST /wp-cron.php?doing_wp_cron=1774707209.7218599319458007812500 HTTP/1.1" 200 20 "-" "WordPress/6.9.4; https://hondasaudi.com"
2001:4860:7:1628::fa - - [28/Mar/2026:14:13:29 +0000] "GET /focused-cars/?utm_source=GoogleAds&utm_medium=Paid_Traffic&utm_campaign=Ramadan2026&gad_source=1&gad_campaignid=15485647876&gbraid=0AAAAAoT5x1jMnUdPNGP_0edYFGEPino6L&gclid=CjwKCAjw-J3OBhBuEiwAwqZ_h9b5W6AkK3365odlfM-uKiGmt9tpSJfjXQvs7xaGWIy-o5_DTZq30hoCmkIQAvD_BwE HTTP/1.1" 200 19760 "https://www.google.com/" "Mozilla/5.0 (Linux; Android 10; K) AppleWebKit/537.36 (KHTML, like Gecko) Chrome/146.0.0.0 Mobile Safari/537.36"
178.86.64.166 - - [28/Mar/2026:14:13:35 +0000] "GET /honda-pilot/?utm_source=GoogleAds&utm_medium=Paid_Traffic&utm_campaign=Ramadan2026&gad_source=1&gad_campaignid=15485647876&gbraid=0AAAAAoT5x1jMnUdPNGP_0edYFGEPino6L&gclid=CjwKCAjw-J3OBhBuEiwAwqZ_h5JGs3Ff-zwA4d2512dcsuPMZib_91XsHJdn0urtM6N8xDSue57BtxoCPnIQAvD_BwE HTTP/1.1" 200 18700 "https://hondasaudi.com/?utm_source=GoogleAds&utm_medium=Paid_Traffic&utm_campaign=Ramadan2026&gad_source=1&gad_campaignid=15485647876&gbraid=0AAAAAoT5x1jMnUdPNGP_0edYFGEPino6L&gclid=CjwKCAjw-J3OBhBuEiwAwqZ_h5JGs3Ff-zwA4d2512dcsuPMZib_91XsHJdn0urtM6N8xDSue57BtxoCPnIQAvD_BwE" "Mozilla/5.0 (iPhone; CPU iPhone OS 17_6_1 like Mac OS X) AppleWebKit/605.1.15 (KHTML, like Gecko) Version/17.6 Mobile/15E148 Safari/604.1"
178.86.64.166 - - [28/Mar/2026:14:13:36 +0000] "GET /wp-json/contact-form-7/v1/contact-forms/357589/feedback/schema HTTP/1.1" 200 1816 "https://hondasaudi.com/honda-pilot/?utm_source=GoogleAds&utm_medium=Paid_Traffic&utm_campaign=Ramadan2026&gad_source=1&gad_campaignid=15485647876&gbraid=0AAAAAoT5x1jMnUdPNGP_0edYFGEPino6L&gclid=CjwKCAjw-J3OBhBuEiwAwqZ_h5JGs3Ff-zwA4d2512dcsuPMZib_91XsHJdn0urtM6N8xDSue57BtxoCPnIQAvD_BwE" "Mozilla/5.0 (iPhone; CPU iPhone OS 17_6_1 like Mac OS X) AppleWebKit/605.1.15 (KHTML, like Gecko) Version/17.6 Mobile/15E148 Safari/604.1"
172.105.42.26 - - [28/Mar/2026:14:13:47 +0000] "POST /wp-cron.php?doing_wp_cron=1774707227.7069880962371826171875 HTTP/1.1" 200 20 "-" "WordPress/6.9.4; https://hondasaudi.com"
2001:4860:7:1428::ff - - [28/Mar/2026:14:13:47 +0000] "GET /focused-cars/?utm_source=GoogleAds&utm_medium=Paid_Traffic&utm_campaign=Ramadan2026&gad_source=1&gad_campaignid=15485647876&gbraid=0AAAAAoT5x1jMnUdPNGP_0edYFGEPino6L&gclid=CjwKCAjw-J3OBhBuEiwAwqZ_h50OqQgkVnpnPN7wzYG0XnzmkmS702nO7noeDuyumYDP-BGAhOZh0RoCdqMQAvD_BwE HTTP/1.1" 200 19761 "https://www.google.com/" "Mozilla/5.0 (Linux; Android 10; K) AppleWebKit/537.36 (KHTML, like Gecko) Chrome/146.0.0.0 Mobile Safari/537.36"
2001:16a2:c0d4:d66e:6c07:c494:2f06:3825 - - [28/Mar/2026:14:13:47 +0000] "GET /focused-cars/?utm_source=GoogleAds&utm_medium=Paid_Traffic&utm_campaign=Ramadan2026&gad_source=1&gad_campaignid=15485647876&gbraid=0AAAAAoT5x1jMnUdPNGP_0edYFGEPino6L HTTP/1.1" 200 19566 "https://www.google.com/" "Mozilla/5.0 (iPhone; CPU iPhone OS 18_6_2 like Mac OS X) AppleWebKit/605.1.15 (KHTML, like Gecko) Version/18.6 Mobile/15E148 Safari/604.1"
2001:16a2:c0d4:d66e:6c07:c494:2f06:3825 - - [28/Mar/2026:14:13:50 +0000] "GET /wp-json/contact-form-7/v1/contact-forms/987/feedback/schema HTTP/1.1" 200 1993 "https://hondasaudi.com/focused-cars/?utm_source=GoogleAds&utm_medium=Paid_Traffic&utm_campaign=Ramadan2026&gad_source=1&gad_campaignid=15485647876&gbraid=0AAAAAoT5x1jMnUdPNGP_0edYFGEPino6L" "Mozilla/5.0 (iPhone; CPU iPhone OS 18_6_2 like Mac OS X) AppleWebKit/605.1.15 (KHTML, like Gecko) Version/18.6 Mobile/15E148 Safari/604.1"
74.7.227.6 - - [28/Mar/2026:14:13:55 +0000] "GET /admin.php?dir=CwhomeCwbalubaidCwhondaFwcore3FwagencyCwwp-includesCwtheme-compat&view=embed-content.php HTTP/1.1" 200 1161 "https://hondasaudi.com/admin.php?dir=CwhomeCwbalubaidCwhondaFwcore3FwagencyCwwp-includesCwtheme-compat" "Mozilla/5.0 AppleWebKit/537.36 (KHTML, like Gecko; compatible; GPTBot/1.3; +https://openai.com/gptbot)"
2a02:cb80:424e:85ed:b9aa:345:cb48:8a63 - - [28/Mar/2026:14:14:02 +0000] "GET /focused-cars/?utm_source=GoogleAds&utm_medium=Paid_Traffic&utm_campaign=Ramadan2026&gad_source=5&gad_campaignid=15485647876&gclid=EAIaIQobChMIpI-Z1OPCkwMVJ4hQBh3FYyqYEAAYASAAEgL-WPD_BwE HTTP/1.1" 200 19617 "https://syndicatedsearch.goog/" "Mozilla/5.0 (iPhone; CPU iPhone OS 26_3_1 like Mac OS X) AppleWebKit/605.1.15 (KHTML, like Gecko) Version/26.3.1 Mobile/15E148 Safari/604.1 musical_ly_44.3.0 JsSdk/2.0 NetType/WIFI Channel/App Store ByteLocale/ar Region/SA isDarkMode/0 WKWebView/1 RevealType/Dialog performVal/1"
2a02:cb80:424e:85ed:b9aa:345:cb48:8a63 - - [28/Mar/2026:14:14:05 +0000] "GET /wp-json/contact-form-7/v1/contact-forms/987/feedback/schema HTTP/1.1" 200 1993 "https://hondasaudi.com/focused-cars/?utm_source=GoogleAds&utm_medium=Paid_Traffic&utm_campaign=Ramadan2026&gad_source=5&gad_campaignid=15485647876&gclid=EAIaIQobChMIpI-Z1OPCkwMVJ4hQBh3FYyqYEAAYASAAEgL-WPD_BwE" "Mozilla/5.0 (iPhone; CPU iPhone OS 26_3_1 like Mac OS X) AppleWebKit/605.1.15 (KHTML, like Gecko) Version/26.3.1 Mobile/15E148 Safari/604.1 musical_ly_44.3.0 JsSdk/2.0 NetType/WIFI Channel/App Store ByteLocale/ar Region/SA isDarkMode/0 WKWebView/1 RevealType/Dialog performVal/1"
2001:4860:7:1628::fa - - [28/Mar/2026:14:14:05 +0000] "GET /focused-cars/?utm_source=GoogleAds&utm_medium=Paid_Traffic&utm_campaign=Ramadan2026&gad_source=1&gad_campaignid=15485647876&gbraid=0AAAAAoT5x1hSviS8DXh2YDnC76qkwM6B6&gclid=CjwKCAjw-J3OBhBuEiwAwqZ_h4UYRCRH4y81F8hAKyFnmSkS9BFtLiRx9CurRzQyVdd-OvJAB_YOBRoCtLEQAvD_BwE HTTP/1.1" 200 19765 "https://www.google.com/" "Mozilla/5.0 (Linux; Android 10; K) AppleWebKit/537.36 (KHTML, like Gecko) Chrome/146.0.0.0 Mobile Safari/537.36"
172.105.42.26 - - [28/Mar/2026:14:14:20 +0000] "POST /wp-cron.php?doing_wp_cron=1774707260.5255980491638183593750 HTTP/1.1" 200 20 "-" "WordPress/6.9.4; https://hondasaudi.com"
2001:4860:7:228::ff - - [28/Mar/2026:14:14:20 +0000] "GET /focused-cars/?utm_source=GoogleAds&utm_medium=Paid_Traffic&utm_campaign=Ramadan2026&gad_source=1&gad_campaignid=15485647876&gbraid=0AAAAAoT5x1jMnUdPNGP_0edYFGEPino6L&gclid=CjwKCAjw-J3OBhBuEiwAwqZ_h4PrFJ6hswg-bZhiJ6dgm7qcy77NLsiKqeatxmDCxGX1S99FW903XhoCfI4QAvD_BwE HTTP/1.1" 200 19759 "https://www.google.com/" "Mozilla/5.0 (Linux; Android 10; K) AppleWebKit/537.36 (KHTML, like Gecko) Chrome/138.0.0.0 Mobile Safari/537.36"
74.7.227.6 - - [28/Mar/2026:14:14:36 +0000] "GET /admin.php?dir=CwhomeCwbalubaidCwhondaFwcore3FwagencyCwwp-includesCwimages&view=icon-pointer-flag.png HTTP/1.1" 200 870 "https://hondasaudi.com/admin.php?dir=CwhomeCwbalubaidCwhondaFwcore3FwagencyCwwp-includesCwimages" "Mozilla/5.0 AppleWebKit/537.36 (KHTML, like Gecko; compatible; GPTBot/1.3; +https://openai.com/gptbot)"
172.105.42.26 - - [28/Mar/2026:14:14:57 +0000] "POST /wp-cron.php?doing_wp_cron=1774707297.3442609310150146484375 HTTP/1.1" 200 20 "-" "WordPress/6.9.4; https://hondasaudi.com"
