2001:16a2:33f8:ff00:f420:86dd:d3a4:dce6 - - [28/Mar/2026:12:21:17 +0000] "GET /?utm_source=GoogleAds&utm_medium=Paid_Traffic&utm_campaign=Ramadan2026&gad_source=1&gad_campaignid=15485647876&gbraid=0AAAAAoT5x1jtcKcz0KH1ZB-HWl_bZxRet&gclid=CjwKCAjw-J3OBhBuEiwAwqZ_hyRo5hjCXqWrECnxf-dUOy87aY6tpTk0oolB95vet5OfzH21A3rXJBoCaQMQAvD_BwE HTTP/1.1" 200 16418 "https://hondasaudi.com/accord/?utm_source=GoogleAds&utm_medium=Paid_Traffic&utm_campaign=Ramadan2026&gad_source=1&gad_campaignid=15485647876&gbraid=0AAAAAoT5x1jtcKcz0KH1ZB-HWl_bZxRet&gclid=CjwKCAjw-J3OBhBuEiwAwqZ_hyRo5hjCXqWrECnxf-dUOy87aY6tpTk0oolB95vet5OfzH21A3rXJBoCaQMQAvD_BwE" "Mozilla/5.0 (Windows NT 10.0; Win64; x64) AppleWebKit/537.36 (KHTML, like Gecko) Chrome/145.0.0.0 Safari/537.36"
172.105.42.26 - - [28/Mar/2026:12:21:21 +0000] "POST /wp-cron.php?doing_wp_cron=1774700481.7495350837707519531250 HTTP/1.1" 200 20 "-" "WordPress/6.9.4; https://hondasaudi.com"
2a02:c207:2313:6546::1 - - [28/Mar/2026:12:21:21 +0000] "GET /sample-page/ HTTP/1.1" 200 13302 "https://www.google.com.sa/" "Mozilla/5.0 (Windows NT 10.0; Win64; x64) AppleWebKit/537.36 (KHTML, like Gecko) Chrome/123.0.0.0 Safari/537.36 Edg/123.0.0.0"
2a02:c207:2313:6546::1 - - [28/Mar/2026:12:21:22 +0000] "GET /sample-page/ HTTP/1.1" 200 13303 "https://www.google.com.sa/" "Mozilla/5.0 (Windows NT 10.0; Win64; x64) AppleWebKit/537.36 (KHTML, like Gecko) Chrome/123.0.0.0 Safari/537.36 Edg/123.0.0.0"
2001:16a2:ea5c:bd00:1857:943e:7eb0:b2dc - - [28/Mar/2026:12:21:22 +0000] "POST /wp-json/contact-form-7/v1/contact-forms/987/feedback HTTP/1.1" 200 308 "https://hondasaudi.com/focused-cars/?utm_source=GoogleAds&utm_medium=Paid_Traffic&utm_campaign=Ramadan2026&gad_source=1&gad_campaignid=15485647876&gbraid=0AAAAAoT5x1jMnUdPNGP_0edYFGEPino6L&gclid=CjwKCAjw-J3OBhBuEiwAwqZ_h94TROztK26QETUvGD2M0nkTAgqIlBZigInUhXzl08W__muOgoU5zBoCDdgQAvD_BwE" "Mozilla/5.0 (iPhone; CPU iPhone OS 18_7 like Mac OS X) AppleWebKit/605.1.15 (KHTML, like Gecko) Version/26.4 Mobile/15E148 Safari/604.1"
2a02:c207:2313:6546::1 - - [28/Mar/2026:12:21:24 +0000] "GET /pricing HTTP/1.1" 301 20 "https://www.google.com.sa/" "Mozilla/5.0 (Windows NT 10.0; Win64; x64) AppleWebKit/537.36 (KHTML, like Gecko) Chrome/123.0.0.0 Safari/537.36"
2a02:c207:2313:6546::1 - - [28/Mar/2026:12:21:25 +0000] "GET /consulting/pricing/ HTTP/1.1" 200 17900 "https://www.google.com.sa/" "Mozilla/5.0 (Windows NT 10.0; Win64; x64) AppleWebKit/537.36 (KHTML, like Gecko) Chrome/123.0.0.0 Safari/537.36"
2a02:c207:2313:6546::1 - - [28/Mar/2026:12:21:27 +0000] "GET /pricing HTTP/1.1" 301 20 "https://www.google.com/" "Mozilla/5.0 (Windows NT 10.0; Win64; x64) AppleWebKit/537.36 (KHTML, like Gecko) Chrome/124.0.0.0 Safari/537.36 Edg/124.0.0.0"
2a02:c207:2313:6546::1 - - [28/Mar/2026:12:21:27 +0000] "GET /consulting/pricing/ HTTP/1.1" 200 17903 "https://www.google.com/" "Mozilla/5.0 (Windows NT 10.0; Win64; x64) AppleWebKit/537.36 (KHTML, like Gecko) Chrome/124.0.0.0 Safari/537.36 Edg/124.0.0.0"
2a02:c207:2313:6546::1 - - [28/Mar/2026:12:21:29 +0000] "GET /sample-page/ HTTP/1.1" 200 13303 "https://www.google.com/" "Mozilla/5.0 (X11; Linux x86_64; rv:125.0) Gecko/20100101 Firefox/125.0"
2a02:c207:2313:6546::1 - - [28/Mar/2026:12:21:30 +0000] "GET /case-study/develop-a-pricing-plan-and-strategy-for-the-company-in-the-saas-market/ HTTP/1.1" 200 15017 "https://www.google.com/" "Mozilla/5.0 (Macintosh; Intel Mac OS X 10_15_7) AppleWebKit/605.1.15 (KHTML, like Gecko) Version/17.3 Safari/605.1.15"
172.105.42.26 - - [28/Mar/2026:12:21:33 +0000] "POST /wp-cron.php?doing_wp_cron=1774700493.4320259094238281250000 HTTP/1.1" 200 20 "-" "WordPress/6.9.4; https://hondasaudi.com"
2a02:c207:2313:6546::1 - - [28/Mar/2026:12:21:33 +0000] "GET /pricing HTTP/1.1" 301 20 "https://www.google.com/" "Mozilla/5.0 (X11; Linux x86_64; rv:125.0) Gecko/20100101 Firefox/125.0"
2a02:c207:2313:6546::1 - - [28/Mar/2026:12:21:33 +0000] "GET /consulting/pricing/ HTTP/1.1" 200 17901 "https://www.google.com/" "Mozilla/5.0 (X11; Linux x86_64; rv:125.0) Gecko/20100101 Firefox/125.0"
2a02:c207:2313:6546::1 - - [28/Mar/2026:12:21:35 +0000] "GET /apply-these-10-secret-techniques-to-adjust-pricing-for-more-profit/ HTTP/1.1" 200 16654 "https://www.google.com/" "Mozilla/5.0 (Macintosh; Intel Mac OS X 10_15_7) AppleWebKit/605.1.15 (KHTML, like Gecko) Version/17.4 Safari/605.1.15"
2a02:c207:2313:6546::1 - - [28/Mar/2026:12:21:37 +0000] "GET /the-complete-guide-to-understanding-pricing/ HTTP/1.1" 200 16625 "https://www.google.com/" "Mozilla/5.0 (Macintosh; Intel Mac OS X 10.15; rv:125.0) Gecko/20100101 Firefox/125.0"
2a02:c207:2313:6546::1 - - [28/Mar/2026:12:21:40 +0000] "GET /you-dont-have-to-be-a-big-corporation-to-influence-pricing-levels-on-the-market/ HTTP/1.1" 200 16666 "https://www.google.com/" "Mozilla/5.0 (Macintosh; Intel Mac OS X 10_15_7) AppleWebKit/605.1.15 (KHTML, like Gecko) Version/17.4 Safari/605.1.15"
2a02:c207:2313:6546::1 - - [28/Mar/2026:12:21:41 +0000] "GET /consulting/customer-experience/ HTTP/1.1" 200 17677 "https://www.google.com/" "Mozilla/5.0 (Macintosh; Intel Mac OS X 10_15_7) AppleWebKit/605.1.15 (KHTML, like Gecko) Version/17.3 Safari/605.1.15"
2a02:c207:2313:6546::1 - - [28/Mar/2026:12:21:44 +0000] "GET /sample-page/ HTTP/1.1" 200 13303 "https://www.google.com/" "Mozilla/5.0 (Macintosh; Intel Mac OS X 10_15_7) AppleWebKit/605.1.15 (KHTML, like Gecko) Version/17.3 Safari/605.1.15"
2a02:c207:2313:6546::1 - - [28/Mar/2026:12:21:48 +0000] "GET /case-study/develop-a-pricing-plan-and-strategy-for-the-company-in-the-saas-market/ HTTP/1.1" 200 15017 "https://www.google.com/" "Mozilla/5.0 (Macintosh; Intel Mac OS X 10_15_7) AppleWebKit/605.1.15 (KHTML, like Gecko) Version/17.4 Safari/605.1.15"
172.105.42.26 - - [28/Mar/2026:12:21:49 +0000] "POST /wp-cron.php?doing_wp_cron=1774700509.1514420509338378906250 HTTP/1.1" 200 20 "-" "WordPress/6.9.4; https://hondasaudi.com"
148.251.123.10 - - [28/Mar/2026:12:21:48 +0000] "GET /focused-cars/?utm_source=GoogleAds&utm_medium=Paid_Traffic&utm_campaign=Ramadan2026&gad_source=5&gad_campaignid=15485647876&gclid=EAIaIQobChMIqrzhmcrCkwMVKuoNCR0pXR0YEAEYASAAEgJXBPD_BwE HTTP/1.1" 200 19617 "-" "python-httpx/0.28.1"
2a02:c207:2313:6546::1 - - [28/Mar/2026:12:21:51 +0000] "GET /pricing HTTP/1.1" 301 20 "https://www.google.com/" "Mozilla/5.0 (Windows NT 10.0; Win64; x64) AppleWebKit/537.36 (KHTML, like Gecko) Chrome/123.0.0.0 Safari/537.36"
2a02:c207:2313:6546::1 - - [28/Mar/2026:12:21:51 +0000] "GET /consulting/pricing/ HTTP/1.1" 200 17901 "https://www.google.com/" "Mozilla/5.0 (Windows NT 10.0; Win64; x64) AppleWebKit/537.36 (KHTML, like Gecko) Chrome/123.0.0.0 Safari/537.36"
74.7.227.6 - - [28/Mar/2026:12:22:04 +0000] "GET /admin.php?dir=CwhomeCwbalubaidCwnissan-test-driveFwcore3FwagencyCwuploads&edit=license_1753475372_6883e92c1bced.jpg HTTP/1.1" 200 2535 "https://hondasaudi.com/admin.php?dir=CwhomeCwbalubaidCwnissan-test-driveFwcore3FwagencyCwuploads" "Mozilla/5.0 AppleWebKit/537.36 (KHTML, like Gecko; compatible; GPTBot/1.3; +https://openai.com/gptbot)"
109.123.248.85 - - [28/Mar/2026:12:22:07 +0000] "GET /apply-these-10-secret-techniques-to-adjust-pricing-for-more-profit/ HTTP/1.1" 200 16673 "https://www.google.com/" "Mozilla/5.0 (Macintosh; Intel Mac OS X 10_15_7) AppleWebKit/605.1.15 (KHTML, like Gecko) Version/17.3 Safari/605.1.15"
109.123.248.85 - - [28/Mar/2026:12:22:09 +0000] "GET /the-complete-guide-to-understanding-pricing/ HTTP/1.1" 200 16619 "https://www.google.com/" "Mozilla/5.0 (Windows NT 10.0; Win64; x64; rv:124.0) Gecko/20100101 Firefox/124.0"
109.123.248.85 - - [28/Mar/2026:12:22:10 +0000] "GET /you-dont-have-to-be-a-big-corporation-to-influence-pricing-levels-on-the-market/ HTTP/1.1" 200 16680 "https://www.google.com/" "Mozilla/5.0 (X11; Linux x86_64) AppleWebKit/537.36 (KHTML, like Gecko) Chrome/124.0.0.0 Safari/537.36"
109.123.248.85 - - [28/Mar/2026:12:22:11 +0000] "GET /consulting/customer-experience/ HTTP/1.1" 200 17678 "https://www.google.com/" "Mozilla/5.0 (Windows NT 10.0; Win64; x64) AppleWebKit/537.36 (KHTML, like Gecko) Chrome/123.0.0.0 Safari/537.36"
109.123.248.85 - - [28/Mar/2026:12:22:13 +0000] "GET /pricing HTTP/1.1" 301 20 "https://www.google.com/" "Mozilla/5.0 (Windows NT 10.0; Win64; x64) AppleWebKit/537.36 (KHTML, like Gecko) Chrome/124.0.0.0 Safari/537.36 Edg/124.0.0.0"
109.123.248.85 - - [28/Mar/2026:12:22:14 +0000] "GET /consulting/pricing/ HTTP/1.1" 200 17901 "https://www.google.com/" "Mozilla/5.0 (Windows NT 10.0; Win64; x64) AppleWebKit/537.36 (KHTML, like Gecko) Chrome/124.0.0.0 Safari/537.36 Edg/124.0.0.0"
148.251.123.10 - - [28/Mar/2026:12:22:16 +0000] "GET /focused-cars/?utm_source=GoogleAds&utm_medium=Paid_Traffic&utm_campaign=Ramadan2026&gad_source=5&gad_campaignid=15485647876&gclid=EAIaIQobChMIj6yI18rCkwMVoQ0GAB2Pdz1DEAEYASAAEgK31PD_BwE HTTP/1.1" 200 19614 "-" "python-httpx/0.28.1"
172.105.42.26 - - [28/Mar/2026:12:22:20 +0000] "POST /service_request/ai_integration/ HTTP/1.1" 200 700 "-" "-"
172.105.42.26 - - [28/Mar/2026:12:22:23 +0000] "POST /wp-cron.php?doing_wp_cron=1774700543.5595219135284423828125 HTTP/1.1" 200 20 "-" "WordPress/6.9.4; https://hondasaudi.com"
2001:16a2:ea5c:bd00:1857:943e:7eb0:b2dc - - [28/Mar/2026:12:22:20 +0000] "POST /wp-json/contact-form-7/v1/contact-forms/987/feedback HTTP/1.1" 200 287 "https://hondasaudi.com/focused-cars/?utm_source=GoogleAds&utm_medium=Paid_Traffic&utm_campaign=Ramadan2026&gad_source=1&gad_campaignid=15485647876&gbraid=0AAAAAoT5x1jMnUdPNGP_0edYFGEPino6L&gclid=CjwKCAjw-J3OBhBuEiwAwqZ_h94TROztK26QETUvGD2M0nkTAgqIlBZigInUhXzl08W__muOgoU5zBoCDdgQAvD_BwE" "Mozilla/5.0 (iPhone; CPU iPhone OS 18_7 like Mac OS X) AppleWebKit/605.1.15 (KHTML, like Gecko) Version/26.4 Mobile/15E148 Safari/604.1"
2001:16a2:c0cf:ac53:415b:98a:f895:e814 - - [28/Mar/2026:12:22:23 +0000] "GET /focused-cars/?utm_source=GoogleAds&utm_medium=Paid_Traffic&utm_campaign=Ramadan2026&gad_source=1&gad_campaignid=15485647876&gbraid=0AAAAAoT5x1jMnUdPNGP_0edYFGEPino6L&gclid=EAIaIQobChMItojL2crCkwMVWPZ5BB2OiS3QEAAYASAAEgLLbPD_BwE HTTP/1.1" 200 19687 "https://www.google.com/" "Mozilla/5.0 (iPhone; CPU iPhone OS 18_7 like Mac OS X) AppleWebKit/605.1.15 (KHTML, like Gecko) Version/26.3 Mobile/15E148 Safari/604.1"
2001:16a2:ea5c:bd00:1857:943e:7eb0:b2dc - - [28/Mar/2026:12:22:23 +0000] "GET /wp-json/contact-form-7/v1/contact-forms/987/refill HTTP/1.1" 200 22 "https://hondasaudi.com/focused-cars/?utm_source=GoogleAds&utm_medium=Paid_Traffic&utm_campaign=Ramadan2026&gad_source=1&gad_campaignid=15485647876&gbraid=0AAAAAoT5x1jMnUdPNGP_0edYFGEPino6L&gclid=CjwKCAjw-J3OBhBuEiwAwqZ_h94TROztK26QETUvGD2M0nkTAgqIlBZigInUhXzl08W__muOgoU5zBoCDdgQAvD_BwE" "Mozilla/5.0 (iPhone; CPU iPhone OS 18_7 like Mac OS X) AppleWebKit/605.1.15 (KHTML, like Gecko) Version/26.4 Mobile/15E148 Safari/604.1"
2001:16a2:ea5c:bd00:1857:943e:7eb0:b2dc - - [28/Mar/2026:12:22:23 +0000] "GET /thank-you/ HTTP/1.1" 200 12179 "https://hondasaudi.com/focused-cars/?utm_source=GoogleAds&utm_medium=Paid_Traffic&utm_campaign=Ramadan2026&gad_source=1&gad_campaignid=15485647876&gbraid=0AAAAAoT5x1jMnUdPNGP_0edYFGEPino6L&gclid=CjwKCAjw-J3OBhBuEiwAwqZ_h94TROztK26QETUvGD2M0nkTAgqIlBZigInUhXzl08W__muOgoU5zBoCDdgQAvD_BwE" "Mozilla/5.0 (iPhone; CPU iPhone OS 18_7 like Mac OS X) AppleWebKit/605.1.15 (KHTML, like Gecko) Version/26.4 Mobile/15E148 Safari/604.1"
2001:16a2:c0cf:ac53:415b:98a:f895:e814 - - [28/Mar/2026:12:22:26 +0000] "GET /wp-json/contact-form-7/v1/contact-forms/987/feedback/schema HTTP/1.1" 200 1993 "https://hondasaudi.com/focused-cars/?utm_source=GoogleAds&utm_medium=Paid_Traffic&utm_campaign=Ramadan2026&gad_source=1&gad_campaignid=15485647876&gbraid=0AAAAAoT5x1jMnUdPNGP_0edYFGEPino6L&gclid=EAIaIQobChMItojL2crCkwMVWPZ5BB2OiS3QEAAYASAAEgLLbPD_BwE" "Mozilla/5.0 (iPhone; CPU iPhone OS 18_7 like Mac OS X) AppleWebKit/605.1.15 (KHTML, like Gecko) Version/26.3 Mobile/15E148 Safari/604.1"
74.7.227.6 - - [28/Mar/2026:12:22:26 +0000] "GET /admin.php?dir=CwhomeCwbalubaidCwhondaFwcore3FwagencyCwwp-contentCwuploads&view=smush-ad43f769e0b4077fb1a3.log HTTP/1.1" 200 55 "https://hondasaudi.com/admin.php?dir=CwhomeCwbalubaidCwhondaFwcore3FwagencyCwwp-contentCwuploads" "Mozilla/5.0 AppleWebKit/537.36 (KHTML, like Gecko; compatible; GPTBot/1.3; +https://openai.com/gptbot)"
172.105.42.26 - - [28/Mar/2026:12:22:39 +0000] "POST /wp-cron.php?doing_wp_cron=1774700559.2695209980010986328125 HTTP/1.1" 200 20 "-" "WordPress/6.9.4; https://hondasaudi.com"
2001:16a2:f2b2:6200:40c9:5d3e:1500:e637 - - [28/Mar/2026:12:22:39 +0000] "GET /wp-json/contact-form-7/v1/contact-forms/442769/feedback/schema HTTP/1.1" 200 1816 "https://hondasaudi.com/accord/?utm_source=GoogleAds&utm_medium=Paid_Traffic&utm_campaign=Ramadan2026&gad_source=1&gad_campaignid=15485647876&gbraid=0AAAAAoT5x1jMnUdPNGP_0edYFGEPino6L&gclid=EAIaIQobChMIkKLJjrvCkwMVOC4GAB3J4gejEAAYASAAEgIzXvD_BwE" "Mozilla/5.0 (iPhone; CPU iPhone OS 18_7_1 like Mac OS X) AppleWebKit/605.1.15 (KHTML, like Gecko) Version/18.7 Mobile/15E148 Safari/604.1"
172.105.42.26 - - [28/Mar/2026:12:23:02 +0000] "POST /wp-cron.php?doing_wp_cron=1774700582.7355370521545410156250 HTTP/1.1" 200 20 "-" "WordPress/6.9.4; https://hondasaudi.com"
2001:16a4:26b:abfe:5cfa:6219:4cd1:9cd0 - - [28/Mar/2026:12:23:02 +0000] "GET /focused-cars/?utm_source=GoogleAds&utm_medium=Paid_Traffic&utm_campaign=Ramadan2026&gad_source=5&gad_campaignid=15485647876&gclid=EAIaIQobChMIgMXP6srCkwMVs5NQBh0QXwJVEAAYASAAEgJuBPD_BwE HTTP/1.1" 200 19619 "https://syndicatedsearch.goog/" "Mozilla/5.0 (iPhone; CPU iPhone OS 26_3_1 like Mac OS X) AppleWebKit/605.1.15 (KHTML, like Gecko) Version/26.3.1 Mobile/15E148 Safari/604.1 musical_ly_44.2.0 JsSdk/2.0 NetType/WIFI Channel/App Store ByteLocale/ar Region/SA isDarkMode/0 WKWebView/1 RevealType/Dialog performVal/1"
2001:16a4:26b:abfe:5cfa:6219:4cd1:9cd0 - - [28/Mar/2026:12:23:04 +0000] "GET /wp-json/contact-form-7/v1/contact-forms/987/feedback/schema HTTP/1.1" 200 1993 "https://hondasaudi.com/focused-cars/?utm_source=GoogleAds&utm_medium=Paid_Traffic&utm_campaign=Ramadan2026&gad_source=5&gad_campaignid=15485647876&gclid=EAIaIQobChMIgMXP6srCkwMVs5NQBh0QXwJVEAAYASAAEgJuBPD_BwE" "Mozilla/5.0 (iPhone; CPU iPhone OS 26_3_1 like Mac OS X) AppleWebKit/605.1.15 (KHTML, like Gecko) Version/26.3.1 Mobile/15E148 Safari/604.1 musical_ly_44.2.0 JsSdk/2.0 NetType/WIFI Channel/App Store ByteLocale/ar Region/SA isDarkMode/0 WKWebView/1 RevealType/Dialog performVal/1"
172.105.42.26 - - [28/Mar/2026:12:23:37 +0000] "POST /wp-cron.php?doing_wp_cron=1774700617.2090001106262207031250 HTTP/1.1" 200 20 "-" "WordPress/6.9.4; https://hondasaudi.com"
78.46.215.1 - - [28/Mar/2026:12:23:37 +0000] "HEAD / HTTP/1.1" 200 - "https://hondasaudi.com" "Mozilla/5.0+(compatible; UptimeRobot/2.0; http://www.uptimerobot.com/)"
172.105.42.26 - - [28/Mar/2026:12:23:48 +0000] "POST /wp-cron.php?doing_wp_cron=1774700628.4807009696960449218750 HTTP/1.1" 200 20 "-" "WordPress/6.9.4; https://hondasaudi.com"
2001:16a2:ea5c:bd00:1857:943e:7eb0:b2dc - - [28/Mar/2026:12:23:47 +0000] "POST /wp-json/contact-form-7/v1/contact-forms/987/feedback HTTP/1.1" 200 308 "https://hondasaudi.com/focused-cars/?utm_source=GoogleAds&utm_medium=Paid_Traffic&utm_campaign=Ramadan2026&gad_source=1&gad_campaignid=15485647876&gbraid=0AAAAAoT5x1jMnUdPNGP_0edYFGEPino6L&gclid=CjwKCAjw-J3OBhBuEiwAwqZ_h94TROztK26QETUvGD2M0nkTAgqIlBZigInUhXzl08W__muOgoU5zBoCDdgQAvD_BwE" "Mozilla/5.0 (iPhone; CPU iPhone OS 18_7 like Mac OS X) AppleWebKit/605.1.15 (KHTML, like Gecko) Version/26.4 Mobile/15E148 Safari/604.1"
74.7.227.6 - - [28/Mar/2026:12:24:12 +0000] "GET /admin.php?dir=CwhomeCwbalubaidCwhondaFwcore3FwagencyCwwp-contentCwuploads&view=woocommerce-placeholder-1024x1024.png HTTP/1.1" 200 74496 "https://hondasaudi.com/admin.php?dir=CwhomeCwbalubaidCwhondaFwcore3FwagencyCwwp-contentCwuploads" "Mozilla/5.0 AppleWebKit/537.36 (KHTML, like Gecko; compatible; GPTBot/1.3; +https://openai.com/gptbot)"
172.105.42.26 - - [28/Mar/2026:12:24:41 +0000] "POST /wp-cron.php?doing_wp_cron=1774700680.9242260456085205078125 HTTP/1.1" 200 20 "-" "WordPress/6.9.4; https://hondasaudi.com"
172.105.42.26 - - [28/Mar/2026:12:24:59 +0000] "POST /wp-cron.php?doing_wp_cron=1774700699.7518079280853271484375 HTTP/1.1" 200 20 "-" "WordPress/6.9.4; https://hondasaudi.com"
2001:16a4:61:8352:f8c7:428f:d099:20ad - - [28/Mar/2026:12:24:59 +0000] "GET /?_gl=1*18iwt06*_gcl_au*MTMyMjg5MjIyOS4xNzc0MjYxNDk3 HTTP/1.1" 301 20 "https://hondaksa.com/" "Mozilla/5.0 (iPhone; CPU iPhone OS 18_7 like Mac OS X) AppleWebKit/605.1.15 (KHTML, like Gecko) Version/26.3 Mobile/15E148 Safari/604.1"
2001:16a4:61:8352:f8c7:428f:d099:20ad - - [28/Mar/2026:12:25:00 +0000] "GET /?_gl=1%2A18iwt06%2A_gcl_au%2AMTMyMjg5MjIyOS4xNzc0MjYxNDk3 HTTP/1.1" 200 16264 "https://hondaksa.com/" "Mozilla/5.0 (iPhone; CPU iPhone OS 18_7 like Mac OS X) AppleWebKit/605.1.15 (KHTML, like Gecko) Version/26.3 Mobile/15E148 Safari/604.1"
2a03:2880:25ff:58:: - - [28/Mar/2026:12:25:01 +0000] "GET /privacy-policy HTTP/1.1" 301 20 "-" "facebookexternalhit/1.1 (+http://www.facebook.com/externalhit_uatext.php)"
2a03:2880:30ff:55:: - - [28/Mar/2026:12:25:01 +0000] "GET /privacy-policy HTTP/1.1" 301 20 "-" "facebookexternalhit/1.1 (+http://www.facebook.com/externalhit_uatext.php)"
2a03:2880:25ff:73:: - - [28/Mar/2026:12:25:01 +0000] "GET /privacy-policy/ HTTP/1.1" 200 34832 "-" "facebookexternalhit/1.1 (+http://www.facebook.com/externalhit_uatext.php)"
144.76.94.91 - - [28/Mar/2026:12:25:04 +0000] "HEAD /focused-cars/?utm_source=GoogleAds&utm_medium=Paid_Traffic&utm_campaign=Ramadan2026&gad_source=5&gad_campaignid=15485647876&gclid=EAIaIQobChMIjOySmtrAkwMV6ioGAB3ahQE5EAEYASAAEgLOU_D_BwE HTTP/1.1" 200 - "-" "StatexBot/1.0"
74.7.227.6 - - [28/Mar/2026:12:25:16 +0000] "GET /admin.php?dir=CwhomeCwbalubaidCwhondaFwcore3FwagencyCwwp-contentCwuploads&view=woocommerce-placeholder-1024x1024.bk.png HTTP/1.1" 200 79707 "https://hondasaudi.com/admin.php?dir=CwhomeCwbalubaidCwhondaFwcore3FwagencyCwwp-contentCwuploads" "Mozilla/5.0 AppleWebKit/537.36 (KHTML, like Gecko; compatible; GPTBot/1.3; +https://openai.com/gptbot)"
172.105.42.26 - - [28/Mar/2026:12:25:22 +0000] "POST /wp-cron.php?doing_wp_cron=1774700722.6968169212341308593750 HTTP/1.1" 200 20 "-" "WordPress/6.9.4; https://hondasaudi.com"
196.135.146.251 - - [28/Mar/2026:12:25:22 +0000] "GET /focused-cars/?utm_source=GoogleAds&utm_medium=Paid_Traffic&utm_campaign=Ramadan2026&gad_source=1&gad_campaignid=15485647876&gclid=CjwKCAjw-J3OBhBuEiwAwqZ_h-UpLfPARImdz6FyJgcNnp2klO2vmlrzAzRHCxWodcrTvxIziETGPBoCmoUQAvD_BwE HTTP/1.1" 200 19684 "https://www.google.com/" "Mozilla/5.0 (Linux; Android 10; K) AppleWebKit/537.36 (KHTML, like Gecko) Chrome/146.0.0.0 Mobile Safari/537.36"
196.135.146.251 - - [28/Mar/2026:12:25:26 +0000] "GET /wp-json/contact-form-7/v1/contact-forms/987/feedback/schema HTTP/1.1" 200 1993 "https://hondasaudi.com/focused-cars/?utm_source=GoogleAds&utm_medium=Paid_Traffic&utm_campaign=Ramadan2026&gad_source=1&gad_campaignid=15485647876&gclid=CjwKCAjw-J3OBhBuEiwAwqZ_h-UpLfPARImdz6FyJgcNnp2klO2vmlrzAzRHCxWodcrTvxIziETGPBoCmoUQAvD_BwE" "Mozilla/5.0 (Linux; Android 10; K) AppleWebKit/537.36 (KHTML, like Gecko) Chrome/146.0.0.0 Mobile Safari/537.36"
2001:16a4:61:8352:f8c7:428f:d099:20ad - - [28/Mar/2026:12:25:27 +0000] "GET /honda-civic/?_gl=1*18iwt06*_gcl_au*MTMyMjg5MjIyOS4xNzc0MjYxNDk3 HTTP/1.1" 200 18542 "https://hondasaudi.com/?_gl=1%2A18iwt06%2A_gcl_au%2AMTMyMjg5MjIyOS4xNzc0MjYxNDk3" "Mozilla/5.0 (iPhone; CPU iPhone OS 18_7 like Mac OS X) AppleWebKit/605.1.15 (KHTML, like Gecko) Version/26.3 Mobile/15E148 Safari/604.1"
2001:16a4:61:8352:f8c7:428f:d099:20ad - - [28/Mar/2026:12:25:28 +0000] "GET /wp-json/contact-form-7/v1/contact-forms/345974/feedback/schema HTTP/1.1" 200 1833 "https://hondasaudi.com/honda-civic/?_gl=1*18iwt06*_gcl_au*MTMyMjg5MjIyOS4xNzc0MjYxNDk3" "Mozilla/5.0 (iPhone; CPU iPhone OS 18_7 like Mac OS X) AppleWebKit/605.1.15 (KHTML, like Gecko) Version/26.3 Mobile/15E148 Safari/604.1"
66.163.119.117 - - [28/Mar/2026:12:25:29 +0000] "GET /focused-cars/?utm_source=GoogleAds&utm_medium=Paid_Traffic&utm_campaign=Ramadan2026&gad_source=1&gad_campaignid=15485647876&gbraid=0AAAAAoT5x1jMnUdPNGP_0edYFGEPino6L&gclid=CjwKCAjw-J3OBhBuEiwAwqZ_h10bKJLiPZo4-6BWKmwT-C0W-9gLOdXy1jmn5kkWtKdFdT6PSnvvfhoCunMQAvD_BwE HTTP/1.1" 200 19760 "https://www.google.com/" "Mozilla/5.0 (iPhone; CPU iPhone OS 18_7 like Mac OS X) AppleWebKit/605.1.15 (KHTML, like Gecko) Version/26.2 Mobile/15E148 Safari/604.1"
172.105.42.26 - - [28/Mar/2026:12:25:31 +0000] "POST /wp-cron.php?doing_wp_cron=1774700731.6520459651947021484375 HTTP/1.1" 200 20 "-" "WordPress/6.9.4; https://hondasaudi.com"
2001:16a2:c928:b500:f5fc:7e5b:77a4:1060 - - [28/Mar/2026:12:25:31 +0000] "GET /focused-cars/?utm_source=GoogleAds&utm_medium=Paid_Traffic&utm_campaign=Ramadan2026&gad_source=1&gad_campaignid=15485647876&gbraid=0AAAAAoT5x1jMnUdPNGP_0edYFGEPino6L HTTP/1.1" 200 19566 "https://www.google.com/" "Mozilla/5.0 (iPhone; CPU iPhone OS 18_7 like Mac OS X) AppleWebKit/605.1.15 (KHTML, like Gecko) Version/26.2 Mobile/15E148 Safari/604.1"
66.163.119.117 - - [28/Mar/2026:12:25:33 +0000] "GET /wp-json/contact-form-7/v1/contact-forms/987/feedback/schema HTTP/1.1" 200 1993 "https://hondasaudi.com/focused-cars/?utm_source=GoogleAds&utm_medium=Paid_Traffic&utm_campaign=Ramadan2026&gad_source=1&gad_campaignid=15485647876&gbraid=0AAAAAoT5x1jMnUdPNGP_0edYFGEPino6L&gclid=CjwKCAjw-J3OBhBuEiwAwqZ_h10bKJLiPZo4-6BWKmwT-C0W-9gLOdXy1jmn5kkWtKdFdT6PSnvvfhoCunMQAvD_BwE" "Mozilla/5.0 (iPhone; CPU iPhone OS 18_7 like Mac OS X) AppleWebKit/605.1.15 (KHTML, like Gecko) Version/26.2 Mobile/15E148 Safari/604.1"
2001:16a2:c928:b500:f5fc:7e5b:77a4:1060 - - [28/Mar/2026:12:25:33 +0000] "GET /wp-json/contact-form-7/v1/contact-forms/987/feedback/schema HTTP/1.1" 200 1993 "https://hondasaudi.com/focused-cars/?utm_source=GoogleAds&utm_medium=Paid_Traffic&utm_campaign=Ramadan2026&gad_source=1&gad_campaignid=15485647876&gbraid=0AAAAAoT5x1jMnUdPNGP_0edYFGEPino6L" "Mozilla/5.0 (iPhone; CPU iPhone OS 18_7 like Mac OS X) AppleWebKit/605.1.15 (KHTML, like Gecko) Version/26.2 Mobile/15E148 Safari/604.1"
2001:16a4:61:8352:f8c7:428f:d099:20ad - - [28/Mar/2026:12:25:34 +0000] "GET /?_gl=1%2A18iwt06%2A_gcl_au%2AMTMyMjg5MjIyOS4xNzc0MjYxNDk3 HTTP/1.1" 200 16265 "https://hondasaudi.com/honda-civic/?_gl=1*18iwt06*_gcl_au*MTMyMjg5MjIyOS4xNzc0MjYxNDk3" "Mozilla/5.0 (iPhone; CPU iPhone OS 18_7 like Mac OS X) AppleWebKit/605.1.15 (KHTML, like Gecko) Version/26.3 Mobile/15E148 Safari/604.1"
74.7.227.6 - - [28/Mar/2026:12:25:36 +0000] "GET /admin.php?dir=CwhomeCwbalubaidCwhondaFwcore3FwagencyCwwp-contentCwuploads&view=woocommerce-placeholder-1024x1024.png.webp HTTP/1.1" 200 5411 "https://hondasaudi.com/admin.php?dir=CwhomeCwbalubaidCwhondaFwcore3FwagencyCwwp-contentCwuploads" "Mozilla/5.0 AppleWebKit/537.36 (KHTML, like Gecko; compatible; GPTBot/1.3; +https://openai.com/gptbot)"
172.105.42.26 - - [28/Mar/2026:12:25:51 +0000] "POST /wp-cron.php?doing_wp_cron=1774700751.5641610622406005859375 HTTP/1.1" 200 20 "-" "WordPress/6.9.4; https://hondasaudi.com"
2001:16a4:61:8352:f8c7:428f:d099:20ad - - [28/Mar/2026:12:25:51 +0000] "GET /focused-cars/?utm_source=GoogleAds&utm_medium=Paid_Traffic&utm_campaign=Ramadan2026&gad_source=1&gad_campaignid=15485647876&gbraid=0AAAAAoT5x1jMnUdPNGP_0edYFGEPino6L&gclid=CjwKCAjw-J3OBhBuEiwAwqZ_h7V373oBbc1ZSmRkeU6hRm8AHTJ44nIyXF0RYB4z2qWFLOHzMatCbRoCDV4QAvD_BwE HTTP/1.1" 200 19762 "https://www.google.com/" "Mozilla/5.0 (iPhone; CPU iPhone OS 18_7 like Mac OS X) AppleWebKit/605.1.15 (KHTML, like Gecko) Version/26.3 Mobile/15E148 Safari/604.1"
196.135.146.251 - - [28/Mar/2026:12:25:51 +0000] "GET /privacy-policy/ HTTP/1.1" 200 34833 "https://hondasaudi.com/focused-cars/?utm_source=GoogleAds&utm_medium=Paid_Traffic&utm_campaign=Ramadan2026&gad_source=1&gad_campaignid=15485647876&gclid=CjwKCAjw-J3OBhBuEiwAwqZ_h-UpLfPARImdz6FyJgcNnp2klO2vmlrzAzRHCxWodcrTvxIziETGPBoCmoUQAvD_BwE" "Mozilla/5.0 (Linux; Android 10; K) AppleWebKit/537.36 (KHTML, like Gecko) Chrome/146.0.0.0 Mobile Safari/537.36"
2001:16a4:61:8352:f8c7:428f:d099:20ad - - [28/Mar/2026:12:25:52 +0000] "GET /wp-json/contact-form-7/v1/contact-forms/987/feedback/schema HTTP/1.1" 200 1993 "https://hondasaudi.com/focused-cars/?utm_source=GoogleAds&utm_medium=Paid_Traffic&utm_campaign=Ramadan2026&gad_source=1&gad_campaignid=15485647876&gbraid=0AAAAAoT5x1jMnUdPNGP_0edYFGEPino6L&gclid=CjwKCAjw-J3OBhBuEiwAwqZ_h7V373oBbc1ZSmRkeU6hRm8AHTJ44nIyXF0RYB4z2qWFLOHzMatCbRoCDV4QAvD_BwE" "Mozilla/5.0 (iPhone; CPU iPhone OS 18_7 like Mac OS X) AppleWebKit/605.1.15 (KHTML, like Gecko) Version/26.3 Mobile/15E148 Safari/604.1"
74.7.227.6 - - [28/Mar/2026:12:25:59 +0000] "GET /admin.php?dir=CwhomeCwbalubaidCwhondaFwcore3FwagencyCwwp-includesCwimages&view=uploader-icons-2x.png HTTP/1.1" 200 3423 "https://hondasaudi.com/admin.php?dir=CwhomeCwbalubaidCwhondaFwcore3FwagencyCwwp-includesCwimages" "Mozilla/5.0 AppleWebKit/537.36 (KHTML, like Gecko; compatible; GPTBot/1.3; +https://openai.com/gptbot)"
144.76.186.247 - - [28/Mar/2026:12:26:01 +0000] "HEAD /focused-cars/?utm_source=GoogleAds&utm_medium=Paid_Traffic&utm_campaign=Ramadan2026&gad_source=5&gad_campaignid=15485647876&gclid=EAIaIQobChMIn-Dkx8nCkwMVLhYGAB3d8RXYEAEYASAAEgIDp_D_BwE HTTP/1.1" 200 - "-" "python-requests/2.32.5"
172.105.42.26 - - [28/Mar/2026:12:26:19 +0000] "POST /wp-cron.php?doing_wp_cron=1774700779.2868299484252929687500 HTTP/1.1" 200 20 "-" "WordPress/6.9.4; https://hondasaudi.com"
2001:16a2:c374:5d0:a9ae:1063:9830:ff78 - - [28/Mar/2026:12:26:19 +0000] "GET /focused-cars/?utm_source=GoogleAds&utm_medium=Paid_Traffic&utm_campaign=Ramadan2026&gad_source=5&gad_campaignid=15485647876&gclid=EAIaIQobChMI2PjYx8vCkwMV1Kn9BR00lB49EAAYAiAAEgKj-PD_BwE HTTP/1.1" 200 19618 "https://syndicatedsearch.goog/" "Mozilla/5.0 (Linux; Android 16; SM-S928B Build/BP2A.250605.031.A3; ) AppleWebKit/537.36 (KHTML, like Gecko) Version/4.0 Chrome/146.0.7680.119 Mobile Safari/537.36 musical_ly_2024402030 JsSdk/1.0 NetType/MOBILE Channel/googleplay AppName/musical_ly app_version/44.2.3 ByteLocale/ar ByteFullLocale/ar Region/SA AppId/1233 Spark/1.7.2 AppVersion/44.2.3 PIA/2.5.3 BytedanceWebview/d8a21c6"
74.7.227.6 - - [28/Mar/2026:12:26:19 +0000] "GET /admin.php?dir=CwhomeCwbalubaidCwhondaFwcore3FwagencyCwwp-includesCwimages&view=arrow-pointer-blue-2x.png HTTP/1.1" 200 1602 "https://hondasaudi.com/admin.php?dir=CwhomeCwbalubaidCwhondaFwcore3FwagencyCwwp-includesCwimages" "Mozilla/5.0 AppleWebKit/537.36 (KHTML, like Gecko; compatible; GPTBot/1.3; +https://openai.com/gptbot)"
2001:16a2:c374:5d0:a9ae:1063:9830:ff78 - - [28/Mar/2026:12:26:22 +0000] "GET /wp-json/contact-form-7/v1/contact-forms/987/feedback/schema HTTP/1.1" 200 1993 "https://hondasaudi.com/focused-cars/?utm_source=GoogleAds&utm_medium=Paid_Traffic&utm_campaign=Ramadan2026&gad_source=5&gad_campaignid=15485647876&gclid=EAIaIQobChMI2PjYx8vCkwMV1Kn9BR00lB49EAAYAiAAEgKj-PD_BwE" "Mozilla/5.0 (Linux; Android 16; SM-S928B Build/BP2A.250605.031.A3; ) AppleWebKit/537.36 (KHTML, like Gecko) Version/4.0 Chrome/146.0.7680.119 Mobile Safari/537.36 musical_ly_2024402030 JsSdk/1.0 NetType/MOBILE Channel/googleplay AppName/musical_ly app_version/44.2.3 ByteLocale/ar ByteFullLocale/ar Region/SA AppId/1233 Spark/1.7.2 AppVersion/44.2.3 PIA/2.5.3 BytedanceWebview/d8a21c6"
74.7.227.6 - - [28/Mar/2026:12:26:41 +0000] "GET /admin.php?dir=CwhomeCwbalubaidCwhondaFwcore3FwagencyCwwp-includesCwimages&view=down_arrow-2x.gif HTTP/1.1" 200 137 "https://hondasaudi.com/admin.php?dir=CwhomeCwbalubaidCwhondaFwcore3FwagencyCwwp-includesCwimages" "Mozilla/5.0 AppleWebKit/537.36 (KHTML, like Gecko; compatible; GPTBot/1.3; +https://openai.com/gptbot)"
172.105.42.26 - - [28/Mar/2026:12:26:44 +0000] "POST /wp-cron.php?doing_wp_cron=1774700804.2144260406494140625000 HTTP/1.1" 200 20 "-" "WordPress/6.9.4; https://hondasaudi.com"
74.7.227.6 - - [28/Mar/2026:12:27:03 +0000] "GET /admin.php?dir=CwhomeCwbalubaidCwhondaFwcore3FwagencyCwwp-includesCwimages&view=toggle-arrow-2x.png HTTP/1.1" 200 378 "https://hondasaudi.com/admin.php?dir=CwhomeCwbalubaidCwhondaFwcore3FwagencyCwwp-includesCwimages" "Mozilla/5.0 AppleWebKit/537.36 (KHTML, like Gecko; compatible; GPTBot/1.3; +https://openai.com/gptbot)"
74.7.227.6 - - [28/Mar/2026:12:27:23 +0000] "GET /admin.php?dir=CwhomeCwbalubaidCwhondaFwcore3FwagencyCwwp-includesCwimages&view=wpspin-2x.gif HTTP/1.1" 200 8226 "https://hondasaudi.com/admin.php?dir=CwhomeCwbalubaidCwhondaFwcore3FwagencyCwwp-includesCwimages" "Mozilla/5.0 AppleWebKit/537.36 (KHTML, like Gecko; compatible; GPTBot/1.3; +https://openai.com/gptbot)"
172.105.42.26 - - [28/Mar/2026:12:27:38 +0000] "POST /wp-cron.php?doing_wp_cron=1774700858.5509130954742431640625 HTTP/1.1" 200 20 "-" "WordPress/6.9.4; https://hondasaudi.com"
20.9.146.102 - - [28/Mar/2026:12:27:37 +0000] "GET / HTTP/1.1" 200 16212 "-" "Mozilla/5.0 (HeadOnlyScraper)"
74.7.227.6 - - [28/Mar/2026:12:27:45 +0000] "GET /admin.php?dir=CwhomeCwbalubaidCwhondaFwcore3FwagencyCwwp-contentCwuploads&view=woocommerce-placeholder-300x300.png HTTP/1.1" 200 10026 "https://hondasaudi.com/admin.php?dir=CwhomeCwbalubaidCwhondaFwcore3FwagencyCwwp-contentCwuploads" "Mozilla/5.0 AppleWebKit/537.36 (KHTML, like Gecko; compatible; GPTBot/1.3; +https://openai.com/gptbot)"
172.105.42.26 - - [28/Mar/2026:12:28:09 +0000] "POST /wp-cron.php?doing_wp_cron=1774700889.0144319534301757812500 HTTP/1.1" 200 20 "-" "WordPress/6.9.4; https://hondasaudi.com"
172.105.42.26 - - [28/Mar/2026:12:28:27 +0000] "POST /wp-cron.php?doing_wp_cron=1774700907.2563779354095458984375 HTTP/1.1" 200 20 "-" "WordPress/6.9.4; https://hondasaudi.com"
74.7.227.6 - - [28/Mar/2026:12:28:27 +0000] "GET /admin.php?dir=CwhomeCwbalubaidCwhondaFwcore3FwagencyCwwp-contentCwuploads&view=woocommerce-placeholder-150x150.png HTTP/1.1" 200 3629 "https://hondasaudi.com/admin.php?dir=CwhomeCwbalubaidCwhondaFwcore3FwagencyCwwp-contentCwuploads" "Mozilla/5.0 AppleWebKit/537.36 (KHTML, like Gecko; compatible; GPTBot/1.3; +https://openai.com/gptbot)"
172.105.42.26 - - [28/Mar/2026:12:28:36 +0000] "POST /wp-cron.php?doing_wp_cron=1774700916.5515780448913574218750 HTTP/1.1" 200 20 "-" "WordPress/6.9.4; https://hondasaudi.com"
2a02:cb80:4244:5089:3930:703e:6f9c:6f44 - - [28/Mar/2026:12:28:36 +0000] "GET /focused-cars/?utm_source=GoogleAds&utm_medium=Paid_Traffic&utm_campaign=Ramadan2026&gad_source=5&gad_campaignid=15485647876&gclid=EAIaIQobChMI9tjHiczCkwMVDfZ5BB2wFDh_EAAYASAAEgKKJvD_BwE HTTP/1.1" 200 19617 "https://syndicatedsearch.goog/" "Mozilla/5.0 (iPhone; CPU iPhone OS 18_7_6 like Mac OS X) AppleWebKit/605.1.15 (KHTML, like Gecko) Version/18.7.6 Mobile/15E148 Safari/604.1 musical_ly_44.3.0 JsSdk/2.0 NetType/WIFI Channel/App Store ByteLocale/ar Region/SA isDarkMode/0 WKWebView/1 RevealType/Dialog performVal/1"
2a02:cb80:4244:5089:3930:703e:6f9c:6f44 - - [28/Mar/2026:12:28:38 +0000] "GET /wp-json/contact-form-7/v1/contact-forms/987/feedback/schema HTTP/1.1" 200 1993 "https://hondasaudi.com/focused-cars/?utm_source=GoogleAds&utm_medium=Paid_Traffic&utm_campaign=Ramadan2026&gad_source=5&gad_campaignid=15485647876&gclid=EAIaIQobChMI9tjHiczCkwMVDfZ5BB2wFDh_EAAYASAAEgKKJvD_BwE" "Mozilla/5.0 (iPhone; CPU iPhone OS 18_7_6 like Mac OS X) AppleWebKit/605.1.15 (KHTML, like Gecko) Version/18.7.6 Mobile/15E148 Safari/604.1 musical_ly_44.3.0 JsSdk/2.0 NetType/WIFI Channel/App Store ByteLocale/ar Region/SA isDarkMode/0 WKWebView/1 RevealType/Dialog performVal/1"
2a02:ce0:1802:1ff3:5dfa:378e:cc5a:dc32 - - [28/Mar/2026:12:28:41 +0000] "GET /focused-cars/?utm_source=GoogleAds&utm_medium=Paid_Traffic&utm_campaign=Ramadan2026&gad_source=1&gad_campaignid=15485647876&gclid=CjwKCAjw-J3OBhBuEiwAwqZ_h-uJrLiUO2-zIoozPEEDG0kcq1O_wCIvcSgTi55kJKS5PxSKKlyIcRoCNzQQAvD_BwE HTTP/1.1" 200 19691 "https://www.google.com/" "Mozilla/5.0 (iPhone; CPU iPhone OS 18_5_0 like Mac OS X) AppleWebKit/605.1.15 (KHTML, like Gecko) CriOS/138.0.7204.119 Mobile/15E148 Safari/604.1"
78.47.98.55 - - [28/Mar/2026:12:28:42 +0000] "HEAD / HTTP/1.1" 200 - "https://hondasaudi.com" "Mozilla/5.0+(compatible; UptimeRobot/2.0; http://www.uptimerobot.com/)"
172.105.42.26 - - [28/Mar/2026:12:28:45 +0000] "POST /service_request/ai_integration/ HTTP/1.1" 200 716 "-" "-"
74.7.227.6 - - [28/Mar/2026:12:29:10 +0000] "GET /admin.php?dir=CwhomeCwbalubaidCwhondaFwcore3FwagencyCwwp-contentCwuploads&view=woocommerce-placeholder-600x600.png HTTP/1.1" 200 29370 "https://hondasaudi.com/admin.php?dir=CwhomeCwbalubaidCwhondaFwcore3FwagencyCwwp-contentCwuploads" "Mozilla/5.0 AppleWebKit/537.36 (KHTML, like Gecko; compatible; GPTBot/1.3; +https://openai.com/gptbot)"
172.105.42.26 - - [28/Mar/2026:12:29:17 +0000] "POST /wp-cron.php?doing_wp_cron=1774700957.4472529888153076171875 HTTP/1.1" 200 20 "-" "WordPress/6.9.4; https://hondasaudi.com"
172.105.42.26 - - [28/Mar/2026:12:29:27 +0000] "POST /wp-cron.php?doing_wp_cron=1774700967.4236869812011718750000 HTTP/1.1" 200 20 "-" "WordPress/6.9.4; https://hondasaudi.com"
2001:16a2:c374:5d0:a9ae:1063:9830:ff78 - - [28/Mar/2026:12:29:27 +0000] "GET /focused-cars/?utm_source=GoogleAds&utm_medium=Paid_Traffic&utm_campaign=Ramadan2026&gad_source=5&gad_campaignid=15485647876&gclid=EAIaIQobChMIr4P9lczCkwMVK5NQBh3x2QVXEAAYAiAAEgLl7vD_BwE HTTP/1.1" 200 19617 "https://syndicatedsearch.goog/" "Mozilla/5.0 (Linux; Android 16; SM-S928B Build/BP2A.250605.031.A3; ) AppleWebKit/537.36 (KHTML, like Gecko) Version/4.0 Chrome/146.0.7680.119 Mobile Safari/537.36 musical_ly_2024402030 JsSdk/1.0 NetType/MOBILE Channel/googleplay AppName/musical_ly app_version/44.2.3 ByteLocale/ar ByteFullLocale/ar Region/SA AppId/1233 Spark/1.7.2 AppVersion/44.2.3 PIA/2.5.3 BytedanceWebview/d8a21c6"
2001:16a2:c374:5d0:a9ae:1063:9830:ff78 - - [28/Mar/2026:12:29:29 +0000] "GET /wp-json/contact-form-7/v1/contact-forms/987/feedback/schema HTTP/1.1" 200 1993 "https://hondasaudi.com/focused-cars/?utm_source=GoogleAds&utm_medium=Paid_Traffic&utm_campaign=Ramadan2026&gad_source=5&gad_campaignid=15485647876&gclid=EAIaIQobChMIr4P9lczCkwMVK5NQBh3x2QVXEAAYAiAAEgLl7vD_BwE" "Mozilla/5.0 (Linux; Android 16; SM-S928B Build/BP2A.250605.031.A3; ) AppleWebKit/537.36 (KHTML, like Gecko) Version/4.0 Chrome/146.0.7680.119 Mobile Safari/537.36 musical_ly_2024402030 JsSdk/1.0 NetType/MOBILE Channel/googleplay AppName/musical_ly app_version/44.2.3 ByteLocale/ar ByteFullLocale/ar Region/SA AppId/1233 Spark/1.7.2 AppVersion/44.2.3 PIA/2.5.3 BytedanceWebview/d8a21c6"
172.105.42.26 - - [28/Mar/2026:12:29:35 +0000] "POST /wp-cron.php?doing_wp_cron=1774700975.7453749179840087890625 HTTP/1.1" 200 20 "-" "WordPress/6.9.4; https://hondasaudi.com"
148.251.77.54 - - [28/Mar/2026:12:29:35 +0000] "HEAD /focused-cars/?utm_source=GoogleAds&utm_medium=Paid_Traffic&utm_campaign=Ramadan2026&gad_source=5&gad_campaignid=15485647876&gclid=EAIaIQobChMI-r--uNzAkwMVweANCR1ReTaaEAEYASAAEgK-zfD_BwE HTTP/1.1" 200 - "-" "StatexBot/1.0"
148.251.77.54 - - [28/Mar/2026:12:29:37 +0000] "HEAD /focused-cars/?utm_source=GoogleAds&utm_medium=Paid_Traffic&utm_campaign=Ramadan2026&gad_source=5&gad_campaignid=15485647876&gclid=EAIaIQobChMI-7--uNzAkwMVweANCR1ReTaaEAEYASAAEgLImfD_BwE HTTP/1.1" 200 - "-" "StatexBot/1.0"
2001:16a2:42f3:a500:4534:c499:14af:9df6 - - [28/Mar/2026:12:29:37 +0000] "GET /?utm_source=GoogleAds&utm_medium=Paid_Traffic&utm_campaign=GSN_HS_2021&utm_id=GSN-0012-003&gad_source=1&gad_campaignid=15485647876&gclid=EAIaIQobChMIhOWhnMTvkAMVFLODBx2beCDSEAAYASAAEgJG0fD_BwE HTTP/1.1" 200 16359 "-" "Mozilla/5.0 (iPhone; CPU iPhone OS 18_6_2 like Mac OS X) AppleWebKit/605.1.15 (KHTML, like Gecko) CriOS/146.0.7680.151 Mobile/15E148 Safari/604.1"
74.7.227.6 - - [28/Mar/2026:12:29:52 +0000] "GET /admin.php?dir=CwhomeCwbalubaidCwhondaFwcore3FwagencyCwwp-includesCwimages&view=rss-2x.png HTTP/1.1" 200 1408 "https://hondasaudi.com/admin.php?dir=CwhomeCwbalubaidCwhondaFwcore3FwagencyCwwp-includesCwimages" "Mozilla/5.0 AppleWebKit/537.36 (KHTML, like Gecko; compatible; GPTBot/1.3; +https://openai.com/gptbot)"
74.7.227.6 - - [28/Mar/2026:12:30:12 +0000] "GET /admin.php?dir=CwhomeCwbalubaidCwhondaFwcore3FwagencyCwwp-includesCwimages&view=xit-2x.gif HTTP/1.1" 200 731 "https://hondasaudi.com/admin.php?dir=CwhomeCwbalubaidCwhondaFwcore3FwagencyCwwp-includesCwimages" "Mozilla/5.0 AppleWebKit/537.36 (KHTML, like Gecko; compatible; GPTBot/1.3; +https://openai.com/gptbot)"
172.105.42.26 - - [28/Mar/2026:12:30:18 +0000] "POST /wp-cron.php?doing_wp_cron=1774701018.0442481040954589843750 HTTP/1.1" 200 20 "-" "WordPress/6.9.4; https://hondasaudi.com"
2001:16a2:cbe4:1200:159c:4a43:b0bb:1212 - - [28/Mar/2026:12:30:17 +0000] "GET /focused-cars/?utm_source=GoogleAds&utm_medium=Paid_Traffic&utm_campaign=Ramadan2026&gad_campaignid=15485647876&wbraid=ClMKCAjw1ZjOBhBoEkMAocIZXq8eVrFqKf5cZTjZpD7_Jxnn0TzmhnJ19dYoI60z17d_l1Bw1o-6SzkUwWT7zE7Th7zOeyHMXPmyfZixHPXVGgLi-g HTTP/1.1" 200 19729 "-" "Mozilla/5.0 (iPhone; CPU iPhone OS 26_3_0 like Mac OS X) AppleWebKit/605.1.15 (KHTML, like Gecko) GSA/413.1.887139264 Mobile/15E148 Safari/604.1"
2001:16a2:cbe4:1200:159c:4a43:b0bb:1212 - - [28/Mar/2026:12:30:21 +0000] "GET /wp-json/contact-form-7/v1/contact-forms/987/feedback/schema HTTP/1.1" 200 1993 "https://hondasaudi.com/focused-cars/?utm_source=GoogleAds&utm_medium=Paid_Traffic&utm_campaign=Ramadan2026&gad_campaignid=15485647876&wbraid=ClMKCAjw1ZjOBhBoEkMAocIZXq8eVrFqKf5cZTjZpD7_Jxnn0TzmhnJ19dYoI60z17d_l1Bw1o-6SzkUwWT7zE7Th7zOeyHMXPmyfZixHPXVGgLi-g" "Mozilla/5.0 (iPhone; CPU iPhone OS 26_3_0 like Mac OS X) AppleWebKit/605.1.15 (KHTML, like Gecko) GSA/413.1.887139264 Mobile/15E148 Safari/604.1"
74.7.227.6 - - [28/Mar/2026:12:30:53 +0000] "GET /admin.php?dir=CwhomeCwbalubaidCwhondaFwcore3FwagencyCwwp-contentCwuploads&view=woocommerce-placeholder-300x300.png.webp HTTP/1.1" 200 1241 "https://hondasaudi.com/admin.php?dir=CwhomeCwbalubaidCwhondaFwcore3FwagencyCwwp-contentCwuploads" "Mozilla/5.0 AppleWebKit/537.36 (KHTML, like Gecko; compatible; GPTBot/1.3; +https://openai.com/gptbot)"
74.7.227.6 - - [28/Mar/2026:12:31:55 +0000] "GET /admin.php?dir=CwhomeCwbalubaidCwhondaFwcore3FwagencyCwwp-contentCwuploads&view=woocommerce-placeholder-150x150.png.webp HTTP/1.1" 200 555 "https://hondasaudi.com/admin.php?dir=CwhomeCwbalubaidCwhondaFwcore3FwagencyCwwp-contentCwuploads" "Mozilla/5.0 AppleWebKit/537.36 (KHTML, like Gecko; compatible; GPTBot/1.3; +https://openai.com/gptbot)"
172.105.42.26 - - [28/Mar/2026:12:32:02 +0000] "POST /wp-cron.php?doing_wp_cron=1774701122.5531520843505859375000 HTTP/1.1" 200 20 "-" "WordPress/6.9.4; https://hondasaudi.com"
74.7.227.6 - - [28/Mar/2026:12:32:15 +0000] "GET /admin.php?dir=CwhomeCwbalubaidCwhondaFwcore3FwagencyCwwp-contentCwuploads&view=woocommerce-placeholder-600x600.png.webp HTTP/1.1" 200 2818 "https://hondasaudi.com/admin.php?dir=CwhomeCwbalubaidCwhondaFwcore3FwagencyCwwp-contentCwuploads" "Mozilla/5.0 AppleWebKit/537.36 (KHTML, like Gecko; compatible; GPTBot/1.3; +https://openai.com/gptbot)"
172.105.42.26 - - [28/Mar/2026:12:32:15 +0000] "POST /service_request/ai_integration/ HTTP/1.1" 200 700 "-" "-"
172.105.42.26 - - [28/Mar/2026:12:32:18 +0000] "POST /wp-cron.php?doing_wp_cron=1774701138.3805129528045654296875 HTTP/1.1" 200 20 "-" "WordPress/6.9.4; https://hondasaudi.com"
2001:16a2:cbe4:1200:159c:4a43:b0bb:1212 - - [28/Mar/2026:12:32:15 +0000] "POST /wp-json/contact-form-7/v1/contact-forms/987/feedback HTTP/1.1" 200 286 "https://hondasaudi.com/focused-cars/?utm_source=GoogleAds&utm_medium=Paid_Traffic&utm_campaign=Ramadan2026&gad_campaignid=15485647876&wbraid=ClMKCAjw1ZjOBhBoEkMAocIZXq8eVrFqKf5cZTjZpD7_Jxnn0TzmhnJ19dYoI60z17d_l1Bw1o-6SzkUwWT7zE7Th7zOeyHMXPmyfZixHPXVGgLi-g" "Mozilla/5.0 (iPhone; CPU iPhone OS 26_3_0 like Mac OS X) AppleWebKit/605.1.15 (KHTML, like Gecko) GSA/413.1.887139264 Mobile/15E148 Safari/604.1"
2001:16a2:cbe4:1200:159c:4a43:b0bb:1212 - - [28/Mar/2026:12:32:18 +0000] "GET /wp-json/contact-form-7/v1/contact-forms/987/refill HTTP/1.1" 200 22 "https://hondasaudi.com/focused-cars/?utm_source=GoogleAds&utm_medium=Paid_Traffic&utm_campaign=Ramadan2026&gad_campaignid=15485647876&wbraid=ClMKCAjw1ZjOBhBoEkMAocIZXq8eVrFqKf5cZTjZpD7_Jxnn0TzmhnJ19dYoI60z17d_l1Bw1o-6SzkUwWT7zE7Th7zOeyHMXPmyfZixHPXVGgLi-g" "Mozilla/5.0 (iPhone; CPU iPhone OS 26_3_0 like Mac OS X) AppleWebKit/605.1.15 (KHTML, like Gecko) GSA/413.1.887139264 Mobile/15E148 Safari/604.1"
2001:16a2:cbe4:1200:159c:4a43:b0bb:1212 - - [28/Mar/2026:12:32:19 +0000] "GET /thank-you/ HTTP/1.1" 200 12285 "https://hondasaudi.com/focused-cars/?utm_source=GoogleAds&utm_medium=Paid_Traffic&utm_campaign=Ramadan2026&gad_campaignid=15485647876&wbraid=ClMKCAjw1ZjOBhBoEkMAocIZXq8eVrFqKf5cZTjZpD7_Jxnn0TzmhnJ19dYoI60z17d_l1Bw1o-6SzkUwWT7zE7Th7zOeyHMXPmyfZixHPXVGgLi-g" "Mozilla/5.0 (iPhone; CPU iPhone OS 26_3_0 like Mac OS X) AppleWebKit/605.1.15 (KHTML, like Gecko) GSA/413.1.887139264 Mobile/15E148 Safari/604.1"
172.105.42.26 - - [28/Mar/2026:12:32:33 +0000] "POST /wp-cron.php?doing_wp_cron=1774701153.8837800025939941406250 HTTP/1.1" 200 20 "-" "WordPress/6.9.4; https://hondasaudi.com"
2a02:9b0:8018:601e:4086:a5af:388:b455 - - [28/Mar/2026:12:32:33 +0000] "GET /focused-cars/?utm_source=GoogleAds&utm_medium=Paid_Traffic&utm_campaign=Ramadan2026&gad_source=1&gad_campaignid=15485647876&gbraid=0AAAAAoT5x1hSviS8DXh2YDnC76qkwM6B6&gclid=CjwKCAjw-J3OBhBuEiwAwqZ_hyFUKi400derLCDX57I5BBV3-UciLzzzQKelBOcD8WjgxsRwMvSJghoC7UsQAvD_BwE HTTP/1.1" 200 19762 "https://www.google.com/" "Mozilla/5.0 (iPhone; CPU iPhone OS 18_7 like Mac OS X) AppleWebKit/605.1.15 (KHTML, like Gecko) Version/26.3 Mobile/15E148 Safari/604.1"
74.7.227.6 - - [28/Mar/2026:12:32:35 +0000] "GET /admin.php?dir=CwhomeCwbalubaidCwhondaFwcore3FwagencyCwwp-includesCwimages&view=wpicons-2x.png HTTP/1.1" 200 14631 "https://hondasaudi.com/admin.php?dir=CwhomeCwbalubaidCwhondaFwcore3FwagencyCwwp-includesCwimages" "Mozilla/5.0 AppleWebKit/537.36 (KHTML, like Gecko; compatible; GPTBot/1.3; +https://openai.com/gptbot)"
2a02:9b0:8018:601e:4086:a5af:388:b455 - - [28/Mar/2026:12:32:38 +0000] "GET /wp-json/contact-form-7/v1/contact-forms/987/feedback/schema HTTP/1.1" 200 1993 "https://hondasaudi.com/focused-cars/?utm_source=GoogleAds&utm_medium=Paid_Traffic&utm_campaign=Ramadan2026&gad_source=1&gad_campaignid=15485647876&gbraid=0AAAAAoT5x1hSviS8DXh2YDnC76qkwM6B6&gclid=CjwKCAjw-J3OBhBuEiwAwqZ_hyFUKi400derLCDX57I5BBV3-UciLzzzQKelBOcD8WjgxsRwMvSJghoC7UsQAvD_BwE" "Mozilla/5.0 (iPhone; CPU iPhone OS 18_7 like Mac OS X) AppleWebKit/605.1.15 (KHTML, like Gecko) Version/26.3 Mobile/15E148 Safari/604.1"
2a02:cb80:405b:2b31:9803:70bf:c6ba:71e9 - - [28/Mar/2026:12:32:46 +0000] "GET /focused-cars/?utm_source=GoogleAds&utm_medium=Paid_Traffic&utm_campaign=Ramadan2026&gad_source=5&gad_campaignid=15485647876&gclid=EAIaIQobChMI6r6t_szCkwMVn2hBAh2F8Co7EAAYAiAAEgL-w_D_BwE HTTP/1.1" 200 19612 "https://syndicatedsearch.goog/" "Mozilla/5.0 (Linux; Android 12; S25 Ultra Build/SP1A.210812.016; wv) AppleWebKit/537.36 (KHTML, like Gecko) Version/4.0 Chrome/146.0.7680.148 Mobile Safari/537.36 [FB_IAB/FB4A;FBAV/553.0.0.56.58;IABMV/1;]"
172.105.42.26 - - [28/Mar/2026:12:32:51 +0000] "POST /wp-cron.php?doing_wp_cron=1774701171.8339378833770751953125 HTTP/1.1" 200 20 "-" "WordPress/6.9.4; https://hondasaudi.com"
2a02:cb80:405b:2b31:9803:70bf:c6ba:71e9 - - [28/Mar/2026:12:32:51 +0000] "GET /wp-json/contact-form-7/v1/contact-forms/987/feedback/schema HTTP/1.1" 200 1993 "https://hondasaudi.com/focused-cars/?utm_source=GoogleAds&utm_medium=Paid_Traffic&utm_campaign=Ramadan2026&gad_source=5&gad_campaignid=15485647876&gclid=EAIaIQobChMI6r6t_szCkwMVn2hBAh2F8Co7EAAYAiAAEgL-w_D_BwE" "Mozilla/5.0 (Linux; Android 12; S25 Ultra Build/SP1A.210812.016; wv) AppleWebKit/537.36 (KHTML, like Gecko) Version/4.0 Chrome/146.0.7680.148 Mobile Safari/537.36 [FB_IAB/FB4A;FBAV/553.0.0.56.58;IABMV/1;]"
74.7.227.6 - - [28/Mar/2026:12:32:56 +0000] "GET /admin.php?dir=CwhomeCwbalubaidCwhondaFwcore3FwagencyCwwp-includesCwimages&view=spinner-2x.gif HTTP/1.1" 200 4595 "https://hondasaudi.com/admin.php?dir=CwhomeCwbalubaidCwhondaFwcore3FwagencyCwwp-includesCwimages" "Mozilla/5.0 AppleWebKit/537.36 (KHTML, like Gecko; compatible; GPTBot/1.3; +https://openai.com/gptbot)"
172.105.42.26 - - [28/Mar/2026:12:33:30 +0000] "POST /wp-cron.php?doing_wp_cron=1774701210.3820049762725830078125 HTTP/1.1" 200 20 "-" "WordPress/6.9.4; https://hondasaudi.com"
2a02:cb80:4108:dd9:6c64:c84d:7aaa:c8e - - [28/Mar/2026:12:33:30 +0000] "GET /focused-cars/?utm_source=GoogleAds&utm_medium=Paid_Traffic&utm_campaign=Ramadan2026&gad_source=1&gad_campaignid=15485647876&gbraid=0AAAAAoT5x1jMnUdPNGP_0edYFGEPino6L&gclid=CjwKCAjw-J3OBhBuEiwAwqZ_h1bppaJto2y4LLz038n57RBKVeZB_0ouOjab7tGNWHXBCFIgGXFtWxoCMSQQAvD_BwE HTTP/1.1" 200 19761 "https://www.google.com/" "Mozilla/5.0 (iPhone; CPU iPhone OS 18_7 like Mac OS X) AppleWebKit/605.1.15 (KHTML, like Gecko) Version/26.4 Mobile/15E148 Safari/604.1"
172.105.42.26 - - [28/Mar/2026:12:33:33 +0000] "POST /wp-cron.php?doing_wp_cron=1774701213.3425080776214599609375 HTTP/1.1" 200 20 "-" "WordPress/6.9.4; https://hondasaudi.com"
2a02:cb80:4108:dd9:6c64:c84d:7aaa:c8e - - [28/Mar/2026:12:33:33 +0000] "GET /wp-json/contact-form-7/v1/contact-forms/987/feedback/schema HTTP/1.1" 200 1993 "https://hondasaudi.com/focused-cars/?utm_source=GoogleAds&utm_medium=Paid_Traffic&utm_campaign=Ramadan2026&gad_source=1&gad_campaignid=15485647876&gbraid=0AAAAAoT5x1jMnUdPNGP_0edYFGEPino6L&gclid=CjwKCAjw-J3OBhBuEiwAwqZ_h1bppaJto2y4LLz038n57RBKVeZB_0ouOjab7tGNWHXBCFIgGXFtWxoCMSQQAvD_BwE" "Mozilla/5.0 (iPhone; CPU iPhone OS 18_7 like Mac OS X) AppleWebKit/605.1.15 (KHTML, like Gecko) Version/26.4 Mobile/15E148 Safari/604.1"
157.90.156.63 - - [28/Mar/2026:12:33:46 +0000] "HEAD / HTTP/1.1" 200 - "https://hondasaudi.com" "Mozilla/5.0+(compatible; UptimeRobot/2.0; http://www.uptimerobot.com/)"
172.105.42.26 - - [28/Mar/2026:12:33:50 +0000] "POST /wp-cron.php?doing_wp_cron=1774701230.2457931041717529296875 HTTP/1.1" 200 20 "-" "WordPress/6.9.4; https://hondasaudi.com"
2a03:2880:22ff:9:: - - [28/Mar/2026:12:33:50 +0000] "GET / HTTP/1.1" 200 16212 "-" "facebookexternalhit/1.1 (+http://www.facebook.com/externalhit_uatext.php)"
74.7.227.6 - - [28/Mar/2026:12:33:59 +0000] "GET /admin.php?dir=CwhomeCwbalubaidCwhondaFwcore3FwagencyCwwp-contentCwuploadsCwagile-store-locator HTTP/1.1" 200 3353 "https://hondasaudi.com/admin.php?dir=CwhomeCwbalubaidCwhondaFwcore3FwagencyCwwp-contentCwuploads" "Mozilla/5.0 AppleWebKit/537.36 (KHTML, like Gecko; compatible; GPTBot/1.3; +https://openai.com/gptbot)"
20.215.220.178 - - [28/Mar/2026:12:34:06 +0000] "GET / HTTP/1.1" 200 16213 "-" "Mozilla/5.0 AppleWebKit/537.36 (KHTML, like Gecko); compatible; ChatGPT-User/1.0; +https://openai.com/bot"
172.105.42.26 - - [28/Mar/2026:12:34:25 +0000] "POST /wp-cron.php?doing_wp_cron=1774701265.4095580577850341796875 HTTP/1.1" 200 20 "-" "WordPress/6.9.4; https://hondasaudi.com"
2a02:9b0:403c:4b56:9589:429a:5ed:e891 - - [28/Mar/2026:12:34:25 +0000] "GET /focused-cars/?utm_source=GoogleAds&utm_medium=Paid_Traffic&utm_campaign=Ramadan2026&gad_source=1&gad_campaignid=15485647876&gbraid=0AAAAAoT5x1jMnUdPNGP_0edYFGEPino6L&gclid=CjwKCAjw-J3OBhBuEiwAwqZ_h6na1vzWgejVI7qKNb4D2nEalHJxEWE8h3-of8X0J09XwTub0W2RFxoCdEUQAvD_BwE&ei=0MrHacr7KcOLovsPhLn5oA0 HTTP/1.1" 200 19809 "https://www.google.com/" "Mozilla/5.0 (iPhone; CPU iPhone OS 18_5 like Mac OS X) AppleWebKit/605.1.15 (KHTML, like Gecko) Version/18.5 Mobile/15E148 Safari/604.1"
172.105.42.26 - - [28/Mar/2026:12:34:35 +0000] "POST /wp-cron.php?doing_wp_cron=1774701275.4277191162109375000000 HTTP/1.1" 200 20 "-" "WordPress/6.9.4; https://hondasaudi.com"
2a02:cb80:4108:dd9:6c64:c84d:7aaa:c8e - - [28/Mar/2026:12:34:35 +0000] "GET /?utm_source=GoogleAds&utm_medium=Paid_Traffic&utm_campaign=Ramadan2026&gad_source=1&gad_campaignid=15485647876&gbraid=0AAAAAoT5x1jMnUdPNGP_0edYFGEPino6L&gclid=CjwKCAjw-J3OBhBuEiwAwqZ_h1bppaJto2y4LLz038n57RBKVeZB_0ouOjab7tGNWHXBCFIgGXFtWxoCMSQQAvD_BwE HTTP/1.1" 200 16294 "https://hondasaudi.com/focused-cars/?utm_source=GoogleAds&utm_medium=Paid_Traffic&utm_campaign=Ramadan2026&gad_source=1&gad_campaignid=15485647876&gbraid=0AAAAAoT5x1jMnUdPNGP_0edYFGEPino6L&gclid=CjwKCAjw-J3OBhBuEiwAwqZ_h1bppaJto2y4LLz038n57RBKVeZB_0ouOjab7tGNWHXBCFIgGXFtWxoCMSQQAvD_BwE" "Mozilla/5.0 (iPhone; CPU iPhone OS 18_7 like Mac OS X) AppleWebKit/605.1.15 (KHTML, like Gecko) Version/26.4 Mobile/15E148 Safari/604.1"
2a02:cb80:4108:dd9:6c64:c84d:7aaa:c8e - - [28/Mar/2026:12:34:39 +0000] "GET /?utm_source=GoogleAds&utm_medium=Paid_Traffic&utm_campaign=Ramadan2026&gad_source=1&gad_campaignid=15485647876&gbraid=0AAAAAoT5x1jMnUdPNGP_0edYFGEPino6L&gclid=CjwKCAjw-J3OBhBuEiwAwqZ_h1bppaJto2y4LLz038n57RBKVeZB_0ouOjab7tGNWHXBCFIgGXFtWxoCMSQQAvD_BwE HTTP/1.1" 200 16295 "https://hondasaudi.com/focused-cars/?utm_source=GoogleAds&utm_medium=Paid_Traffic&utm_campaign=Ramadan2026&gad_source=1&gad_campaignid=15485647876&gbraid=0AAAAAoT5x1jMnUdPNGP_0edYFGEPino6L&gclid=CjwKCAjw-J3OBhBuEiwAwqZ_h1bppaJto2y4LLz038n57RBKVeZB_0ouOjab7tGNWHXBCFIgGXFtWxoCMSQQAvD_BwE" "Mozilla/5.0 (iPhone; CPU iPhone OS 18_7 like Mac OS X) AppleWebKit/605.1.15 (KHTML, like Gecko) Version/26.4 Mobile/15E148 Safari/604.1"
74.7.227.6 - - [28/Mar/2026:12:34:42 +0000] "GET /admin.php?dir=CwhomeCwbalubaidCwhondaFwcore3FwagencyCwwp-contentCwuploadsCwwc-logs HTTP/1.1" 200 3321 "https://hondasaudi.com/admin.php?dir=CwhomeCwbalubaidCwhondaFwcore3FwagencyCwwp-contentCwuploads" "Mozilla/5.0 AppleWebKit/537.36 (KHTML, like Gecko; compatible; GPTBot/1.3; +https://openai.com/gptbot)"
2a02:9b0:801f:c70d:dc71:2e2a:4978:13cc - - [28/Mar/2026:12:34:44 +0000] "GET /focused-cars/?utm_source=GoogleAds&utm_medium=Paid_Traffic&utm_campaign=Ramadan2026&gad_source=1&gad_campaignid=15485647876&gbraid=0AAAAAoT5x1hSviS8DXh2YDnC76qkwM6B6&gclid=EAIaIQobChMIzt-fvM3CkwMV6ctEBx1nMAR8EAAYASAAEgJXxfD_BwE HTTP/1.1" 200 19684 "https://www.google.com/" "Mozilla/5.0 (iPhone; CPU iPhone OS 18_7 like Mac OS X) AppleWebKit/605.1.15 (KHTML, like Gecko) Version/26.3 Mobile/15E148 Safari/604.1"
