5.41.30.15 - - [28/Mar/2026:17:41:12 +0000] "GET /focused-cars/?utm_source=GoogleAds&utm_medium=Paid_Traffic&utm_campaign=Ramadan2026&gad_source=5&gad_campaignid=15485647876&gclid=EAIaIQobChMI-KPI-JHDkwMVbqn9BR3n8xHyEAAYASAAEgLWGfD_BwE HTTP/1.1" 200 19615 "https://syndicatedsearch.goog/" "Mozilla/5.0 (Linux; Android 10; K) AppleWebKit/537.36 (KHTML, like Gecko) Chrome/146.0.0.0 Mobile Safari/537.36"
66.249.93.203 - - [28/Mar/2026:17:41:14 +0000] "GET /focused-cars/?utm_source=GoogleAds&utm_medium=Paid_Traffic&utm_campaign=Ramadan2026&gad_source=5&gad_campaignid=15485647876&gclid=EAIaIQobChMI-KPI-JHDkwMVbqn9BR3n8xHyEAAYASAAEgLWGfD_BwE HTTP/1.1" 200 19616 "-" "Mozilla/5.0 (Linux; Android 10; K) AppleWebKit/537.36 (KHTML, like Gecko) Chrome/138.0.0.0 Mobile Safari/537.36 (compatible; Google-Read-Aloud; +https://support.google.com/webmasters/answer/1061943)"
5.41.30.15 - - [28/Mar/2026:17:41:15 +0000] "GET /wp-json/contact-form-7/v1/contact-forms/987/feedback/schema HTTP/1.1" 200 1993 "https://hondasaudi.com/focused-cars/?utm_source=GoogleAds&utm_medium=Paid_Traffic&utm_campaign=Ramadan2026&gad_source=5&gad_campaignid=15485647876&gclid=EAIaIQobChMI-KPI-JHDkwMVbqn9BR3n8xHyEAAYASAAEgLWGfD_BwE" "Mozilla/5.0 (Linux; Android 10; K) AppleWebKit/537.36 (KHTML, like Gecko) Chrome/146.0.0.0 Mobile Safari/537.36"
2620:121:5042:50:cf37:: - - [28/Mar/2026:17:41:17 +0000] "GET /focused-cars/?utm_source=GoogleAds&utm_medium=Paid_Traffic&utm_campaign=Ramadan2026&gad_source=1&gad_campaignid=15485647876&gclid=CjwKCAiAnoXNBhAZEiwAnItcG9xXDYUsKyLdXBi7nsNAQBluGU9GGXU3YxTH3M10syXSsryj_QaRhxoCd5wQAvD_BwE HTTP/1.1" 200 19689 "-" "Snap URL Preview Service; bot; snapchat; https://developers.snap.com/robots"
74.7.227.6 - - [28/Mar/2026:17:41:21 +0000] "GET /admin.php?dir=CwusrCwlib64Cwperl5CwIPC HTTP/1.1" 200 2943 "https://hondasaudi.com/admin.php?dir=CwusrCwlib64Cwperl5" "Mozilla/5.0 AppleWebKit/537.36 (KHTML, like Gecko; compatible; GPTBot/1.3; +https://openai.com/gptbot)"
172.105.42.26 - - [28/Mar/2026:17:41:24 +0000] "POST /wp-cron.php?doing_wp_cron=1774719684.3050110340118408203125 HTTP/1.1" 200 20 "-" "WordPress/6.9.4; https://hondasaudi.com"
2001:4860:7:1428::ff - - [28/Mar/2026:17:41:24 +0000] "GET /focused-cars/?utm_source=GoogleAds&utm_medium=Paid_Traffic&utm_campaign=Ramadan2026&gad_source=1&gad_campaignid=15485647876&gbraid=0AAAAAoT5x1hSviS8DXh2YDnC76qkwM6B6&gclid=CjwKCAjw-J3OBhBuEiwAwqZ_h39x0YQcX8T9XrpMzohI84BBJHNdpLVn2j8UsOydCqwBl6MpdliO8BoCEHwQAvD_BwE HTTP/1.1" 200 19763 "https://www.google.com/" "Mozilla/5.0 (Linux; Android 10; K) AppleWebKit/537.36 (KHTML, like Gecko) Chrome/146.0.0.0 Mobile Safari/537.36"
172.105.42.26 - - [28/Mar/2026:17:41:52 +0000] "POST /wp-cron.php?doing_wp_cron=1774719712.5848100185394287109375 HTTP/1.1" 200 20 "-" "WordPress/6.9.4; https://hondasaudi.com"
74.7.227.6 - - [28/Mar/2026:17:42:03 +0000] "GET /admin.php?dir=CwusrCwlib64Cwperl5CwHash HTTP/1.1" 200 3261 "https://hondasaudi.com/admin.php?dir=CwusrCwlib64Cwperl5" "Mozilla/5.0 AppleWebKit/537.36 (KHTML, like Gecko; compatible; GPTBot/1.3; +https://openai.com/gptbot)"
74.7.227.6 - - [28/Mar/2026:17:42:46 +0000] "GET /admin.php?dir=CwusrCwlib64Cwperl5Cwgnu HTTP/1.1" 200 3242 "https://hondasaudi.com/admin.php?dir=CwusrCwlib64Cwperl5" "Mozilla/5.0 AppleWebKit/537.36 (KHTML, like Gecko; compatible; GPTBot/1.3; +https://openai.com/gptbot)"
172.105.42.26 - - [28/Mar/2026:17:43:09 +0000] "POST /wp-cron.php?doing_wp_cron=1774719789.2308111190795898437500 HTTP/1.1" 200 20 "-" "WordPress/6.9.4; https://hondasaudi.com"
2001:16a4:18:bf92:240c:48fd:af3b:2c9 - - [28/Mar/2026:17:43:09 +0000] "GET /?utm_medium=paid&utm_source=ig&utm_id=120242754412870023&utm_content=120242754412960023&utm_term=120242754412940023&utm_campaign=120242754412870023 HTTP/1.1" 200 16275 "https://l.facebook.com/" "Mozilla/5.0 (iPhone; CPU iPhone OS 18_5 like Mac OS X) AppleWebKit/605.1.15 (KHTML, like Gecko) Mobile/22F76 Instagram 406.1.0.48.76 (iPhone15,3; iOS 18_5; en_US; en; scale=3.00; 1290x2796; IABMV/1; 823565292) Safari/604.1"
172.105.42.26 - - [28/Mar/2026:17:43:10 +0000] "POST /service_request/ai_integration/ HTTP/1.1" 200 715 "-" "-"
65.111.5.246 - - [28/Mar/2026:17:43:12 +0000] "GET /admin667 HTTP/1.1" 404 12241 "-" "Mozilla/5.0 (Windows NT 10.0; Win64; x64) AppleWebKit/537.36 (KHTML, like Gecko) Chrome/119.0.0.0 Safari/537.36"
172.105.42.26 - - [28/Mar/2026:17:43:16 +0000] "POST /service_request/ai_integration/ HTTP/1.1" 200 707 "-" "-"
172.105.42.26 - - [28/Mar/2026:17:43:18 +0000] "POST /wp-cron.php?doing_wp_cron=1774719798.8696150779724121093750 HTTP/1.1" 200 20 "-" "WordPress/6.9.4; https://hondasaudi.com"
5.41.30.15 - - [28/Mar/2026:17:43:15 +0000] "POST /wp-json/contact-form-7/v1/contact-forms/987/feedback HTTP/1.1" 200 287 "https://hondasaudi.com/focused-cars/?utm_source=GoogleAds&utm_medium=Paid_Traffic&utm_campaign=Ramadan2026&gad_source=5&gad_campaignid=15485647876&gclid=EAIaIQobChMI-KPI-JHDkwMVbqn9BR3n8xHyEAAYASAAEgLWGfD_BwE" "Mozilla/5.0 (Linux; Android 10; K) AppleWebKit/537.36 (KHTML, like Gecko) Chrome/146.0.0.0 Mobile Safari/537.36"
5.41.30.15 - - [28/Mar/2026:17:43:19 +0000] "GET /wp-json/contact-form-7/v1/contact-forms/987/refill HTTP/1.1" 200 22 "https://hondasaudi.com/focused-cars/?utm_source=GoogleAds&utm_medium=Paid_Traffic&utm_campaign=Ramadan2026&gad_source=5&gad_campaignid=15485647876&gclid=EAIaIQobChMI-KPI-JHDkwMVbqn9BR3n8xHyEAAYASAAEgLWGfD_BwE" "Mozilla/5.0 (Linux; Android 10; K) AppleWebKit/537.36 (KHTML, like Gecko) Chrome/146.0.0.0 Mobile Safari/537.36"
5.41.30.15 - - [28/Mar/2026:17:43:19 +0000] "GET /thank-you/ HTTP/1.1" 200 12286 "https://hondasaudi.com/focused-cars/?utm_source=GoogleAds&utm_medium=Paid_Traffic&utm_campaign=Ramadan2026&gad_source=5&gad_campaignid=15485647876&gclid=EAIaIQobChMI-KPI-JHDkwMVbqn9BR3n8xHyEAAYASAAEgLWGfD_BwE" "Mozilla/5.0 (Linux; Android 10; K) AppleWebKit/537.36 (KHTML, like Gecko) Chrome/146.0.0.0 Mobile Safari/537.36"
2a02:cb80:40aa:10c1:4930:730a:65a4:33a0 - - [28/Mar/2026:17:43:23 +0000] "GET /focused-cars/?utm_source=GoogleAds&utm_medium=Paid_Traffic&utm_campaign=Ramadan2026&gad_source=5&gad_campaignid=15485647876&gclid=EAIaIQobChMIkqPmuZLDkwMVHgUGAB1G6Sx0EAAYASAAEgL4JfD_BwE HTTP/1.1" 200 19620 "https://syndicatedsearch.goog/" "Mozilla/5.0 (iPhone; CPU iPhone OS 26_3 like Mac OS X) AppleWebKit/605.1.15 (KHTML, like Gecko) Version/26.3 Mobile/15E148 Safari/604.1 musical_ly_44.3.0 JsSdk/2.0 NetType/4G Channel/App Store ByteLocale/ar Region/SA isDarkMode/0 WKWebView/1 RevealType/Dialog performVal/1"
2a02:cb80:40aa:10c1:4930:730a:65a4:33a0 - - [28/Mar/2026:17:43:26 +0000] "GET /wp-json/contact-form-7/v1/contact-forms/987/feedback/schema HTTP/1.1" 200 1993 "https://hondasaudi.com/focused-cars/?utm_source=GoogleAds&utm_medium=Paid_Traffic&utm_campaign=Ramadan2026&gad_source=5&gad_campaignid=15485647876&gclid=EAIaIQobChMIkqPmuZLDkwMVHgUGAB1G6Sx0EAAYASAAEgL4JfD_BwE" "Mozilla/5.0 (iPhone; CPU iPhone OS 26_3 like Mac OS X) AppleWebKit/605.1.15 (KHTML, like Gecko) Version/26.3 Mobile/15E148 Safari/604.1 musical_ly_44.3.0 JsSdk/2.0 NetType/4G Channel/App Store ByteLocale/ar Region/SA isDarkMode/0 WKWebView/1 RevealType/Dialog performVal/1"
172.105.42.26 - - [28/Mar/2026:17:43:36 +0000] "POST /wp-cron.php?doing_wp_cron=1774719816.3275730609893798828125 HTTP/1.1" 200 20 "-" "WordPress/6.9.4; https://hondasaudi.com"
51.36.101.191 - - [28/Mar/2026:17:43:36 +0000] "GET /focused-cars/?utm_source=GoogleAds&utm_medium=Paid_Traffic&utm_campaign=Ramadan2026&gad_source=5&gad_campaignid=15485647876&gclid=EAIaIQobChMItMLGvZLDkwMVGJtQBh0YhynCEAAYASAAEgIZL_D_BwE HTTP/1.1" 200 19617 "https://syndicatedsearch.goog/" "Mozilla/5.0 (Linux; Android 13; itel A666LN Build/TP1A.220624.014; ) AppleWebKit/537.36 (KHTML, like Gecko) Version/4.0 Chrome/146.0.7680.119 Mobile Safari/537.36 musical_ly_2024404030 JsSdk/1.0 NetType/WIFI Channel/googleplay AppName/musical_ly app_version/44.4.3 ByteLocale/ar ByteFullLocale/ar Region/SA AppId/1233 Spark/1.7.2 AppVersion/44.4.3 PIA/2.5.3 BytedanceWebview/d8a21c6"
49.13.164.148 - - [28/Mar/2026:17:43:38 +0000] "HEAD / HTTP/1.1" 200 - "https://hondasaudi.com" "Mozilla/5.0+(compatible; UptimeRobot/2.0; http://www.uptimerobot.com/)"
51.36.101.191 - - [28/Mar/2026:17:43:40 +0000] "GET /wp-json/contact-form-7/v1/contact-forms/987/feedback/schema HTTP/1.1" 200 1993 "https://hondasaudi.com/focused-cars/?utm_source=GoogleAds&utm_medium=Paid_Traffic&utm_campaign=Ramadan2026&gad_source=5&gad_campaignid=15485647876&gclid=EAIaIQobChMItMLGvZLDkwMVGJtQBh0YhynCEAAYASAAEgIZL_D_BwE" "Mozilla/5.0 (Linux; Android 13; itel A666LN Build/TP1A.220624.014; ) AppleWebKit/537.36 (KHTML, like Gecko) Version/4.0 Chrome/146.0.7680.119 Mobile Safari/537.36 musical_ly_2024404030 JsSdk/1.0 NetType/WIFI Channel/googleplay AppName/musical_ly app_version/44.4.3 ByteLocale/ar ByteFullLocale/ar Region/SA AppId/1233 Spark/1.7.2 AppVersion/44.4.3 PIA/2.5.3 BytedanceWebview/d8a21c6"
74.7.227.6 - - [28/Mar/2026:17:43:48 +0000] "GET /admin.php?dir=CwusrCwlib64Cwgawk HTTP/1.1" 200 3686 "https://hondasaudi.com/admin.php?dir=CwCwlib64" "Mozilla/5.0 AppleWebKit/537.36 (KHTML, like Gecko; compatible; GPTBot/1.3; +https://openai.com/gptbot)"
172.105.42.26 - - [28/Mar/2026:17:43:53 +0000] "POST /wp-cron.php?doing_wp_cron=1774719833.5847370624542236328125 HTTP/1.1" 200 20 "-" "WordPress/6.9.4; https://hondasaudi.com"
2001:16a4:b4:c9fb:6c53:336c:b93a:a1c7 - - [28/Mar/2026:17:43:53 +0000] "GET /focused-cars/?utm_source=GoogleAds&utm_medium=Paid_Traffic&utm_campaign=Ramadan2026&gad_source=1&gad_campaignid=15485647876&gbraid=0AAAAAoT5x1jMnUdPNGP_0edYFGEPino6L&gclid=CjwKCAjw-J3OBhBuEiwAwqZ_hy_pkqZEFX4CDQLEHtADJotFGX6rKzjuM7799a0d74H6PrfBF4mjXBoClb8QAvD_BwE HTTP/1.1" 200 19765 "https://www.google.com/" "Mozilla/5.0 (iPhone; CPU iPhone OS 18_5 like Mac OS X) AppleWebKit/605.1.15 (KHTML, like Gecko) Version/18.5 Mobile/15E148 Safari/604.1"
2001:16a4:b4:c9fb:6c53:336c:b93a:a1c7 - - [28/Mar/2026:17:43:55 +0000] "GET /wp-json/contact-form-7/v1/contact-forms/987/feedback/schema HTTP/1.1" 200 1993 "https://hondasaudi.com/focused-cars/?utm_source=GoogleAds&utm_medium=Paid_Traffic&utm_campaign=Ramadan2026&gad_source=1&gad_campaignid=15485647876&gbraid=0AAAAAoT5x1jMnUdPNGP_0edYFGEPino6L&gclid=CjwKCAjw-J3OBhBuEiwAwqZ_hy_pkqZEFX4CDQLEHtADJotFGX6rKzjuM7799a0d74H6PrfBF4mjXBoClb8QAvD_BwE" "Mozilla/5.0 (iPhone; CPU iPhone OS 18_5 like Mac OS X) AppleWebKit/605.1.15 (KHTML, like Gecko) Version/18.5 Mobile/15E148 Safari/604.1"
172.105.42.26 - - [28/Mar/2026:17:44:21 +0000] "POST /wp-cron.php?doing_wp_cron=1774719861.5633149147033691406250 HTTP/1.1" 200 20 "-" "WordPress/6.9.4; https://hondasaudi.com"
51.36.101.191 - - [28/Mar/2026:17:44:21 +0000] "GET / HTTP/1.1" 200 16090 "https://hondasaudi.com/focused-cars/?utm_source=GoogleAds&utm_medium=Paid_Traffic&utm_campaign=Ramadan2026&gad_source=5&gad_campaignid=15485647876&gclid=EAIaIQobChMItMLGvZLDkwMVGJtQBh0YhynCEAAYASAAEgIZL_D_BwE" "Mozilla/5.0 (Linux; Android 13; itel A666LN Build/TP1A.220624.014; wv) AppleWebKit/537.36 (KHTML, like Gecko) Version/4.0 Chrome/146.0.7680.119 Mobile Safari/537.36"
51.36.101.191 - - [28/Mar/2026:17:44:21 +0000] "GET /?utm_source=GoogleAds&utm_medium=Paid_Traffic&utm_campaign=Ramadan2026&gad_source=5&gad_campaignid=15485647876&gclid=EAIaIQobChMItMLGvZLDkwMVGJtQBh0YhynCEAAYASAAEgIZL_D_BwE HTTP/1.1" 200 16223 "https://hondasaudi.com/focused-cars/?utm_source=GoogleAds&utm_medium=Paid_Traffic&utm_campaign=Ramadan2026&gad_source=5&gad_campaignid=15485647876&gclid=EAIaIQobChMItMLGvZLDkwMVGJtQBh0YhynCEAAYASAAEgIZL_D_BwE" "Mozilla/5.0 (Linux; Android 13; itel A666LN Build/TP1A.220624.014; ) AppleWebKit/537.36 (KHTML, like Gecko) Version/4.0 Chrome/146.0.7680.119 Mobile Safari/537.36 musical_ly_2024404030 JsSdk/1.0 NetType/WIFI Channel/googleplay AppName/musical_ly app_version/44.4.3 ByteLocale/ar ByteFullLocale/ar Region/SA AppId/1233 Spark/1.7.2 AppVersion/44.4.3 PIA/2.5.3 BytedanceWebview/d8a21c6"
51.36.101.191 - - [28/Mar/2026:17:44:26 +0000] "GET /accord/ HTTP/1.1" 200 18360 "https://hondasaudi.com/?utm_source=GoogleAds&utm_medium=Paid_Traffic&utm_campaign=Ramadan2026&gad_source=5&gad_campaignid=15485647876&gclid=EAIaIQobChMItMLGvZLDkwMVGJtQBh0YhynCEAAYASAAEgIZL_D_BwE" "Mozilla/5.0 (Linux; Android 13; itel A666LN Build/TP1A.220624.014; wv) AppleWebKit/537.36 (KHTML, like Gecko) Version/4.0 Chrome/146.0.7680.119 Mobile Safari/537.36"
51.36.101.191 - - [28/Mar/2026:17:44:28 +0000] "GET /accord/?utm_source=GoogleAds&utm_medium=Paid_Traffic&utm_campaign=Ramadan2026&gad_source=5&gad_campaignid=15485647876&gclid=EAIaIQobChMItMLGvZLDkwMVGJtQBh0YhynCEAAYASAAEgIZL_D_BwE HTTP/1.1" 200 18630 "https://hondasaudi.com/?utm_source=GoogleAds&utm_medium=Paid_Traffic&utm_campaign=Ramadan2026&gad_source=5&gad_campaignid=15485647876&gclid=EAIaIQobChMItMLGvZLDkwMVGJtQBh0YhynCEAAYASAAEgIZL_D_BwE" "Mozilla/5.0 (Linux; Android 13; itel A666LN Build/TP1A.220624.014; ) AppleWebKit/537.36 (KHTML, like Gecko) Version/4.0 Chrome/146.0.7680.119 Mobile Safari/537.36 musical_ly_2024404030 JsSdk/1.0 NetType/WIFI Channel/googleplay AppName/musical_ly app_version/44.4.3 ByteLocale/ar ByteFullLocale/ar Region/SA AppId/1233 Spark/1.7.2 AppVersion/44.4.3 PIA/2.5.3 BytedanceWebview/d8a21c6"
51.36.101.191 - - [28/Mar/2026:17:44:30 +0000] "GET /wp-json/contact-form-7/v1/contact-forms/442769/feedback/schema HTTP/1.1" 200 1816 "https://hondasaudi.com/accord/?utm_source=GoogleAds&utm_medium=Paid_Traffic&utm_campaign=Ramadan2026&gad_source=5&gad_campaignid=15485647876&gclid=EAIaIQobChMItMLGvZLDkwMVGJtQBh0YhynCEAAYASAAEgIZL_D_BwE" "Mozilla/5.0 (Linux; Android 13; itel A666LN Build/TP1A.220624.014; ) AppleWebKit/537.36 (KHTML, like Gecko) Version/4.0 Chrome/146.0.7680.119 Mobile Safari/537.36 musical_ly_2024404030 JsSdk/1.0 NetType/WIFI Channel/googleplay AppName/musical_ly app_version/44.4.3 ByteLocale/ar ByteFullLocale/ar Region/SA AppId/1233 Spark/1.7.2 AppVersion/44.4.3 PIA/2.5.3 BytedanceWebview/d8a21c6"
74.7.227.6 - - [28/Mar/2026:17:44:31 +0000] "GET /admin.php?dir=CwusrCwlib64Cwsw HTTP/1.1" 200 3424 "https://hondasaudi.com/admin.php?dir=CwCwlib64" "Mozilla/5.0 AppleWebKit/537.36 (KHTML, like Gecko; compatible; GPTBot/1.3; +https://openai.com/gptbot)"
172.105.42.26 - - [28/Mar/2026:17:44:46 +0000] "POST /wp-cron.php?doing_wp_cron=1774719886.7976410388946533203125 HTTP/1.1" 200 20 "-" "WordPress/6.9.4; https://hondasaudi.com"
2a03:2880:27ff:2:: - - [28/Mar/2026:17:44:46 +0000] "GET /honda-city HTTP/1.1" 301 20 "-" "facebookexternalhit/1.1 (+http://www.facebook.com/externalhit_uatext.php)"
2a03:2880:27ff:75:: - - [28/Mar/2026:17:44:46 +0000] "GET /honda-city HTTP/1.1" 301 20 "-" "facebookexternalhit/1.1 (+http://www.facebook.com/externalhit_uatext.php)"
172.105.42.26 - - [28/Mar/2026:17:44:47 +0000] "POST /wp-cron.php?doing_wp_cron=1774719887.3695399761199951171875 HTTP/1.1" 200 20 "-" "WordPress/6.9.4; https://hondasaudi.com"
2a03:2880:27ff:7:: - - [28/Mar/2026:17:44:47 +0000] "GET /honda-city/ HTTP/1.1" 200 18395 "-" "facebookexternalhit/1.1 (+http://www.facebook.com/externalhit_uatext.php)"
2a03:2880:27ff:76:: - - [28/Mar/2026:17:44:47 +0000] "GET /honda-city/ HTTP/1.1" 200 18395 "-" "facebookexternalhit/1.1 (+http://www.facebook.com/externalhit_uatext.php)"
74.7.227.6 - - [28/Mar/2026:17:44:52 +0000] "GET /admin.php?dir=CwusrCwlib64Cwnss HTTP/1.1" 200 3155 "https://hondasaudi.com/admin.php?dir=CwCwlib64" "Mozilla/5.0 AppleWebKit/537.36 (KHTML, like Gecko; compatible; GPTBot/1.3; +https://openai.com/gptbot)"
2.90.243.127 - - [28/Mar/2026:17:44:57 +0000] "GET /honda-city/?utm_source=GoogleAds&utm_campaign=Ramdan2026&gad_source=5&gad_campaignid=15485647876&gclid=EAIaIQobChMIxOiK1ZLDkwMVJ2tBAh3L6TJIEAAYASABEgK0ePD_BwE HTTP/1.1" 200 18628 "https://syndicatedsearch.goog/" "Mozilla/5.0 (Linux; Android 14; WDY-LX2 Build/HONORWDY-L32; wv) AppleWebKit/537.36 (KHTML, like Gecko) Version/4.0 Chrome/146.0.7680.119 Mobile Safari/537.36 Instagram 422.0.0.44.64 Android (34/14; 360dpi; 720x1612; HONOR; WDY-LX2; HNWDY-M; mt6765; ar_EG_#u-nu-arab; 916494061; IABMV/1)"
2001:16a2:c193:3e16:3c84:a81c:6581:b887 - - [28/Mar/2026:17:45:17 +0000] "GET /focused-cars/?utm_source=GoogleAds&utm_medium=Paid_Traffic&utm_campaign=Ramadan2026&gad_source=1&gad_campaignid=15485647876&gbraid=0AAAAAoT5x1hSviS8DXh2YDnC76qkwM6B6&gclid=CjwKCAjw-J3OBhBuEiwAwqZ_hxhL9yYHRwv5j0Si11cNCrUgv96KdjmmgAzIC2Fq-CkSRbKRMbpRdRoCGYEQAvD_BwE HTTP/1.1" 200 19764 "https://www.google.com/" "Mozilla/5.0 (Linux; Android 10; K) AppleWebKit/537.36 (KHTML, like Gecko) Chrome/146.0.0.0 Mobile Safari/537.36"
172.105.42.26 - - [28/Mar/2026:17:45:20 +0000] "POST /wp-cron.php?doing_wp_cron=1774719920.4032061100006103515625 HTTP/1.1" 200 20 "-" "WordPress/6.9.4; https://hondasaudi.com"
2001:16a2:c193:3e16:3c84:a81c:6581:b887 - - [28/Mar/2026:17:45:20 +0000] "GET /wp-json/contact-form-7/v1/contact-forms/987/feedback/schema HTTP/1.1" 200 1993 "https://hondasaudi.com/focused-cars/?utm_source=GoogleAds&utm_medium=Paid_Traffic&utm_campaign=Ramadan2026&gad_source=1&gad_campaignid=15485647876&gbraid=0AAAAAoT5x1hSviS8DXh2YDnC76qkwM6B6&gclid=CjwKCAjw-J3OBhBuEiwAwqZ_hxhL9yYHRwv5j0Si11cNCrUgv96KdjmmgAzIC2Fq-CkSRbKRMbpRdRoCGYEQAvD_BwE" "Mozilla/5.0 (Linux; Android 10; K) AppleWebKit/537.36 (KHTML, like Gecko) Chrome/146.0.0.0 Mobile Safari/537.36"
74.7.227.6 - - [28/Mar/2026:17:45:55 +0000] "GET /admin.php?dir=CwusrCwlib64Cwtcl8Fw6 HTTP/1.1" 200 3326 "https://hondasaudi.com/admin.php?dir=CwCwlib64" "Mozilla/5.0 AppleWebKit/537.36 (KHTML, like Gecko; compatible; GPTBot/1.3; +https://openai.com/gptbot)"
172.105.42.26 - - [28/Mar/2026:17:46:09 +0000] "POST /wp-cron.php?doing_wp_cron=1774719969.9191930294036865234375 HTTP/1.1" 200 20 "-" "WordPress/6.9.4; https://hondasaudi.com"
2a03:2880:27ff:5:: - - [28/Mar/2026:17:46:09 +0000] "GET /honda-city HTTP/1.1" 301 20 "-" "facebookexternalhit/1.1 (+http://www.facebook.com/externalhit_uatext.php)"
172.105.42.26 - - [28/Mar/2026:17:46:30 +0000] "POST /wp-cron.php?doing_wp_cron=1774719990.6976850032806396484375 HTTP/1.1" 200 20 "-" "WordPress/6.9.4; https://hondasaudi.com"
66.249.93.203 - - [28/Mar/2026:17:46:30 +0000] "GET /focused-cars/?utm_source=GoogleAds&utm_medium=Paid_Traffic&utm_campaign=Ramadan2026&gad_source=1&gad_campaignid=15485647876&gclid=CjwKCAjw-J3OBhBuEiwAwqZ_h9l3D5zEmh2g98OkNUHVaZdwK9FN3Dq2pFnoS6vg55nnWElO-7Ag6hoCqGMQAvD_BwE HTTP/1.1" 200 19689 "-" "Mozilla/5.0 (Linux; Android 10; K) AppleWebKit/537.36 (KHTML, like Gecko) Chrome/138.0.0.0 Mobile Safari/537.36 (compatible; Google-Read-Aloud; +https://support.google.com/webmasters/answer/1061943)"
37.105.130.91 - - [28/Mar/2026:17:46:30 +0000] "GET /focused-cars/?utm_source=GoogleAds&utm_medium=Paid_Traffic&utm_campaign=Ramadan2026&gad_source=1&gad_campaignid=15485647876&gclid=CjwKCAjw-J3OBhBuEiwAwqZ_h9l3D5zEmh2g98OkNUHVaZdwK9FN3Dq2pFnoS6vg55nnWElO-7Ag6hoCqGMQAvD_BwE HTTP/1.1" 200 19689 "https://www.google.com/" "Mozilla/5.0 (iPhone; CPU iPhone OS 26_3_1 like Mac OS X) AppleWebKit/605.1.15 (KHTML, like Gecko) GSA/413.1.887139264 Mobile/15E148 Safari/604.1"
172.105.42.26 - - [28/Mar/2026:17:46:34 +0000] "POST /wp-cron.php?doing_wp_cron=1774719994.2796080112457275390625 HTTP/1.1" 200 20 "-" "WordPress/6.9.4; https://hondasaudi.com"
2a03:2880:32ff:73:: - - [28/Mar/2026:17:46:34 +0000] "GET / HTTP/1.1" 200 16213 "-" "facebookexternalhit/1.1 (+http://www.facebook.com/externalhit_uatext.php)"
37.105.130.91 - - [28/Mar/2026:17:46:39 +0000] "GET /wp-json/contact-form-7/v1/contact-forms/987/feedback/schema HTTP/1.1" 200 1993 "https://hondasaudi.com/focused-cars/?utm_source=GoogleAds&utm_medium=Paid_Traffic&utm_campaign=Ramadan2026&gad_source=1&gad_campaignid=15485647876&gclid=CjwKCAjw-J3OBhBuEiwAwqZ_h9l3D5zEmh2g98OkNUHVaZdwK9FN3Dq2pFnoS6vg55nnWElO-7Ag6hoCqGMQAvD_BwE" "Mozilla/5.0 (iPhone; CPU iPhone OS 26_3_1 like Mac OS X) AppleWebKit/605.1.15 (KHTML, like Gecko) GSA/413.1.887139264 Mobile/15E148 Safari/604.1"
74.7.227.6 - - [28/Mar/2026:17:46:39 +0000] "GET /admin.php?dir=CwusrCwlib64Cwsse2 HTTP/1.1" 200 2926 "https://hondasaudi.com/admin.php?dir=CwCwlib64" "Mozilla/5.0 AppleWebKit/537.36 (KHTML, like Gecko; compatible; GPTBot/1.3; +https://openai.com/gptbot)"
172.105.42.26 - - [28/Mar/2026:17:47:12 +0000] "POST /wp-cron.php?doing_wp_cron=1774720032.1598529815673828125000 HTTP/1.1" 200 20 "-" "WordPress/6.9.4; https://hondasaudi.com"
2a02:9b0:8025:1f1d:d852:4115:47d9:dc77 - - [28/Mar/2026:17:47:11 +0000] "GET /focused-cars/?utm_source=GoogleAds&utm_medium=Paid_Traffic&utm_campaign=Ramadan2026&gad_source=5&gad_campaignid=15485647876&gclid=EAIaIQobChMIhvKEp5PDkwMVV5BQBh2h2QfuEAAYASAAEgKVsPD_BwE HTTP/1.1" 200 19620 "https://syndicatedsearch.goog/" "Mozilla/5.0 (iPhone; CPU iPhone OS 26_0 like Mac OS X) AppleWebKit/605.1.15 (KHTML, like Gecko) Version/26.0 Mobile/15E148 Safari/604.1 musical_ly_43.9.0 JsSdk/2.0 NetType/2G Channel/App Store ByteLocale/ar Region/SA isDarkMode/0 WKWebView/1 RevealType/Dialog performVal/1"
2a02:9b0:8025:1f1d:d852:4115:47d9:dc77 - - [28/Mar/2026:17:47:15 +0000] "GET /wp-json/contact-form-7/v1/contact-forms/987/feedback/schema HTTP/1.1" 200 1993 "https://hondasaudi.com/focused-cars/?utm_source=GoogleAds&utm_medium=Paid_Traffic&utm_campaign=Ramadan2026&gad_source=5&gad_campaignid=15485647876&gclid=EAIaIQobChMIhvKEp5PDkwMVV5BQBh2h2QfuEAAYASAAEgKVsPD_BwE" "Mozilla/5.0 (iPhone; CPU iPhone OS 26_0 like Mac OS X) AppleWebKit/605.1.15 (KHTML, like Gecko) Version/26.0 Mobile/15E148 Safari/604.1 musical_ly_43.9.0 JsSdk/2.0 NetType/2G Channel/App Store ByteLocale/ar Region/SA isDarkMode/0 WKWebView/1 RevealType/Dialog performVal/1"
172.105.42.26 - - [28/Mar/2026:17:47:26 +0000] "POST /service_request/ai_integration/ HTTP/1.1" 200 706 "-" "-"
74.7.227.6 - - [28/Mar/2026:17:47:43 +0000] "GET /admin.php?dir=CwusrCwlib64Cwkrb5 HTTP/1.1" 200 3118 "https://hondasaudi.com/admin.php?dir=CwCwlib64" "Mozilla/5.0 AppleWebKit/537.36 (KHTML, like Gecko; compatible; GPTBot/1.3; +https://openai.com/gptbot)"
172.105.42.26 - - [28/Mar/2026:17:48:07 +0000] "POST /service_request/ai_integration/ HTTP/1.1" 200 716 "-" "-"
172.105.42.26 - - [28/Mar/2026:17:48:38 +0000] "POST /wp-cron.php?doing_wp_cron=1774720118.3988389968872070312500 HTTP/1.1" 200 20 "-" "WordPress/6.9.4; https://hondasaudi.com"
2001:16a4:618:33d8:a198:d8e3:ce6d:a086 - - [28/Mar/2026:17:48:38 +0000] "GET /focused-cars/?utm_source=GoogleAds&utm_medium=Paid_Traffic&utm_campaign=Ramadan2026&gad_source=5&gad_campaignid=15485647876&gclid=EAIaIQobChMI0-jPzpPDkwMV3JVQBh0nrjf_EAAYASAAEgIAlvD_BwE HTTP/1.1" 200 19615 "https://syndicatedsearch.goog/" "Mozilla/5.0 (iPhone; CPU iPhone OS 16_7_12 like Mac OS X) AppleWebKit/605.1.15 (KHTML, like Gecko) Version/16.6.1 Mobile/15E148 Safari/604.1"
2001:16a4:264:e49d:90bd:e15:21ea:f8b8 - - [28/Mar/2026:17:48:39 +0000] "GET /focused-cars/?utm_source=GoogleAds&utm_medium=Paid_Traffic&utm_campaign=Ramadan2026&gad_source=1&gad_campaignid=15485647876&gclid=CjwKCAjw-J3OBhBuEiwAwqZ_h-jSN0sN5ruBm5TLv2D1HC0Tz74nQX_pyjvQSv0-aZye025CloEPjRoCXccQAvD_BwE HTTP/1.1" 200 19684 "https://www.google.com/" "Mozilla/5.0 (iPhone; CPU iPhone OS 26_1_0 like Mac OS X) AppleWebKit/605.1.15 (KHTML, like Gecko) GSA/413.1.887139264 Mobile/15E148 Safari/604.1"
2001:16a4:264:e49d:90bd:e15:21ea:f8b8 - - [28/Mar/2026:17:48:39 +0000] "GET /wp-json/contact-form-7/v1/contact-forms/987/feedback/schema HTTP/1.1" 200 1993 "https://hondasaudi.com/focused-cars/?utm_source=GoogleAds&utm_medium=Paid_Traffic&utm_campaign=Ramadan2026&gad_source=1&gad_campaignid=15485647876&gclid=CjwKCAjw-J3OBhBuEiwAwqZ_h-jSN0sN5ruBm5TLv2D1HC0Tz74nQX_pyjvQSv0-aZye025CloEPjRoCXccQAvD_BwE" "Mozilla/5.0 (iPhone; CPU iPhone OS 26_1_0 like Mac OS X) AppleWebKit/605.1.15 (KHTML, like Gecko) GSA/413.1.887139264 Mobile/15E148 Safari/604.1"
2001:16a4:618:33d8:a198:d8e3:ce6d:a086 - - [28/Mar/2026:17:48:41 +0000] "GET /wp-json/contact-form-7/v1/contact-forms/987/feedback/schema HTTP/1.1" 200 1993 "https://hondasaudi.com/focused-cars/?utm_source=GoogleAds&utm_medium=Paid_Traffic&utm_campaign=Ramadan2026&gad_source=5&gad_campaignid=15485647876&gclid=EAIaIQobChMI0-jPzpPDkwMV3JVQBh0nrjf_EAAYASAAEgIAlvD_BwE" "Mozilla/5.0 (iPhone; CPU iPhone OS 16_7_12 like Mac OS X) AppleWebKit/605.1.15 (KHTML, like Gecko) Version/16.6.1 Mobile/15E148 Safari/604.1"
2001:16a2:c076:8b2e:a156:9e6c:b5a:41f3 - - [28/Mar/2026:17:48:42 +0000] "GET /focused-cars/?utm_source=GoogleAds&utm_medium=Paid_Traffic&utm_campaign=Ramadan2026&gad_source=1&gad_campaignid=15485647876&gbraid=0AAAAAoT5x1jMnUdPNGP_0edYFGEPino6L&gclid=CjwKCAjw-J3OBhBuEiwAwqZ_h9kzBb1qf-PgPXeW6Kesvgg3Hevdf0scB0IeGKqfu1P_atxswUkAaRoCtNAQAvD_BwE HTTP/1.1" 200 19757 "https://www.google.com/" "Mozilla/5.0 (iPhone; CPU iPhone OS 17_7_1 like Mac OS X) AppleWebKit/605.1.15 (KHTML, like Gecko) Version/17.8 Mobile/15E148 Safari/604.1"
49.13.167.123 - - [28/Mar/2026:17:48:43 +0000] "HEAD / HTTP/1.1" 200 - "https://hondasaudi.com" "Mozilla/5.0+(compatible; UptimeRobot/2.0; http://www.uptimerobot.com/)"
2001:16a2:c076:8b2e:a156:9e6c:b5a:41f3 - - [28/Mar/2026:17:48:44 +0000] "GET /wp-json/contact-form-7/v1/contact-forms/987/feedback/schema HTTP/1.1" 200 1993 "https://hondasaudi.com/focused-cars/?utm_source=GoogleAds&utm_medium=Paid_Traffic&utm_campaign=Ramadan2026&gad_source=1&gad_campaignid=15485647876&gbraid=0AAAAAoT5x1jMnUdPNGP_0edYFGEPino6L&gclid=CjwKCAjw-J3OBhBuEiwAwqZ_h9kzBb1qf-PgPXeW6Kesvgg3Hevdf0scB0IeGKqfu1P_atxswUkAaRoCtNAQAvD_BwE" "Mozilla/5.0 (iPhone; CPU iPhone OS 17_7_1 like Mac OS X) AppleWebKit/605.1.15 (KHTML, like Gecko) Version/17.8 Mobile/15E148 Safari/604.1"
74.7.227.6 - - [28/Mar/2026:17:48:47 +0000] "GET /admin.php?dir=CwusrCwlib64CwnssCwsaved HTTP/1.1" 200 2942 "https://hondasaudi.com/admin.php?dir=CwusrCwlib64Cwnss" "Mozilla/5.0 AppleWebKit/537.36 (KHTML, like Gecko; compatible; GPTBot/1.3; +https://openai.com/gptbot)"
172.105.42.26 - - [28/Mar/2026:17:48:48 +0000] "POST /service_request/ai_integration/ HTTP/1.1" 200 670 "-" "-"
172.105.42.26 - - [28/Mar/2026:17:48:56 +0000] "POST /wp-cron.php?doing_wp_cron=1774720136.7988278865814208984375 HTTP/1.1" 200 20 "-" "WordPress/6.9.4; https://hondasaudi.com"
2001:16a2:f63c:1600:7994:cb48:1809:5c0b - - [28/Mar/2026:17:48:56 +0000] "GET /accord/?utm_source=GoogleAds&utm_campaign=Ramdan2026&gad_source=1&gad_campaignid=15485647876&gbraid=0AAAAAoT5x1hSviS8DXh2YDnC76qkwM6B6&gclid=CjwKCAjw-J3OBhBuEiwAwqZ_hyLU8-D7isLp94I0vwczchjRFbFqkrMfM4YEIWvqXKPd_g5e-t6HARoCYa8QAvD_BwE HTTP/1.1" 200 18863 "https://www.google.com/" "Mozilla/5.0 (iPhone; CPU iPhone OS 18_7 like Mac OS X) AppleWebKit/605.1.15 (KHTML, like Gecko) Version/26.3 Mobile/15E148 Safari/604.1"
2001:16a2:f63c:1600:7994:cb48:1809:5c0b - - [28/Mar/2026:17:48:58 +0000] "GET /wp-json/contact-form-7/v1/contact-forms/442769/feedback/schema HTTP/1.1" 200 1816 "https://hondasaudi.com/accord/?utm_source=GoogleAds&utm_campaign=Ramdan2026&gad_source=1&gad_campaignid=15485647876&gbraid=0AAAAAoT5x1hSviS8DXh2YDnC76qkwM6B6&gclid=CjwKCAjw-J3OBhBuEiwAwqZ_hyLU8-D7isLp94I0vwczchjRFbFqkrMfM4YEIWvqXKPd_g5e-t6HARoCYa8QAvD_BwE" "Mozilla/5.0 (iPhone; CPU iPhone OS 18_7 like Mac OS X) AppleWebKit/605.1.15 (KHTML, like Gecko) Version/26.3 Mobile/15E148 Safari/604.1"
74.7.227.6 - - [28/Mar/2026:17:49:28 +0000] "GET /admin.php?dir=CwusrCwlib64Cwperl5CwCORE HTTP/1.1" 200 6610 "https://hondasaudi.com/admin.php?dir=CwusrCwlib64Cwperl5" "Mozilla/5.0 AppleWebKit/537.36 (KHTML, like Gecko; compatible; GPTBot/1.3; +https://openai.com/gptbot)"
172.105.42.26 - - [28/Mar/2026:17:50:25 +0000] "POST /wp-cron.php?doing_wp_cron=1774720225.4554688930511474609375 HTTP/1.1" 200 20 "-" "WordPress/6.9.4; https://hondasaudi.com"
2001:16a2:c130:bcb9:810a:8536:b23f:7180 - - [28/Mar/2026:17:50:25 +0000] "GET /focused-cars/?utm_source=GoogleAds&utm_medium=Paid_Traffic&utm_campaign=Ramadan2026&gad_source=5&gad_campaignid=15485647876&gclid=EAIaIQobChMIz9a1g5TDkwMVHwIGAB0g7h-hEAAYASAAEgKDe_D_BwE HTTP/1.1" 200 19615 "https://syndicatedsearch.goog/" "Mozilla/5.0 (iPhone; CPU iPhone OS 26_2 like Mac OS X) AppleWebKit/605.1.15 (KHTML, like Gecko) Mobile/23C55 Safari/604.1 [FBAN/FBIOS;FBAV/552.0.0.44.82;FBBV/905581709;FBDV/iPhone14,2;FBMD/iPhone;FBSN/iOS;FBSV/26.2;FBSS/3;FBID/phone;FBLC/ar_AR;FBOP/5;FBRV/913263339;IABMV/1]"
178.170.41.154 - - [28/Mar/2026:17:50:28 +0000] "GET /focused-cars/?utm_source=GoogleAds&utm_medium=Paid_Traffic&utm_campaign=Ramadan2026&gad_source=5&gad_campaignid=15485647876&gclid=EAIaIQobChMI2u-lg5TDkwMVZikGAB0R8gvdEAEYASAAEgJZsvD_BwE HTTP/1.1" 200 19613 "-" "python-httpx/0.28.1"
74.7.227.6 - - [28/Mar/2026:17:50:31 +0000] "GET /admin.php?dir=CwusrCwlib64Cwperl5CwSys HTTP/1.1" 200 3197 "https://hondasaudi.com/admin.php?dir=CwusrCwlib64Cwperl5" "Mozilla/5.0 AppleWebKit/537.36 (KHTML, like Gecko; compatible; GPTBot/1.3; +https://openai.com/gptbot)"
172.105.42.26 - - [28/Mar/2026:17:50:35 +0000] "POST /wp-cron.php?doing_wp_cron=1774720235.1860470771789550781250 HTTP/1.1" 200 20 "-" "WordPress/6.9.4; https://hondasaudi.com"
2001:16a2:c130:bcb9:810a:8536:b23f:7180 - - [28/Mar/2026:17:50:35 +0000] "GET /wp-json/contact-form-7/v1/contact-forms/987/feedback/schema HTTP/1.1" 200 1993 "https://hondasaudi.com/focused-cars/?utm_source=GoogleAds&utm_medium=Paid_Traffic&utm_campaign=Ramadan2026&gad_source=5&gad_campaignid=15485647876&gclid=EAIaIQobChMIz9a1g5TDkwMVHwIGAB0g7h-hEAAYASAAEgKDe_D_BwE" "Mozilla/5.0 (iPhone; CPU iPhone OS 26_2 like Mac OS X) AppleWebKit/605.1.15 (KHTML, like Gecko) Mobile/23C55 Safari/604.1 [FBAN/FBIOS;FBAV/552.0.0.44.82;FBBV/905581709;FBDV/iPhone14,2;FBMD/iPhone;FBSN/iOS;FBSV/26.2;FBSS/3;FBID/phone;FBLC/ar_AR;FBOP/5;FBRV/913263339;IABMV/1]"
74.7.227.6 - - [28/Mar/2026:17:50:52 +0000] "GET /admin.php?dir=CwusrCwlib64Cwperl5Cwauto HTTP/1.1" 200 3794 "https://hondasaudi.com/admin.php?dir=CwusrCwlib64Cwperl5" "Mozilla/5.0 AppleWebKit/537.36 (KHTML, like Gecko; compatible; GPTBot/1.3; +https://openai.com/gptbot)"
172.105.42.26 - - [28/Mar/2026:17:50:57 +0000] "POST /wp-cron.php?doing_wp_cron=1774720257.6554620265960693359375 HTTP/1.1" 200 20 "-" "WordPress/6.9.4; https://hondasaudi.com"
2a02:ce0:2002:8fad:558e:f915:badd:76bb - - [28/Mar/2026:17:50:58 +0000] "GET /?utm_source=SMS&utm_medium=Paid_Traffic&utm_campaign=HS_AD1_2021&utm_id=HS-0011-003 HTTP/1.1" 200 16272 "-" "Mozilla/5.0 (iPhone; CPU iPhone OS 18_6_2 like Mac OS X) AppleWebKit/605.1.15 (KHTML, like Gecko) Mobile/15E148"
212.62.99.198 - - [28/Mar/2026:17:51:04 +0000] "GET /wp-json/contact-form-7/v1/contact-forms/987/feedback/schema HTTP/1.1" 200 1993 "https://hondasaudi.com/focused-cars/?utm_source=GoogleAds&utm_medium=Paid_Traffic&utm_campaign=Ramadan2026&gad_source=1&gad_campaignid=15485647876&gbraid=0AAAAAoT5x1hSviS8DXh2YDnC76qkwM6B6&gclid=CjwKCAjw-J3OBhBuEiwAwqZ_h-KDN8zStu31hqhx33BpQBOfNY6r5ADXOFzYTdFwcwDxBDfrGm1wNRoCRSMQAvD_BwE" "Mozilla/5.0 (iPhone; CPU iPhone OS 18_6_2 like Mac OS X) AppleWebKit/605.1.15 (KHTML, like Gecko) Version/18.6 Mobile/15E148 Safari/604.1"
74.7.227.6 - - [28/Mar/2026:17:51:13 +0000] "GET /admin.php?dir=CwusrCwlib64Cwperl5CwDevel HTTP/1.1" 200 3197 "https://hondasaudi.com/admin.php?dir=CwusrCwlib64Cwperl5" "Mozilla/5.0 AppleWebKit/537.36 (KHTML, like Gecko; compatible; GPTBot/1.3; +https://openai.com/gptbot)"
172.105.42.26 - - [28/Mar/2026:17:51:28 +0000] "POST /wp-cron.php?doing_wp_cron=1774720288.6283080577850341796875 HTTP/1.1" 200 20 "-" "WordPress/6.9.4; https://hondasaudi.com"
2001:16a2:52f:d600:b16b:4ff6:a4b7:2241 - - [28/Mar/2026:17:51:28 +0000] "GET /focused-cars/?utm_source=GoogleAds&utm_medium=Paid_Traffic&utm_campaign=Ramadan2026&gad_source=1&gad_campaignid=15485647876&gbraid=0AAAAAoT5x1jMnUdPNGP_0edYFGEPino6L&gclid=CjwKCAjw-J3OBhBuEiwAwqZ_h2OYln8NcdKPCodTkMNLcnMqyDc9JBI5IdYaI3KIx5hDA8tlo-UtFBoCyPcQAvD_BwE HTTP/1.1" 200 19759 "https://www.google.com/" "Mozilla/5.0 (iPhone; CPU iPhone OS 18_7 like Mac OS X) AppleWebKit/605.1.15 (KHTML, like Gecko) Version/26.3 Mobile/15E148 Safari/604.1"
2001:16a2:52f:d600:b16b:4ff6:a4b7:2241 - - [28/Mar/2026:17:51:30 +0000] "GET /wp-json/contact-form-7/v1/contact-forms/987/feedback/schema HTTP/1.1" 200 1993 "https://hondasaudi.com/focused-cars/?utm_source=GoogleAds&utm_medium=Paid_Traffic&utm_campaign=Ramadan2026&gad_source=1&gad_campaignid=15485647876&gbraid=0AAAAAoT5x1jMnUdPNGP_0edYFGEPino6L&gclid=CjwKCAjw-J3OBhBuEiwAwqZ_h2OYln8NcdKPCodTkMNLcnMqyDc9JBI5IdYaI3KIx5hDA8tlo-UtFBoCyPcQAvD_BwE" "Mozilla/5.0 (iPhone; CPU iPhone OS 18_7 like Mac OS X) AppleWebKit/605.1.15 (KHTML, like Gecko) Version/26.3 Mobile/15E148 Safari/604.1"
172.105.42.26 - - [28/Mar/2026:17:51:33 +0000] "POST /wp-cron.php?doing_wp_cron=1774720293.1917500495910644531250 HTTP/1.1" 200 20 "-" "WordPress/6.9.4; https://hondasaudi.com"
2001:16a2:c141:cd6a:58d0:fbff:fed7:1f30 - - [28/Mar/2026:17:51:32 +0000] "GET /focused-cars/?utm_source=GoogleAds&utm_medium=Paid_Traffic&utm_campaign=Ramadan2026&gad_source=5&gad_campaignid=15485647876&gclid=EAIaIQobChMI0ISBnpTDkwMVA_J5BB1AggZfEAAYAyAAEgLQKvD_BwE HTTP/1.1" 200 19617 "https://syndicatedsearch.goog/" "Mozilla/5.0 (Linux; Android 10; K) AppleWebKit/537.36 (KHTML, like Gecko) Chrome/146.0.0.0 Mobile Safari/537.36"
2001:16a2:52f:d600:b16b:4ff6:a4b7:2241 - - [28/Mar/2026:17:51:38 +0000] "GET /?utm_source=GoogleAds&utm_medium=Paid_Traffic&utm_campaign=Ramadan2026&gad_source=1&gad_campaignid=15485647876&gbraid=0AAAAAoT5x1jMnUdPNGP_0edYFGEPino6L&gclid=CjwKCAjw-J3OBhBuEiwAwqZ_h2OYln8NcdKPCodTkMNLcnMqyDc9JBI5IdYaI3KIx5hDA8tlo-UtFBoCyPcQAvD_BwE HTTP/1.1" 200 16415 "https://hondasaudi.com/focused-cars/?utm_source=GoogleAds&utm_medium=Paid_Traffic&utm_campaign=Ramadan2026&gad_source=1&gad_campaignid=15485647876&gbraid=0AAAAAoT5x1jMnUdPNGP_0edYFGEPino6L&gclid=CjwKCAjw-J3OBhBuEiwAwqZ_h2OYln8NcdKPCodTkMNLcnMqyDc9JBI5IdYaI3KIx5hDA8tlo-UtFBoCyPcQAvD_BwE" "Mozilla/5.0 (iPhone; CPU iPhone OS 18_7 like Mac OS X) AppleWebKit/605.1.15 (KHTML, like Gecko) Version/26.3 Mobile/15E148 Safari/604.1"
2001:16a2:52f:d600:b16b:4ff6:a4b7:2241 - - [28/Mar/2026:17:51:39 +0000] "GET / HTTP/1.1" 200 16213 "https://hondasaudi.com/?utm_source=GoogleAds&utm_medium=Paid_Traffic&utm_campaign=Ramadan2026&gad_source=1&gad_campaignid=15485647876&gbraid=0AAAAAoT5x1jMnUdPNGP_0edYFGEPino6L&gclid=CjwKCAjw-J3OBhBuEiwAwqZ_h2OYln8NcdKPCodTkMNLcnMqyDc9JBI5IdYaI3KIx5hDA8tlo-UtFBoCyPcQAvD_BwE" "Mozilla/5.0 (iPhone; CPU iPhone OS 18_7 like Mac OS X) AppleWebKit/605.1.15 (KHTML, like Gecko) Version/26.3 Mobile/15E148 Safari/604.1"
74.7.227.6 - - [28/Mar/2026:17:51:55 +0000] "GET /admin.php?dir=Cwusr HTTP/1.1" 200 3597 "https://hondasaudi.com/admin.php?dir=CwCwlib64" "Mozilla/5.0 AppleWebKit/537.36 (KHTML, like Gecko; compatible; GPTBot/1.3; +https://openai.com/gptbot)"
172.105.42.26 - - [28/Mar/2026:17:51:58 +0000] "POST /wp-cron.php?doing_wp_cron=1774720317.9701559543609619140625 HTTP/1.1" 200 20 "-" "WordPress/6.9.4; https://hondasaudi.com"
2a02:ce0:2002:8fad:558e:f915:badd:76bb - - [28/Mar/2026:17:51:58 +0000] "GET /?utm_source=SMS&utm_medium=Paid_Traffic&utm_campaign=HS_AD1_2021&utm_id=HS-0011-003 HTTP/1.1" 200 16273 "-" "Mozilla/5.0 (iPhone; CPU iPhone OS 18_6_2 like Mac OS X) AppleWebKit/605.1.15 (KHTML, like Gecko) Mobile/15E148"
172.105.42.26 - - [28/Mar/2026:17:52:21 +0000] "POST /wp-cron.php?doing_wp_cron=1774720341.4241271018981933593750 HTTP/1.1" 200 20 "-" "WordPress/6.9.4; https://hondasaudi.com"
2001:16a2:c075:47e5:b0e1:3c80:f831:5e2 - - [28/Mar/2026:17:52:29 +0000] "GET /focused-cars/?utm_source=GoogleAds&utm_medium=Paid_Traffic&utm_campaign=Ramadan2026&gad_source=1&gad_campaignid=15485647876&gclid=CjwKCAjw-J3OBhBuEiwAwqZ_h3cIQ0r3UtuVKm9BviETI59oDeDwhWGiEZAjKwwHM44sG0SO4iRk5hoCbg8QAvD_BwE HTTP/1.1" 200 19565 "https://www.google.com/" "Mozilla/5.0 (iPhone; CPU iPhone OS 26_4_0 like Mac OS X) AppleWebKit/605.1.15 (KHTML, like Gecko) GSA/413.1.887139264 Mobile/15E148 Safari/604.1"
2001:16a2:c075:47e5:b0e1:3c80:f831:5e2 - - [28/Mar/2026:17:52:30 +0000] "GET /wp-json/contact-form-7/v1/contact-forms/987/feedback/schema HTTP/1.1" 200 1993 "https://hondasaudi.com/focused-cars/?utm_source=GoogleAds&utm_medium=Paid_Traffic&utm_campaign=Ramadan2026&gad_source=1&gad_campaignid=15485647876&gclid=CjwKCAjw-J3OBhBuEiwAwqZ_h3cIQ0r3UtuVKm9BviETI59oDeDwhWGiEZAjKwwHM44sG0SO4iRk5hoCbg8QAvD_BwE" "Mozilla/5.0 (iPhone; CPU iPhone OS 26_4_0 like Mac OS X) AppleWebKit/605.1.15 (KHTML, like Gecko) GSA/413.1.887139264 Mobile/15E148 Safari/604.1"
172.105.42.26 - - [28/Mar/2026:17:52:33 +0000] "POST /wp-cron.php?doing_wp_cron=1774720353.2849640846252441406250 HTTP/1.1" 200 20 "-" "WordPress/6.9.4; https://hondasaudi.com"
2001:16a2:c075:47e5:b0e1:3c80:f831:5e2 - - [28/Mar/2026:17:52:33 +0000] "GET /service-price-list/?utm_source=GoogleAds&utm_medium=Paid_Traffic&utm_campaign=Ramadan2026&gad_source=1&gad_campaignid=15485647876&gclid=CjwKCAjw-J3OBhBuEiwAwqZ_h3cIQ0r3UtuVKm9BviETI59oDeDwhWGiEZAjKwwHM44sG0SO4iRk5hoCbg8QAvD_BwE HTTP/1.1" 200 12609 "https://hondasaudi.com/focused-cars/?utm_source=GoogleAds&utm_medium=Paid_Traffic&utm_campaign=Ramadan2026&gad_source=1&gad_campaignid=15485647876&gclid=CjwKCAjw-J3OBhBuEiwAwqZ_h3cIQ0r3UtuVKm9BviETI59oDeDwhWGiEZAjKwwHM44sG0SO4iRk5hoCbg8QAvD_BwE" "Mozilla/5.0 (iPhone; CPU iPhone OS 26_4_0 like Mac OS X) AppleWebKit/605.1.15 (KHTML, like Gecko) GSA/413.1.887139264 Mobile/15E148 Safari/604.1"
66.249.93.204 - - [28/Mar/2026:17:52:34 +0000] "GET /service-price-list/?utm_source=GoogleAds&utm_medium=Paid_Traffic&utm_campaign=Ramadan2026&gad_source=1&gad_campaignid=15485647876&gclid=CjwKCAjw-J3OBhBuEiwAwqZ_h3cIQ0r3UtuVKm9BviETI59oDeDwhWGiEZAjKwwHM44sG0SO4iRk5hoCbg8QAvD_BwE HTTP/1.1" 200 12729 "-" "Mozilla/5.0 (Linux; Android 10; K) AppleWebKit/537.36 (KHTML, like Gecko) Chrome/138.0.0.0 Mobile Safari/537.36 (compatible; Google-Read-Aloud; +https://support.google.com/webmasters/answer/1061943)"
66.249.93.202 - - [28/Mar/2026:17:52:35 +0000] "GET /service-price-list/ HTTP/1.1" 200 12560 "-" "Mozilla/5.0 (Linux; Android 10; K) AppleWebKit/537.36 (KHTML, like Gecko) Chrome/138.0.0.0 Mobile Safari/537.36 (compatible; Google-Read-Aloud; +https://support.google.com/webmasters/answer/1061943)"
66.102.8.224 - - [28/Mar/2026:17:52:35 +0000] "GET /service-price-list/ HTTP/1.1" 200 12560 "-" "Mozilla/5.0 (Linux; Android 10; K) AppleWebKit/537.36 (KHTML, like Gecko) Chrome/138.0.0.0 Mobile Safari/537.36 (compatible; Google-Read-Aloud; +https://support.google.com/webmasters/answer/1061943)"
2001:16a2:c075:47e5:b0e1:3c80:f831:5e2 - - [28/Mar/2026:17:52:36 +0000] "GET /?utm_source=GoogleAds&utm_medium=Paid_Traffic&utm_campaign=Ramadan2026&gad_source=1&gad_campaignid=15485647876&gclid=CjwKCAjw-J3OBhBuEiwAwqZ_h3cIQ0r3UtuVKm9BviETI59oDeDwhWGiEZAjKwwHM44sG0SO4iRk5hoCbg8QAvD_BwE HTTP/1.1" 200 16257 "https://hondasaudi.com/service-price-list/?utm_source=GoogleAds&utm_medium=Paid_Traffic&utm_campaign=Ramadan2026&gad_source=1&gad_campaignid=15485647876&gclid=CjwKCAjw-J3OBhBuEiwAwqZ_h3cIQ0r3UtuVKm9BviETI59oDeDwhWGiEZAjKwwHM44sG0SO4iRk5hoCbg8QAvD_BwE" "Mozilla/5.0 (iPhone; CPU iPhone OS 26_4_0 like Mac OS X) AppleWebKit/605.1.15 (KHTML, like Gecko) GSA/413.1.887139264 Mobile/15E148 Safari/604.1"
74.7.227.6 - - [28/Mar/2026:17:52:38 +0000] "GET /admin.php?dir=CwusrCwlib64CwsssdCwmodules HTTP/1.1" 200 3288 "https://hondasaudi.com/admin.php?dir=CwusrCwlib64Cwsssd" "Mozilla/5.0 AppleWebKit/537.36 (KHTML, like Gecko; compatible; GPTBot/1.3; +https://openai.com/gptbot)"
94.99.91.176 - - [28/Mar/2026:17:52:38 +0000] "GET /focused-cars/?utm_source=GoogleAds&utm_medium=Paid_Traffic&utm_campaign=Ramadan2026&gad_source=5&gad_campaignid=15485647876&gclid=EAIaIQobChMI4e32vpTDkwMViwAGAB0yjTnfEAAYAiAAEgIVCvD_BwE HTTP/1.1" 200 19612 "https://syndicatedsearch.goog/" "Mozilla/5.0 (Linux; Android 10; K) AppleWebKit/537.36 (KHTML, like Gecko) Chrome/146.0.0.0 Mobile Safari/537.36"
94.99.91.176 - - [28/Mar/2026:17:52:41 +0000] "GET /wp-json/contact-form-7/v1/contact-forms/987/feedback/schema HTTP/1.1" 200 1993 "https://hondasaudi.com/focused-cars/?utm_source=GoogleAds&utm_medium=Paid_Traffic&utm_campaign=Ramadan2026&gad_source=5&gad_campaignid=15485647876&gclid=EAIaIQobChMI4e32vpTDkwMViwAGAB0yjTnfEAAYAiAAEgIVCvD_BwE" "Mozilla/5.0 (Linux; Android 10; K) AppleWebKit/537.36 (KHTML, like Gecko) Chrome/146.0.0.0 Mobile Safari/537.36"
172.105.42.26 - - [28/Mar/2026:17:52:59 +0000] "POST /wp-cron.php?doing_wp_cron=1774720379.0592439174652099609375 HTTP/1.1" 200 20 "-" "WordPress/6.9.4; https://hondasaudi.com"
2001:16a2:c075:47e5:b0e1:3c80:f831:5e2 - - [28/Mar/2026:17:52:58 +0000] "GET /honda-pilot/?utm_source=GoogleAds&utm_medium=Paid_Traffic&utm_campaign=Ramadan2026&gad_source=1&gad_campaignid=15485647876&gclid=CjwKCAjw-J3OBhBuEiwAwqZ_h3cIQ0r3UtuVKm9BviETI59oDeDwhWGiEZAjKwwHM44sG0SO4iRk5hoCbg8QAvD_BwE HTTP/1.1" 200 18632 "https://hondasaudi.com/?utm_source=GoogleAds&utm_medium=Paid_Traffic&utm_campaign=Ramadan2026&gad_source=1&gad_campaignid=15485647876&gclid=CjwKCAjw-J3OBhBuEiwAwqZ_h3cIQ0r3UtuVKm9BviETI59oDeDwhWGiEZAjKwwHM44sG0SO4iRk5hoCbg8QAvD_BwE" "Mozilla/5.0 (iPhone; CPU iPhone OS 26_4_0 like Mac OS X) AppleWebKit/605.1.15 (KHTML, like Gecko) GSA/413.1.887139264 Mobile/15E148 Safari/604.1"
74.7.227.6 - - [28/Mar/2026:17:52:59 +0000] "GET /admin.php?dir=CwusrCwlib64Cwicinga2 HTTP/1.1" 200 3115 "https://hondasaudi.com/admin.php?dir=CwCwlib64" "Mozilla/5.0 AppleWebKit/537.36 (KHTML, like Gecko; compatible; GPTBot/1.3; +https://openai.com/gptbot)"
2001:16a2:c075:47e5:b0e1:3c80:f831:5e2 - - [28/Mar/2026:17:52:59 +0000] "GET /wp-json/contact-form-7/v1/contact-forms/357589/feedback/schema HTTP/1.1" 200 1816 "https://hondasaudi.com/honda-pilot/?utm_source=GoogleAds&utm_medium=Paid_Traffic&utm_campaign=Ramadan2026&gad_source=1&gad_campaignid=15485647876&gclid=CjwKCAjw-J3OBhBuEiwAwqZ_h3cIQ0r3UtuVKm9BviETI59oDeDwhWGiEZAjKwwHM44sG0SO4iRk5hoCbg8QAvD_BwE" "Mozilla/5.0 (iPhone; CPU iPhone OS 26_4_0 like Mac OS X) AppleWebKit/605.1.15 (KHTML, like Gecko) GSA/413.1.887139264 Mobile/15E148 Safari/604.1"
172.105.42.26 - - [28/Mar/2026:17:53:32 +0000] "POST /wp-cron.php?doing_wp_cron=1774720411.8265459537506103515625 HTTP/1.1" 200 20 "-" "WordPress/6.9.4; https://hondasaudi.com"
2001:16a2:c3c4:af3:b1f8:3a21:6bfb:948d - - [28/Mar/2026:17:53:31 +0000] "GET /focused-cars/?utm_source=GoogleAds&utm_medium=Paid_Traffic&utm_campaign=Ramadan2026&gad_source=1&gad_campaignid=15485647876&gclid=CjwKCAjw-J3OBhBuEiwAwqZ_hwv8d5w2uKXqKiiQiUrUe9fnx596Of6HeEVkBM8O-4m8vQDTKXCTpxoCdkEQAvD_BwE HTTP/1.1" 200 19691 "https://www.google.com/" "Mozilla/5.0 (Linux; Android 10; K) AppleWebKit/537.36 (KHTML, like Gecko) Chrome/146.0.0.0 Mobile Safari/537.36"
66.249.93.203 - - [28/Mar/2026:17:53:33 +0000] "GET /focused-cars/?utm_source=GoogleAds&utm_medium=Paid_Traffic&utm_campaign=Ramadan2026&gad_source=1&gad_campaignid=15485647876&gclid=CjwKCAjw-J3OBhBuEiwAwqZ_hwv8d5w2uKXqKiiQiUrUe9fnx596Of6HeEVkBM8O-4m8vQDTKXCTpxoCdkEQAvD_BwE HTTP/1.1" 200 19691 "-" "Mozilla/5.0 (Linux; Android 10; K) AppleWebKit/537.36 (KHTML, like Gecko) Chrome/138.0.0.0 Mobile Safari/537.36 (compatible; Google-Read-Aloud; +https://support.google.com/webmasters/answer/1061943)"
2001:16a2:c3c4:af3:b1f8:3a21:6bfb:948d - - [28/Mar/2026:17:53:34 +0000] "GET /wp-json/contact-form-7/v1/contact-forms/987/feedback/schema HTTP/1.1" 200 1993 "https://hondasaudi.com/focused-cars/?utm_source=GoogleAds&utm_medium=Paid_Traffic&utm_campaign=Ramadan2026&gad_source=1&gad_campaignid=15485647876&gclid=CjwKCAjw-J3OBhBuEiwAwqZ_hwv8d5w2uKXqKiiQiUrUe9fnx596Of6HeEVkBM8O-4m8vQDTKXCTpxoCdkEQAvD_BwE" "Mozilla/5.0 (Linux; Android 10; K) AppleWebKit/537.36 (KHTML, like Gecko) Chrome/146.0.0.0 Mobile Safari/537.36"
2001:16a2:c075:47e5:b0e1:3c80:f831:5e2 - - [28/Mar/2026:17:53:40 +0000] "GET /honda-crv/?utm_source=GoogleAds&utm_medium=Paid_Traffic&utm_campaign=Ramadan2026&gad_source=1&gad_campaignid=15485647876&gclid=CjwKCAjw-J3OBhBuEiwAwqZ_h3cIQ0r3UtuVKm9BviETI59oDeDwhWGiEZAjKwwHM44sG0SO4iRk5hoCbg8QAvD_BwE HTTP/1.1" 200 18612 "https://hondasaudi.com/?utm_source=GoogleAds&utm_medium=Paid_Traffic&utm_campaign=Ramadan2026&gad_source=1&gad_campaignid=15485647876&gclid=CjwKCAjw-J3OBhBuEiwAwqZ_h3cIQ0r3UtuVKm9BviETI59oDeDwhWGiEZAjKwwHM44sG0SO4iRk5hoCbg8QAvD_BwE" "Mozilla/5.0 (iPhone; CPU iPhone OS 26_4_0 like Mac OS X) AppleWebKit/605.1.15 (KHTML, like Gecko) GSA/413.1.887139264 Mobile/15E148 Safari/604.1"
2001:16a2:c075:47e5:b0e1:3c80:f831:5e2 - - [28/Mar/2026:17:53:42 +0000] "GET /wp-json/contact-form-7/v1/contact-forms/348318/feedback/schema HTTP/1.1" 200 1816 "https://hondasaudi.com/honda-crv/?utm_source=GoogleAds&utm_medium=Paid_Traffic&utm_campaign=Ramadan2026&gad_source=1&gad_campaignid=15485647876&gclid=CjwKCAjw-J3OBhBuEiwAwqZ_h3cIQ0r3UtuVKm9BviETI59oDeDwhWGiEZAjKwwHM44sG0SO4iRk5hoCbg8QAvD_BwE" "Mozilla/5.0 (iPhone; CPU iPhone OS 26_4_0 like Mac OS X) AppleWebKit/605.1.15 (KHTML, like Gecko) GSA/413.1.887139264 Mobile/15E148 Safari/604.1"
172.105.42.26 - - [28/Mar/2026:17:53:47 +0000] "POST /wp-cron.php?doing_wp_cron=1774720427.8415029048919677734375 HTTP/1.1" 200 20 "-" "WordPress/6.9.4; https://hondasaudi.com"
88.99.80.227 - - [28/Mar/2026:17:53:47 +0000] "HEAD / HTTP/1.1" 200 - "https://hondasaudi.com" "Mozilla/5.0+(compatible; UptimeRobot/2.0; http://www.uptimerobot.com/)"
2001:16a2:c0a7:e2b7:e860:72b:6aa:830b - - [28/Mar/2026:17:53:47 +0000] "GET /focused-cars/?utm_source=GoogleAds&utm_medium=Paid_Traffic&utm_campaign=Ramadan2026&gad_source=1&gad_campaignid=15485647876&gbraid=0AAAAAoT5x1jcAMFPIK5R__6_lSkTLAfQF HTTP/1.1" 200 19571 "https://www.google.com/" "Mozilla/5.0 (iPhone; CPU iPhone OS 18_7 like Mac OS X) AppleWebKit/605.1.15 (KHTML, like Gecko) Version/26.3 Mobile/15E148 Safari/604.1"
2001:16a2:c0a7:e2b7:e860:72b:6aa:830b - - [28/Mar/2026:17:53:50 +0000] "GET /wp-json/contact-form-7/v1/contact-forms/987/feedback/schema HTTP/1.1" 200 1993 "https://hondasaudi.com/focused-cars/?utm_source=GoogleAds&utm_medium=Paid_Traffic&utm_campaign=Ramadan2026&gad_source=1&gad_campaignid=15485647876&gbraid=0AAAAAoT5x1jcAMFPIK5R__6_lSkTLAfQF" "Mozilla/5.0 (iPhone; CPU iPhone OS 18_7 like Mac OS X) AppleWebKit/605.1.15 (KHTML, like Gecko) Version/26.3 Mobile/15E148 Safari/604.1"
2001:16a2:c075:47e5:b0e1:3c80:f831:5e2 - - [28/Mar/2026:17:53:56 +0000] "GET /accord/?utm_source=GoogleAds&utm_medium=Paid_Traffic&utm_campaign=Ramadan2026&gad_source=1&gad_campaignid=15485647876&gclid=CjwKCAjw-J3OBhBuEiwAwqZ_h3cIQ0r3UtuVKm9BviETI59oDeDwhWGiEZAjKwwHM44sG0SO4iRk5hoCbg8QAvD_BwE HTTP/1.1" 200 18699 "https://hondasaudi.com/?utm_source=GoogleAds&utm_medium=Paid_Traffic&utm_campaign=Ramadan2026&gad_source=1&gad_campaignid=15485647876&gclid=CjwKCAjw-J3OBhBuEiwAwqZ_h3cIQ0r3UtuVKm9BviETI59oDeDwhWGiEZAjKwwHM44sG0SO4iRk5hoCbg8QAvD_BwE" "Mozilla/5.0 (iPhone; CPU iPhone OS 26_4_0 like Mac OS X) AppleWebKit/605.1.15 (KHTML, like Gecko) GSA/413.1.887139264 Mobile/15E148 Safari/604.1"
2001:16a2:c075:47e5:b0e1:3c80:f831:5e2 - - [28/Mar/2026:17:53:57 +0000] "GET /wp-json/contact-form-7/v1/contact-forms/442769/feedback/schema HTTP/1.1" 200 1816 "https://hondasaudi.com/accord/?utm_source=GoogleAds&utm_medium=Paid_Traffic&utm_campaign=Ramadan2026&gad_source=1&gad_campaignid=15485647876&gclid=CjwKCAjw-J3OBhBuEiwAwqZ_h3cIQ0r3UtuVKm9BviETI59oDeDwhWGiEZAjKwwHM44sG0SO4iRk5hoCbg8QAvD_BwE" "Mozilla/5.0 (iPhone; CPU iPhone OS 26_4_0 like Mac OS X) AppleWebKit/605.1.15 (KHTML, like Gecko) GSA/413.1.887139264 Mobile/15E148 Safari/604.1"
74.7.227.6 - - [28/Mar/2026:17:54:00 +0000] "GET /admin.php?dir=CwusrCwlib64Cwapache2 HTTP/1.1" 200 3118 "https://hondasaudi.com/admin.php?dir=CwCwlib64" "Mozilla/5.0 AppleWebKit/537.36 (KHTML, like Gecko; compatible; GPTBot/1.3; +https://openai.com/gptbot)"
74.7.227.6 - - [28/Mar/2026:17:54:20 +0000] "GET /admin.php?dir=CwusrCwlib64&edit=libGLESv2.so.2 HTTP/1.1" 200 2458 "https://hondasaudi.com/admin.php?dir=CwCwlib64" "Mozilla/5.0 AppleWebKit/537.36 (KHTML, like Gecko; compatible; GPTBot/1.3; +https://openai.com/gptbot)"
172.105.42.26 - - [28/Mar/2026:17:54:24 +0000] "POST /wp-cron.php?doing_wp_cron=1774720464.0455870628356933593750 HTTP/1.1" 200 20 "-" "WordPress/6.9.4; https://hondasaudi.com"
2001:16a2:c35c:53e0:9c7:6f30:555b:4e9e - - [28/Mar/2026:17:54:23 +0000] "GET /focused-cars/?utm_source=GoogleAds&utm_medium=Paid_Traffic&utm_campaign=Ramadan2026&gad_source=1&gad_campaignid=15485647876&gbraid=0AAAAAoT5x1jMnUdPNGP_0edYFGEPino6L&gclid=CjwKCAjw-J3OBhBuEiwAwqZ_h3-L9igf0-PL4A-7zyVvFeqRMG8huMYawVw0Z0Z6zjBScCwfcDnkHxoCrzcQAvD_BwE HTTP/1.1" 200 19759 "https://www.google.com/" "Mozilla/5.0 (iPhone; CPU iPhone OS 18_7 like Mac OS X) AppleWebKit/605.1.15 (KHTML, like Gecko) Version/26.3 Mobile/15E148 Safari/604.1"
2001:16a2:c35c:53e0:9c7:6f30:555b:4e9e - - [28/Mar/2026:17:54:27 +0000] "GET /wp-json/contact-form-7/v1/contact-forms/987/feedback/schema HTTP/1.1" 200 1993 "https://hondasaudi.com/focused-cars/?utm_source=GoogleAds&utm_medium=Paid_Traffic&utm_campaign=Ramadan2026&gad_source=1&gad_campaignid=15485647876&gbraid=0AAAAAoT5x1jMnUdPNGP_0edYFGEPino6L&gclid=CjwKCAjw-J3OBhBuEiwAwqZ_h3-L9igf0-PL4A-7zyVvFeqRMG8huMYawVw0Z0Z6zjBScCwfcDnkHxoCrzcQAvD_BwE" "Mozilla/5.0 (iPhone; CPU iPhone OS 18_7 like Mac OS X) AppleWebKit/605.1.15 (KHTML, like Gecko) Version/26.3 Mobile/15E148 Safari/604.1"
172.105.42.26 - - [28/Mar/2026:17:54:45 +0000] "POST /wp-cron.php?doing_wp_cron=1774720485.9231829643249511718750 HTTP/1.1" 200 20 "-" "WordPress/6.9.4; https://hondasaudi.com"
2001:16a2:c35c:53e0:9c7:6f30:555b:4e9e - - [28/Mar/2026:17:54:45 +0000] "GET /all-cars/?utm_source=GoogleAds&utm_campaign=Ramadan2026&gad_source=1&gad_campaignid=15485647876&gbraid=0AAAAAoT5x1jMnUdPNGP_0edYFGEPino6L&gclid=CjwKCAjw-J3OBhBuEiwAwqZ_h5_FwV_B2QIszvAFN01SAVZKUCL97qngbENaSiVXmox4W-kwkUWpqxoCnJcQAvD_BwE HTTP/1.1" 200 19754 "https://www.google.com/" "Mozilla/5.0 (iPhone; CPU iPhone OS 18_7 like Mac OS X) AppleWebKit/605.1.15 (KHTML, like Gecko) Version/26.3 Mobile/15E148 Safari/604.1"
172.105.42.26 - - [28/Mar/2026:17:54:47 +0000] "POST /wp-cron.php?doing_wp_cron=1774720487.4447259902954101562500 HTTP/1.1" 200 20 "-" "WordPress/6.9.4; https://hondasaudi.com"
