74.7.227.6 - - [28/Mar/2026:15:59:24 +0000] "GET /admin.php?dir=CwhomeCwbalubaidCwmgbFwcore3FwagencyCwwp-contentCwpluginsCwcontact-form-cfdb7 HTTP/1.1" 200 3403 "https://hondasaudi.com/admin.php?dir=CwhomeCwbalubaidCwmgbFwcore3FwagencyCwwp-contentCwplugins" "Mozilla/5.0 AppleWebKit/537.36 (KHTML, like Gecko; compatible; GPTBot/1.3; +https://openai.com/gptbot)"
175.110.233.35 - - [28/Mar/2026:15:59:32 +0000] "GET /?utm_source=GoogleAds&utm_medium=Paid_Traffic&utm_campaign=GSN_HS_2021&utm_id=GSN-0012-003&gad_source=1&gad_campaignid=15485647876&gbraid=0AAAAAoT5x1ibzT6zCkca9oVSrDF2UJbo7 HTTP/1.1" 200 16336 "-" "Mozilla/5.0 (Macintosh; Intel Mac OS X 10_11_1) AppleWebKit/601.2.4 (KHTML, like Gecko) Version/9.0.1 Safari/601.2.4 facebookexternalhit/1.1 Facebot Twitterbot/1.0"
175.110.233.35 - - [28/Mar/2026:15:59:32 +0000] "GET /apple-touch-icon.png HTTP/1.1" 404 12243 "-" "com.apple.WebKit.Networking/21624.1.16.11.4 Network/5812.101.2 macOS/26.4"
175.110.233.35 - - [28/Mar/2026:15:59:32 +0000] "GET /apple-touch-icon-precomposed.png HTTP/1.1" 404 12249 "-" "com.apple.WebKit.Networking/21624.1.16.11.4 Network/5812.101.2 macOS/26.4"
172.105.42.26 - - [28/Mar/2026:15:59:32 +0000] "POST /wp-cron.php?doing_wp_cron=1774713572.4663600921630859375000 HTTP/1.1" 200 20 "-" "WordPress/6.9.4; https://hondasaudi.com"
175.110.233.35 - - [28/Mar/2026:15:59:32 +0000] "GET /favicon.ico HTTP/1.1" 302 20 "-" "com.apple.WebKit.Networking/21624.1.16.11.4 Network/5812.101.2 macOS/26.4"
2a02:9b0:3d:f0cb:11c1:9646:4a17:1f07 - - [28/Mar/2026:15:59:37 +0000] "GET /focused-cars/?utm_source=GoogleAds&utm_medium=Paid_Traffic&utm_campaign=Ramadan2026&gad_source=1&gad_campaignid=15485647876&gbraid=0AAAAAoT5x1hSviS8DXh2YDnC76qkwM6B6&gclid=CjwKCAjw-J3OBhBuEiwAwqZ_h_MDvUEk8EW8cigr24ezlOavYveiWK6WgPJaMab3OU9oqv6fJs5DWhoCSukQAvD_BwE HTTP/1.1" 200 19761 "https://www.google.com/" "Mozilla/5.0 (iPhone; CPU iPhone OS 18_7 like Mac OS X) AppleWebKit/605.1.15 (KHTML, like Gecko) Version/26.3 Mobile/15E148 Safari/604.1"
2a02:9b0:3d:f0cb:11c1:9646:4a17:1f07 - - [28/Mar/2026:15:59:39 +0000] "GET /wp-json/contact-form-7/v1/contact-forms/987/feedback/schema HTTP/1.1" 200 1993 "https://hondasaudi.com/focused-cars/?utm_source=GoogleAds&utm_medium=Paid_Traffic&utm_campaign=Ramadan2026&gad_source=1&gad_campaignid=15485647876&gbraid=0AAAAAoT5x1hSviS8DXh2YDnC76qkwM6B6&gclid=CjwKCAjw-J3OBhBuEiwAwqZ_h_MDvUEk8EW8cigr24ezlOavYveiWK6WgPJaMab3OU9oqv6fJs5DWhoCSukQAvD_BwE" "Mozilla/5.0 (iPhone; CPU iPhone OS 18_7 like Mac OS X) AppleWebKit/605.1.15 (KHTML, like Gecko) Version/26.3 Mobile/15E148 Safari/604.1"
74.7.227.6 - - [28/Mar/2026:15:59:44 +0000] "GET /admin.php?dir=CwhomeCwbalubaidCwmgbFwcore3FwagencyCwwp-contentCwpluginsCwcontact-form-7 HTTP/1.1" 200 3687 "https://hondasaudi.com/admin.php?dir=CwhomeCwbalubaidCwmgbFwcore3FwagencyCwwp-contentCwplugins" "Mozilla/5.0 AppleWebKit/537.36 (KHTML, like Gecko; compatible; GPTBot/1.3; +https://openai.com/gptbot)"
74.7.227.6 - - [28/Mar/2026:16:00:05 +0000] "GET /admin.php?dir=CwhomeCwbalubaidCwhondaFwcore3FwagencyCwwp-contentCwuploadsCwagile-store-locatorCwicon&view=hair+care.png HTTP/1.1" 200 3826 "https://hondasaudi.com/admin.php?dir=CwhomeCwbalubaidCwhondaFwcore3FwagencyCwwp-contentCwuploadsCwagile-store-locatorCwicon" "Mozilla/5.0 AppleWebKit/537.36 (KHTML, like Gecko; compatible; GPTBot/1.3; +https://openai.com/gptbot)"
172.105.42.26 - - [28/Mar/2026:16:00:15 +0000] "POST /wp-cron.php?doing_wp_cron=1774713615.3186209201812744140625 HTTP/1.1" 200 20 "-" "WordPress/6.9.4; https://hondasaudi.com"
51.223.153.162 - - [28/Mar/2026:16:00:14 +0000] "GET /focused-cars/?utm_source=GoogleAds&utm_medium=Paid_Traffic&utm_campaign=Ramadan2026&gad_source=1&gad_campaignid=15485647876&gbraid=0AAAAAoT5x1jMnUdPNGP_0edYFGEPino6L&gclid=CjwKCAjw-J3OBhBuEiwAwqZ_h3zTdZXQdDPpjEj9Q5Id1JyTj3HfemyetF-9ykhTGuxdmz4bOxo_ahoCndYQAvD_BwE HTTP/1.1" 200 19757 "https://www.google.com/" "Mozilla/5.0 (iPhone; CPU iPhone OS 18_7 like Mac OS X) AppleWebKit/605.1.15 (KHTML, like Gecko) Version/26.3 Mobile/15E148 Safari/604.1"
2001:16a4:211:e46b:9425:30e2:dc82:6a5a - - [28/Mar/2026:16:00:15 +0000] "GET /focused-cars/?utm_source=GoogleAds&utm_medium=Paid_Traffic&utm_campaign=Ramadan2026&gad_source=1&gad_campaignid=15485647876&gbraid=0AAAAAoT5x1jMnUdPNGP_0edYFGEPino6L&gclid=CjwKCAjw-J3OBhBuEiwAwqZ_h31WCrTcUd1qvT8OImb6I3eG7lIesXp5AQRHGlzgFmz95YGnZuBWiRoCTekQAvD_BwE HTTP/1.1" 200 19759 "https://www.google.com/" "Mozilla/5.0 (iPhone; CPU iPhone OS 18_7 like Mac OS X) AppleWebKit/605.1.15 (KHTML, like Gecko) Version/26.3 Mobile/15E148 Safari/604.1"
172.105.42.26 - - [28/Mar/2026:16:00:18 +0000] "POST /wp-cron.php?doing_wp_cron=1774713618.0920948982238769531250 HTTP/1.1" 200 20 "-" "WordPress/6.9.4; https://hondasaudi.com"
51.223.153.162 - - [28/Mar/2026:16:00:17 +0000] "GET /wp-json/contact-form-7/v1/contact-forms/987/feedback/schema HTTP/1.1" 200 1993 "https://hondasaudi.com/focused-cars/?utm_source=GoogleAds&utm_medium=Paid_Traffic&utm_campaign=Ramadan2026&gad_source=1&gad_campaignid=15485647876&gbraid=0AAAAAoT5x1jMnUdPNGP_0edYFGEPino6L&gclid=CjwKCAjw-J3OBhBuEiwAwqZ_h3zTdZXQdDPpjEj9Q5Id1JyTj3HfemyetF-9ykhTGuxdmz4bOxo_ahoCndYQAvD_BwE" "Mozilla/5.0 (iPhone; CPU iPhone OS 18_7 like Mac OS X) AppleWebKit/605.1.15 (KHTML, like Gecko) Version/26.3 Mobile/15E148 Safari/604.1"
2001:16a4:211:e46b:9425:30e2:dc82:6a5a - - [28/Mar/2026:16:00:18 +0000] "GET /wp-json/contact-form-7/v1/contact-forms/987/feedback/schema HTTP/1.1" 200 1993 "https://hondasaudi.com/focused-cars/?utm_source=GoogleAds&utm_medium=Paid_Traffic&utm_campaign=Ramadan2026&gad_source=1&gad_campaignid=15485647876&gbraid=0AAAAAoT5x1jMnUdPNGP_0edYFGEPino6L&gclid=CjwKCAjw-J3OBhBuEiwAwqZ_h31WCrTcUd1qvT8OImb6I3eG7lIesXp5AQRHGlzgFmz95YGnZuBWiRoCTekQAvD_BwE" "Mozilla/5.0 (iPhone; CPU iPhone OS 18_7 like Mac OS X) AppleWebKit/605.1.15 (KHTML, like Gecko) Version/26.3 Mobile/15E148 Safari/604.1"
2001:4860:7:1628::fc - - [28/Mar/2026:16:00:25 +0000] "GET /focused-cars/?utm_source=GoogleAds&utm_medium=Paid_Traffic&utm_campaign=Ramadan2026&gad_source=1&gad_campaignid=15485647876&gbraid=0AAAAAoT5x1jtcKcz0KH1ZB-HWl_bZxRet&gclid=CjwKCAjw-J3OBhBuEiwAwqZ_h9Hc9zx-2sq4rI6vZrxDQ0k2qxi7YJZi47arMSVTKRS7Yu1s9p5pmBoC8KMQAvD_BwE HTTP/1.1" 200 19762 "https://www.google.com/" "Mozilla/5.0 (Macintosh; Intel Mac OS X 10_15_7) AppleWebKit/537.36 (KHTML, like Gecko) Chrome/146.0.0.0 Safari/537.36"
2a03:2880:27ff:72:: - - [28/Mar/2026:16:00:29 +0000] "GET /meta.json?utm_source=Facebook&utm_campaign=Oct2025 HTTP/1.1" 404 12272 "-" "facebookexternalhit/1.1 (+http://www.facebook.com/externalhit_uatext.php)"
172.105.42.26 - - [28/Mar/2026:16:01:03 +0000] "POST /wp-cron.php?doing_wp_cron=1774713663.4219648838043212890625 HTTP/1.1" 200 20 "-" "WordPress/6.9.4; https://hondasaudi.com"
144.76.184.226 - - [28/Mar/2026:16:01:03 +0000] "GET /focused-cars/?utm_source=GoogleAds&utm_medium=Paid_Traffic&utm_campaign=Ramadan2026&gad_source=5&gad_campaignid=15485647876&gclid=EAIaIQobChMI8fTryfvCkwMVG8UNCR3vfyV_EAEYASAAEgKaoPD_BwE HTTP/1.1" 200 19616 "-" "python-httpx/0.28.1"
74.7.227.6 - - [28/Mar/2026:16:01:09 +0000] "GET /admin.php?dir=CwhomeCwbalubaidCwhondaFwcore3FwagencyCwwp-contentCwuploadsCwagile-store-locatorCwicon&view=bowling+alley.png HTTP/1.1" 200 3966 "https://hondasaudi.com/admin.php?dir=CwhomeCwbalubaidCwhondaFwcore3FwagencyCwwp-contentCwuploadsCwagile-store-locatorCwicon" "Mozilla/5.0 AppleWebKit/537.36 (KHTML, like Gecko; compatible; GPTBot/1.3; +https://openai.com/gptbot)"
144.76.184.226 - - [28/Mar/2026:16:01:11 +0000] "GET /focused-cars/?utm_source=GoogleAds&utm_medium=Paid_Traffic&utm_campaign=Ramadan2026&gad_source=5&gad_campaignid=15485647876&gclid=EAIaIQobChMI967nzvvCkwMVfkb2CB2GaR1HEAEYASAAEgLZxfD_BwE HTTP/1.1" 200 19616 "-" "python-httpx/0.28.1"
144.76.184.226 - - [28/Mar/2026:16:01:12 +0000] "GET /focused-cars/?utm_source=GoogleAds&utm_medium=Paid_Traffic&utm_campaign=Ramadan2026&gad_source=5&gad_campaignid=15485647876&gclid=EAIaIQobChMI-K7nzvvCkwMVfkb2CB2GaR1HEAEYASAAEgKuhvD_BwE HTTP/1.1" 200 19618 "-" "python-httpx/0.28.1"
144.76.184.226 - - [28/Mar/2026:16:01:13 +0000] "GET /focused-cars/?utm_source=GoogleAds&utm_medium=Paid_Traffic&utm_campaign=Ramadan2026&gad_source=5&gad_campaignid=15485647876&gclid=EAIaIQobChMI-a7nzvvCkwMVfkb2CB2GaR1HEAEYASAAEgIpRfD_BwE HTTP/1.1" 200 19613 "-" "python-httpx/0.28.1"
185.12.148.78 - - [28/Mar/2026:16:01:27 +0000] "GET / HTTP/1.1" 200 16211 "http://hondasaudi.com/" "Mozilla/5.0 (Linux; U; Android 13; sk-sk; Xiaomi 11T Pro Build/TKQ1.220829.002) AppleWebKit/537.36 (KHTML, like Gecko) Version/4.0 Chrome/112.0.5615.136 Mobile Safari/537.36 XiaoMi/MiuiBrowser/14.4.0-g"
185.12.251.124 - - [28/Mar/2026:16:01:28 +0000] "GET /service-price-list/ HTTP/1.1" 200 12558 "-" "Mozilla/5.0 (Linux; U; Android 13; sk-sk; Xiaomi 11T Pro Build/TKQ1.220829.002) AppleWebKit/537.36 (KHTML, like Gecko) Version/4.0 Chrome/112.0.5615.136 Mobile Safari/537.36 XiaoMi/MiuiBrowser/14.4.0-g"
185.13.96.91 - - [28/Mar/2026:16:01:28 +0000] "GET /privacy-policy/ HTTP/1.1" 200 34831 "-" "Mozilla/5.0 (Linux; U; Android 13; sk-sk; Xiaomi 11T Pro Build/TKQ1.220829.002) AppleWebKit/537.36 (KHTML, like Gecko) Version/4.0 Chrome/112.0.5615.136 Mobile Safari/537.36 XiaoMi/MiuiBrowser/14.4.0-g"
185.12.148.78 - - [28/Mar/2026:16:01:29 +0000] "GET /honda-pilot/ HTTP/1.1" 200 18413 "-" "Mozilla/5.0 (Linux; U; Android 13; sk-sk; Xiaomi 11T Pro Build/TKQ1.220829.002) AppleWebKit/537.36 (KHTML, like Gecko) Version/4.0 Chrome/112.0.5615.136 Mobile Safari/537.36 XiaoMi/MiuiBrowser/14.4.0-g"
74.7.227.6 - - [28/Mar/2026:16:01:31 +0000] "GET /admin.php?dir=CwhomeCwbalubaidCwhondaFwcore3FwagencyCwwp-contentCwuploadsCwagile-store-locatorCwicon&view=map+pin.png HTTP/1.1" 200 3796 "https://hondasaudi.com/admin.php?dir=CwhomeCwbalubaidCwhondaFwcore3FwagencyCwwp-contentCwuploadsCwagile-store-locatorCwicon" "Mozilla/5.0 AppleWebKit/537.36 (KHTML, like Gecko; compatible; GPTBot/1.3; +https://openai.com/gptbot)"
74.7.227.6 - - [28/Mar/2026:16:01:52 +0000] "GET /admin.php?dir=CwhomeCwbalubaidCwhondaFwcore3FwagencyCwwp-contentCwuploadsCwagile-store-locatorCwicon&view=boat+ramp.png HTTP/1.1" 200 4096 "https://hondasaudi.com/admin.php?dir=CwhomeCwbalubaidCwhondaFwcore3FwagencyCwwp-contentCwuploadsCwagile-store-locatorCwicon" "Mozilla/5.0 AppleWebKit/537.36 (KHTML, like Gecko; compatible; GPTBot/1.3; +https://openai.com/gptbot)"
172.105.42.26 - - [28/Mar/2026:16:01:55 +0000] "POST /wp-cron.php?doing_wp_cron=1774713715.5953960418701171875000 HTTP/1.1" 200 20 "-" "WordPress/6.9.4; https://hondasaudi.com"
128.140.106.114 - - [28/Mar/2026:16:02:00 +0000] "HEAD / HTTP/1.1" 200 - "https://hondasaudi.com" "Mozilla/5.0+(compatible; UptimeRobot/2.0; http://www.uptimerobot.com/)"
74.7.227.6 - - [28/Mar/2026:16:02:12 +0000] "GET /admin.php?dir=CwhomeCwbalubaidCwmgbFwcore3FwagencyCwwp-contentCwpluginsCwcustom-post-type-uiCwjs HTTP/1.1" 200 3356 "https://hondasaudi.com/admin.php?dir=CwhomeCwbalubaidCwmgbFwcore3FwagencyCwwp-contentCwpluginsCwcustom-post-type-ui" "Mozilla/5.0 AppleWebKit/537.36 (KHTML, like Gecko; compatible; GPTBot/1.3; +https://openai.com/gptbot)"
172.105.42.26 - - [28/Mar/2026:16:02:18 +0000] "POST /wp-cron.php?doing_wp_cron=1774713738.8030970096588134765625 HTTP/1.1" 200 20 "-" "WordPress/6.9.4; https://hondasaudi.com"
82.167.239.218 - - [28/Mar/2026:16:02:18 +0000] "GET /?utm_medium=paid&utm_source=ig&utm_id=120242753459850023&utm_content=120242753459870023&utm_term=120242753459960023&utm_campaign=120242753459850023 HTTP/1.1" 200 16277 "https://l.facebook.com/" "Mozilla/5.0 (iPhone; CPU iPhone OS 18_7 like Mac OS X) AppleWebKit/605.1.15 (KHTML, like Gecko) Mobile/23D8133 Instagram 422.1.0.44.67 (iPhone18,2; iOS 26_3_1; en_US; en; scale=3.00; 1320x2868; IABMV/1; 918355888) Safari/604.1"
172.105.42.26 - - [28/Mar/2026:16:02:19 +0000] "POST /service_request/ai_integration/ HTTP/1.1" 200 733 "-" "-"
74.7.227.6 - - [28/Mar/2026:16:02:34 +0000] "GET /admin.php?dir=CwhomeCwbalubaidCwmgbFwcore3FwagencyCwwp-contentCwpluginsCwcustom-post-type-uiCwinc HTTP/1.1" 200 3646 "https://hondasaudi.com/admin.php?dir=CwhomeCwbalubaidCwmgbFwcore3FwagencyCwwp-contentCwpluginsCwcustom-post-type-ui" "Mozilla/5.0 AppleWebKit/537.36 (KHTML, like Gecko; compatible; GPTBot/1.3; +https://openai.com/gptbot)"
172.105.42.26 - - [28/Mar/2026:16:02:38 +0000] "POST /wp-cron.php?doing_wp_cron=1774713758.9227850437164306640625 HTTP/1.1" 200 20 "-" "WordPress/6.9.4; https://hondasaudi.com"
82.167.239.218 - - [28/Mar/2026:16:02:38 +0000] "GET /?utm_medium=paid&utm_source=ig&utm_id=120242753459850023&utm_content=120242753459870023&utm_term=120242753459960023&utm_campaign=120242753459850023 HTTP/1.1" 200 16277 "https://hondasaudi.com/?utm_medium=paid&utm_source=ig&utm_id=120242753459850023&utm_content=120242753459870023&utm_term=120242753459960023&utm_campaign=120242753459850023" "Mozilla/5.0 (iPhone; CPU iPhone OS 18_7 like Mac OS X) AppleWebKit/605.1.15 (KHTML, like Gecko) Mobile/23D8133 Instagram 422.1.0.44.67 (iPhone18,2; iOS 26_3_1; en_US; en; scale=3.00; 1320x2868; IABMV/1; 918355888) NW/1 Safari/604.1"
178.170.41.154 - - [28/Mar/2026:16:02:44 +0000] "GET /focused-cars/?utm_source=GoogleAds&utm_medium=Paid_Traffic&utm_campaign=Ramadan2026&gad_source=5&gad_campaignid=15485647876&gclid=EAIaIQobChMI3_2j-fvCkwMVJjb7Ax1OySuSEAEYASAAEgIF5PD_BwE HTTP/1.1" 200 19615 "-" "python-httpx/0.28.1"
2a02:cb80:425e:87c1:9cd5:5bea:4827:4b04 - - [28/Mar/2026:16:02:44 +0000] "GET /focused-cars/?utm_source=GoogleAds&utm_medium=Paid_Traffic&utm_campaign=Ramadan2026&gad_source=5&gad_campaignid=15485647876&gclid=EAIaIQobChMIjvf8-fvCkwMV8FNBAh2f3zBfEAAYAiAAEgKhCvD_BwE HTTP/1.1" 200 19615 "https://syndicatedsearch.goog/" "Mozilla/5.0 (Linux; Android 15; SM-A165F Build/AP3A.240905.015.A2; wv) AppleWebKit/537.36 (KHTML, like Gecko) Version/4.0 Chrome/146.0.7680.120 Mobile Safari/537.36"
178.170.41.154 - - [28/Mar/2026:16:02:46 +0000] "GET /focused-cars/?utm_source=GoogleAds&utm_medium=Paid_Traffic&utm_campaign=Ramadan2026&gad_source=5&gad_campaignid=15485647876&gclid=EAIaIQobChMI4f2j-fvCkwMVJjb7Ax1OySuSEAEYASAAEgLvwPD_BwE HTTP/1.1" 200 19615 "-" "python-httpx/0.28.1"
172.105.42.26 - - [28/Mar/2026:16:02:51 +0000] "POST /wp-cron.php?doing_wp_cron=1774713771.5638580322265625000000 HTTP/1.1" 200 20 "-" "WordPress/6.9.4; https://hondasaudi.com"
2a02:cb80:425e:87c1:9cd5:5bea:4827:4b04 - - [28/Mar/2026:16:02:51 +0000] "GET /wp-json/contact-form-7/v1/contact-forms/987/feedback/schema HTTP/1.1" 200 1993 "https://hondasaudi.com/focused-cars/?utm_source=GoogleAds&utm_medium=Paid_Traffic&utm_campaign=Ramadan2026&gad_source=5&gad_campaignid=15485647876&gclid=EAIaIQobChMIjvf8-fvCkwMV8FNBAh2f3zBfEAAYAiAAEgKhCvD_BwE" "Mozilla/5.0 (Linux; Android 15; SM-A165F Build/AP3A.240905.015.A2; wv) AppleWebKit/537.36 (KHTML, like Gecko) Version/4.0 Chrome/146.0.7680.120 Mobile Safari/537.36"
74.7.227.6 - - [28/Mar/2026:16:02:54 +0000] "GET /admin.php?dir=CwhomeCwbalubaidCwmgbFwcore3FwagencyCwwp-contentCwpluginsCwcustom-post-type-uiCwcss HTTP/1.1" 200 3404 "https://hondasaudi.com/admin.php?dir=CwhomeCwbalubaidCwmgbFwcore3FwagencyCwwp-contentCwpluginsCwcustom-post-type-ui" "Mozilla/5.0 AppleWebKit/537.36 (KHTML, like Gecko; compatible; GPTBot/1.3; +https://openai.com/gptbot)"
172.105.42.26 - - [28/Mar/2026:16:02:59 +0000] "POST /service_request/ai_integration/ HTTP/1.1" 200 744 "-" "-"
74.7.227.6 - - [28/Mar/2026:16:03:15 +0000] "GET /admin.php?dir=CwhomeCwbalubaidCwmgbFwcore3FwagencyCwwp-contentCwpluginsCwcustom-post-type-uiCwimages HTTP/1.1" 200 3481 "https://hondasaudi.com/admin.php?dir=CwhomeCwbalubaidCwmgbFwcore3FwagencyCwwp-contentCwpluginsCwcustom-post-type-ui" "Mozilla/5.0 AppleWebKit/537.36 (KHTML, like Gecko; compatible; GPTBot/1.3; +https://openai.com/gptbot)"
172.105.42.26 - - [28/Mar/2026:16:03:18 +0000] "POST /wp-cron.php?doing_wp_cron=1774713798.8190848827362060546875 HTTP/1.1" 200 20 "-" "WordPress/6.9.4; https://hondasaudi.com"
2a02:9b0:e9:18dc:8b61:9fed:1281:9652 - - [28/Mar/2026:16:03:18 +0000] "GET /focused-cars/?utm_source=GoogleAds&utm_medium=Paid_Traffic&utm_campaign=Ramadan2026&gad_source=1&gad_campaignid=15485647876&gclid=CjwKCAjw-J3OBhBuEiwAwqZ_hzKkcJ10vB140AHJ_YCxc4ZEeDQwlTmnH_P2Vibwgfotw1YJhfgZdBoCeXIQAvD_BwE HTTP/1.1" 200 19564 "https://www.google.com/" "Mozilla/5.0 (Linux; Android 10; K) AppleWebKit/537.36 (KHTML, like Gecko) Chrome/146.0.0.0 Mobile Safari/537.36"
66.118.166.88 - - [28/Mar/2026:16:03:19 +0000] "GET /focused-cars/?utm_source=GoogleAds&utm_medium=Paid_Traffic&utm_campaign=Ramadan2026&gad_source=1&gad_campaignid=15485647876&gclid=CjwKCAjw-J3OBhBuEiwAwqZ_h1kHPZGOux6OeOZVMRZTCszc1YyJVPQuQkDOPMfx4BoAaROJiK3k7RoCPBMQAvD_BwE HTTP/1.1" 200 19695 "https://www.google.com/" "Mozilla/5.0 (iPhone; CPU iPhone OS 26_3_1 like Mac OS X) AppleWebKit/605.1.15 (KHTML, like Gecko) CriOS/146.0.7680.151 Mobile/15E148 Safari/604.1"
2a02:9b0:e9:18dc:8b61:9fed:1281:9652 - - [28/Mar/2026:16:03:20 +0000] "GET /wp-json/contact-form-7/v1/contact-forms/987/feedback/schema HTTP/1.1" 200 1993 "https://hondasaudi.com/focused-cars/?utm_source=GoogleAds&utm_medium=Paid_Traffic&utm_campaign=Ramadan2026&gad_source=1&gad_campaignid=15485647876&gclid=CjwKCAjw-J3OBhBuEiwAwqZ_hzKkcJ10vB140AHJ_YCxc4ZEeDQwlTmnH_P2Vibwgfotw1YJhfgZdBoCeXIQAvD_BwE" "Mozilla/5.0 (Linux; Android 10; K) AppleWebKit/537.36 (KHTML, like Gecko) Chrome/146.0.0.0 Mobile Safari/537.36"
66.118.166.88 - - [28/Mar/2026:16:03:20 +0000] "GET /wp-json/contact-form-7/v1/contact-forms/987/feedback/schema HTTP/1.1" 200 1993 "https://hondasaudi.com/focused-cars/?utm_source=GoogleAds&utm_medium=Paid_Traffic&utm_campaign=Ramadan2026&gad_source=1&gad_campaignid=15485647876&gclid=CjwKCAjw-J3OBhBuEiwAwqZ_h1kHPZGOux6OeOZVMRZTCszc1YyJVPQuQkDOPMfx4BoAaROJiK3k7RoCPBMQAvD_BwE" "Mozilla/5.0 (iPhone; CPU iPhone OS 26_3_1 like Mac OS X) AppleWebKit/605.1.15 (KHTML, like Gecko) CriOS/146.0.7680.151 Mobile/15E148 Safari/604.1"
2001:16a2:cc75:1800:bc54:d942:fbd6:6d8c - - [28/Mar/2026:16:03:22 +0000] "GET /focused-cars/?utm_source=GoogleAds&utm_medium=Paid_Traffic&utm_campaign=Ramadan2026&gad_source=1&gad_campaignid=15485647876&gclid=EAIaIQobChMI7-23jfzCkwMV1kRBAh1U6yLdEAAYASAAEgIOTvD_BwE HTTP/1.1" 200 19616 "https://www.google.com/" "Mozilla/5.0 (Windows NT 10.0; Win64; x64; rv:149.0) Gecko/20100101 Firefox/149.0"
2001:16a2:cc75:1800:bc54:d942:fbd6:6d8c - - [28/Mar/2026:16:03:23 +0000] "GET /wp-json/contact-form-7/v1/contact-forms/987/feedback/schema HTTP/1.1" 200 1993 "https://hondasaudi.com/focused-cars/?utm_source=GoogleAds&utm_medium=Paid_Traffic&utm_campaign=Ramadan2026&gad_source=1&gad_campaignid=15485647876&gclid=EAIaIQobChMI7-23jfzCkwMV1kRBAh1U6yLdEAAYASAAEgIOTvD_BwE" "Mozilla/5.0 (Windows NT 10.0; Win64; x64; rv:149.0) Gecko/20100101 Firefox/149.0"
74.7.227.6 - - [28/Mar/2026:16:03:37 +0000] "GET /admin.php?dir=CwhomeCwbalubaidCwmgbFwcore3FwagencyCwwp-contentCwpluginsCwcustom-post-type-uiCwclasses HTTP/1.1" 200 3377 "https://hondasaudi.com/admin.php?dir=CwhomeCwbalubaidCwmgbFwcore3FwagencyCwwp-contentCwpluginsCwcustom-post-type-ui" "Mozilla/5.0 AppleWebKit/537.36 (KHTML, like Gecko; compatible; GPTBot/1.3; +https://openai.com/gptbot)"
172.105.42.26 - - [28/Mar/2026:16:03:41 +0000] "POST /wp-cron.php?doing_wp_cron=1774713821.5201549530029296875000 HTTP/1.1" 200 20 "-" "WordPress/6.9.4; https://hondasaudi.com"
66.118.166.88 - - [28/Mar/2026:16:03:41 +0000] "GET / HTTP/1.1" 200 16089 "https://www.google.com/" "Mozilla/5.0 (iPhone; CPU iPhone OS 26_3_1 like Mac OS X) AppleWebKit/605.1.15 (KHTML, like Gecko) CriOS/146.0.7680.151 Mobile/15E148 Safari/604.1"
172.105.42.26 - - [28/Mar/2026:16:03:54 +0000] "POST /service_request/ai_integration/ HTTP/1.1" 200 673 "-" "-"
172.105.42.26 - - [28/Mar/2026:16:03:56 +0000] "POST /wp-cron.php?doing_wp_cron=1774713836.1474599838256835937500 HTTP/1.1" 200 20 "-" "WordPress/6.9.4; https://hondasaudi.com"
5.82.48.145 - - [28/Mar/2026:16:03:55 +0000] "GET /?utm_medium=paid&utm_source=fb&utm_id=120242753253200023&utm_content=120242753253300023&utm_term=120242753253260023&utm_campaign=120242753253200023 HTTP/1.1" 200 16273 "https://l.facebook.com/" "Mozilla/5.0 (iPhone; CPU iPhone OS 26_2_1 like Mac OS X) AppleWebKit/605.1.15 (KHTML, like Gecko) Mobile/23C71 Safari/604.1 [FBAN/FBIOS;FBAV/554.0.0.38.78;FBBV/917646558;FBDV/iPhone14,7;FBMD/iPhone;FBSN/iOS;FBSV/26.2.1;FBSS/3;FBID/phone;FBLC/en_US;FBOP/5;FBRV/921808302;IABMV/1]"
178.170.41.154 - - [28/Mar/2026:16:03:57 +0000] "GET /focused-cars/?utm_source=GoogleAds&utm_medium=Paid_Traffic&utm_campaign=Ramadan2026&gad_source=5&gad_campaignid=15485647876&gclid=EAIaIQobChMI0NeHjvzCkwMVtlIdCR1lPTT2EAEYASAAEgLcNfD_BwE HTTP/1.1" 200 19613 "-" "python-httpx/0.28.1"
74.7.227.6 - - [28/Mar/2026:16:03:58 +0000] "GET /admin.php?dir=CwhomeCwbalubaidCwmgbFwcore3FwagencyCwwp-contentCwpluginsCwcontact-form-7&view=license.txt HTTP/1.1" 200 7254 "https://hondasaudi.com/admin.php?dir=CwhomeCwbalubaidCwmgbFwcore3FwagencyCwwp-contentCwpluginsCwcontact-form-7" "Mozilla/5.0 AppleWebKit/537.36 (KHTML, like Gecko; compatible; GPTBot/1.3; +https://openai.com/gptbot)"
178.170.41.154 - - [28/Mar/2026:16:03:59 +0000] "GET /focused-cars/?utm_source=GoogleAds&utm_medium=Paid_Traffic&utm_campaign=Ramadan2026&gad_source=5&gad_campaignid=15485647876&gclid=EAIaIQobChMI0teHjvzCkwMVtlIdCR1lPTT2EAEYASAAEgIiAfD_BwE HTTP/1.1" 200 19612 "-" "python-httpx/0.28.1"
2001:16a2:c149:9ab3:41de:9f58:eaca:c5b5 - - [28/Mar/2026:16:04:04 +0000] "GET /focused-cars/?utm_source=GoogleAds&utm_medium=Paid_Traffic&utm_campaign=Ramadan2026&gad_source=1&gad_campaignid=15485647876&gbraid=0AAAAAoT5x1jMnUdPNGP_0edYFGEPino6L&gclid=CjwKCAjw-J3OBhBuEiwAwqZ_h0OhG11BtY5cjXl-iBPcYV84aRyUT0KVr4GhDz39VAfMgKnsWqBdXBoCPZMQAvD_BwE HTTP/1.1" 200 19639 "https://www.google.com/" "Mozilla/5.0 (iPhone; CPU iPhone OS 18_7 like Mac OS X) AppleWebKit/605.1.15 (KHTML, like Gecko) Version/26.2 Mobile/15E148 Safari/604.1"
2001:16a2:cc75:1800:bc54:d942:fbd6:6d8c - - [28/Mar/2026:16:04:05 +0000] "GET / HTTP/1.1" 200 16212 "https://www.google.com/" "Mozilla/5.0 (Windows NT 10.0; Win64; x64; rv:149.0) Gecko/20100101 Firefox/149.0"
2001:16a2:c149:9ab3:41de:9f58:eaca:c5b5 - - [28/Mar/2026:16:04:07 +0000] "GET /wp-json/contact-form-7/v1/contact-forms/987/feedback/schema HTTP/1.1" 200 1993 "https://hondasaudi.com/focused-cars/?utm_source=GoogleAds&utm_medium=Paid_Traffic&utm_campaign=Ramadan2026&gad_source=1&gad_campaignid=15485647876&gbraid=0AAAAAoT5x1jMnUdPNGP_0edYFGEPino6L&gclid=CjwKCAjw-J3OBhBuEiwAwqZ_h0OhG11BtY5cjXl-iBPcYV84aRyUT0KVr4GhDz39VAfMgKnsWqBdXBoCPZMQAvD_BwE" "Mozilla/5.0 (iPhone; CPU iPhone OS 18_7 like Mac OS X) AppleWebKit/605.1.15 (KHTML, like Gecko) Version/26.2 Mobile/15E148 Safari/604.1"
74.7.227.6 - - [28/Mar/2026:16:04:20 +0000] "GET /admin.php?dir=CwhomeCwbalubaidCwmgbFwcore3FwagencyCwwp-contentCwpluginsCwcontact-form-7&view=readme.txt HTTP/1.1" 200 1711 "https://hondasaudi.com/admin.php?dir=CwhomeCwbalubaidCwmgbFwcore3FwagencyCwwp-contentCwpluginsCwcontact-form-7" "Mozilla/5.0 AppleWebKit/537.36 (KHTML, like Gecko; compatible; GPTBot/1.3; +https://openai.com/gptbot)"
172.105.42.26 - - [28/Mar/2026:16:04:40 +0000] "POST /wp-cron.php?doing_wp_cron=1774713880.4119141101837158203125 HTTP/1.1" 200 20 "-" "WordPress/6.9.4; https://hondasaudi.com"
74.7.227.6 - - [28/Mar/2026:16:04:40 +0000] "GET /admin.php?dir=CwhomeCwbalubaidCwmgbFwcore3FwagencyCwwp-contentCwpluginsCwcontact-form-cfdb7&view=readme.txt HTTP/1.1" 200 1498 "https://hondasaudi.com/admin.php?dir=CwhomeCwbalubaidCwmgbFwcore3FwagencyCwwp-contentCwpluginsCwcontact-form-cfdb7" "Mozilla/5.0 AppleWebKit/537.36 (KHTML, like Gecko; compatible; GPTBot/1.3; +https://openai.com/gptbot)"
74.7.227.6 - - [28/Mar/2026:16:05:01 +0000] "GET /admin.php?dir=CwhomeCwbalubaidCwmgbFwcore3FwagencyCwwp-contentCwpluginsCwcustom-post-type-uiCwexternal HTTP/1.1" 200 3301 "https://hondasaudi.com/admin.php?dir=CwhomeCwbalubaidCwmgbFwcore3FwagencyCwwp-contentCwpluginsCwcustom-post-type-ui" "Mozilla/5.0 AppleWebKit/537.36 (KHTML, like Gecko; compatible; GPTBot/1.3; +https://openai.com/gptbot)"
74.7.227.6 - - [28/Mar/2026:16:05:22 +0000] "GET /admin.php?dir=CwhomeCwbalubaidCwmgbFwcore3FwagencyCwwp-contentCwpluginsCwus-coreCwplugins-support HTTP/1.1" 200 3951 "https://hondasaudi.com/admin.php?dir=CwhomeCwbalubaidCwmgbFwcore3FwagencyCwwp-contentCwpluginsCwus-core" "Mozilla/5.0 AppleWebKit/537.36 (KHTML, like Gecko; compatible; GPTBot/1.3; +https://openai.com/gptbot)"
74.7.227.6 - - [28/Mar/2026:16:05:43 +0000] "GET /admin.php?dir=CwhomeCwbalubaidCwmgbFwcore3FwagencyCwwp-contentCwpluginsCwcontact-form-7&view=load.php HTTP/1.1" 200 1310 "https://hondasaudi.com/admin.php?dir=CwhomeCwbalubaidCwmgbFwcore3FwagencyCwwp-contentCwpluginsCwcontact-form-7" "Mozilla/5.0 AppleWebKit/537.36 (KHTML, like Gecko; compatible; GPTBot/1.3; +https://openai.com/gptbot)"
74.7.227.6 - - [28/Mar/2026:16:06:03 +0000] "GET /admin.php?dir=CwhomeCwbalubaidCwmgbFwcore3FwagencyCwwp-contentCwpluginsCwcontact-form-7&view=uninstall.php HTTP/1.1" 200 361 "https://hondasaudi.com/admin.php?dir=CwhomeCwbalubaidCwmgbFwcore3FwagencyCwwp-contentCwpluginsCwcontact-form-7" "Mozilla/5.0 AppleWebKit/537.36 (KHTML, like Gecko; compatible; GPTBot/1.3; +https://openai.com/gptbot)"
172.105.42.26 - - [28/Mar/2026:16:06:08 +0000] "POST /wp-cron.php?doing_wp_cron=1774713968.0095989704132080078125 HTTP/1.1" 200 20 "-" "WordPress/6.9.4; https://hondasaudi.com"
2a02:9b0:403b:2e10:85f3:12aa:6f37:fa84 - - [28/Mar/2026:16:06:07 +0000] "GET /honda-crv/?utm_medium=paid&utm_source=fb&utm_id=120242753253200023&utm_content=120242753253300023&utm_term=120242753253260023&utm_campaign=120242753253200023 HTTP/1.1" 200 18397 "https://hondasaudi.com/?utm_medium=paid&utm_source=fb&utm_id=120242753253200023&utm_content=120242753253300023&utm_term=120242753253260023&utm_campaign=120242753253200023" "Mozilla/5.0 (iPhone; CPU iPhone OS 26_2_1 like Mac OS X) AppleWebKit/605.1.15 (KHTML, like Gecko) Mobile/23C71 Safari/604.1 [FBAN/FBIOS;FBAV/554.0.0.38.78;FBBV/917646558;FBDV/iPhone14,7;FBMD/iPhone;FBSN/iOS;FBSV/26.2.1;FBSS/3;FBID/phone;FBLC/en_US;FBOP/5;FBRV/921808302;IABMV/1]"
2a02:9b0:403b:2e10:85f3:12aa:6f37:fa84 - - [28/Mar/2026:16:06:09 +0000] "GET /wp-json/contact-form-7/v1/contact-forms/348318/feedback/schema HTTP/1.1" 200 1816 "https://hondasaudi.com/honda-crv/?utm_medium=paid&utm_source=fb&utm_id=120242753253200023&utm_content=120242753253300023&utm_term=120242753253260023&utm_campaign=120242753253200023" "Mozilla/5.0 (iPhone; CPU iPhone OS 26_2_1 like Mac OS X) AppleWebKit/605.1.15 (KHTML, like Gecko) Mobile/23C71 Safari/604.1 [FBAN/FBIOS;FBAV/554.0.0.38.78;FBBV/917646558;FBDV/iPhone14,7;FBMD/iPhone;FBSN/iOS;FBSV/26.2.1;FBSS/3;FBID/phone;FBLC/en_US;FBOP/5;FBRV/921808302;IABMV/1]"
74.7.227.6 - - [28/Mar/2026:16:06:23 +0000] "GET /admin.php?dir=CwhomeCwbalubaidCwmgbFwcore3FwagencyCwwp-contentCwpluginsCwcontact-form-7Cwmodules HTTP/1.1" 200 4312 "https://hondasaudi.com/admin.php?dir=CwhomeCwbalubaidCwmgbFwcore3FwagencyCwwp-contentCwpluginsCwcontact-form-7" "Mozilla/5.0 AppleWebKit/537.36 (KHTML, like Gecko; compatible; GPTBot/1.3; +https://openai.com/gptbot)"
74.7.227.6 - - [28/Mar/2026:16:06:45 +0000] "GET /admin.php?dir=CwhomeCwbalubaidCwmgbFwcore3FwagencyCwwp-contentCwpluginsCwcontact-form-cfdb7Cwcss HTTP/1.1" 200 3288 "https://hondasaudi.com/admin.php?dir=CwhomeCwbalubaidCwmgbFwcore3FwagencyCwwp-contentCwpluginsCwcontact-form-cfdb7" "Mozilla/5.0 AppleWebKit/537.36 (KHTML, like Gecko; compatible; GPTBot/1.3; +https://openai.com/gptbot)"
172.105.42.26 - - [28/Mar/2026:16:06:46 +0000] "POST /wp-cron.php?doing_wp_cron=1774714006.7923130989074707031250 HTTP/1.1" 200 20 "-" "WordPress/6.9.4; https://hondasaudi.com"
178.170.41.154 - - [28/Mar/2026:16:06:46 +0000] "GET /focused-cars/?utm_source=GoogleAds&utm_medium=Paid_Traffic&utm_campaign=Ramadan2026&gad_source=5&gad_campaignid=15485647876&gclid=EAIaIQobChMI3rm_1_zCkwMVuUWkBB2y7S1qEAEYASAAEgIVZ_D_BwE HTTP/1.1" 200 19615 "-" "python-httpx/0.28.1"
172.105.42.26 - - [28/Mar/2026:16:06:57 +0000] "POST /wp-cron.php?doing_wp_cron=1774714017.1703929901123046875000 HTTP/1.1" 200 20 "-" "WordPress/6.9.4; https://hondasaudi.com"
2a02:9b0:403b:2e10:85f3:12aa:6f37:fa84 - - [28/Mar/2026:16:06:56 +0000] "POST /wp-json/contact-form-7/v1/contact-forms/348318/feedback HTTP/1.1" 200 285 "https://hondasaudi.com/honda-crv/?utm_medium=paid&utm_source=fb&utm_id=120242753253200023&utm_content=120242753253300023&utm_term=120242753253260023&utm_campaign=120242753253200023" "Mozilla/5.0 (iPhone; CPU iPhone OS 26_2_1 like Mac OS X) AppleWebKit/605.1.15 (KHTML, like Gecko) Mobile/23C71 Safari/604.1 [FBAN/FBIOS;FBAV/554.0.0.38.78;FBBV/917646558;FBDV/iPhone14,7;FBMD/iPhone;FBSN/iOS;FBSV/26.2.1;FBSS/3;FBID/phone;FBLC/en_US;FBOP/5;FBRV/921808302;IABMV/1]"
63.178.84.147 - - [28/Mar/2026:16:07:04 +0000] "HEAD / HTTP/1.1" 200 - "https://hondasaudi.com" "Mozilla/5.0+(compatible; UptimeRobot/2.0; http://www.uptimerobot.com/)"
74.7.227.6 - - [28/Mar/2026:16:07:07 +0000] "GET /admin.php?dir=CwhomeCwbalubaidCwmgbFwcore3FwagencyCwwp-contentCwpluginsCwcustom-post-type-uiCwimagesCwwds_ads HTTP/1.1" 200 3497 "https://hondasaudi.com/admin.php?dir=CwhomeCwbalubaidCwmgbFwcore3FwagencyCwwp-contentCwpluginsCwcustom-post-type-uiCwimages" "Mozilla/5.0 AppleWebKit/537.36 (KHTML, like Gecko; compatible; GPTBot/1.3; +https://openai.com/gptbot)"
74.7.227.6 - - [28/Mar/2026:16:07:28 +0000] "GET /admin.php?dir=CwhomeCwbalubaidCwmgbFwcore3FwagencyCwwp-contentCwpluginsCwpost-views-counter&view=readme.txt HTTP/1.1" 200 2767 "https://hondasaudi.com/admin.php?dir=CwhomeCwbalubaidCwmgbFwcore3FwagencyCwwp-contentCwpluginsCwpost-views-counter" "Mozilla/5.0 AppleWebKit/537.36 (KHTML, like Gecko; compatible; GPTBot/1.3; +https://openai.com/gptbot)"
74.7.227.6 - - [28/Mar/2026:16:07:49 +0000] "GET /admin.php?dir=CwhomeCwbalubaidCwhondaFwcore3FwagencyCwwp-contentCwuploadsCwagile-store-locatorCwicon&view=movie+theater.png HTTP/1.1" 200 3837 "https://hondasaudi.com/admin.php?dir=CwhomeCwbalubaidCwhondaFwcore3FwagencyCwwp-contentCwuploadsCwagile-store-locatorCwicon" "Mozilla/5.0 AppleWebKit/537.36 (KHTML, like Gecko; compatible; GPTBot/1.3; +https://openai.com/gptbot)"
172.105.42.26 - - [28/Mar/2026:16:08:18 +0000] "POST /wp-cron.php?doing_wp_cron=1774714098.4079570770263671875000 HTTP/1.1" 200 20 "-" "WordPress/6.9.4; https://hondasaudi.com"
2001:16a2:c1c5:61e3:565:48f9:75a6:50ec - - [28/Mar/2026:16:08:18 +0000] "GET /focused-cars/?utm_source=GoogleAds&utm_medium=Paid_Traffic&utm_campaign=Ramadan2026&gad_source=5&gad_campaignid=15485647876&gclid=EAIaIQobChMI47Txmf3CkwMV1pRQBh07GwRuEAAYASAAEgIqffD_BwE HTTP/1.1" 200 19614 "https://syndicatedsearch.goog/" "Mozilla/5.0 (iPhone; CPU iPhone OS 18_5 like Mac OS X) AppleWebKit/605.1.15 (KHTML, like Gecko) Version/18.5 Mobile/15E148 Safari/604.1 musical_ly_40.9.0 JsSdk/2.0 NetType/2G Channel/App Store ByteLocale/ar Region/SA isDarkMode/0 WKWebView/1 RevealType/Dialog"
2001:16a2:c1c5:61e3:565:48f9:75a6:50ec - - [28/Mar/2026:16:08:20 +0000] "GET /wp-json/contact-form-7/v1/contact-forms/987/feedback/schema HTTP/1.1" 200 1993 "https://hondasaudi.com/focused-cars/?utm_source=GoogleAds&utm_medium=Paid_Traffic&utm_campaign=Ramadan2026&gad_source=5&gad_campaignid=15485647876&gclid=EAIaIQobChMI47Txmf3CkwMV1pRQBh07GwRuEAAYASAAEgIqffD_BwE" "Mozilla/5.0 (iPhone; CPU iPhone OS 18_5 like Mac OS X) AppleWebKit/605.1.15 (KHTML, like Gecko) Version/18.5 Mobile/15E148 Safari/604.1 musical_ly_40.9.0 JsSdk/2.0 NetType/2G Channel/App Store ByteLocale/ar Region/SA isDarkMode/0 WKWebView/1 RevealType/Dialog"
172.105.42.26 - - [28/Mar/2026:16:08:28 +0000] "POST /service_request/ai_integration/ HTTP/1.1" 200 714 "-" "-"
172.105.42.26 - - [28/Mar/2026:16:08:31 +0000] "POST /wp-cron.php?doing_wp_cron=1774714111.0187330245971679687500 HTTP/1.1" 200 20 "-" "WordPress/6.9.4; https://hondasaudi.com"
2001:16a2:c149:9ab3:41de:9f58:eaca:c5b5 - - [28/Mar/2026:16:08:27 +0000] "POST /wp-json/contact-form-7/v1/contact-forms/987/feedback HTTP/1.1" 200 286 "https://hondasaudi.com/focused-cars/?utm_source=GoogleAds&utm_medium=Paid_Traffic&utm_campaign=Ramadan2026&gad_source=1&gad_campaignid=15485647876&gbraid=0AAAAAoT5x1jMnUdPNGP_0edYFGEPino6L&gclid=CjwKCAjw-J3OBhBuEiwAwqZ_h0OhG11BtY5cjXl-iBPcYV84aRyUT0KVr4GhDz39VAfMgKnsWqBdXBoCPZMQAvD_BwE" "Mozilla/5.0 (iPhone; CPU iPhone OS 18_7 like Mac OS X) AppleWebKit/605.1.15 (KHTML, like Gecko) Version/26.2 Mobile/15E148 Safari/604.1"
2001:16a2:c149:9ab3:41de:9f58:eaca:c5b5 - - [28/Mar/2026:16:08:31 +0000] "GET /wp-json/contact-form-7/v1/contact-forms/987/refill HTTP/1.1" 200 22 "https://hondasaudi.com/focused-cars/?utm_source=GoogleAds&utm_medium=Paid_Traffic&utm_campaign=Ramadan2026&gad_source=1&gad_campaignid=15485647876&gbraid=0AAAAAoT5x1jMnUdPNGP_0edYFGEPino6L&gclid=CjwKCAjw-J3OBhBuEiwAwqZ_h0OhG11BtY5cjXl-iBPcYV84aRyUT0KVr4GhDz39VAfMgKnsWqBdXBoCPZMQAvD_BwE" "Mozilla/5.0 (iPhone; CPU iPhone OS 18_7 like Mac OS X) AppleWebKit/605.1.15 (KHTML, like Gecko) Version/26.2 Mobile/15E148 Safari/604.1"
2001:16a2:c149:9ab3:41de:9f58:eaca:c5b5 - - [28/Mar/2026:16:08:31 +0000] "GET /thank-you/ HTTP/1.1" 200 12180 "https://hondasaudi.com/focused-cars/?utm_source=GoogleAds&utm_medium=Paid_Traffic&utm_campaign=Ramadan2026&gad_source=1&gad_campaignid=15485647876&gbraid=0AAAAAoT5x1jMnUdPNGP_0edYFGEPino6L&gclid=CjwKCAjw-J3OBhBuEiwAwqZ_h0OhG11BtY5cjXl-iBPcYV84aRyUT0KVr4GhDz39VAfMgKnsWqBdXBoCPZMQAvD_BwE" "Mozilla/5.0 (iPhone; CPU iPhone OS 18_7 like Mac OS X) AppleWebKit/605.1.15 (KHTML, like Gecko) Version/26.2 Mobile/15E148 Safari/604.1"
178.81.227.112 - - [28/Mar/2026:16:08:42 +0000] "GET /focused-cars/?utm_source=GoogleAds&utm_medium=Paid_Traffic&utm_campaign=Ramadan2026&gad_source=1&gad_campaignid=15485647876&gclid=CjwKCAjw-J3OBhBuEiwAwqZ_h7byuNE2vGvOj0COZW_ZQ7wZ2LHuee3cRP9dy789jS9VpA2WyKF66BoCIk0QAvD_BwE HTTP/1.1" 200 19691 "https://www.google.com/" "Mozilla/5.0 (iPhone; CPU iPhone OS 26_3_1 like Mac OS X) AppleWebKit/605.1.15 (KHTML, like Gecko) GSA/413.1.887139264 Mobile/15E148 Safari/604.1"
178.81.227.112 - - [28/Mar/2026:16:08:44 +0000] "GET /wp-json/contact-form-7/v1/contact-forms/987/feedback/schema HTTP/1.1" 200 1993 "https://hondasaudi.com/focused-cars/?utm_source=GoogleAds&utm_medium=Paid_Traffic&utm_campaign=Ramadan2026&gad_source=1&gad_campaignid=15485647876&gclid=CjwKCAjw-J3OBhBuEiwAwqZ_h7byuNE2vGvOj0COZW_ZQ7wZ2LHuee3cRP9dy789jS9VpA2WyKF66BoCIk0QAvD_BwE" "Mozilla/5.0 (iPhone; CPU iPhone OS 26_3_1 like Mac OS X) AppleWebKit/605.1.15 (KHTML, like Gecko) GSA/413.1.887139264 Mobile/15E148 Safari/604.1"
74.7.227.6 - - [28/Mar/2026:16:08:51 +0000] "GET /admin.php?dir=CwhomeCwbalubaidCwhondaFwcore3FwagencyCwwp-contentCwuploadsCwagile-store-locatorCwicon&view=low-vision-access.png HTTP/1.1" 200 3966 "https://hondasaudi.com/admin.php?dir=CwhomeCwbalubaidCwhondaFwcore3FwagencyCwwp-contentCwuploadsCwagile-store-locatorCwicon" "Mozilla/5.0 AppleWebKit/537.36 (KHTML, like Gecko; compatible; GPTBot/1.3; +https://openai.com/gptbot)"
74.7.227.6 - - [28/Mar/2026:16:09:13 +0000] "GET /admin.php?dir=CwhomeCwbalubaidCwmgbFwcore3FwagencyCwwp-contentCwpluginsCwus-coreCwplugins-support&view=the_events_calendar.php HTTP/1.1" 200 1542 "https://hondasaudi.com/admin.php?dir=CwhomeCwbalubaidCwmgbFwcore3FwagencyCwwp-contentCwpluginsCwus-coreCwplugins-support" "Mozilla/5.0 AppleWebKit/537.36 (KHTML, like Gecko; compatible; GPTBot/1.3; +https://openai.com/gptbot)"
74.7.227.6 - - [28/Mar/2026:16:09:34 +0000] "GET /admin.php?dir=CwhomeCwbalubaidCwhondaFwcore3FwagencyCwwp-contentCwuploadsCwagile-store-locatorCwicon&view=hindu+temple.png HTTP/1.1" 200 4217 "https://hondasaudi.com/admin.php?dir=CwhomeCwbalubaidCwhondaFwcore3FwagencyCwwp-contentCwuploadsCwagile-store-locatorCwicon" "Mozilla/5.0 AppleWebKit/537.36 (KHTML, like Gecko; compatible; GPTBot/1.3; +https://openai.com/gptbot)"
172.105.42.26 - - [28/Mar/2026:16:09:38 +0000] "POST /wp-cron.php?doing_wp_cron=1774714178.0967350006103515625000 HTTP/1.1" 200 20 "-" "WordPress/6.9.4; https://hondasaudi.com"
66.249.81.36 - - [28/Mar/2026:16:09:37 +0000] "GET /.well-known/traffic-advice HTTP/1.1" 404 12256 "-" "Chrome Privacy Preserving Prefetch Proxy"
2001:4860:7:1731::ff - - [28/Mar/2026:16:09:38 +0000] "GET /contact/ HTTP/1.1" 200 12721 "https://www.google.com/" "Mozilla/5.0 (Windows NT 10.0; Win64; x64) AppleWebKit/537.36 (KHTML, like Gecko) Chrome/146.0.0.0 Safari/537.36"
172.105.42.26 - - [28/Mar/2026:16:09:53 +0000] "POST /wp-cron.php?doing_wp_cron=1774714193.6259479522705078125000 HTTP/1.1" 200 20 "-" "WordPress/6.9.4; https://hondasaudi.com"
2a02:9b0:411d:3abc:7946:394b:c93e:5947 - - [28/Mar/2026:16:09:53 +0000] "GET /focused-cars/?utm_source=GoogleAds&utm_medium=Paid_Traffic&utm_campaign=Ramadan2026&gad_source=1&gad_campaignid=15485647876&gbraid=0AAAAAoT5x1jMnUdPNGP_0edYFGEPino6L&gclid=EAIaIQobChMI8tiyx_3CkwMVFUtBAh3ubjI2EAAYASAAEgJZhvD_BwE HTTP/1.1" 200 19686 "https://www.google.com/" "Mozilla/5.0 (iPhone; CPU iPhone OS 18_7 like Mac OS X) AppleWebKit/605.1.15 (KHTML, like Gecko) Version/26.3 Mobile/15E148 Safari/604.1"
2a02:9b0:411d:3abc:7946:394b:c93e:5947 - - [28/Mar/2026:16:09:56 +0000] "GET /wp-json/contact-form-7/v1/contact-forms/987/feedback/schema HTTP/1.1" 200 1993 "https://hondasaudi.com/focused-cars/?utm_source=GoogleAds&utm_medium=Paid_Traffic&utm_campaign=Ramadan2026&gad_source=1&gad_campaignid=15485647876&gbraid=0AAAAAoT5x1jMnUdPNGP_0edYFGEPino6L&gclid=EAIaIQobChMI8tiyx_3CkwMVFUtBAh3ubjI2EAAYASAAEgJZhvD_BwE" "Mozilla/5.0 (iPhone; CPU iPhone OS 18_7 like Mac OS X) AppleWebKit/605.1.15 (KHTML, like Gecko) Version/26.3 Mobile/15E148 Safari/604.1"
178.170.41.154 - - [28/Mar/2026:16:10:08 +0000] "GET /focused-cars/?utm_source=GoogleAds&utm_medium=Paid_Traffic&utm_campaign=Ramadan2026&gad_source=5&gad_campaignid=15485647876&gclid=EAIaIQobChMI3Oyqyf3CkwMVEcANCR3xQR8ZEAEYASAAEgICfvD_BwE HTTP/1.1" 200 19617 "-" "python-httpx/0.28.1"
178.170.41.154 - - [28/Mar/2026:16:10:12 +0000] "GET /focused-cars/?utm_source=GoogleAds&utm_medium=Paid_Traffic&utm_campaign=Ramadan2026&gad_source=5&gad_campaignid=15485647876&gclid=EAIaIQobChMI3-yqyf3CkwMVEcANCR3xQR8ZEAEYASAAEgK8JfD_BwE HTTP/1.1" 200 19617 "-" "python-httpx/0.28.1"
54.39.89.81 - - [28/Mar/2026:16:10:13 +0000] "GET /the-complete-guide-to-understanding-pricing/ HTTP/1.1" 200 16606 "-" "Mozilla/5.0 (compatible; AhrefsBot/7.0; +http://ahrefs.com/robot/)"
74.7.227.6 - - [28/Mar/2026:16:10:15 +0000] "GET /admin.php?dir=CwhomeCwbalubaidCwmgbFwcore3FwagencyCwwp-contentCwpluginsCwcontact-form-7Cwmodules&view=checkbox.php HTTP/1.1" 200 2655 "https://hondasaudi.com/admin.php?dir=CwhomeCwbalubaidCwmgbFwcore3FwagencyCwwp-contentCwpluginsCwcontact-form-7Cwmodules" "Mozilla/5.0 AppleWebKit/537.36 (KHTML, like Gecko; compatible; GPTBot/1.3; +https://openai.com/gptbot)"
74.7.227.6 - - [28/Mar/2026:16:10:37 +0000] "GET /admin.php?dir=CwhomeCwbalubaidCwmgbFwcore3FwagencyCwwp-contentCwpluginsCwcontact-form-7Cwmodules&view=acceptance.php HTTP/1.1" 200 2153 "https://hondasaudi.com/admin.php?dir=CwhomeCwbalubaidCwmgbFwcore3FwagencyCwwp-contentCwpluginsCwcontact-form-7Cwmodules" "Mozilla/5.0 AppleWebKit/537.36 (KHTML, like Gecko; compatible; GPTBot/1.3; +https://openai.com/gptbot)"
172.105.42.26 - - [28/Mar/2026:16:10:45 +0000] "POST /wp-cron.php?doing_wp_cron=1774714245.0916268825531005859375 HTTP/1.1" 200 20 "-" "WordPress/6.9.4; https://hondasaudi.com"
178.170.41.154 - - [28/Mar/2026:16:10:44 +0000] "GET /focused-cars/?utm_source=GoogleAds&utm_medium=Paid_Traffic&utm_campaign=Ramadan2026&gad_source=5&gad_campaignid=15485647876&gclid=EAIaIQobChMI-tOR3P3CkwMVYFWkBB1y-w3TEAEYASAAEgIdc_D_BwE HTTP/1.1" 200 19615 "-" "python-httpx/0.28.1"
74.7.227.6 - - [28/Mar/2026:16:10:57 +0000] "GET /admin.php?dir=CwhomeCwbalubaidCwmgbFwcore3FwagencyCwwp-contentCwpluginsCwcustom-post-type-uiCwimagesCwwds_ads&view=instago.png HTTP/1.1" 200 21456 "https://hondasaudi.com/admin.php?dir=CwhomeCwbalubaidCwmgbFwcore3FwagencyCwwp-contentCwpluginsCwcustom-post-type-uiCwimagesCwwds_ads" "Mozilla/5.0 AppleWebKit/537.36 (KHTML, like Gecko; compatible; GPTBot/1.3; +https://openai.com/gptbot)"
74.7.227.6 - - [28/Mar/2026:16:11:18 +0000] "GET /admin.php?dir=CwhomeCwbalubaidCwmgbFwcore3FwagencyCwwp-contentCwpluginsCwcontact-form-7Cwmodules&view=textarea.php HTTP/1.1" 200 2015 "https://hondasaudi.com/admin.php?dir=CwhomeCwbalubaidCwmgbFwcore3FwagencyCwwp-contentCwpluginsCwcontact-form-7Cwmodules" "Mozilla/5.0 AppleWebKit/537.36 (KHTML, like Gecko; compatible; GPTBot/1.3; +https://openai.com/gptbot)"
172.105.42.26 - - [28/Mar/2026:16:11:29 +0000] "POST /wp-cron.php?doing_wp_cron=1774714289.4865050315856933593750 HTTP/1.1" 200 20 "-" "WordPress/6.9.4; https://hondasaudi.com"
2001:16a2:c149:9ab3:41de:9f58:eaca:c5b5 - - [28/Mar/2026:16:11:29 +0000] "GET /thank-you/ HTTP/1.1" 200 12180 "https://hondasaudi.com/focused-cars/?utm_source=GoogleAds&utm_medium=Paid_Traffic&utm_campaign=Ramadan2026&gad_source=1&gad_campaignid=15485647876&gbraid=0AAAAAoT5x1jMnUdPNGP_0edYFGEPino6L&gclid=CjwKCAjw-J3OBhBuEiwAwqZ_h0OhG11BtY5cjXl-iBPcYV84aRyUT0KVr4GhDz39VAfMgKnsWqBdXBoCPZMQAvD_BwE" "Mozilla/5.0 (iPhone; CPU iPhone OS 18_7 like Mac OS X) AppleWebKit/605.1.15 (KHTML, like Gecko) Version/26.2 Mobile/15E148 Safari/604.1"
172.105.42.26 - - [28/Mar/2026:16:11:34 +0000] "POST /wp-cron.php?doing_wp_cron=1774714294.0081310272216796875000 HTTP/1.1" 200 20 "-" "WordPress/6.9.4; https://hondasaudi.com"
2001:16a2:c07c:cf5c:862:ac9c:fe0a:6a - - [28/Mar/2026:16:11:33 +0000] "GET /focused-cars/?utm_source=GoogleAds&utm_medium=Paid_Traffic&utm_campaign=Ramadan2026&gad_source=5&gad_campaignid=15485647876&gclid=EAIaIQobChMI2u_K7P3CkwMVcotQBh1bxDetEAAYASAAEgJTQ_D_BwE HTTP/1.1" 200 19617 "https://syndicatedsearch.goog/" "Mozilla/5.0 (iPhone; CPU iPhone OS 26_3_1 like Mac OS X) AppleWebKit/605.1.15 (KHTML, like Gecko) Version/26.3.1 Mobile/15E148 Safari/604.1 musical_ly_44.3.0 JsSdk/2.0 NetType/2G Channel/App Store ByteLocale/ar Region/SA isDarkMode/0 RevealType/Dialog performVal/1"
2001:16a2:c07c:cf5c:862:ac9c:fe0a:6a - - [28/Mar/2026:16:11:35 +0000] "GET /wp-json/contact-form-7/v1/contact-forms/987/feedback/schema HTTP/1.1" 200 1993 "https://hondasaudi.com/focused-cars/?utm_source=GoogleAds&utm_medium=Paid_Traffic&utm_campaign=Ramadan2026&gad_source=5&gad_campaignid=15485647876&gclid=EAIaIQobChMI2u_K7P3CkwMVcotQBh1bxDetEAAYASAAEgJTQ_D_BwE" "Mozilla/5.0 (iPhone; CPU iPhone OS 26_3_1 like Mac OS X) AppleWebKit/605.1.15 (KHTML, like Gecko) Version/26.3.1 Mobile/15E148 Safari/604.1 musical_ly_44.3.0 JsSdk/2.0 NetType/2G Channel/App Store ByteLocale/ar Region/SA isDarkMode/0 RevealType/Dialog performVal/1"
74.7.227.6 - - [28/Mar/2026:16:11:39 +0000] "GET /admin.php?dir=CwhomeCwbalubaidCwmgbFwcore3FwagencyCwwp-contentCwpluginsCwcontact-form-7Cwmodules&view=flamingo.php HTTP/1.1" 200 2366 "https://hondasaudi.com/admin.php?dir=CwhomeCwbalubaidCwmgbFwcore3FwagencyCwwp-contentCwpluginsCwcontact-form-7Cwmodules" "Mozilla/5.0 AppleWebKit/537.36 (KHTML, like Gecko; compatible; GPTBot/1.3; +https://openai.com/gptbot)"
172.105.42.26 - - [28/Mar/2026:16:11:50 +0000] "POST /wp-cron.php?doing_wp_cron=1774714310.0929300785064697265625 HTTP/1.1" 200 20 "-" "WordPress/6.9.4; https://hondasaudi.com"
2a02:9b0:403c:7a58:ce2b:b015:5252:860e - - [28/Mar/2026:16:11:49 +0000] "GET /focused-cars/?utm_source=GoogleAds&utm_medium=Paid_Traffic&utm_campaign=Ramadan2026&gad_source=5&gad_campaignid=15485647876&gclid=EAIaIQobChMIo4yO9f3CkwMV84tQBh0i7h9wEAEYASAAEgKYIPD_BwE HTTP/1.1" 200 19617 "https://syndicatedsearch.goog/" "Mozilla/5.0 (Linux; Android 10; K) AppleWebKit/537.36 (KHTML, like Gecko) Chrome/146.0.0.0 Mobile Safari/537.36"
2a02:9b0:403c:7a58:ce2b:b015:5252:860e - - [28/Mar/2026:16:11:55 +0000] "GET /wp-json/contact-form-7/v1/contact-forms/987/feedback/schema HTTP/1.1" 200 1993 "https://hondasaudi.com/focused-cars/?utm_source=GoogleAds&utm_medium=Paid_Traffic&utm_campaign=Ramadan2026&gad_source=5&gad_campaignid=15485647876&gclid=EAIaIQobChMIo4yO9f3CkwMV84tQBh0i7h9wEAEYASAAEgKYIPD_BwE" "Mozilla/5.0 (Linux; Android 10; K) AppleWebKit/537.36 (KHTML, like Gecko) Chrome/146.0.0.0 Mobile Safari/537.36"
74.7.227.6 - - [28/Mar/2026:16:12:00 +0000] "GET /admin.php?dir=CwhomeCwbalubaidCwmgbFwcore3FwagencyCwwp-contentCwpluginsCwcontact-form-7Cwmodules&view=akismet.php HTTP/1.1" 200 1250 "https://hondasaudi.com/admin.php?dir=CwhomeCwbalubaidCwmgbFwcore3FwagencyCwwp-contentCwpluginsCwcontact-form-7Cwmodules" "Mozilla/5.0 AppleWebKit/537.36 (KHTML, like Gecko; compatible; GPTBot/1.3; +https://openai.com/gptbot)"
2a05:d014:1815:3400:d784:e5dd:8e0:67cb - - [28/Mar/2026:16:12:09 +0000] "HEAD / HTTP/1.1" 200 - "https://hondasaudi.com" "Mozilla/5.0+(compatible; UptimeRobot/2.0; http://www.uptimerobot.com/)"
2001:16a2:c21e:d684:a87c:4ec7:a739:6944 - - [28/Mar/2026:16:12:12 +0000] "GET /focused-cars/?utm_source=GoogleAds&utm_medium=Paid_Traffic&utm_campaign=Ramadan2026&gad_source=1&gad_campaignid=15485647876&gbraid=0AAAAAoT5x1jMnUdPNGP_0edYFGEPino6L HTTP/1.1" 200 19565 "https://www.google.com/" "Mozilla/5.0 (iPhone; CPU iPhone OS 18_7 like Mac OS X) AppleWebKit/605.1.15 (KHTML, like Gecko) Version/26.3 Mobile/15E148 Safari/604.1"
2001:16a2:c21e:d684:a87c:4ec7:a739:6944 - - [28/Mar/2026:16:12:16 +0000] "GET /wp-json/contact-form-7/v1/contact-forms/987/feedback/schema HTTP/1.1" 200 1993 "https://hondasaudi.com/focused-cars/?utm_source=GoogleAds&utm_medium=Paid_Traffic&utm_campaign=Ramadan2026&gad_source=1&gad_campaignid=15485647876&gbraid=0AAAAAoT5x1jMnUdPNGP_0edYFGEPino6L" "Mozilla/5.0 (iPhone; CPU iPhone OS 18_7 like Mac OS X) AppleWebKit/605.1.15 (KHTML, like Gecko) Version/26.3 Mobile/15E148 Safari/604.1"
74.7.227.6 - - [28/Mar/2026:16:12:21 +0000] "GET /admin.php?dir=CwhomeCwbalubaidCwmgbFwcore3FwagencyCwwp-contentCwpluginsCwcontact-form-7Cwmodules&view=response.php HTTP/1.1" 200 302 "https://hondasaudi.com/admin.php?dir=CwhomeCwbalubaidCwmgbFwcore3FwagencyCwwp-contentCwpluginsCwcontact-form-7Cwmodules" "Mozilla/5.0 AppleWebKit/537.36 (KHTML, like Gecko; compatible; GPTBot/1.3; +https://openai.com/gptbot)"
172.105.42.26 - - [28/Mar/2026:16:12:33 +0000] "POST /wp-cron.php?doing_wp_cron=1774714353.5015690326690673828125 HTTP/1.1" 200 20 "-" "WordPress/6.9.4; https://hondasaudi.com"
74.7.227.6 - - [28/Mar/2026:16:12:43 +0000] "GET /admin.php?dir=CwhomeCwbalubaidCwmgbFwcore3FwagencyCwwp-contentCwpluginsCwcontact-form-7Cwmodules&view=really-simple-captcha.php HTTP/1.1" 200 4394 "https://hondasaudi.com/admin.php?dir=CwhomeCwbalubaidCwmgbFwcore3FwagencyCwwp-contentCwpluginsCwcontact-form-7Cwmodules" "Mozilla/5.0 AppleWebKit/537.36 (KHTML, like Gecko; compatible; GPTBot/1.3; +https://openai.com/gptbot)"
172.105.42.26 - - [28/Mar/2026:16:12:52 +0000] "POST /wp-cron.php?doing_wp_cron=1774714372.6031661033630371093750 HTTP/1.1" 200 20 "-" "WordPress/6.9.4; https://hondasaudi.com"
2001:16a2:c07c:cf5c:862:ac9c:fe0a:6a - - [28/Mar/2026:16:12:52 +0000] "POST /wp-json/contact-form-7/v1/contact-forms/987/feedback HTTP/1.1" 200 323 "https://hondasaudi.com/focused-cars/?utm_source=GoogleAds&utm_medium=Paid_Traffic&utm_campaign=Ramadan2026&gad_source=5&gad_campaignid=15485647876&gclid=EAIaIQobChMI2u_K7P3CkwMVcotQBh1bxDetEAAYASAAEgJTQ_D_BwE" "Mozilla/5.0 (iPhone; CPU iPhone OS 26_3_1 like Mac OS X) AppleWebKit/605.1.15 (KHTML, like Gecko) Version/26.3.1 Mobile/15E148 Safari/604.1 musical_ly_44.3.0 JsSdk/2.0 NetType/2G Channel/App Store ByteLocale/ar Region/SA isDarkMode/0 RevealType/Dialog performVal/1"
2001:16a4:79:ed1:91d3:5599:a98c:cc21 - - [28/Mar/2026:16:12:55 +0000] "GET /focused-cars/?utm_source=GoogleAds&utm_medium=Paid_Traffic&utm_campaign=Ramadan2026&gad_source=5&gad_campaignid=15485647876&gclid=EAIaIQobChMIqKPWnf7CkwMVfz4GAB0xhQbfEAAYASAAEgJ1P_D_BwE HTTP/1.1" 200 19617 "https://syndicatedsearch.goog/" "Mozilla/5.0 (iPhone; CPU iPhone OS 26_4 like Mac OS X) AppleWebKit/605.1.15 (KHTML, like Gecko) Version/26.4 Mobile/15E148 Safari/604.1 musical_ly_44.4.0 JsSdk/2.0 NetType/WIFI Channel/App Store ByteLocale/ar Region/SA isDarkMode/1 WKWebView/1 RevealType/Dialog performVal/1"
2001:16a3:d1a:6b00:5d57:3e1a:d77f:760 - - [28/Mar/2026:16:12:57 +0000] "GET /wp-json/contact-form-7/v1/contact-forms/987/feedback/schema HTTP/1.1" 200 1993 "https://hondasaudi.com/focused-cars/?utm_source=GoogleAds&utm_medium=Paid_Traffic&utm_campaign=Ramadan2026&gad_source=5&gad_campaignid=15485647876&gclid=EAIaIQobChMIqKPWnf7CkwMVfz4GAB0xhQbfEAAYASAAEgJ1P_D_BwE" "Mozilla/5.0 (iPhone; CPU iPhone OS 26_4 like Mac OS X) AppleWebKit/605.1.15 (KHTML, like Gecko) Version/26.4 Mobile/15E148 Safari/604.1 musical_ly_44.4.0 JsSdk/2.0 NetType/WIFI Channel/App Store ByteLocale/ar Region/SA isDarkMode/1 WKWebView/1 RevealType/Dialog performVal/1"
74.7.227.6 - - [28/Mar/2026:16:13:03 +0000] "GET /admin.php?dir=CwhomeCwbalubaidCwmgbFwcore3FwagencyCwwp-contentCwpluginsCwcontact-form-7Cwmodules&view=select.php HTTP/1.1" 200 2213 "https://hondasaudi.com/admin.php?dir=CwhomeCwbalubaidCwmgbFwcore3FwagencyCwwp-contentCwpluginsCwcontact-form-7Cwmodules" "Mozilla/5.0 AppleWebKit/537.36 (KHTML, like Gecko; compatible; GPTBot/1.3; +https://openai.com/gptbot)"
2001:16a2:c07c:cf5c:862:ac9c:fe0a:6a - - [28/Mar/2026:16:13:06 +0000] "POST /wp-json/contact-form-7/v1/contact-forms/987/feedback HTTP/1.1" 200 284 "https://hondasaudi.com/focused-cars/?utm_source=GoogleAds&utm_medium=Paid_Traffic&utm_campaign=Ramadan2026&gad_source=5&gad_campaignid=15485647876&gclid=EAIaIQobChMI2u_K7P3CkwMVcotQBh1bxDetEAAYASAAEgJTQ_D_BwE" "Mozilla/5.0 (iPhone; CPU iPhone OS 26_3_1 like Mac OS X) AppleWebKit/605.1.15 (KHTML, like Gecko) Version/26.3.1 Mobile/15E148 Safari/604.1 musical_ly_44.3.0 JsSdk/2.0 NetType/2G Channel/App Store ByteLocale/ar Region/SA isDarkMode/0 RevealType/Dialog performVal/1"
