74.7.227.6 - - [28/Mar/2026:16:13:25 +0000] "GET /admin.php?dir=CwhomeCwbalubaidCwmgbFwcore3FwagencyCwwp-contentCwpluginsCwcontact-form-7Cwmodules&view=number.php HTTP/1.1" 200 2288 "https://hondasaudi.com/admin.php?dir=CwhomeCwbalubaidCwmgbFwcore3FwagencyCwwp-contentCwpluginsCwcontact-form-7Cwmodules" "Mozilla/5.0 AppleWebKit/537.36 (KHTML, like Gecko; compatible; GPTBot/1.3; +https://openai.com/gptbot)"
172.105.42.26 - - [28/Mar/2026:16:13:28 +0000] "POST /wp-cron.php?doing_wp_cron=1774714408.6901140213012695312500 HTTP/1.1" 200 20 "-" "WordPress/6.9.4; https://hondasaudi.com"
188.49.93.163 - - [28/Mar/2026:16:13:28 +0000] "GET /wp-json/contact-form-7/v1/contact-forms/987/feedback/schema HTTP/1.1" 200 1993 "https://hondasaudi.com/focused-cars/?utm_source=GoogleAds&utm_medium=Paid_Traffic&utm_campaign=Ramadan2026&gad_source=1&gad_campaignid=15485647876&gbraid=0AAAAAoT5x1hSviS8DXh2YDnC76qkwM6B6&gclid=CjwKCAjw-J3OBhBuEiwAwqZ_h70GQG6a_Vx2jIEeMaljbQftdNGNks8PSN_xXlukaBfajlU8561vaBoCUrsQAvD_BwE" "Mozilla/5.0 (iPhone; CPU iPhone OS 18_7 like Mac OS X) AppleWebKit/605.1.15 (KHTML, like Gecko) Version/26.4 Mobile/15E148 Safari/604.1"
172.105.42.26 - - [28/Mar/2026:16:13:28 +0000] "POST /service_request/ai_integration/ HTTP/1.1" 200 694 "-" "-"
172.105.42.26 - - [28/Mar/2026:16:13:31 +0000] "POST /wp-cron.php?doing_wp_cron=1774714411.4181840419769287109375 HTTP/1.1" 200 20 "-" "WordPress/6.9.4; https://hondasaudi.com"
2001:16a2:c07c:cf5c:862:ac9c:fe0a:6a - - [28/Mar/2026:16:13:28 +0000] "POST /wp-json/contact-form-7/v1/contact-forms/987/feedback HTTP/1.1" 200 285 "https://hondasaudi.com/focused-cars/?utm_source=GoogleAds&utm_medium=Paid_Traffic&utm_campaign=Ramadan2026&gad_source=5&gad_campaignid=15485647876&gclid=EAIaIQobChMI2u_K7P3CkwMVcotQBh1bxDetEAAYASAAEgJTQ_D_BwE" "Mozilla/5.0 (iPhone; CPU iPhone OS 26_3_1 like Mac OS X) AppleWebKit/605.1.15 (KHTML, like Gecko) Version/26.3.1 Mobile/15E148 Safari/604.1 musical_ly_44.3.0 JsSdk/2.0 NetType/2G Channel/App Store ByteLocale/ar Region/SA isDarkMode/0 RevealType/Dialog performVal/1"
2001:16a2:c07c:cf5c:862:ac9c:fe0a:6a - - [28/Mar/2026:16:13:31 +0000] "GET /wp-json/contact-form-7/v1/contact-forms/987/refill HTTP/1.1" 200 22 "https://hondasaudi.com/focused-cars/?utm_source=GoogleAds&utm_medium=Paid_Traffic&utm_campaign=Ramadan2026&gad_source=5&gad_campaignid=15485647876&gclid=EAIaIQobChMI2u_K7P3CkwMVcotQBh1bxDetEAAYASAAEgJTQ_D_BwE" "Mozilla/5.0 (iPhone; CPU iPhone OS 26_3_1 like Mac OS X) AppleWebKit/605.1.15 (KHTML, like Gecko) Version/26.3.1 Mobile/15E148 Safari/604.1 musical_ly_44.3.0 JsSdk/2.0 NetType/2G Channel/App Store ByteLocale/ar Region/SA isDarkMode/0 RevealType/Dialog performVal/1"
2001:16a2:c07c:cf5c:862:ac9c:fe0a:6a - - [28/Mar/2026:16:13:31 +0000] "GET /thank-you/ HTTP/1.1" 200 12285 "https://hondasaudi.com/focused-cars/?utm_source=GoogleAds&utm_medium=Paid_Traffic&utm_campaign=Ramadan2026&gad_source=5&gad_campaignid=15485647876&gclid=EAIaIQobChMI2u_K7P3CkwMVcotQBh1bxDetEAAYASAAEgJTQ_D_BwE" "Mozilla/5.0 (iPhone; CPU iPhone OS 26_3_1 like Mac OS X) AppleWebKit/605.1.15 (KHTML, like Gecko) Version/26.3.1 Mobile/15E148 Safari/604.1 musical_ly_44.3.0 JsSdk/2.0 NetType/2G Channel/App Store ByteLocale/ar Region/SA isDarkMode/0 RevealType/Dialog performVal/1"
74.7.227.6 - - [28/Mar/2026:16:13:45 +0000] "GET /admin.php?dir=CwhomeCwbalubaidCwmgbFwcore3FwagencyCwwp-contentCwpluginsCwcontact-form-7Cwmodules&view=submit.php HTTP/1.1" 200 1042 "https://hondasaudi.com/admin.php?dir=CwhomeCwbalubaidCwmgbFwcore3FwagencyCwwp-contentCwpluginsCwcontact-form-7Cwmodules" "Mozilla/5.0 AppleWebKit/537.36 (KHTML, like Gecko; compatible; GPTBot/1.3; +https://openai.com/gptbot)"
172.105.42.26 - - [28/Mar/2026:16:13:49 +0000] "POST /wp-cron.php?doing_wp_cron=1774714429.9085619449615478515625 HTTP/1.1" 200 20 "-" "WordPress/6.9.4; https://hondasaudi.com"
2a02:cb80:4206:bff:1014:6dd1:5803:f88e - - [28/Mar/2026:16:13:49 +0000] "GET /?utm_medium=paid&utm_source=ig&utm_id=120242754212250023&utm_content=120242754212290023&utm_term=120242754212360023&utm_campaign=120242754212250023 HTTP/1.1" 200 16276 "https://l.facebook.com/" "Mozilla/5.0 (iPhone; CPU iPhone OS 18_7 like Mac OS X) AppleWebKit/605.1.15 (KHTML, like Gecko) Mobile/23C55 Instagram 422.1.0.44.67 (iPhone16,2; iOS 26_2; en_US; en; scale=3.00; 1290x2796; IABMV/1; 918355888) Safari/604.1"
172.105.42.26 - - [28/Mar/2026:16:13:50 +0000] "POST /service_request/ai_integration/ HTTP/1.1" 200 708 "-" "-"
74.7.227.6 - - [28/Mar/2026:16:14:06 +0000] "GET /admin.php?dir=CwhomeCwbalubaidCwmgbFwcore3FwagencyCwwp-contentCwpluginsCwcontact-form-7Cwmodules&view=count.php HTTP/1.1" 200 663 "https://hondasaudi.com/admin.php?dir=CwhomeCwbalubaidCwmgbFwcore3FwagencyCwwp-contentCwpluginsCwcontact-form-7Cwmodules" "Mozilla/5.0 AppleWebKit/537.36 (KHTML, like Gecko; compatible; GPTBot/1.3; +https://openai.com/gptbot)"
172.105.42.26 - - [28/Mar/2026:16:14:23 +0000] "POST /wp-cron.php?doing_wp_cron=1774714463.4902489185333251953125 HTTP/1.1" 200 20 "-" "WordPress/6.9.4; https://hondasaudi.com"
2a02:9b0:c9:4778:80ad:f109:e9bd:554c - - [28/Mar/2026:16:14:23 +0000] "GET /focused-cars/?utm_source=GoogleAds&utm_medium=Paid_Traffic&utm_campaign=Ramadan2026&gad_source=5&gad_campaignid=15485647876&gclid=EAIaIQobChMIx9P8vf7CkwMVLJRQBh1OlC-YEAAYASAAEgJ8HfD_BwE HTTP/1.1" 200 19617 "https://syndicatedsearch.goog/" "Mozilla/5.0 (Linux; Android 16; SM-S928B Build/BP2A.250605.031.A3; wv) AppleWebKit/537.36 (KHTML, like Gecko) Version/4.0 Chrome/146.0.7680.119 Mobile Safari/537.36"
2a02:9b0:c9:4778:80ad:f109:e9bd:554c - - [28/Mar/2026:16:14:26 +0000] "GET /wp-json/contact-form-7/v1/contact-forms/987/feedback/schema HTTP/1.1" 200 1993 "https://hondasaudi.com/focused-cars/?utm_source=GoogleAds&utm_medium=Paid_Traffic&utm_campaign=Ramadan2026&gad_source=5&gad_campaignid=15485647876&gclid=EAIaIQobChMIx9P8vf7CkwMVLJRQBh1OlC-YEAAYASAAEgJ8HfD_BwE" "Mozilla/5.0 (Linux; Android 16; SM-S928B Build/BP2A.250605.031.A3; wv) AppleWebKit/537.36 (KHTML, like Gecko) Version/4.0 Chrome/146.0.7680.119 Mobile Safari/537.36"
74.7.227.6 - - [28/Mar/2026:16:14:27 +0000] "GET /admin.php?dir=CwhomeCwbalubaidCwmgbFwcore3FwagencyCwwp-contentCwpluginsCwcontact-form-7Cwmodules&view=date.php HTTP/1.1" 200 2277 "https://hondasaudi.com/admin.php?dir=CwhomeCwbalubaidCwmgbFwcore3FwagencyCwwp-contentCwpluginsCwcontact-form-7Cwmodules" "Mozilla/5.0 AppleWebKit/537.36 (KHTML, like Gecko; compatible; GPTBot/1.3; +https://openai.com/gptbot)"
172.105.42.26 - - [28/Mar/2026:16:14:45 +0000] "POST /wp-cron.php?doing_wp_cron=1774714485.2038640975952148437500 HTTP/1.1" 200 20 "-" "WordPress/6.9.4; https://hondasaudi.com"
2a02:cb80:4097:2729:387f:410:bc6a:b03c - - [28/Mar/2026:16:14:44 +0000] "GET /all-cars/?utm_source=GoogleAds&utm_campaign=Ramadan2026&gad_source=1&gad_campaignid=15485647876&gbraid=0AAAAAoT5x1jMnUdPNGP_0edYFGEPino6L&gclid=CjwKCAjw-J3OBhBuEiwAwqZ_h1qSZ-MF6psOdJ_RXjFLG3-kCTIHaFlGLQL8lRrt_HPyuUqkjs96KxoC4-0QAvD_BwE HTTP/1.1" 200 19751 "https://www.google.com/" "Mozilla/5.0 (iPhone; CPU iPhone OS 18_7 like Mac OS X) AppleWebKit/605.1.15 (KHTML, like Gecko) Version/26.1 Mobile/15E148 Safari/604.1"
74.7.227.6 - - [28/Mar/2026:16:14:49 +0000] "GET /admin.php?dir=CwhomeCwbalubaidCwmgbFwcore3FwagencyCwwp-contentCwpluginsCwcontact-form-7Cwmodules&view=quiz.php HTTP/1.1" 200 2273 "https://hondasaudi.com/admin.php?dir=CwhomeCwbalubaidCwmgbFwcore3FwagencyCwwp-contentCwpluginsCwcontact-form-7Cwmodules" "Mozilla/5.0 AppleWebKit/537.36 (KHTML, like Gecko; compatible; GPTBot/1.3; +https://openai.com/gptbot)"
172.105.42.26 - - [28/Mar/2026:16:14:50 +0000] "POST /wp-cron.php?doing_wp_cron=1774714490.3175559043884277343750 HTTP/1.1" 200 20 "-" "WordPress/6.9.4; https://hondasaudi.com"
2a02:cb80:4097:2729:387f:410:bc6a:b03c - - [28/Mar/2026:16:14:50 +0000] "GET /wp-json/contact-form-7/v1/contact-forms/987/feedback/schema HTTP/1.1" 200 1993 "https://hondasaudi.com/all-cars/?utm_source=GoogleAds&utm_campaign=Ramadan2026&gad_source=1&gad_campaignid=15485647876&gbraid=0AAAAAoT5x1jMnUdPNGP_0edYFGEPino6L&gclid=CjwKCAjw-J3OBhBuEiwAwqZ_h1qSZ-MF6psOdJ_RXjFLG3-kCTIHaFlGLQL8lRrt_HPyuUqkjs96KxoC4-0QAvD_BwE" "Mozilla/5.0 (iPhone; CPU iPhone OS 18_7 like Mac OS X) AppleWebKit/605.1.15 (KHTML, like Gecko) Version/26.1 Mobile/15E148 Safari/604.1"
2a02:cb80:4221:9efc:ba68:9144:1af4:3b0e - - [28/Mar/2026:16:15:09 +0000] "GET / HTTP/1.1" 200 16212 "https://www.google.com/" "Mozilla/5.0 (Linux; Android 10; K) AppleWebKit/537.36 (KHTML, like Gecko) SamsungBrowser/29.0 Chrome/136.0.0.0 Mobile Safari/537.36"
2a02:9b0:e8:d09a:a4eb:82e8:e2f9:e44d - - [28/Mar/2026:16:15:09 +0000] "GET /focused-cars/?utm_source=GoogleAds&utm_medium=Paid_Traffic&utm_campaign=Ramadan2026&gad_source=1&gad_campaignid=15485647876&gbraid=0AAAAAoT5x1jMnUdPNGP_0edYFGEPino6L&gclid=CjwKCAjw-J3OBhBuEiwAwqZ_h4H8Rd3zjpFIoqAP_gdEzX3w2fXI_O7RyLlqxAOQbguYvbiR8aptGxoCPFoQAvD_BwE HTTP/1.1" 200 19761 "https://www.google.com/" "Mozilla/5.0 (iPhone; CPU iPhone OS 18_7 like Mac OS X) AppleWebKit/605.1.15 (KHTML, like Gecko) Version/26.4 Mobile/15E148 Safari/604.1"
74.7.227.6 - - [28/Mar/2026:16:15:10 +0000] "GET /admin.php?dir=CwhomeCwbalubaidCwmgbFwcore3FwagencyCwwp-contentCwpluginsCwcontact-form-7Cwmodules&view=file.php HTTP/1.1" 200 1875 "https://hondasaudi.com/admin.php?dir=CwhomeCwbalubaidCwmgbFwcore3FwagencyCwwp-contentCwpluginsCwcontact-form-7Cwmodules" "Mozilla/5.0 AppleWebKit/537.36 (KHTML, like Gecko; compatible; GPTBot/1.3; +https://openai.com/gptbot)"
2a02:9b0:e8:d09a:a4eb:82e8:e2f9:e44d - - [28/Mar/2026:16:15:12 +0000] "GET /wp-json/contact-form-7/v1/contact-forms/987/feedback/schema HTTP/1.1" 200 1993 "https://hondasaudi.com/focused-cars/?utm_source=GoogleAds&utm_medium=Paid_Traffic&utm_campaign=Ramadan2026&gad_source=1&gad_campaignid=15485647876&gbraid=0AAAAAoT5x1jMnUdPNGP_0edYFGEPino6L&gclid=CjwKCAjw-J3OBhBuEiwAwqZ_h4H8Rd3zjpFIoqAP_gdEzX3w2fXI_O7RyLlqxAOQbguYvbiR8aptGxoCPFoQAvD_BwE" "Mozilla/5.0 (iPhone; CPU iPhone OS 18_7 like Mac OS X) AppleWebKit/605.1.15 (KHTML, like Gecko) Version/26.4 Mobile/15E148 Safari/604.1"
2a02:cb80:4221:9efc:ba68:9144:1af4:3b0e - - [28/Mar/2026:16:15:13 +0000] "GET /service-price-list/ HTTP/1.1" 200 12559 "https://hondasaudi.com/" "Mozilla/5.0 (Linux; Android 10; K) AppleWebKit/537.36 (KHTML, like Gecko) SamsungBrowser/29.0 Chrome/136.0.0.0 Mobile Safari/537.36"
2a02:9b0:e8:d09a:a4eb:82e8:e2f9:e44d - - [28/Mar/2026:16:15:14 +0000] "GET /service-price-list/?utm_source=GoogleAds&utm_medium=Paid_Traffic&utm_campaign=Ramadan2026&gad_source=1&gad_campaignid=15485647876&gbraid=0AAAAAoT5x1jMnUdPNGP_0edYFGEPino6L&gclid=CjwKCAjw-J3OBhBuEiwAwqZ_h4H8Rd3zjpFIoqAP_gdEzX3w2fXI_O7RyLlqxAOQbguYvbiR8aptGxoCPFoQAvD_BwE HTTP/1.1" 200 12765 "https://hondasaudi.com/focused-cars/?utm_source=GoogleAds&utm_medium=Paid_Traffic&utm_campaign=Ramadan2026&gad_source=1&gad_campaignid=15485647876&gbraid=0AAAAAoT5x1jMnUdPNGP_0edYFGEPino6L&gclid=CjwKCAjw-J3OBhBuEiwAwqZ_h4H8Rd3zjpFIoqAP_gdEzX3w2fXI_O7RyLlqxAOQbguYvbiR8aptGxoCPFoQAvD_BwE" "Mozilla/5.0 (iPhone; CPU iPhone OS 18_7 like Mac OS X) AppleWebKit/605.1.15 (KHTML, like Gecko) Version/26.4 Mobile/15E148 Safari/604.1"
2a02:9b0:e8:d09a:a4eb:82e8:e2f9:e44d - - [28/Mar/2026:16:15:17 +0000] "GET /?utm_source=GoogleAds&utm_medium=Paid_Traffic&utm_campaign=Ramadan2026&gad_source=1&gad_campaignid=15485647876&gbraid=0AAAAAoT5x1jMnUdPNGP_0edYFGEPino6L&gclid=CjwKCAjw-J3OBhBuEiwAwqZ_h4H8Rd3zjpFIoqAP_gdEzX3w2fXI_O7RyLlqxAOQbguYvbiR8aptGxoCPFoQAvD_BwE HTTP/1.1" 200 16417 "https://hondasaudi.com/service-price-list/?utm_source=GoogleAds&utm_medium=Paid_Traffic&utm_campaign=Ramadan2026&gad_source=1&gad_campaignid=15485647876&gbraid=0AAAAAoT5x1jMnUdPNGP_0edYFGEPino6L&gclid=CjwKCAjw-J3OBhBuEiwAwqZ_h4H8Rd3zjpFIoqAP_gdEzX3w2fXI_O7RyLlqxAOQbguYvbiR8aptGxoCPFoQAvD_BwE" "Mozilla/5.0 (iPhone; CPU iPhone OS 18_7 like Mac OS X) AppleWebKit/605.1.15 (KHTML, like Gecko) Version/26.4 Mobile/15E148 Safari/604.1"
172.105.42.26 - - [28/Mar/2026:16:15:20 +0000] "POST /wp-cron.php?doing_wp_cron=1774714520.0316419601440429687500 HTTP/1.1" 200 20 "-" "WordPress/6.9.4; https://hondasaudi.com"
2a00:5400:f013:e80f:712a:db07:adf8:dc50 - - [28/Mar/2026:16:15:19 +0000] "GET /honda-crv/?utm_id=1847933356180530&ttclid=E_C_P_Ct8BUoSbGI7sQdcs4Rnyj30efQEaDWni_IyRH5WgsNlBFW1u2IRfetYw6sYhWnSFk19ewGw737rcJNohk99yvu_R0gTBg1cUiZp52o2Ygeo5zxZVQKtyLEIOWYdwPiYF0gC8tm8I5d0qSmujn0v0aQvuyKXKUbXWkkYIQsqv3Wm6DP_ZCYgannEFzgs26jsvO3yxtVLXlKjzen7bmaXjBvcs_aCifUCE9XLAFvI2nf0eg5TpZo-Ux08sq6Z7r7YyXzCvH1zdX-H4Y-8jsl9J5Aa3CmVkCMKNyrT60l7tjp7ddRIEdjIuMA HTTP/1.1" 200 19068 "-" "Mozilla/5.0 (Linux; Android 10; K) AppleWebKit/537.36 (KHTML, like Gecko) Chrome/146.0.0.0 Mobile Safari/537.36"
2a02:9b0:e8:d09a:a4eb:82e8:e2f9:e44d - - [28/Mar/2026:16:15:20 +0000] "GET /?utm_source=GoogleAds&utm_medium=Paid_Traffic&utm_campaign=Ramadan2026&gad_source=1&gad_campaignid=15485647876&gbraid=0AAAAAoT5x1jMnUdPNGP_0edYFGEPino6L&gclid=CjwKCAjw-J3OBhBuEiwAwqZ_h4H8Rd3zjpFIoqAP_gdEzX3w2fXI_O7RyLlqxAOQbguYvbiR8aptGxoCPFoQAvD_BwE HTTP/1.1" 200 16418 "https://hondasaudi.com/focused-cars/?utm_source=GoogleAds&utm_medium=Paid_Traffic&utm_campaign=Ramadan2026&gad_source=1&gad_campaignid=15485647876&gbraid=0AAAAAoT5x1jMnUdPNGP_0edYFGEPino6L&gclid=CjwKCAjw-J3OBhBuEiwAwqZ_h4H8Rd3zjpFIoqAP_gdEzX3w2fXI_O7RyLlqxAOQbguYvbiR8aptGxoCPFoQAvD_BwE" "Mozilla/5.0 (iPhone; CPU iPhone OS 18_7 like Mac OS X) AppleWebKit/605.1.15 (KHTML, like Gecko) Version/26.4 Mobile/15E148 Safari/604.1"
2a00:5400:f013:e80f:712a:db07:adf8:dc50 - - [28/Mar/2026:16:15:23 +0000] "GET /wp-json/contact-form-7/v1/contact-forms/348318/feedback/schema HTTP/1.1" 200 1816 "https://hondasaudi.com/honda-crv/?utm_id=1847933356180530&ttclid=E_C_P_Ct8BUoSbGI7sQdcs4Rnyj30efQEaDWni_IyRH5WgsNlBFW1u2IRfetYw6sYhWnSFk19ewGw737rcJNohk99yvu_R0gTBg1cUiZp52o2Ygeo5zxZVQKtyLEIOWYdwPiYF0gC8tm8I5d0qSmujn0v0aQvuyKXKUbXWkkYIQsqv3Wm6DP_ZCYgannEFzgs26jsvO3yxtVLXlKjzen7bmaXjBvcs_aCifUCE9XLAFvI2nf0eg5TpZo-Ux08sq6Z7r7YyXzCvH1zdX-H4Y-8jsl9J5Aa3CmVkCMKNyrT60l7tjp7ddRIEdjIuMA" "Mozilla/5.0 (Linux; Android 10; K) AppleWebKit/537.36 (KHTML, like Gecko) Chrome/146.0.0.0 Mobile Safari/537.36"
2a00:5400:f013:e80f:712a:db07:adf8:dc50 - - [28/Mar/2026:16:15:23 +0000] "GET /apple-touch-icon.png HTTP/1.1" 404 12243 "-" "DuckDuckGo/5 (com.duckduckgo.mobile.android; Android API 36)"
2a00:5400:f013:e80f:712a:db07:adf8:dc50 - - [28/Mar/2026:16:15:24 +0000] "GET /favicon.ico HTTP/1.1" 302 20 "-" "DuckDuckGo/5 (com.duckduckgo.mobile.android; Android API 36)"
74.7.227.6 - - [28/Mar/2026:16:15:32 +0000] "GET /admin.php?dir=CwhomeCwbalubaidCwmgbFwcore3FwagencyCwwp-contentCwpluginsCwcontact-form-7Cwmodules&view=listo.php HTTP/1.1" 200 443 "https://hondasaudi.com/admin.php?dir=CwhomeCwbalubaidCwmgbFwcore3FwagencyCwwp-contentCwpluginsCwcontact-form-7Cwmodules" "Mozilla/5.0 AppleWebKit/537.36 (KHTML, like Gecko; compatible; GPTBot/1.3; +https://openai.com/gptbot)"
172.105.42.26 - - [28/Mar/2026:16:15:36 +0000] "POST /wp-cron.php?doing_wp_cron=1774714536.7873589992523193359375 HTTP/1.1" 200 20 "-" "WordPress/6.9.4; https://hondasaudi.com"
2a02:9b0:e8:d09a:a4eb:82e8:e2f9:e44d - - [28/Mar/2026:16:15:36 +0000] "GET /honda-hrv/?utm_source=GoogleAds&utm_medium=Paid_Traffic&utm_campaign=Ramadan2026&gad_source=1&gad_campaignid=15485647876&gbraid=0AAAAAoT5x1jMnUdPNGP_0edYFGEPino6L&gclid=CjwKCAjw-J3OBhBuEiwAwqZ_h4H8Rd3zjpFIoqAP_gdEzX3w2fXI_O7RyLlqxAOQbguYvbiR8aptGxoCPFoQAvD_BwE HTTP/1.1" 200 18900 "https://hondasaudi.com/?utm_source=GoogleAds&utm_medium=Paid_Traffic&utm_campaign=Ramadan2026&gad_source=1&gad_campaignid=15485647876&gbraid=0AAAAAoT5x1jMnUdPNGP_0edYFGEPino6L&gclid=CjwKCAjw-J3OBhBuEiwAwqZ_h4H8Rd3zjpFIoqAP_gdEzX3w2fXI_O7RyLlqxAOQbguYvbiR8aptGxoCPFoQAvD_BwE" "Mozilla/5.0 (iPhone; CPU iPhone OS 18_7 like Mac OS X) AppleWebKit/605.1.15 (KHTML, like Gecko) Version/26.4 Mobile/15E148 Safari/604.1"
2a02:9b0:e8:d09a:a4eb:82e8:e2f9:e44d - - [28/Mar/2026:16:15:37 +0000] "GET /wp-json/contact-form-7/v1/contact-forms/289020/feedback/schema HTTP/1.1" 200 1833 "https://hondasaudi.com/honda-hrv/?utm_source=GoogleAds&utm_medium=Paid_Traffic&utm_campaign=Ramadan2026&gad_source=1&gad_campaignid=15485647876&gbraid=0AAAAAoT5x1jMnUdPNGP_0edYFGEPino6L&gclid=CjwKCAjw-J3OBhBuEiwAwqZ_h4H8Rd3zjpFIoqAP_gdEzX3w2fXI_O7RyLlqxAOQbguYvbiR8aptGxoCPFoQAvD_BwE" "Mozilla/5.0 (iPhone; CPU iPhone OS 18_7 like Mac OS X) AppleWebKit/605.1.15 (KHTML, like Gecko) Version/26.4 Mobile/15E148 Safari/604.1"
172.105.42.26 - - [28/Mar/2026:16:15:47 +0000] "POST /wp-cron.php?doing_wp_cron=1774714547.1750230789184570312500 HTTP/1.1" 200 20 "-" "WordPress/6.9.4; https://hondasaudi.com"
2a02:9b0:e8:d09a:a4eb:82e8:e2f9:e44d - - [28/Mar/2026:16:15:46 +0000] "GET / HTTP/1.1" 200 16212 "-" "Mozilla/5.0 (iPhone; CPU iPhone OS 18_7 like Mac OS X) AppleWebKit/605.1.15 (KHTML, like Gecko) Version/26.4 Mobile/15E148 Safari/604.1"
74.7.227.6 - - [28/Mar/2026:16:15:53 +0000] "GET /admin.php?dir=CwhomeCwbalubaidCwmgbFwcore3FwagencyCwwp-contentCwpluginsCwcontact-form-7Cwmodules&view=text.php HTTP/1.1" 200 2655 "https://hondasaudi.com/admin.php?dir=CwhomeCwbalubaidCwmgbFwcore3FwagencyCwwp-contentCwpluginsCwcontact-form-7Cwmodules" "Mozilla/5.0 AppleWebKit/537.36 (KHTML, like Gecko; compatible; GPTBot/1.3; +https://openai.com/gptbot)"
74.7.227.6 - - [28/Mar/2026:16:16:36 +0000] "GET /admin.php?dir=CwhomeCwbalubaidCwhondaFwcore3FwagencyCwwp-contentCwuploadsCwagile-store-locatorCwicon&view=postal+code.png HTTP/1.1" 200 3900 "https://hondasaudi.com/admin.php?dir=CwhomeCwbalubaidCwhondaFwcore3FwagencyCwwp-contentCwuploadsCwagile-store-locatorCwicon" "Mozilla/5.0 AppleWebKit/537.36 (KHTML, like Gecko; compatible; GPTBot/1.3; +https://openai.com/gptbot)"
74.7.227.6 - - [28/Mar/2026:16:16:56 +0000] "GET /admin.php?dir=CwhomeCwbalubaidCwhondaFwcore3FwagencyCwwp-contentCwuploadsCwagile-store-locatorCwicon&view=snow-shoeing.png HTTP/1.1" 200 4160 "https://hondasaudi.com/admin.php?dir=CwhomeCwbalubaidCwhondaFwcore3FwagencyCwwp-contentCwuploadsCwagile-store-locatorCwicon" "Mozilla/5.0 AppleWebKit/537.36 (KHTML, like Gecko; compatible; GPTBot/1.3; +https://openai.com/gptbot)"
172.105.42.26 - - [28/Mar/2026:16:16:58 +0000] "POST /wp-cron.php?doing_wp_cron=1774714618.4454929828643798828125 HTTP/1.1" 200 20 "-" "WordPress/6.9.4; https://hondasaudi.com"
2a02:cb80:4221:9efc:ba68:9144:1af4:3b0e - - [28/Mar/2026:16:16:58 +0000] "GET / HTTP/1.1" 200 16089 "https://www.google.com/" "Mozilla/5.0 (Linux; Android 10; K) AppleWebKit/537.36 (KHTML, like Gecko) SamsungBrowser/29.0 Chrome/136.0.0.0 Mobile Safari/537.36"
45.92.1.113 - - [28/Mar/2026:16:17:04 +0000] "GET /.env HTTP/1.1" 403 1660 "-" "Mozilla/5.0 (iPhone; CPU iPhone OS 12_1 like Mac OS X) AppleWebKit/605.1.15 (KHTML, like Gecko) Mobile/16B92 MicroMessenger/7.0.5(0x17000523) NetType/WIFI Language/zh_CN"
2a02:cb80:4221:9efc:ba68:9144:1af4:3b0e - - [28/Mar/2026:16:17:06 +0000] "GET /service-price-list/ HTTP/1.1" 200 12439 "https://hondasaudi.com/" "Mozilla/5.0 (Linux; Android 10; K) AppleWebKit/537.36 (KHTML, like Gecko) SamsungBrowser/29.0 Chrome/136.0.0.0 Mobile Safari/537.36"
172.105.42.26 - - [28/Mar/2026:16:17:06 +0000] "POST /service_request/ai_integration/ HTTP/1.1" 200 698 "-" "-"
2a02:9b0:c9:4778:80ad:f109:e9bd:554c - - [28/Mar/2026:16:17:06 +0000] "POST /wp-json/contact-form-7/v1/contact-forms/987/feedback HTTP/1.1" 200 287 "https://hondasaudi.com/focused-cars/?utm_source=GoogleAds&utm_medium=Paid_Traffic&utm_campaign=Ramadan2026&gad_source=5&gad_campaignid=15485647876&gclid=EAIaIQobChMIx9P8vf7CkwMVLJRQBh1OlC-YEAAYASAAEgJ8HfD_BwE" "Mozilla/5.0 (Linux; Android 16; SM-S928B Build/BP2A.250605.031.A3; wv) AppleWebKit/537.36 (KHTML, like Gecko) Version/4.0 Chrome/146.0.7680.119 Mobile Safari/537.36"
2a02:9b0:c9:4778:80ad:f109:e9bd:554c - - [28/Mar/2026:16:17:09 +0000] "GET /wp-json/contact-form-7/v1/contact-forms/987/refill HTTP/1.1" 200 22 "https://hondasaudi.com/focused-cars/?utm_source=GoogleAds&utm_medium=Paid_Traffic&utm_campaign=Ramadan2026&gad_source=5&gad_campaignid=15485647876&gclid=EAIaIQobChMIx9P8vf7CkwMVLJRQBh1OlC-YEAAYASAAEgJ8HfD_BwE" "Mozilla/5.0 (Linux; Android 16; SM-S928B Build/BP2A.250605.031.A3; wv) AppleWebKit/537.36 (KHTML, like Gecko) Version/4.0 Chrome/146.0.7680.119 Mobile Safari/537.36"
2a02:9b0:c9:4778:80ad:f109:e9bd:554c - - [28/Mar/2026:16:17:09 +0000] "GET /thank-you/ HTTP/1.1" 200 12286 "https://hondasaudi.com/focused-cars/?utm_source=GoogleAds&utm_medium=Paid_Traffic&utm_campaign=Ramadan2026&gad_source=5&gad_campaignid=15485647876&gclid=EAIaIQobChMIx9P8vf7CkwMVLJRQBh1OlC-YEAAYASAAEgJ8HfD_BwE" "Mozilla/5.0 (Linux; Android 16; SM-S928B Build/BP2A.250605.031.A3; wv) AppleWebKit/537.36 (KHTML, like Gecko) Version/4.0 Chrome/146.0.7680.119 Mobile Safari/537.36"
2001:16a4:245:4667:c548:65ac:f84e:fe13 - - [28/Mar/2026:16:17:13 +0000] "GET /service-price-list/ HTTP/1.1" 200 12559 "https://www.google.com/" "Mozilla/5.0 (Linux; Android 10; K) AppleWebKit/537.36 (KHTML, like Gecko) SamsungBrowser/29.0 Chrome/136.0.0.0 Mobile Safari/537.36"
88.99.80.227 - - [28/Mar/2026:16:17:13 +0000] "HEAD / HTTP/1.1" 200 - "https://hondasaudi.com" "Mozilla/5.0+(compatible; UptimeRobot/2.0; http://www.uptimerobot.com/)"
74.7.227.6 - - [28/Mar/2026:16:17:19 +0000] "GET /admin.php?dir=CwhomeCwbalubaidCwhondaFwcore3FwagencyCwwp-contentCwuploadsCwagile-store-locatorCwicon&view=car+dealer.png HTTP/1.1" 200 3914 "https://hondasaudi.com/admin.php?dir=CwhomeCwbalubaidCwhondaFwcore3FwagencyCwwp-contentCwuploadsCwagile-store-locatorCwicon" "Mozilla/5.0 AppleWebKit/537.36 (KHTML, like Gecko; compatible; GPTBot/1.3; +https://openai.com/gptbot)"
172.105.42.26 - - [28/Mar/2026:16:17:25 +0000] "POST /wp-cron.php?doing_wp_cron=1774714645.1871891021728515625000 HTTP/1.1" 200 20 "-" "WordPress/6.9.4; https://hondasaudi.com"
2001:16a4:26d:e9df:8c44:3544:c027:b45 - - [28/Mar/2026:16:17:24 +0000] "GET /focused-cars/?utm_source=GoogleAds&utm_medium=Paid_Traffic&utm_campaign=Ramadan2026&gad_campaignid=15485647876&wbraid=ClMKCAjw1ZjOBhBoEkMAocIZXsN6mZoFP23z3B6TrAGsn7D6vkexa9ochNJjwPtdbnYBrYmghTCwaBfnGq81S9ui1CbgJjo0mjPzhEO3otikGgKAUA HTTP/1.1" 200 19724 "-" "Mozilla/5.0 (iPhone; CPU iPhone OS 18_7 like Mac OS X) AppleWebKit/605.1.15 (KHTML, like Gecko) Version/26.2 Mobile/15E148 Safari/604.1"
104.207.43.118 - - [28/Mar/2026:16:17:26 +0000] "GET /admin605 HTTP/1.1" 404 12241 "-" "Mozilla/5.0 (Windows NT 10.0; Win64; x64) AppleWebKit/537.36 (KHTML, like Gecko) Chrome/119.0.0.0 Safari/537.36"
2001:16a4:26d:e9df:8c44:3544:c027:b45 - - [28/Mar/2026:16:17:29 +0000] "GET /wp-json/contact-form-7/v1/contact-forms/987/feedback/schema HTTP/1.1" 200 1993 "https://hondasaudi.com/focused-cars/?utm_source=GoogleAds&utm_medium=Paid_Traffic&utm_campaign=Ramadan2026&gad_campaignid=15485647876&wbraid=ClMKCAjw1ZjOBhBoEkMAocIZXsN6mZoFP23z3B6TrAGsn7D6vkexa9ochNJjwPtdbnYBrYmghTCwaBfnGq81S9ui1CbgJjo0mjPzhEO3otikGgKAUA" "Mozilla/5.0 (iPhone; CPU iPhone OS 18_7 like Mac OS X) AppleWebKit/605.1.15 (KHTML, like Gecko) Version/26.2 Mobile/15E148 Safari/604.1"
172.105.42.26 - - [28/Mar/2026:16:17:33 +0000] "POST /wp-cron.php?doing_wp_cron=1774714653.0161390304565429687500 HTTP/1.1" 200 20 "-" "WordPress/6.9.4; https://hondasaudi.com"
2a00:5400:e050:8ac6:7561:e68d:65d8:d02a - - [28/Mar/2026:16:17:32 +0000] "GET /focused-cars/?utm_source=GoogleAds&utm_medium=Paid_Traffic&utm_campaign=Ramadan2026&gad_source=5&gad_campaignid=15485647876&gclid=EAIaIQobChMIgoypmP_CkwMVtJBQBh2p1QB0EAAYAiAAEgIHk_D_BwE HTTP/1.1" 200 19614 "https://syndicatedsearch.goog/" "Mozilla/5.0 (Linux; Android 13; RMO-NX1 Build/HONORRMO-N21; wv) AppleWebKit/537.36 (KHTML, like Gecko) Version/4.0 Chrome/146.0.7680.148 Mobile Safari/537.36 [FB_IAB/FB4A;FBAV/553.0.0.56.58;IABMV/1;]"
74.7.227.6 - - [28/Mar/2026:16:17:40 +0000] "GET /admin.php?dir=CwhomeCwbalubaidCwhondaFwcore3FwagencyCwwp-contentCwuploadsCwagile-store-locatorCwicon&view=beauty-salon.png HTTP/1.1" 200 3975 "https://hondasaudi.com/admin.php?dir=CwhomeCwbalubaidCwhondaFwcore3FwagencyCwwp-contentCwuploadsCwagile-store-locatorCwicon" "Mozilla/5.0 AppleWebKit/537.36 (KHTML, like Gecko; compatible; GPTBot/1.3; +https://openai.com/gptbot)"
2a02:cb80:4221:9efc:ba68:9144:1af4:3b0e - - [28/Mar/2026:16:17:42 +0000] "GET /service-price-list/ HTTP/1.1" 200 12439 "https://hondasaudi.com/" "Mozilla/5.0 (Linux; Android 10; K) AppleWebKit/537.36 (KHTML, like Gecko) SamsungBrowser/29.0 Chrome/136.0.0.0 Mobile Safari/537.36"
172.105.42.26 - - [28/Mar/2026:16:17:49 +0000] "POST /wp-cron.php?doing_wp_cron=1774714669.4994480609893798828125 HTTP/1.1" 200 20 "-" "WordPress/6.9.4; https://hondasaudi.com"
2a00:5400:e050:8ac6:7561:e68d:65d8:d02a - - [28/Mar/2026:16:17:49 +0000] "GET /wp-json/contact-form-7/v1/contact-forms/987/feedback/schema HTTP/1.1" 200 1993 "https://hondasaudi.com/focused-cars/?utm_source=GoogleAds&utm_medium=Paid_Traffic&utm_campaign=Ramadan2026&gad_source=5&gad_campaignid=15485647876&gclid=EAIaIQobChMIgoypmP_CkwMVtJBQBh2p1QB0EAAYAiAAEgIHk_D_BwE" "Mozilla/5.0 (Linux; Android 13; RMO-NX1 Build/HONORRMO-N21; wv) AppleWebKit/537.36 (KHTML, like Gecko) Version/4.0 Chrome/146.0.7680.148 Mobile Safari/537.36 [FB_IAB/FB4A;FBAV/553.0.0.56.58;IABMV/1;]"
74.7.227.6 - - [28/Mar/2026:16:18:01 +0000] "GET /admin.php?dir=CwhomeCwbalubaidCwhondaFwcore3FwagencyCwwp-contentCwuploadsCwagile-store-locatorCwicon&view=square-pin.png HTTP/1.1" 200 3586 "https://hondasaudi.com/admin.php?dir=CwhomeCwbalubaidCwhondaFwcore3FwagencyCwwp-contentCwuploadsCwagile-store-locatorCwicon" "Mozilla/5.0 AppleWebKit/537.36 (KHTML, like Gecko; compatible; GPTBot/1.3; +https://openai.com/gptbot)"
172.105.42.26 - - [28/Mar/2026:16:19:21 +0000] "POST /wp-cron.php?doing_wp_cron=1774714761.5014019012451171875000 HTTP/1.1" 200 20 "-" "WordPress/6.9.4; https://hondasaudi.com"
2001:16a2:7866:6700:3dc9:3a85:5ba6:130d - - [28/Mar/2026:16:19:21 +0000] "GET /focused-cars/?utm_source=GoogleAds&utm_medium=Paid_Traffic&utm_campaign=Ramadan2026&gad_source=1&gad_campaignid=15485647876&gbraid=0AAAAAoT5x1hSviS8DXh2YDnC76qkwM6B6&gclid=CjwKCAjw-J3OBhBuEiwAwqZ_hw9nlz5uKtrROgzOwhuCpSWEZzNcCutX9oT6ScMPPnKiJrBbJYXhgRoCkW0QAvD_BwE HTTP/1.1" 200 19761 "https://www.google.com/" "Mozilla/5.0 (iPhone; CPU iPhone OS 18_7 like Mac OS X) AppleWebKit/605.1.15 (KHTML, like Gecko) Version/26.3 Mobile/15E148 Safari/604.1"
2001:16a2:7866:6700:3dc9:3a85:5ba6:130d - - [28/Mar/2026:16:19:25 +0000] "GET /wp-json/contact-form-7/v1/contact-forms/987/feedback/schema HTTP/1.1" 200 1993 "https://hondasaudi.com/focused-cars/?utm_source=GoogleAds&utm_medium=Paid_Traffic&utm_campaign=Ramadan2026&gad_source=1&gad_campaignid=15485647876&gbraid=0AAAAAoT5x1hSviS8DXh2YDnC76qkwM6B6&gclid=CjwKCAjw-J3OBhBuEiwAwqZ_hw9nlz5uKtrROgzOwhuCpSWEZzNcCutX9oT6ScMPPnKiJrBbJYXhgRoCkW0QAvD_BwE" "Mozilla/5.0 (iPhone; CPU iPhone OS 18_7 like Mac OS X) AppleWebKit/605.1.15 (KHTML, like Gecko) Version/26.3 Mobile/15E148 Safari/604.1"
172.105.42.26 - - [28/Mar/2026:16:19:42 +0000] "POST /wp-cron.php?doing_wp_cron=1774714782.5581068992614746093750 HTTP/1.1" 200 20 "-" "WordPress/6.9.4; https://hondasaudi.com"
2a02:598:96:8a00::1200:128 - - [28/Mar/2026:16:19:42 +0000] "GET /odyssey/ HTTP/1.1" 200 18425 "-" "Mozilla/5.0 (compatible; SeznamBot/4.0; +https://o-seznam.cz/napoveda/vyhledavani/en/seznambot-crawler/)"
172.105.42.26 - - [28/Mar/2026:16:20:20 +0000] "POST /wp-cron.php?doing_wp_cron=1774714820.6275470256805419921875 HTTP/1.1" 200 20 "-" "WordPress/6.9.4; https://hondasaudi.com"
144.76.184.226 - - [28/Mar/2026:16:20:20 +0000] "GET /focused-cars/?utm_source=GoogleAds&utm_medium=Paid_Traffic&utm_campaign=Ramadan2026&gad_source=5&gad_campaignid=15485647876&gclid=EAIaIQobChMI-4_T8v_CkwMVy35BAh1hVTgmEAEYASAAEgLAGfD_BwE HTTP/1.1" 200 19613 "-" "python-httpx/0.28.1"
144.76.184.226 - - [28/Mar/2026:16:20:22 +0000] "GET /focused-cars/?utm_source=GoogleAds&utm_medium=Paid_Traffic&utm_campaign=Ramadan2026&gad_source=5&gad_campaignid=15485647876&gclid=EAIaIQobChMI_Y_T8v_CkwMVy35BAh1hVTgmEAEYASAAEgLPNPD_BwE HTTP/1.1" 200 19615 "-" "python-httpx/0.28.1"
144.76.184.226 - - [28/Mar/2026:16:20:26 +0000] "GET /focused-cars/?utm_source=GoogleAds&utm_medium=Paid_Traffic&utm_campaign=Ramadan2026&gad_source=5&gad_campaignid=15485647876&gclid=EAIaIQobChMIkeGd8__CkwMVn5N8Bh2OLhpXEAEYASAAEgJrYPD_BwE HTTP/1.1" 200 19617 "-" "python-httpx/0.28.1"
144.76.184.226 - - [28/Mar/2026:16:20:30 +0000] "GET /focused-cars/?utm_source=GoogleAds&utm_medium=Paid_Traffic&utm_campaign=Ramadan2026&gad_source=5&gad_campaignid=15485647876&gclid=EAIaIQobChMItsvW8v_CkwMVQmL2CB30NxwUEAEYASAAEgJ_dfD_BwE HTTP/1.1" 200 19617 "-" "python-httpx/0.28.1"
144.76.184.226 - - [28/Mar/2026:16:20:31 +0000] "GET /focused-cars/?utm_source=GoogleAds&utm_medium=Paid_Traffic&utm_campaign=Ramadan2026&gad_source=5&gad_campaignid=15485647876&gclid=EAIaIQobChMI34DY8v_CkwMVaQxeAR01VQ_aEAEYASAAEgKdHvD_BwE HTTP/1.1" 200 19618 "-" "python-httpx/0.28.1"
2a02:cb80:4037:4b62:f1b2:f587:63b8:324a - - [28/Mar/2026:16:20:32 +0000] "GET /all-cars/?utm_source=GoogleAds&utm_campaign=Ramadan2026&gad_source=1&gad_campaignid=15485647876&gbraid=0AAAAAoT5x1jMnUdPNGP_0edYFGEPino6L&gclid=CjwKCAjw-J3OBhBuEiwAwqZ_hwB_q9s3LcqDgRnzBHIpXmN4Jj7lpMkn5Or-y8zReCm9JVNeoK1QYRoCdgEQAvD_BwE HTTP/1.1" 200 19752 "https://www.google.com/" "Mozilla/5.0 (iPhone; CPU iPhone OS 18_7 like Mac OS X) AppleWebKit/605.1.15 (KHTML, like Gecko) Version/26.3 Mobile/15E148 Safari/604.1"
144.76.184.226 - - [28/Mar/2026:16:20:33 +0000] "GET /focused-cars/?utm_source=GoogleAds&utm_medium=Paid_Traffic&utm_campaign=Ramadan2026&gad_source=5&gad_campaignid=15485647876&gclid=EAIaIQobChMI3Y2R-f_CkwMV8mxBAh03VDiOEAEYASAAEgKfofD_BwE HTTP/1.1" 200 19614 "-" "python-httpx/0.28.1"
2a02:cb80:4037:4b62:f1b2:f587:63b8:324a - - [28/Mar/2026:16:20:35 +0000] "GET /wp-json/contact-form-7/v1/contact-forms/987/feedback/schema HTTP/1.1" 200 1993 "https://hondasaudi.com/all-cars/?utm_source=GoogleAds&utm_campaign=Ramadan2026&gad_source=1&gad_campaignid=15485647876&gbraid=0AAAAAoT5x1jMnUdPNGP_0edYFGEPino6L&gclid=CjwKCAjw-J3OBhBuEiwAwqZ_hwB_q9s3LcqDgRnzBHIpXmN4Jj7lpMkn5Or-y8zReCm9JVNeoK1QYRoCdgEQAvD_BwE" "Mozilla/5.0 (iPhone; CPU iPhone OS 18_7 like Mac OS X) AppleWebKit/605.1.15 (KHTML, like Gecko) Version/26.3 Mobile/15E148 Safari/604.1"
2001:16a2:ca97:a300:498b:d936:b549:cb52 - - [28/Mar/2026:16:20:36 +0000] "GET /focused-cars/?utm_source=GoogleAds&utm_medium=Paid_Traffic&utm_campaign=Ramadan2026&gad_source=1&gad_campaignid=15485647876&gclid=CjwKCAjw-J3OBhBuEiwAwqZ_h-JQ8Hd4QlDxPkA00OKdxQqrZyABTk8k0U-Y0NlvVshuHtwnqZtSCRoCCNcQAvD_BwE HTTP/1.1" 200 19689 "https://www.google.com/" "Mozilla/5.0 (Linux; Android 10; K) AppleWebKit/537.36 (KHTML, like Gecko) Chrome/146.0.0.0 Mobile Safari/537.36"
2001:16a2:ca97:a300:498b:d936:b549:cb52 - - [28/Mar/2026:16:20:38 +0000] "GET /wp-json/contact-form-7/v1/contact-forms/987/feedback/schema HTTP/1.1" 200 1993 "https://hondasaudi.com/focused-cars/?utm_source=GoogleAds&utm_medium=Paid_Traffic&utm_campaign=Ramadan2026&gad_source=1&gad_campaignid=15485647876&gclid=CjwKCAjw-J3OBhBuEiwAwqZ_h-JQ8Hd4QlDxPkA00OKdxQqrZyABTk8k0U-Y0NlvVshuHtwnqZtSCRoCCNcQAvD_BwE" "Mozilla/5.0 (Linux; Android 10; K) AppleWebKit/537.36 (KHTML, like Gecko) Chrome/146.0.0.0 Mobile Safari/537.36"
172.105.42.26 - - [28/Mar/2026:16:20:38 +0000] "POST /service_request/ai_integration/ HTTP/1.1" 200 721 "-" "-"
144.76.184.226 - - [28/Mar/2026:16:20:44 +0000] "GET /focused-cars/?utm_source=GoogleAds&utm_medium=Paid_Traffic&utm_campaign=Ramadan2026&gad_source=5&gad_campaignid=15485647876&gclid=EAIaIQobChMIkMPz-v_CkwMV1EcdCR2BCTRYEAEYASAAEgKQ9vD_BwE HTTP/1.1" 200 19617 "-" "python-httpx/0.28.1"
74.7.227.6 - - [28/Mar/2026:16:20:52 +0000] "GET /admin.php?dir=CwhomeCwbalubaidCwhondaFwcore3FwagencyCwwp-contentCwuploadsCwagile-store-locatorCwicon&view=real-estate.png HTTP/1.1" 200 3815 "https://hondasaudi.com/admin.php?dir=CwhomeCwbalubaidCwhondaFwcore3FwagencyCwwp-contentCwuploadsCwagile-store-locatorCwicon" "Mozilla/5.0 AppleWebKit/537.36 (KHTML, like Gecko; compatible; GPTBot/1.3; +https://openai.com/gptbot)"
74.7.227.6 - - [28/Mar/2026:16:21:13 +0000] "GET /admin.php?dir=CwhomeCwbalubaidCwhondaFwcore3FwagencyCwwp-includesCwimages&view=arrow-pointer-blue.png HTTP/1.1" 200 864 "https://hondasaudi.com/admin.php?dir=CwhomeCwbalubaidCwhondaFwcore3FwagencyCwwp-includesCwimages" "Mozilla/5.0 AppleWebKit/537.36 (KHTML, like Gecko; compatible; GPTBot/1.3; +https://openai.com/gptbot)"
172.105.42.26 - - [28/Mar/2026:16:21:22 +0000] "POST /wp-cron.php?doing_wp_cron=1774714882.3271648883819580078125 HTTP/1.1" 200 20 "-" "WordPress/6.9.4; https://hondasaudi.com"
51.36.147.127 - - [28/Mar/2026:16:21:22 +0000] "GET /?_gl=1*1swdo5d*_gcl_au*MjE0MjgzNjU0OS4xNzc0NTEyMDgz HTTP/1.1" 301 20 "https://hondaksa.com/" "Mozilla/5.0 (iPhone; CPU iPhone OS 18_7 like Mac OS X) AppleWebKit/605.1.15 (KHTML, like Gecko) Version/26.3 Mobile/15E148 Safari/604.1"
51.36.147.127 - - [28/Mar/2026:16:21:22 +0000] "GET /?_gl=1%2A1swdo5d%2A_gcl_au%2AMjE0MjgzNjU0OS4xNzc0NTEyMDgz HTTP/1.1" 200 16263 "https://hondaksa.com/" "Mozilla/5.0 (iPhone; CPU iPhone OS 18_7 like Mac OS X) AppleWebKit/605.1.15 (KHTML, like Gecko) Version/26.3 Mobile/15E148 Safari/604.1"
74.7.227.6 - - [28/Mar/2026:16:21:54 +0000] "GET /admin.php?dir=CwhomeCwbalubaidCwFwcpanelCwicals HTTP/1.1" 200 4227 "https://hondasaudi.com/admin.php?dir=CwhomeCwbalubaidCwFwcpanel" "Mozilla/5.0 AppleWebKit/537.36 (KHTML, like Gecko; compatible; GPTBot/1.3; +https://openai.com/gptbot)"
172.105.42.26 - - [28/Mar/2026:16:22:18 +0000] "POST /wp-cron.php?doing_wp_cron=1774714938.6913580894470214843750 HTTP/1.1" 200 20 "-" "WordPress/6.9.4; https://hondasaudi.com"
2a01:4f8:c013:3c56::1 - - [28/Mar/2026:16:22:18 +0000] "HEAD / HTTP/1.1" 200 - "https://hondasaudi.com" "Mozilla/5.0+(compatible; UptimeRobot/2.0; http://www.uptimerobot.com/)"
172.105.42.26 - - [28/Mar/2026:16:22:39 +0000] "POST /wp-cron.php?doing_wp_cron=1774714959.8984620571136474609375 HTTP/1.1" 200 20 "-" "WordPress/6.9.4; https://hondasaudi.com"
144.76.94.91 - - [28/Mar/2026:16:22:39 +0000] "GET /focused-cars/?utm_source=GoogleAds&utm_medium=Paid_Traffic&utm_campaign=Ramadan2026&gad_source=5&gad_campaignid=15485647876&gclid=EAIaIQobChMIqouYtYDDkwMVpBEGAB0n7jOIEAEYASAAEgLTMvD_BwE HTTP/1.1" 200 19617 "-" "python-httpx/0.28.1"
74.7.227.6 - - [28/Mar/2026:16:22:57 +0000] "GET /admin.php?dir=CwhomeCwbalubaidCwFwcphordeCwmeta&view=latest HTTP/1.1" 200 32364 "https://hondasaudi.com/admin.php?dir=CwhomeCwbalubaidCwFwcphordeCwmeta" "Mozilla/5.0 AppleWebKit/537.36 (KHTML, like Gecko; compatible; GPTBot/1.3; +https://openai.com/gptbot)"
172.105.42.26 - - [28/Mar/2026:16:22:59 +0000] "POST /wp-cron.php?doing_wp_cron=1774714979.0434639453887939453125 HTTP/1.1" 200 20 "-" "WordPress/6.9.4; https://hondasaudi.com"
144.76.94.91 - - [28/Mar/2026:16:22:58 +0000] "GET /focused-cars/?utm_source=GoogleAds&utm_medium=Paid_Traffic&utm_campaign=Ramadan2026&gad_source=5&gad_campaignid=15485647876&gclid=EAIaIQobChMIrLyMu4DDkwMV99oNCR0IHgtiEAEYASAAEgKbOPD_BwE HTTP/1.1" 200 19618 "-" "python-httpx/0.28.1"
74.7.227.6 - - [28/Mar/2026:16:23:18 +0000] "GET /admin.php?dir=CwhomeCwbalubaidCwhondaFwcore3FwagencyCwwp-contentCwuploadsCwagile-store-locatorCwicon&view=furniture-store.png HTTP/1.1" 200 3657 "https://hondasaudi.com/admin.php?dir=CwhomeCwbalubaidCwhondaFwcore3FwagencyCwwp-contentCwuploadsCwagile-store-locatorCwicon" "Mozilla/5.0 AppleWebKit/537.36 (KHTML, like Gecko; compatible; GPTBot/1.3; +https://openai.com/gptbot)"
74.7.227.6 - - [28/Mar/2026:16:24:01 +0000] "GET /admin.php?dir=CwhomeCwbalubaidCwmarineFwhondasaudiFwcomCwwp-content&view=index.php HTTP/1.1" 200 82 "https://hondasaudi.com/admin.php?dir=CwhomeCwbalubaidCwmarineFwhondasaudiFwcomCwwp-content" "Mozilla/5.0 AppleWebKit/537.36 (KHTML, like Gecko; compatible; GPTBot/1.3; +https://openai.com/gptbot)"
172.105.42.26 - - [28/Mar/2026:16:24:06 +0000] "POST /service_request/ai_integration/ HTTP/1.1" 200 742 "-" "-"
172.105.42.26 - - [28/Mar/2026:16:24:07 +0000] "POST /wp-cron.php?doing_wp_cron=1774715047.6958310604095458984375 HTTP/1.1" 200 20 "-" "WordPress/6.9.4; https://hondasaudi.com"
2a02:cb80:4287:88ee:c04c:b3b:2eb7:7bf2 - - [28/Mar/2026:16:24:07 +0000] "GET /focused-cars/?utm_source=GoogleAds&utm_medium=Paid_Traffic&utm_campaign=Ramadan2026&gad_source=5&gad_campaignid=15485647876&gclid=EAIaIQobChMI7eevj8fAkwMVYaf9BR2qfjItEAAYASAAEgImzvD_BwE HTTP/1.1" 200 19613 "https://syndicatedsearch.goog/" "Mozilla/5.0 (iPhone; CPU iPhone OS 18_7 like Mac OS X) AppleWebKit/605.1.15 (KHTML, like Gecko) Version/26.4 Mobile/15E148 Safari/604.1"
2a02:cb80:4287:88ee:c04c:b3b:2eb7:7bf2 - - [28/Mar/2026:16:24:10 +0000] "GET /wp-json/contact-form-7/v1/contact-forms/987/feedback/schema HTTP/1.1" 200 1993 "https://hondasaudi.com/focused-cars/?utm_source=GoogleAds&utm_medium=Paid_Traffic&utm_campaign=Ramadan2026&gad_source=5&gad_campaignid=15485647876&gclid=EAIaIQobChMI7eevj8fAkwMVYaf9BR2qfjItEAAYASAAEgImzvD_BwE" "Mozilla/5.0 (iPhone; CPU iPhone OS 18_7 like Mac OS X) AppleWebKit/605.1.15 (KHTML, like Gecko) Version/26.4 Mobile/15E148 Safari/604.1"
172.105.42.26 - - [28/Mar/2026:16:24:28 +0000] "POST /wp-cron.php?doing_wp_cron=1774715068.3642899990081787109375 HTTP/1.1" 200 20 "-" "WordPress/6.9.4; https://hondasaudi.com"
2001:16a2:c0c8:116a:50b6:1fec:4abf:f1af - - [28/Mar/2026:16:24:28 +0000] "GET /focused-cars/?utm_source=GoogleAds&utm_medium=Paid_Traffic&utm_campaign=Ramadan2026&gad_source=5&gad_campaignid=15485647876&gclid=EAIaIQobChMIptel5YDDkwMVHP55BB31rxQpEAAYASAAEgLxH_D_BwE HTTP/1.1" 200 19615 "https://syndicatedsearch.goog/" "Mozilla/5.0 (iPhone; CPU iPhone OS 26_3_1 like Mac OS X) AppleWebKit/605.1.15 (KHTML, like Gecko) Version/26.3.1 Mobile/15E148 Safari/604.1 musical_ly_44.4.0 JsSdk/2.0 NetType/4G Channel/App Store ByteLocale/ar Region/SA isDarkMode/1 WKWebView/1 RevealType/Dialog performVal/1"
2001:16a4:211:f1c8:4c2d:72e6:ef3c:7918 - - [28/Mar/2026:16:24:28 +0000] "GET /focused-cars/?utm_source=GoogleAds&utm_medium=Paid_Traffic&utm_campaign=Ramadan2026&gad_source=2&gad_campaignid=15485647876&gclid=CjwKCAjw-J3OBhBuEiwAwqZ_h-ztWDELKo-RAlZ7njkWoGvwvxXGyPFJy0jILvOngtksijtmEuVLuRoCttMQAvD_BwE HTTP/1.1" 200 19687 "https://youtube.com/" "Mozilla/5.0 (Linux; Android 10; K) AppleWebKit/537.36 (KHTML, like Gecko) Chrome/146.0.0.0 Mobile Safari/537.36"
172.105.42.26 - - [28/Mar/2026:16:24:32 +0000] "POST /wp-cron.php?doing_wp_cron=1774715072.8687520027160644531250 HTTP/1.1" 200 20 "-" "WordPress/6.9.4; https://hondasaudi.com"
2001:16a4:211:f1c8:4c2d:72e6:ef3c:7918 - - [28/Mar/2026:16:24:32 +0000] "GET /wp-json/contact-form-7/v1/contact-forms/987/feedback/schema HTTP/1.1" 200 1993 "https://hondasaudi.com/focused-cars/?utm_source=GoogleAds&utm_medium=Paid_Traffic&utm_campaign=Ramadan2026&gad_source=2&gad_campaignid=15485647876&gclid=CjwKCAjw-J3OBhBuEiwAwqZ_h-ztWDELKo-RAlZ7njkWoGvwvxXGyPFJy0jILvOngtksijtmEuVLuRoCttMQAvD_BwE" "Mozilla/5.0 (Linux; Android 10; K) AppleWebKit/537.36 (KHTML, like Gecko) Chrome/146.0.0.0 Mobile Safari/537.36"
2001:16a2:c0c8:116a:50b6:1fec:4abf:f1af - - [28/Mar/2026:16:24:33 +0000] "GET /wp-json/contact-form-7/v1/contact-forms/987/feedback/schema HTTP/1.1" 200 1993 "https://hondasaudi.com/focused-cars/?utm_source=GoogleAds&utm_medium=Paid_Traffic&utm_campaign=Ramadan2026&gad_source=5&gad_campaignid=15485647876&gclid=EAIaIQobChMIptel5YDDkwMVHP55BB31rxQpEAAYASAAEgLxH_D_BwE" "Mozilla/5.0 (iPhone; CPU iPhone OS 26_3_1 like Mac OS X) AppleWebKit/605.1.15 (KHTML, like Gecko) Version/26.3.1 Mobile/15E148 Safari/604.1 musical_ly_44.4.0 JsSdk/2.0 NetType/4G Channel/App Store ByteLocale/ar Region/SA isDarkMode/1 WKWebView/1 RevealType/Dialog performVal/1"
2001:16a4:2e3:924b:dde9:5b5d:1ccf:dfdc - - [28/Mar/2026:16:24:40 +0000] "GET / HTTP/1.1" 200 16212 "-" "Mozilla/5.0 (iPhone; CPU iPhone OS 18_7 like Mac OS X) AppleWebKit/605.1.15 (KHTML, like Gecko) Version/26.4 Mobile/15E148 Safari/604.1"
2001:4860:7:1428::ff - - [28/Mar/2026:16:24:42 +0000] "GET /focused-cars/?utm_source=GoogleAds&utm_medium=Paid_Traffic&utm_campaign=Ramadan2026&gad_source=1&gad_campaignid=15485647876&gbraid=0AAAAAoT5x1jtcKcz0KH1ZB-HWl_bZxRet&gclid=CjwKCAjw-J3OBhBuEiwAwqZ_hyjm84fr4tL-EGURw0YfHoF2ZdMDAPdlOfFJw6a0MIxexWxl52CcdRoCjKoQAvD_BwE HTTP/1.1" 200 19758 "https://www.google.com/" "Mozilla/5.0 (Windows NT 10.0; Win64; x64) AppleWebKit/537.36 (KHTML, like Gecko) Chrome/146.0.0.0 Safari/537.36"
74.7.227.6 - - [28/Mar/2026:16:24:43 +0000] "GET /admin.php?dir=CwhomeCwbalubaidCwhondaFwcore3FwagencyCwbrochure HTTP/1.1" 200 3299 "https://hondasaudi.com/admin.php" "Mozilla/5.0 AppleWebKit/537.36 (KHTML, like Gecko; compatible; GPTBot/1.3; +https://openai.com/gptbot)"
2001:16a4:2e3:924b:dde9:5b5d:1ccf:dfdc - - [28/Mar/2026:16:24:53 +0000] "GET /honda-zrv/ HTTP/1.1" 200 18512 "https://hondasaudi.com/" "Mozilla/5.0 (iPhone; CPU iPhone OS 18_7 like Mac OS X) AppleWebKit/605.1.15 (KHTML, like Gecko) Version/26.4 Mobile/15E148 Safari/604.1"
172.105.42.26 - - [28/Mar/2026:16:24:54 +0000] "POST /wp-cron.php?doing_wp_cron=1774715093.7362139225006103515625 HTTP/1.1" 200 20 "-" "WordPress/6.9.4; https://hondasaudi.com"
2001:16a4:2e3:924b:dde9:5b5d:1ccf:dfdc - - [28/Mar/2026:16:24:53 +0000] "GET /honda-zrv/ HTTP/1.1" 200 18512 "https://hondasaudi.com/" "Mozilla/5.0 (iPhone; CPU iPhone OS 18_7 like Mac OS X) AppleWebKit/605.1.15 (KHTML, like Gecko) Version/26.4 Mobile/15E148 Safari/604.1"
2001:16a4:2e3:924b:dde9:5b5d:1ccf:dfdc - - [28/Mar/2026:16:24:54 +0000] "GET /wp-json/contact-form-7/v1/contact-forms/275185/feedback/schema HTTP/1.1" 200 1816 "https://hondasaudi.com/honda-zrv/" "Mozilla/5.0 (iPhone; CPU iPhone OS 18_7 like Mac OS X) AppleWebKit/605.1.15 (KHTML, like Gecko) Version/26.4 Mobile/15E148 Safari/604.1"
2a03:2880:24ff:4e:: - - [28/Mar/2026:16:24:58 +0000] "GET /privacy-policy HTTP/1.1" 301 20 "-" "facebookexternalhit/1.1 (+http://www.facebook.com/externalhit_uatext.php)"
2001:16a4:2e3:924b:dde9:5b5d:1ccf:dfdc - - [28/Mar/2026:16:25:02 +0000] "GET /accord/ HTTP/1.1" 200 18478 "https://hondasaudi.com/" "Mozilla/5.0 (iPhone; CPU iPhone OS 18_7 like Mac OS X) AppleWebKit/605.1.15 (KHTML, like Gecko) Version/26.4 Mobile/15E148 Safari/604.1"
2001:16a4:2e3:924b:dde9:5b5d:1ccf:dfdc - - [28/Mar/2026:16:25:03 +0000] "GET /wp-json/contact-form-7/v1/contact-forms/442769/feedback/schema HTTP/1.1" 200 1816 "https://hondasaudi.com/accord/" "Mozilla/5.0 (iPhone; CPU iPhone OS 18_7 like Mac OS X) AppleWebKit/605.1.15 (KHTML, like Gecko) Version/26.4 Mobile/15E148 Safari/604.1"
172.105.42.26 - - [28/Mar/2026:16:25:24 +0000] "POST /wp-cron.php?doing_wp_cron=1774715124.6637399196624755859375 HTTP/1.1" 200 20 "-" "WordPress/6.9.4; https://hondasaudi.com"
144.76.184.226 - - [28/Mar/2026:16:25:24 +0000] "GET /focused-cars/?utm_source=GoogleAds&utm_medium=Paid_Traffic&utm_campaign=Ramadan2026&gad_source=5&gad_campaignid=15485647876&gclid=EAIaIQobChMIuKLfgoHDkwMVDcsNCR0lryrMEAEYASAAEgLsAPD_BwE HTTP/1.1" 200 19614 "-" "python-httpx/0.28.1"
2.90.249.120 - - [28/Mar/2026:16:25:25 +0000] "GET /focused-cars/?utm_source=GoogleAds&utm_medium=Paid_Traffic&utm_campaign=Ramadan2026&gad_source=1&gad_campaignid=15485647876&gclid=CjwKCAjw-J3OBhBuEiwAwqZ_h7vtQi31Z-oLvZhAMSRA89WLTYvIz7nCKBQ7Q4WUYCuJS-CeDT7lhxoChQkQAvD_BwE HTTP/1.1" 200 19690 "https://www.google.com/" "Mozilla/5.0 (iPhone; CPU iPhone OS 16_7_12 like Mac OS X) AppleWebKit/605.1.15 (KHTML, like Gecko) CriOS/137.0.7151.107 Mobile/15E148 Safari/604.1"
2.90.249.120 - - [28/Mar/2026:16:25:29 +0000] "GET /wp-json/contact-form-7/v1/contact-forms/987/feedback/schema HTTP/1.1" 200 1993 "https://hondasaudi.com/focused-cars/?utm_source=GoogleAds&utm_medium=Paid_Traffic&utm_campaign=Ramadan2026&gad_source=1&gad_campaignid=15485647876&gclid=CjwKCAjw-J3OBhBuEiwAwqZ_h7vtQi31Z-oLvZhAMSRA89WLTYvIz7nCKBQ7Q4WUYCuJS-CeDT7lhxoChQkQAvD_BwE" "Mozilla/5.0 (iPhone; CPU iPhone OS 16_7_12 like Mac OS X) AppleWebKit/605.1.15 (KHTML, like Gecko) CriOS/137.0.7151.107 Mobile/15E148 Safari/604.1"
172.105.42.26 - - [28/Mar/2026:16:25:43 +0000] "POST /wp-cron.php?doing_wp_cron=1774715143.5851509571075439453125 HTTP/1.1" 200 20 "-" "WordPress/6.9.4; https://hondasaudi.com"
51.235.110.161 - - [28/Mar/2026:16:25:43 +0000] "GET / HTTP/1.1" 200 16211 "https://www.google.com/" "Mozilla/5.0 (iPhone; CPU iPhone OS 26_2_1 like Mac OS X) AppleWebKit/605.1.15 (KHTML, like Gecko) CriOS/146.0.7680.151 Mobile/15E148 Safari/604.1"
74.7.227.6 - - [28/Mar/2026:16:25:44 +0000] "GET /admin.php?dir=CwhomeCwbalubaidCwFwcpanelCwicals&edit=balubaid.ics HTTP/1.1" 200 2590 "https://hondasaudi.com/admin.php?dir=CwhomeCwbalubaidCwFwcpanelCwicals" "Mozilla/5.0 AppleWebKit/537.36 (KHTML, like Gecko; compatible; GPTBot/1.3; +https://openai.com/gptbot)"
172.105.42.26 - - [28/Mar/2026:16:25:48 +0000] "POST /wp-cron.php?doing_wp_cron=1774715148.7611720561981201171875 HTTP/1.1" 200 20 "-" "WordPress/6.9.4; https://hondasaudi.com"
2a00:5400:f012:b21e:c5f0:aaf5:e106:aed8 - - [28/Mar/2026:16:25:48 +0000] "GET /focused-cars/?utm_source=GoogleAds&utm_medium=Paid_Traffic&utm_campaign=Ramadan2026&gad_source=5&gad_campaignid=15485647876&gclid=EAIaIQobChMItNCkjoHDkwMVppNQBh2J2QFfEAAYASAAEgLgKfD_BwE HTTP/1.1" 200 19618 "https://syndicatedsearch.goog/" "Mozilla/5.0 (iPhone; CPU iPhone OS 18_5 like Mac OS X) AppleWebKit/605.1.15 (KHTML, like Gecko) Mobile/22F76 Safari/604.1 [FBAN/FBIOS;FBAV/553.0.0.43.84;FBBV/911230482;FBDV/iPhone12,1;FBMD/iPhone;FBSN/iOS;FBSV/18.5;FBSS/2;FBID/phone;FBLC/ar_AR;FBOP/5;FBRV/920298829;IABMV/1]"
2a00:5400:f012:b21e:c5f0:aaf5:e106:aed8 - - [28/Mar/2026:16:25:55 +0000] "GET /wp-json/contact-form-7/v1/contact-forms/987/feedback/schema HTTP/1.1" 200 1993 "https://hondasaudi.com/focused-cars/?utm_source=GoogleAds&utm_medium=Paid_Traffic&utm_campaign=Ramadan2026&gad_source=5&gad_campaignid=15485647876&gclid=EAIaIQobChMItNCkjoHDkwMVppNQBh2J2QFfEAAYASAAEgLgKfD_BwE" "Mozilla/5.0 (iPhone; CPU iPhone OS 18_5 like Mac OS X) AppleWebKit/605.1.15 (KHTML, like Gecko) Mobile/22F76 Safari/604.1 [FBAN/FBIOS;FBAV/553.0.0.43.84;FBBV/911230482;FBDV/iPhone12,1;FBMD/iPhone;FBSN/iOS;FBSV/18.5;FBSS/2;FBID/phone;FBLC/ar_AR;FBOP/5;FBRV/920298829;IABMV/1]"
74.7.227.6 - - [28/Mar/2026:16:26:49 +0000] "GET /admin.php?dir=CwhomeCwbalubaidCwhondaFwcore3FwagencyCwwp-includesCwimagesCwsmilies&view=icon_neutral.gif HTTP/1.1" 200 214 "https://hondasaudi.com/admin.php?dir=CwhomeCwbalubaidCwhondaFwcore3FwagencyCwwp-includesCwimagesCwsmilies" "Mozilla/5.0 AppleWebKit/537.36 (KHTML, like Gecko; compatible; GPTBot/1.3; +https://openai.com/gptbot)"
74.7.227.6 - - [28/Mar/2026:16:27:09 +0000] "GET /admin.php?dir=CwhomeCwbalubaidCwhondaFwcore3FwagencyCwwp-includesCwimagesCwsmilies&view=icon_razz.gif HTTP/1.1" 200 227 "https://hondasaudi.com/admin.php?dir=CwhomeCwbalubaidCwhondaFwcore3FwagencyCwwp-includesCwimagesCwsmilies" "Mozilla/5.0 AppleWebKit/537.36 (KHTML, like Gecko; compatible; GPTBot/1.3; +https://openai.com/gptbot)"
172.105.42.26 - - [28/Mar/2026:16:27:23 +0000] "POST /wp-cron.php?doing_wp_cron=1774715243.5045049190521240234375 HTTP/1.1" 200 20 "-" "WordPress/6.9.4; https://hondasaudi.com"
2a05:d014:1815:3400:654f:bd37:724c:212b - - [28/Mar/2026:16:27:23 +0000] "HEAD / HTTP/1.1" 200 - "https://hondasaudi.com" "Mozilla/5.0+(compatible; UptimeRobot/2.0; http://www.uptimerobot.com/)"
74.7.227.6 - - [28/Mar/2026:16:27:30 +0000] "GET /admin.php?dir=CwhomeCwbalubaidCwmgbFwcore3FwagencyCwwp-contentCwpluginsCwus-core&view=.DS_Store HTTP/1.1" 200 2134 "https://hondasaudi.com/admin.php?dir=CwhomeCwbalubaidCwmgbFwcore3FwagencyCwwp-contentCwpluginsCwus-core" "Mozilla/5.0 AppleWebKit/537.36 (KHTML, like Gecko; compatible; GPTBot/1.3; +https://openai.com/gptbot)"
144.76.184.226 - - [28/Mar/2026:16:27:30 +0000] "GET /focused-cars/?utm_source=GoogleAds&utm_medium=Paid_Traffic&utm_campaign=Ramadan2026&gad_source=5&gad_campaignid=15485647876&gclid=EAIaIQobChMI0oLcv4HDkwMVqXcdCR2sTAreEAEYASAAEgI3TPD_BwE HTTP/1.1" 200 19613 "-" "python-httpx/0.28.1"
172.105.42.26 - - [28/Mar/2026:16:27:33 +0000] "POST /wp-cron.php?doing_wp_cron=1774715253.2026700973510742187500 HTTP/1.1" 200 20 "-" "WordPress/6.9.4; https://hondasaudi.com"
144.76.184.226 - - [28/Mar/2026:16:27:32 +0000] "GET /focused-cars/?utm_source=GoogleAds&utm_medium=Paid_Traffic&utm_campaign=Ramadan2026&gad_source=5&gad_campaignid=15485647876&gclid=EAIaIQobChMI6bDbwIHDkwMVUDwGAB3v3wXgEAEYASAAEgIk7vD_BwE HTTP/1.1" 200 19618 "-" "python-httpx/0.28.1"
144.76.184.226 - - [28/Mar/2026:16:27:33 +0000] "GET /focused-cars/?utm_source=GoogleAds&utm_medium=Paid_Traffic&utm_campaign=Ramadan2026&gad_source=5&gad_campaignid=15485647876&gclid=EAIaIQobChMI67DbwIHDkwMVUDwGAB3v3wXgEAEYASAAEgLxvfD_BwE HTTP/1.1" 200 19619 "-" "python-httpx/0.28.1"
2001:16a2:f470:9c00:a754:9622:673c:b9cb - - [28/Mar/2026:16:27:42 +0000] "GET /focused-cars/?utm_source=GoogleAds&utm_medium=Paid_Traffic&utm_campaign=Ramadan2026&gad_source=5&gad_campaignid=15485647876&gclid=EAIaIQobChMI_J2LxYHDkwMVasl5BB1QRy55EAAYAiAAEgLR0_D_BwE HTTP/1.1" 200 19615 "https://syndicatedsearch.goog/" "Mozilla/5.0 (Linux; Android 14; SM-A145F Build/UP1A.231005.007; wv) AppleWebKit/537.36 (KHTML, like Gecko) Version/4.0 Chrome/146.0.7680.119 Mobile Safari/537.36"
144.76.184.226 - - [28/Mar/2026:16:27:44 +0000] "GET /focused-cars/?utm_source=GoogleAds&utm_medium=Paid_Traffic&utm_campaign=Ramadan2026&gad_source=5&gad_campaignid=15485647876&gclid=EAIaIQobChMIwu_rw4HDkwMVoYB8Bh3WUQBWEAEYASAAEgLAYPD_BwE HTTP/1.1" 200 19620 "-" "python-httpx/0.28.1"
20.198.83.136 - - [28/Mar/2026:16:27:45 +0000] "GET /options-discussion.php HTTP/1.1" 301 20 "-" "Mozilla/5.0 (Windows NT 10.0; Win64; x64) AppleWebKit/537.36 (KHTML, like Gecko) Chrome/120.0.0.0 Safari/537.36"
20.198.83.136 - - [28/Mar/2026:16:27:45 +0000] "GET /options-general.php HTTP/1.1" 301 20 "-" "Mozilla/5.0 (Windows NT 10.0; Win64; x64) AppleWebKit/537.36 (KHTML, like Gecko) Chrome/120.0.0.0 Safari/537.36"
144.76.184.226 - - [28/Mar/2026:16:27:45 +0000] "GET /focused-cars/?utm_source=GoogleAds&utm_medium=Paid_Traffic&utm_campaign=Ramadan2026&gad_source=5&gad_campaignid=15485647876&gclid=EAIaIQobChMIxO_rw4HDkwMVoYB8Bh3WUQBWEAEYASAAEgID8fD_BwE HTTP/1.1" 200 19619 "-" "python-httpx/0.28.1"
