2a02:ce0:2803:4288:445c:19bd:6988:b75a - - [28/Mar/2026:14:47:47 +0000] "GET / HTTP/1.1" 200 16089 "https://hondasaudi.com/focused-cars/?utm_source=GoogleAds&utm_medium=Paid_Traffic&utm_campaign=Ramadan2026&gad_source=1&gad_campaignid=15485647876&gbraid=0AAAAAoT5x1jtcKcz0KH1ZB-HWl_bZxRet&gclid=EAIaIQobChMIxsCmhevCkwMV4JiDBx0yVyCnEAAYASAAEgKKFfD_BwE" "Mozilla/5.0 (Windows NT 10.0; Win64; x64) AppleWebKit/537.36 (KHTML, like Gecko) Chrome/145.0.0.0 Safari/537.36"
2a02:ce0:2803:4288:445c:19bd:6988:b75a - - [28/Mar/2026:14:47:47 +0000] "GET /?utm_source=GoogleAds&utm_medium=Paid_Traffic&utm_campaign=Ramadan2026&gad_source=1&gad_campaignid=15485647876&gbraid=0AAAAAoT5x1jtcKcz0KH1ZB-HWl_bZxRet&gclid=EAIaIQobChMIxsCmhevCkwMV4JiDBx0yVyCnEAAYASAAEgKKFfD_BwE HTTP/1.1" 200 16261 "https://hondasaudi.com/focused-cars/?utm_source=GoogleAds&utm_medium=Paid_Traffic&utm_campaign=Ramadan2026&gad_source=1&gad_campaignid=15485647876&gbraid=0AAAAAoT5x1jtcKcz0KH1ZB-HWl_bZxRet&gclid=EAIaIQobChMIxsCmhevCkwMV4JiDBx0yVyCnEAAYASAAEgKKFfD_BwE" "Mozilla/5.0 (Windows NT 10.0; Win64; x64) AppleWebKit/537.36 (KHTML, like Gecko) Chrome/145.0.0.0 Safari/537.36"
2a02:ce0:1802:9add:93e7:33fb:f0c0:eec8 - - [28/Mar/2026:14:47:52 +0000] "GET /accord/ HTTP/1.1" 200 18478 "https://hondasaudi.com/?utm_medium=paid&utm_source=fb&utm_id=120242753459850023&utm_content=120242753459870023&utm_term=120242753459960023&utm_campaign=120242753459850023" "Mozilla/5.0 (Linux; Android 16; SM-S938B Build/BP2A.250605.031.A3; wv) AppleWebKit/537.36 (KHTML, like Gecko) Version/4.0 Chrome/146.0.7680.148 Mobile Safari/537.36"
2a03:2880:12ff:2:: - - [28/Mar/2026:14:47:53 +0000] "GET /privacy-policy HTTP/1.1" 301 20 "-" "facebookexternalhit/1.1 (+http://www.facebook.com/externalhit_uatext.php)"
2001:16a4:b1:3d36:7486:8ff:fe71:c140 - - [28/Mar/2026:14:47:54 +0000] "GET /all-cars/?utm_source=GoogleAds&utm_campaign=Ramadan2026&gad_source=5&gad_campaignid=15485647876&gclid=EAIaIQobChMI0v_UnevCkwMVykJBAh0tNCZvEAAYAyAEEgIURfD_BwE HTTP/1.1" 200 19603 "https://syndicatedsearch.goog/" "Mozilla/5.0 (Linux; Android 13; RMO-NX1 Build/HONORRMO-N21; wv) AppleWebKit/537.36 (KHTML, like Gecko) Version/4.0 Chrome/146.0.7680.119 Mobile Safari/537.36"
2a02:ce0:2803:4288:445c:19bd:6988:b75a - - [28/Mar/2026:14:47:57 +0000] "GET /honda-zrv/ HTTP/1.1" 200 18394 "https://hondasaudi.com/?utm_source=GoogleAds&utm_medium=Paid_Traffic&utm_campaign=Ramadan2026&gad_source=1&gad_campaignid=15485647876&gbraid=0AAAAAoT5x1jtcKcz0KH1ZB-HWl_bZxRet&gclid=EAIaIQobChMIxsCmhevCkwMV4JiDBx0yVyCnEAAYASAAEgKKFfD_BwE" "Mozilla/5.0 (Windows NT 10.0; Win64; x64) AppleWebKit/537.36 (KHTML, like Gecko) Chrome/145.0.0.0 Safari/537.36"
2a02:ce0:2803:4288:445c:19bd:6988:b75a - - [28/Mar/2026:14:47:57 +0000] "GET /honda-zrv/?utm_source=GoogleAds&utm_medium=Paid_Traffic&utm_campaign=Ramadan2026&gad_source=1&gad_campaignid=15485647876&gbraid=0AAAAAoT5x1jtcKcz0KH1ZB-HWl_bZxRet&gclid=EAIaIQobChMIxsCmhevCkwMV4JiDBx0yVyCnEAAYASAAEgKKFfD_BwE HTTP/1.1" 200 18740 "https://hondasaudi.com/?utm_source=GoogleAds&utm_medium=Paid_Traffic&utm_campaign=Ramadan2026&gad_source=1&gad_campaignid=15485647876&gbraid=0AAAAAoT5x1jtcKcz0KH1ZB-HWl_bZxRet&gclid=EAIaIQobChMIxsCmhevCkwMV4JiDBx0yVyCnEAAYASAAEgKKFfD_BwE" "Mozilla/5.0 (Windows NT 10.0; Win64; x64) AppleWebKit/537.36 (KHTML, like Gecko) Chrome/145.0.0.0 Safari/537.36"
2001:16a4:b1:3d36:7486:8ff:fe71:c140 - - [28/Mar/2026:14:47:57 +0000] "GET /wp-json/contact-form-7/v1/contact-forms/987/feedback/schema HTTP/1.1" 200 1993 "https://hondasaudi.com/all-cars/?utm_source=GoogleAds&utm_campaign=Ramadan2026&gad_source=5&gad_campaignid=15485647876&gclid=EAIaIQobChMI0v_UnevCkwMVykJBAh0tNCZvEAAYAyAEEgIURfD_BwE" "Mozilla/5.0 (Linux; Android 13; RMO-NX1 Build/HONORRMO-N21; wv) AppleWebKit/537.36 (KHTML, like Gecko) Version/4.0 Chrome/146.0.7680.119 Mobile Safari/537.36"
2a02:ce0:2803:4288:445c:19bd:6988:b75a - - [28/Mar/2026:14:47:59 +0000] "GET /wp-json/contact-form-7/v1/contact-forms/275185/feedback/schema HTTP/1.1" 200 1816 "https://hondasaudi.com/honda-zrv/?utm_source=GoogleAds&utm_medium=Paid_Traffic&utm_campaign=Ramadan2026&gad_source=1&gad_campaignid=15485647876&gbraid=0AAAAAoT5x1jtcKcz0KH1ZB-HWl_bZxRet&gclid=EAIaIQobChMIxsCmhevCkwMV4JiDBx0yVyCnEAAYASAAEgKKFfD_BwE" "Mozilla/5.0 (Windows NT 10.0; Win64; x64) AppleWebKit/537.36 (KHTML, like Gecko) Chrome/145.0.0.0 Safari/537.36"
2a02:ce0:1802:9add:93e7:33fb:f0c0:eec8 - - [28/Mar/2026:14:48:08 +0000] "GET /honda-zrv/ HTTP/1.1" 200 18395 "https://hondasaudi.com/?utm_medium=paid&utm_source=fb&utm_id=120242753459850023&utm_content=120242753459870023&utm_term=120242753459960023&utm_campaign=120242753459850023" "Mozilla/5.0 (Linux; Android 16; SM-S938B Build/BP2A.250605.031.A3; wv) AppleWebKit/537.36 (KHTML, like Gecko) Version/4.0 Chrome/146.0.7680.148 Mobile Safari/537.36"
74.7.227.6 - - [28/Mar/2026:14:48:15 +0000] "GET /admin.php?dir=CwhomeCwbalubaidCwvcardFwcore3FwagencyCwcgi-bin HTTP/1.1" 200 3219 "https://hondasaudi.com/admin.php?dir=CwhomeCwbalubaidCwvcardFwcore3Fwagency" "Mozilla/5.0 AppleWebKit/537.36 (KHTML, like Gecko; compatible; GPTBot/1.3; +https://openai.com/gptbot)"
172.105.42.26 - - [28/Mar/2026:14:49:19 +0000] "POST /wp-cron.php?doing_wp_cron=1774709359.5365409851074218750000 HTTP/1.1" 200 20 "-" "WordPress/6.9.4; https://hondasaudi.com"
216.73.216.141 - - [28/Mar/2026:14:49:19 +0000] "GET /sitemap.xml HTTP/1.1" 301 20 "-" "Mozilla/5.0 AppleWebKit/537.36 (KHTML, like Gecko; compatible; ClaudeBot/1.0; +claudebot@anthropic.com)"
216.73.216.141 - - [28/Mar/2026:14:49:19 +0000] "GET /wp-sitemap.xml HTTP/1.1" 200 235 "https://hondasaudi.com/sitemap.xml" "Mozilla/5.0 AppleWebKit/537.36 (KHTML, like Gecko; compatible; ClaudeBot/1.0; +claudebot@anthropic.com)"
172.105.42.26 - - [28/Mar/2026:14:49:53 +0000] "POST /wp-cron.php?doing_wp_cron=1774709393.4412429332733154296875 HTTP/1.1" 200 20 "-" "WordPress/6.9.4; https://hondasaudi.com"
2001:16a4:26d:b047:94d6:258b:6faf:9e7e - - [28/Mar/2026:14:49:53 +0000] "GET /focused-cars/?utm_source=GoogleAds&utm_medium=Paid_Traffic&utm_campaign=Ramadan2026&gad_source=5&gad_campaignid=15485647876&gclid=EAIaIQobChMIjKX41OvCkwMV0jEGAB0wqgA4EAAYASAAEgLogPD_BwE HTTP/1.1" 200 19617 "https://syndicatedsearch.goog/" "Mozilla/5.0 (iPhone; CPU iPhone OS 17_0 like Mac OS X) AppleWebKit/605.1.15 (KHTML, like Gecko) Mobile/21A329 Instagram 422.1.0.44.67 (iPhone14,5; iOS 17_0; en_US; en; scale=3.00; 1170x2532; IABMV/1; 918355888) Safari/604.1"
2001:16a4:26d:b047:94d6:258b:6faf:9e7e - - [28/Mar/2026:14:49:56 +0000] "GET /wp-json/contact-form-7/v1/contact-forms/987/feedback/schema HTTP/1.1" 200 1993 "https://hondasaudi.com/focused-cars/?utm_source=GoogleAds&utm_medium=Paid_Traffic&utm_campaign=Ramadan2026&gad_source=5&gad_campaignid=15485647876&gclid=EAIaIQobChMIjKX41OvCkwMV0jEGAB0wqgA4EAAYASAAEgLogPD_BwE" "Mozilla/5.0 (iPhone; CPU iPhone OS 17_0 like Mac OS X) AppleWebKit/605.1.15 (KHTML, like Gecko) Mobile/21A329 Instagram 422.1.0.44.67 (iPhone14,5; iOS 17_0; en_US; en; scale=3.00; 1170x2532; IABMV/1; 918355888) Safari/604.1"
2001:16a4:66:b733:598b:4a51:97c4:23d8 - - [28/Mar/2026:14:49:56 +0000] "GET / HTTP/1.1" 200 16090 "-" "Mozilla/5.0 (iPhone; CPU iPhone OS 18_7 like Mac OS X) AppleWebKit/605.1.15 (KHTML, like Gecko) Version/26.3 Mobile/15E148 Safari/604.1"
74.7.227.6 - - [28/Mar/2026:14:50:00 +0000] "GET /admin.php?dir=CwhomeCwbalubaidCwhondaFwcore3FwagencyCwwp-contentCwuploadsCwagile-store-locatorCwicon&view=health.png HTTP/1.1" 200 3746 "https://hondasaudi.com/admin.php?dir=CwhomeCwbalubaidCwhondaFwcore3FwagencyCwwp-contentCwuploadsCwagile-store-locatorCwicon" "Mozilla/5.0 AppleWebKit/537.36 (KHTML, like Gecko; compatible; GPTBot/1.3; +https://openai.com/gptbot)"
74.7.227.6 - - [28/Mar/2026:14:50:21 +0000] "GET /admin.php?dir=CwhomeCwbalubaidCwhondaFwcore3FwagencyCwwp-contentCwuploadsCwagile-store-locatorCwicon&view=compass.png HTTP/1.1" 200 3916 "https://hondasaudi.com/admin.php?dir=CwhomeCwbalubaidCwhondaFwcore3FwagencyCwwp-contentCwuploadsCwagile-store-locatorCwicon" "Mozilla/5.0 AppleWebKit/537.36 (KHTML, like Gecko; compatible; GPTBot/1.3; +https://openai.com/gptbot)"
172.105.42.26 - - [28/Mar/2026:14:50:40 +0000] "POST /wp-cron.php?doing_wp_cron=1774709440.5413610935211181640625 HTTP/1.1" 200 20 "-" "WordPress/6.9.4; https://hondasaudi.com"
2a03:2880:2ff:9:: - - [28/Mar/2026:14:50:40 +0000] "GET /privacy-policy HTTP/1.1" 301 20 "-" "facebookexternalhit/1.1 (+http://www.facebook.com/externalhit_uatext.php)"
172.105.42.26 - - [28/Mar/2026:14:50:55 +0000] "POST /wp-cron.php?doing_wp_cron=1774709455.1445989608764648437500 HTTP/1.1" 200 20 "-" "WordPress/6.9.4; https://hondasaudi.com"
49.13.164.148 - - [28/Mar/2026:14:50:55 +0000] "HEAD / HTTP/1.1" 200 - "https://hondasaudi.com" "Mozilla/5.0+(compatible; UptimeRobot/2.0; http://www.uptimerobot.com/)"
2001:16a4:17:2110:b0aa:f428:7a15:8bcc - - [28/Mar/2026:14:51:00 +0000] "GET /focused-cars/?utm_source=GoogleAds&utm_medium=Paid_Traffic&utm_campaign=Ramadan2026&gad_source=1&gad_campaignid=15485647876&gbraid=0AAAAAoT5x1jMnUdPNGP_0edYFGEPino6L HTTP/1.1" 200 19566 "https://www.google.com/" "Mozilla/5.0 (iPhone; CPU iPhone OS 18_7 like Mac OS X) AppleWebKit/605.1.15 (KHTML, like Gecko) Version/26.3 Mobile/15E148 Safari/604.1"
74.7.227.6 - - [28/Mar/2026:14:51:02 +0000] "GET /admin.php?dir=CwhomeCwbalubaidCwhondaFwcore3FwagencyCwwp-contentCwuploadsCwagile-store-locatorCwicon&view=sailing.png HTTP/1.1" 200 3974 "https://hondasaudi.com/admin.php?dir=CwhomeCwbalubaidCwhondaFwcore3FwagencyCwwp-contentCwuploadsCwagile-store-locatorCwicon" "Mozilla/5.0 AppleWebKit/537.36 (KHTML, like Gecko; compatible; GPTBot/1.3; +https://openai.com/gptbot)"
2001:16a4:17:2110:b0aa:f428:7a15:8bcc - - [28/Mar/2026:14:51:03 +0000] "GET /wp-json/contact-form-7/v1/contact-forms/987/feedback/schema HTTP/1.1" 200 1993 "https://hondasaudi.com/focused-cars/?utm_source=GoogleAds&utm_medium=Paid_Traffic&utm_campaign=Ramadan2026&gad_source=1&gad_campaignid=15485647876&gbraid=0AAAAAoT5x1jMnUdPNGP_0edYFGEPino6L" "Mozilla/5.0 (iPhone; CPU iPhone OS 18_7 like Mac OS X) AppleWebKit/605.1.15 (KHTML, like Gecko) Version/26.3 Mobile/15E148 Safari/604.1"
2a02:ce0:1802:9add:93e7:33fb:f0c0:eec8 - - [28/Mar/2026:14:51:14 +0000] "GET /honda-crv/ HTTP/1.1" 200 18270 "https://hondasaudi.com/?utm_medium=paid&utm_source=fb&utm_id=120242753459850023&utm_content=120242753459870023&utm_term=120242753459960023&utm_campaign=120242753459850023" "Mozilla/5.0 (Linux; Android 16; SM-S938B Build/BP2A.250605.031.A3; wv) AppleWebKit/537.36 (KHTML, like Gecko) Version/4.0 Chrome/146.0.7680.148 Mobile Safari/537.36"
172.105.42.26 - - [28/Mar/2026:14:51:30 +0000] "POST /wp-cron.php?doing_wp_cron=1774709490.8114399909973144531250 HTTP/1.1" 200 20 "-" "WordPress/6.9.4; https://hondasaudi.com"
45.3.33.27 - - [28/Mar/2026:14:51:30 +0000] "GET /admin625 HTTP/1.1" 404 12240 "-" "Mozilla/5.0 (Windows NT 10.0; Win64; x64) AppleWebKit/537.36 (KHTML, like Gecko) Chrome/119.0.0.0 Safari/537.36"
74.7.227.6 - - [28/Mar/2026:14:51:44 +0000] "GET /admin.php?dir=CwhomeCwbalubaidCwhondaFwcore3FwagencyCwwp-contentCwuploadsCwagile-store-locatorCwicon&view=general+contractor.png HTTP/1.1" 200 3641 "https://hondasaudi.com/admin.php?dir=CwhomeCwbalubaidCwhondaFwcore3FwagencyCwwp-contentCwuploadsCwagile-store-locatorCwicon" "Mozilla/5.0 AppleWebKit/537.36 (KHTML, like Gecko; compatible; GPTBot/1.3; +https://openai.com/gptbot)"
172.105.42.26 - - [28/Mar/2026:14:52:05 +0000] "POST /wp-cron.php?doing_wp_cron=1774709525.3304059505462646484375 HTTP/1.1" 200 20 "-" "WordPress/6.9.4; https://hondasaudi.com"
2a02:ce0:1802:9add:93e7:33fb:f0c0:eec8 - - [28/Mar/2026:14:52:05 +0000] "GET /honda-crv/?utm_medium=paid&utm_source=fb&utm_id=120242753459850023&utm_content=120242753459870023&utm_term=120242753459960023&utm_campaign=120242753459850023 HTTP/1.1" 200 18404 "https://hondasaudi.com/?utm_medium=paid&utm_source=fb&utm_id=120242753459850023&utm_content=120242753459870023&utm_term=120242753459960023&utm_campaign=120242753459850023" "Mozilla/5.0 (Linux; Android 16; SM-S938B Build/BP2A.250605.031.A3; wv) AppleWebKit/537.36 (KHTML, like Gecko) Version/4.0 Chrome/146.0.7680.148 Mobile Safari/537.36 [FB_IAB/FB4A;FBAV/553.0.0.56.58;IABMV/1;]"
2a02:ce0:1802:9add:93e7:33fb:f0c0:eec8 - - [28/Mar/2026:14:52:06 +0000] "GET /wp-json/contact-form-7/v1/contact-forms/348318/feedback/schema HTTP/1.1" 200 1816 "https://hondasaudi.com/honda-crv/?utm_medium=paid&utm_source=fb&utm_id=120242753459850023&utm_content=120242753459870023&utm_term=120242753459960023&utm_campaign=120242753459850023" "Mozilla/5.0 (Linux; Android 16; SM-S938B Build/BP2A.250605.031.A3; wv) AppleWebKit/537.36 (KHTML, like Gecko) Version/4.0 Chrome/146.0.7680.148 Mobile Safari/537.36 [FB_IAB/FB4A;FBAV/553.0.0.56.58;IABMV/1;]"
74.7.227.6 - - [28/Mar/2026:14:52:28 +0000] "GET /admin.php?dir=CwhomeCwbalubaidCwhondaFwcore3FwagencyCwwp-contentCwuploadsCwagile-store-locatorCwicon&view=plumber.png HTTP/1.1" 200 3873 "https://hondasaudi.com/admin.php?dir=CwhomeCwbalubaidCwhondaFwcore3FwagencyCwwp-contentCwuploadsCwagile-store-locatorCwicon" "Mozilla/5.0 AppleWebKit/537.36 (KHTML, like Gecko; compatible; GPTBot/1.3; +https://openai.com/gptbot)"
172.105.42.26 - - [28/Mar/2026:14:52:40 +0000] "POST /wp-cron.php?doing_wp_cron=1774709560.5248630046844482421875 HTTP/1.1" 200 20 "-" "WordPress/6.9.4; https://hondasaudi.com"
2001:16a2:c138:c29e:2859:b54:1e77:ea46 - - [28/Mar/2026:14:52:40 +0000] "GET /focused-cars/?utm_source=GoogleAds&utm_medium=Paid_Traffic&utm_campaign=Ramadan2026&gad_source=5&gad_campaignid=15485647876&gclid=EAIaIQobChMIwYzOoOzCkwMV3Gv2CB1aOgCPEAEYASAAEgI4IvD_BwE HTTP/1.1" 200 19613 "https://ksa.motory.com/" "Mozilla/5.0 (iPhone; CPU iPhone OS 18_7 like Mac OS X) AppleWebKit/605.1.15 (KHTML, like Gecko) Version/26.4 Mobile/15E148 Snapchat/13.85.0.53 (like Safari/8624.1.16.10.6)"
172.105.42.26 - - [28/Mar/2026:14:52:52 +0000] "POST /wp-cron.php?doing_wp_cron=1774709572.9287879467010498046875 HTTP/1.1" 200 20 "-" "WordPress/6.9.4; https://hondasaudi.com"
2001:16a2:c138:c29e:2859:b54:1e77:ea46 - - [28/Mar/2026:14:52:52 +0000] "GET /focused-cars/?utm_source=GoogleAds&utm_medium=Paid_Traffic&utm_campaign=Ramadan2026&gad_source=5&gad_campaignid=15485647876&gclid=EAIaIQobChMIwYzOoOzCkwMV3Gv2CB1aOgCPEAEYASAAEgI4IvD_BwE HTTP/1.1" 200 19614 "https://ksa.motory.com/" "Mozilla/5.0 (iPhone; CPU iPhone OS 18_7 like Mac OS X) AppleWebKit/605.1.15 (KHTML, like Gecko) Version/26.4 Mobile/15E148 Snapchat/13.85.0.53 (like Safari/8624.1.16.10.6)"
2001:16a2:c138:c29e:2859:b54:1e77:ea46 - - [28/Mar/2026:14:53:05 +0000] "GET /focused-cars/?utm_source=GoogleAds&utm_medium=Paid_Traffic&utm_campaign=Ramadan2026&gad_source=5&gad_campaignid=15485647876&gclid=EAIaIQobChMIwYzOoOzCkwMV3Gv2CB1aOgCPEAEYASAAEgI4IvD_BwE HTTP/1.1" 200 19616 "https://ksa.motory.com/" "Mozilla/5.0 (iPhone; CPU iPhone OS 18_7 like Mac OS X) AppleWebKit/605.1.15 (KHTML, like Gecko) Version/26.4 Mobile/15E148 Snapchat/13.85.0.53 (like Safari/8624.1.16.10.6)"
172.105.42.26 - - [28/Mar/2026:14:53:18 +0000] "POST /wp-cron.php?doing_wp_cron=1774709598.5321159362792968750000 HTTP/1.1" 200 20 "-" "WordPress/6.9.4; https://hondasaudi.com"
2001:16a2:c138:c29e:2859:b54:1e77:ea46 - - [28/Mar/2026:14:53:18 +0000] "GET /focused-cars/?utm_source=GoogleAds&utm_medium=Paid_Traffic&utm_campaign=Ramadan2026&gad_source=5&gad_campaignid=15485647876&gclid=EAIaIQobChMIwYzOoOzCkwMV3Gv2CB1aOgCPEAEYASAAEgI4IvD_BwE HTTP/1.1" 200 19615 "https://ksa.motory.com/" "Mozilla/5.0 (iPhone; CPU iPhone OS 18_7 like Mac OS X) AppleWebKit/605.1.15 (KHTML, like Gecko) Version/26.4 Mobile/15E148 Snapchat/13.85.0.53 (like Safari/8624.1.16.10.6)"
172.105.42.26 - - [28/Mar/2026:14:53:42 +0000] "POST /wp-cron.php?doing_wp_cron=1774709622.0200290679931640625000 HTTP/1.1" 200 20 "-" "WordPress/6.9.4; https://hondasaudi.com"
2a02:cb80:4282:d588:3d63:8e3:12b3:4d8f - - [28/Mar/2026:14:53:41 +0000] "GET /focused-cars/?utm_source=GoogleAds&utm_medium=Paid_Traffic&utm_campaign=Ramadan2026&gad_source=5&gad_campaignid=15485647876&gclid=EAIaIQobChMIzeXYwOzCkwMVZWZBAh2qdjqkEAAYAyAAEgJjdPD_BwE HTTP/1.1" 200 19619 "https://syndicatedsearch.goog/" "Mozilla/5.0 (Linux; Android 15; RMX5303 Build/AP3A.240905.015.A2; wv) AppleWebKit/537.36 (KHTML, like Gecko) Version/4.0 Chrome/146.0.7680.119 Mobile Safari/537.36 [FB_IAB/FB4A;FBAV/553.0.0.56.58;IABMV/1;]"
172.105.42.26 - - [28/Mar/2026:14:53:47 +0000] "POST /wp-cron.php?doing_wp_cron=1774709627.5146200656890869140625 HTTP/1.1" 200 20 "-" "WordPress/6.9.4; https://hondasaudi.com"
2a02:cb80:4282:d588:3d63:8e3:12b3:4d8f - - [28/Mar/2026:14:53:47 +0000] "GET /wp-json/contact-form-7/v1/contact-forms/987/feedback/schema HTTP/1.1" 200 1993 "https://hondasaudi.com/focused-cars/?utm_source=GoogleAds&utm_medium=Paid_Traffic&utm_campaign=Ramadan2026&gad_source=5&gad_campaignid=15485647876&gclid=EAIaIQobChMIzeXYwOzCkwMVZWZBAh2qdjqkEAAYAyAAEgJjdPD_BwE" "Mozilla/5.0 (Linux; Android 15; RMX5303 Build/AP3A.240905.015.A2; wv) AppleWebKit/537.36 (KHTML, like Gecko) Version/4.0 Chrome/146.0.7680.119 Mobile Safari/537.36 [FB_IAB/FB4A;FBAV/553.0.0.56.58;IABMV/1;]"
2001:16a2:c39a:5df:bd49:9fa1:45a6:505e - - [28/Mar/2026:14:53:48 +0000] "GET /focused-cars/?utm_source=GoogleAds&utm_medium=Paid_Traffic&utm_campaign=Ramadan2026&gad_source=5&gad_campaignid=15485647876&gclid=EAIaIQobChMInau-xuzCkwMVRvF5BB1QHjPDEAAYASAAEgLtEvD_BwE HTTP/1.1" 200 19617 "https://syndicatedsearch.goog/" "Mozilla/5.0 (iPhone; CPU iPhone OS 26_3_1 like Mac OS X) AppleWebKit/605.1.15 (KHTML, like Gecko) Mobile/23D8133 Safari/604.1 [FBAN/FBIOS;FBAV/553.0.0.43.84;FBBV/911230482;FBDV/iPhone16,1;FBMD/iPhone;FBSN/iOS;FBSV/26.3.1;FBSS/3;FBID/phone;FBLC/ar_AR;FBOP/5;FBRV/920097326;IABMV/1]"
2001:16a2:c39a:5df:bd49:9fa1:45a6:505e - - [28/Mar/2026:14:53:50 +0000] "GET /wp-json/contact-form-7/v1/contact-forms/987/feedback/schema HTTP/1.1" 200 1993 "https://hondasaudi.com/focused-cars/?utm_source=GoogleAds&utm_medium=Paid_Traffic&utm_campaign=Ramadan2026&gad_source=5&gad_campaignid=15485647876&gclid=EAIaIQobChMInau-xuzCkwMVRvF5BB1QHjPDEAAYASAAEgLtEvD_BwE" "Mozilla/5.0 (iPhone; CPU iPhone OS 26_3_1 like Mac OS X) AppleWebKit/605.1.15 (KHTML, like Gecko) Mobile/23D8133 Safari/604.1 [FBAN/FBIOS;FBAV/553.0.0.43.84;FBBV/911230482;FBDV/iPhone16,1;FBMD/iPhone;FBSN/iOS;FBSV/26.3.1;FBSS/3;FBID/phone;FBLC/ar_AR;FBOP/5;FBRV/920097326;IABMV/1]"
172.105.42.26 - - [28/Mar/2026:14:54:29 +0000] "POST /wp-cron.php?doing_wp_cron=1774709669.8183610439300537109375 HTTP/1.1" 200 20 "-" "WordPress/6.9.4; https://hondasaudi.com"
2001:4860:7:1628::fa - - [28/Mar/2026:14:54:29 +0000] "GET /focused-cars/?utm_source=GoogleAds&utm_medium=Paid_Traffic&utm_campaign=Ramadan2026&gad_source=1&gad_campaignid=15485647876&gbraid=0AAAAAoT5x1jMnUdPNGP_0edYFGEPino6L&gclid=CjwKCAjw-J3OBhBuEiwAwqZ_h_WnWOipqQBNEt0tVI_X9de2_0BrTUCRQGfp176drCV71fJmLeE3uBoCEsIQAvD_BwE HTTP/1.1" 200 19757 "https://www.google.com/" "Mozilla/5.0 (Linux; Android 10; K) AppleWebKit/537.36 (KHTML, like Gecko) Chrome/145.0.0.0 Mobile Safari/537.36"
74.7.227.6 - - [28/Mar/2026:14:54:32 +0000] "GET /admin.php?dir=CwhomeCwbalubaidCwhondaFwcore3FwagencyCwwp-contentCwuploadsCwagile-store-locatorCwicon&view=snow.png HTTP/1.1" 200 4185 "https://hondasaudi.com/admin.php?dir=CwhomeCwbalubaidCwhondaFwcore3FwagencyCwwp-contentCwuploadsCwagile-store-locatorCwicon" "Mozilla/5.0 AppleWebKit/537.36 (KHTML, like Gecko; compatible; GPTBot/1.3; +https://openai.com/gptbot)"
172.105.42.26 - - [28/Mar/2026:14:54:36 +0000] "POST /wp-cron.php?doing_wp_cron=1774709676.6534140110015869140625 HTTP/1.1" 200 20 "-" "WordPress/6.9.4; https://hondasaudi.com"
2001:4860:7:1728::f8 - - [28/Mar/2026:14:54:36 +0000] "GET /focused-cars/?utm_source=GoogleAds&utm_medium=Paid_Traffic&utm_campaign=Ramadan2026&gad_source=1&gad_campaignid=15485647876&gbraid=0AAAAAoT5x1jMnUdPNGP_0edYFGEPino6L&gclid=CjwKCAjw-J3OBhBuEiwAwqZ_hxi6AD_MkLoEcEkDEBnEv359YYs-ty3BqkxCQxVUN5d8aipvJIhJExoCbIYQAvD_BwE HTTP/1.1" 200 19762 "https://www.google.com/" "Mozilla/5.0 (Linux; Android 10; K) AppleWebKit/537.36 (KHTML, like Gecko) Chrome/145.0.0.0 Mobile Safari/537.36"
74.7.227.6 - - [28/Mar/2026:14:54:54 +0000] "GET /admin.php?dir=CwhomeCwbalubaidCwhondaFwcore3FwagencyCwwp-contentCwuploadsCwagile-store-locatorCwicon&view=boat.png HTTP/1.1" 200 3970 "https://hondasaudi.com/admin.php?dir=CwhomeCwbalubaidCwhondaFwcore3FwagencyCwwp-contentCwuploadsCwagile-store-locatorCwicon" "Mozilla/5.0 AppleWebKit/537.36 (KHTML, like Gecko; compatible; GPTBot/1.3; +https://openai.com/gptbot)"
172.105.42.26 - - [28/Mar/2026:14:55:00 +0000] "POST /wp-cron.php?doing_wp_cron=1774709700.7500910758972167968750 HTTP/1.1" 200 20 "-" "WordPress/6.9.4; https://hondasaudi.com"
51.36.102.130 - - [28/Mar/2026:14:55:00 +0000] "GET /focused-cars/?utm_source=GoogleAds&utm_medium=Paid_Traffic&utm_campaign=Ramadan2026&gad_source=1&gad_campaignid=15485647876&gbraid=0AAAAAoT5x1jMnUdPNGP_0edYFGEPino6L&gclid=CjwKCAjw-J3OBhBuEiwAwqZ_h1ntRrO0dTYnvZrFES3h_Kb1N_yG1970PLDTMoWxXT28dNH8nSOrURoC9ZEQAvD_BwE HTTP/1.1" 200 19762 "https://www.google.com/" "Mozilla/5.0 (iPhone; CPU iPhone OS 18_7 like Mac OS X) AppleWebKit/605.1.15 (KHTML, like Gecko) Version/26.3 Mobile/15E148 Safari/604.1"
2a02:9b0:4060:89d6:4c9:e7fc:c60d:8f71 - - [28/Mar/2026:14:55:01 +0000] "GET /focused-cars/?utm_source=GoogleAds&utm_medium=Paid_Traffic&utm_campaign=Ramadan2026&gad_source=1&gad_campaignid=15485647876&gclid=CjwKCAjw-J3OBhBuEiwAwqZ_hxejksFJqAUaQVjDNVTyVNfP91TAtT20Sm8ezraQryg81fFKfIBjrxoCR_0QAvD_BwE HTTP/1.1" 200 19567 "https://www.google.com/" "Mozilla/5.0 (iPhone; CPU iPhone OS 18_7_2 like Mac OS X) AppleWebKit/605.1.15 (KHTML, like Gecko) GSA/411.0.879111500 Mobile/15E148 Safari/604.1"
2a02:9b0:4060:89d6:4c9:e7fc:c60d:8f71 - - [28/Mar/2026:14:55:04 +0000] "GET /wp-json/contact-form-7/v1/contact-forms/987/feedback/schema HTTP/1.1" 200 1993 "https://hondasaudi.com/focused-cars/?utm_source=GoogleAds&utm_medium=Paid_Traffic&utm_campaign=Ramadan2026&gad_source=1&gad_campaignid=15485647876&gclid=CjwKCAjw-J3OBhBuEiwAwqZ_hxejksFJqAUaQVjDNVTyVNfP91TAtT20Sm8ezraQryg81fFKfIBjrxoCR_0QAvD_BwE" "Mozilla/5.0 (iPhone; CPU iPhone OS 18_7_2 like Mac OS X) AppleWebKit/605.1.15 (KHTML, like Gecko) GSA/411.0.879111500 Mobile/15E148 Safari/604.1"
51.36.102.130 - - [28/Mar/2026:14:55:06 +0000] "GET /wp-json/contact-form-7/v1/contact-forms/987/feedback/schema HTTP/1.1" 200 1993 "https://hondasaudi.com/focused-cars/?utm_source=GoogleAds&utm_medium=Paid_Traffic&utm_campaign=Ramadan2026&gad_source=1&gad_campaignid=15485647876&gbraid=0AAAAAoT5x1jMnUdPNGP_0edYFGEPino6L&gclid=CjwKCAjw-J3OBhBuEiwAwqZ_h1ntRrO0dTYnvZrFES3h_Kb1N_yG1970PLDTMoWxXT28dNH8nSOrURoC9ZEQAvD_BwE" "Mozilla/5.0 (iPhone; CPU iPhone OS 18_7 like Mac OS X) AppleWebKit/605.1.15 (KHTML, like Gecko) Version/26.3 Mobile/15E148 Safari/604.1"
2a02:ce0:1802:9add:93e7:33fb:f0c0:eec8 - - [28/Mar/2026:14:55:09 +0000] "POST /wp-json/contact-form-7/v1/contact-forms/348318/feedback HTTP/1.1" 200 309 "https://hondasaudi.com/honda-crv/?utm_medium=paid&utm_source=fb&utm_id=120242753459850023&utm_content=120242753459870023&utm_term=120242753459960023&utm_campaign=120242753459850023" "Mozilla/5.0 (Linux; Android 16; SM-S938B Build/BP2A.250605.031.A3; wv) AppleWebKit/537.36 (KHTML, like Gecko) Version/4.0 Chrome/146.0.7680.148 Mobile Safari/537.36 [FB_IAB/FB4A;FBAV/553.0.0.56.58;IABMV/1;]"
74.7.227.6 - - [28/Mar/2026:14:55:16 +0000] "GET /admin.php?dir=CwhomeCwbalubaidCwhondaFwcore3FwagencyCwwp-contentCwuploadsCwagile-store-locatorCwicon&view=baseball.png HTTP/1.1" 200 3958 "https://hondasaudi.com/admin.php?dir=CwhomeCwbalubaidCwhondaFwcore3FwagencyCwwp-contentCwuploadsCwagile-store-locatorCwicon" "Mozilla/5.0 AppleWebKit/537.36 (KHTML, like Gecko; compatible; GPTBot/1.3; +https://openai.com/gptbot)"
172.105.42.26 - - [28/Mar/2026:14:55:22 +0000] "POST /wp-cron.php?doing_wp_cron=1774709722.6831750869750976562500 HTTP/1.1" 200 20 "-" "WordPress/6.9.4; https://hondasaudi.com"
2a00:5400:f015:19c5:6464:a52:84f3:6735 - - [28/Mar/2026:14:55:22 +0000] "GET /focused-cars/?utm_source=GoogleAds&utm_medium=Paid_Traffic&utm_campaign=Ramadan2026&gad_source=1&gad_campaignid=15485647876&gbraid=0AAAAAoT5x1hSviS8DXh2YDnC76qkwM6B6&gclid=Cj0KCQjw1ZjOBhCmARIsADDuFTC4MeJ85ubgy1BhRuGa26k3sj_8uNOQBFY5acRj6rK7XVDTm6hTrdYaAqjWEALw_wcB HTTP/1.1" 200 19764 "-" "Mozilla/5.0 (Macintosh; Intel Mac OS X 10_15_7) AppleWebKit/605.1.15 (KHTML, like Gecko) Version/26.0 Safari/605.1.15"
74.7.227.6 - - [28/Mar/2026:14:55:36 +0000] "GET /admin.php?dir=CwhomeCwbalubaidCwhondaFwcore3FwagencyCwwp-contentCwuploadsCwagile-store-locatorCwicon&view=park.png HTTP/1.1" 200 4031 "https://hondasaudi.com/admin.php?dir=CwhomeCwbalubaidCwhondaFwcore3FwagencyCwwp-contentCwuploadsCwagile-store-locatorCwicon" "Mozilla/5.0 AppleWebKit/537.36 (KHTML, like Gecko; compatible; GPTBot/1.3; +https://openai.com/gptbot)"
172.105.42.26 - - [28/Mar/2026:14:55:48 +0000] "POST /wp-cron.php?doing_wp_cron=1774709748.4281859397888183593750 HTTP/1.1" 200 20 "-" "WordPress/6.9.4; https://hondasaudi.com"
2a02:ce0:1802:9add:93e7:33fb:f0c0:eec8 - - [28/Mar/2026:14:55:48 +0000] "POST /wp-json/contact-form-7/v1/contact-forms/348318/feedback HTTP/1.1" 200 309 "https://hondasaudi.com/honda-crv/?utm_medium=paid&utm_source=fb&utm_id=120242753459850023&utm_content=120242753459870023&utm_term=120242753459960023&utm_campaign=120242753459850023" "Mozilla/5.0 (Linux; Android 16; SM-S938B Build/BP2A.250605.031.A3; wv) AppleWebKit/537.36 (KHTML, like Gecko) Version/4.0 Chrome/146.0.7680.148 Mobile Safari/537.36 [FB_IAB/FB4A;FBAV/553.0.0.56.58;IABMV/1;]"
2001:16a2:c0bb:a26a:754f:d701:31f:fb76 - - [28/Mar/2026:14:55:56 +0000] "GET /focused-cars/?utm_source=GoogleAds&utm_medium=Paid_Traffic&utm_campaign=Ramadan2026&gad_source=1&gad_campaignid=15485647876&gbraid=0AAAAAoT5x1jMnUdPNGP_0edYFGEPino6L&gclid=CjwKCAjw-J3OBhBuEiwAwqZ_h1cmJgA_v0zN1YD4dlQZYkrOHoO5VKfTFnu2Bk0q3ja9nUR-BtuN_BoCt5IQAvD_BwE HTTP/1.1" 200 19761 "https://www.google.com/" "Mozilla/5.0 (iPhone; CPU iPhone OS 18_5 like Mac OS X) AppleWebKit/605.1.15 (KHTML, like Gecko) Version/18.5 Mobile/15E148 Safari/604.1"
2001:16a2:c0bb:a26a:754f:d701:31f:fb76 - - [28/Mar/2026:14:56:00 +0000] "GET /wp-json/contact-form-7/v1/contact-forms/987/feedback/schema HTTP/1.1" 200 1993 "https://hondasaudi.com/focused-cars/?utm_source=GoogleAds&utm_medium=Paid_Traffic&utm_campaign=Ramadan2026&gad_source=1&gad_campaignid=15485647876&gbraid=0AAAAAoT5x1jMnUdPNGP_0edYFGEPino6L&gclid=CjwKCAjw-J3OBhBuEiwAwqZ_h1cmJgA_v0zN1YD4dlQZYkrOHoO5VKfTFnu2Bk0q3ja9nUR-BtuN_BoCt5IQAvD_BwE" "Mozilla/5.0 (iPhone; CPU iPhone OS 18_5 like Mac OS X) AppleWebKit/605.1.15 (KHTML, like Gecko) Version/18.5 Mobile/15E148 Safari/604.1"
63.178.84.147 - - [28/Mar/2026:14:56:00 +0000] "HEAD / HTTP/1.1" 200 - "https://hondasaudi.com" "Mozilla/5.0+(compatible; UptimeRobot/2.0; http://www.uptimerobot.com/)"
51.36.61.188 - - [28/Mar/2026:14:56:12 +0000] "GET /accord/?utm_source=GoogleAds&utm_campaign=Ramdan2026&gad_source=1&gad_campaignid=23558784362&gbraid=0AAAAAoT5x1glVE_eS2Ht0PX9uDlyOibRa&gclid=CjwKCAiA-sXMBhAOEiwAGGw6LCXSdiMa65IQ608Z0oqnOQCSkfcJ4OJNIfmEIVRwh6yX0RpVbwePChoCbaYQAvD_BwE HTTP/1.1" 200 18863 "https://hondasaudi.com/?utm_source=GoogleAds&utm_campaign=Ramdan2026&gad_source=1&gad_campaignid=23558784362&gbraid=0AAAAAoT5x1glVE_eS2Ht0PX9uDlyOibRa&gclid=CjwKCAiA-sXMBhAOEiwAGGw6LCXSdiMa65IQ608Z0oqnOQCSkfcJ4OJNIfmEIVRwh6yX0RpVbwePChoCbaYQAvD_BwE" "Mozilla/5.0 (iPhone; CPU iPhone OS 18_6_2 like Mac OS X) AppleWebKit/605.1.15 (KHTML, like Gecko) Version/18.6 Mobile/15E148 Safari/604.1"
51.36.61.188 - - [28/Mar/2026:14:56:16 +0000] "GET /wp-json/contact-form-7/v1/contact-forms/442769/feedback/schema HTTP/1.1" 200 1816 "https://hondasaudi.com/accord/?utm_source=GoogleAds&utm_campaign=Ramdan2026&gad_source=1&gad_campaignid=23558784362&gbraid=0AAAAAoT5x1glVE_eS2Ht0PX9uDlyOibRa&gclid=CjwKCAiA-sXMBhAOEiwAGGw6LCXSdiMa65IQ608Z0oqnOQCSkfcJ4OJNIfmEIVRwh6yX0RpVbwePChoCbaYQAvD_BwE" "Mozilla/5.0 (iPhone; CPU iPhone OS 18_6_2 like Mac OS X) AppleWebKit/605.1.15 (KHTML, like Gecko) Version/18.6 Mobile/15E148 Safari/604.1"
172.105.42.26 - - [28/Mar/2026:14:56:19 +0000] "POST /wp-cron.php?doing_wp_cron=1774709778.5768620967864990234375 HTTP/1.1" 200 20 "-" "WordPress/6.9.4; https://hondasaudi.com"
74.7.227.6 - - [28/Mar/2026:14:56:18 +0000] "GET /admin.php?dir=CwhomeCwbalubaidCwhondaFwcore3FwagencyCwwp-contentCwuploadsCwagile-store-locatorCwicon&view=rafting.png HTTP/1.1" 200 3916 "https://hondasaudi.com/admin.php?dir=CwhomeCwbalubaidCwhondaFwcore3FwagencyCwwp-contentCwuploadsCwagile-store-locatorCwicon" "Mozilla/5.0 AppleWebKit/537.36 (KHTML, like Gecko; compatible; GPTBot/1.3; +https://openai.com/gptbot)"
2a02:cb80:408b:a628:7c47:da79:c6ab:a46a - - [28/Mar/2026:14:56:24 +0000] "GET /?utm_source=GoogleAds&utm_campaign=Ramdan2026&gad_source=1&gad_campaignid=23558784362&gbraid=0AAAAAoT5x1glVE_eS2Ht0PX9uDlyOibRa&gclid=CjwKCAiA-sXMBhAOEiwAGGw6LCXSdiMa65IQ608Z0oqnOQCSkfcJ4OJNIfmEIVRwh6yX0RpVbwePChoCbaYQAvD_BwE HTTP/1.1" 200 16401 "https://hondasaudi.com/accord/?utm_source=GoogleAds&utm_campaign=Ramdan2026&gad_source=1&gad_campaignid=23558784362&gbraid=0AAAAAoT5x1glVE_eS2Ht0PX9uDlyOibRa&gclid=CjwKCAiA-sXMBhAOEiwAGGw6LCXSdiMa65IQ608Z0oqnOQCSkfcJ4OJNIfmEIVRwh6yX0RpVbwePChoCbaYQAvD_BwE" "Mozilla/5.0 (iPhone; CPU iPhone OS 18_6_2 like Mac OS X) AppleWebKit/605.1.15 (KHTML, like Gecko) Version/18.6 Mobile/15E148 Safari/604.1"
2a02:cb80:408b:a628:7c47:da79:c6ab:a46a - - [28/Mar/2026:14:56:27 +0000] "GET /?utm_source=GoogleAds&utm_campaign=Ramdan2026&gad_source=1&gad_campaignid=23558784362&gbraid=0AAAAAoT5x1glVE_eS2Ht0PX9uDlyOibRa&gclid=CjwKCAiA-sXMBhAOEiwAGGw6LCXSdiMa65IQ608Z0oqnOQCSkfcJ4OJNIfmEIVRwh6yX0RpVbwePChoCbaYQAvD_BwE HTTP/1.1" 200 16399 "https://hondasaudi.com/accord/?utm_source=GoogleAds&utm_campaign=Ramdan2026&gad_source=1&gad_campaignid=23558784362&gbraid=0AAAAAoT5x1glVE_eS2Ht0PX9uDlyOibRa&gclid=CjwKCAiA-sXMBhAOEiwAGGw6LCXSdiMa65IQ608Z0oqnOQCSkfcJ4OJNIfmEIVRwh6yX0RpVbwePChoCbaYQAvD_BwE" "Mozilla/5.0 (iPhone; CPU iPhone OS 18_6_2 like Mac OS X) AppleWebKit/605.1.15 (KHTML, like Gecko) Version/18.6 Mobile/15E148 Safari/604.1"
2a02:ce0:1802:9add:93e7:33fb:f0c0:eec8 - - [28/Mar/2026:14:56:27 +0000] "POST /wp-json/contact-form-7/v1/contact-forms/348318/feedback HTTP/1.1" 200 293 "https://hondasaudi.com/honda-crv/?utm_medium=paid&utm_source=fb&utm_id=120242753459850023&utm_content=120242753459870023&utm_term=120242753459960023&utm_campaign=120242753459850023" "Mozilla/5.0 (Linux; Android 16; SM-S938B Build/BP2A.250605.031.A3; wv) AppleWebKit/537.36 (KHTML, like Gecko) Version/4.0 Chrome/146.0.7680.148 Mobile Safari/537.36 [FB_IAB/FB4A;FBAV/553.0.0.56.58;IABMV/1;]"
74.7.227.6 - - [28/Mar/2026:14:56:38 +0000] "GET /admin.php?dir=CwhomeCwbalubaidCwhondaFwcore3FwagencyCwwp-contentCwuploadsCwagile-store-locatorCwicon&view=crunch.png HTTP/1.1" 200 3755 "https://hondasaudi.com/admin.php?dir=CwhomeCwbalubaidCwhondaFwcore3FwagencyCwwp-contentCwuploadsCwagile-store-locatorCwicon" "Mozilla/5.0 AppleWebKit/537.36 (KHTML, like Gecko; compatible; GPTBot/1.3; +https://openai.com/gptbot)"
172.105.42.26 - - [28/Mar/2026:14:56:55 +0000] "POST /wp-cron.php?doing_wp_cron=1774709815.4368119239807128906250 HTTP/1.1" 200 20 "-" "WordPress/6.9.4; https://hondasaudi.com"
2a02:ce0:1802:9add:93e7:33fb:f0c0:eec8 - - [28/Mar/2026:14:56:55 +0000] "POST /wp-json/contact-form-7/v1/contact-forms/348318/feedback HTTP/1.1" 200 309 "https://hondasaudi.com/honda-crv/?utm_medium=paid&utm_source=fb&utm_id=120242753459850023&utm_content=120242753459870023&utm_term=120242753459960023&utm_campaign=120242753459850023" "Mozilla/5.0 (Linux; Android 16; SM-S938B Build/BP2A.250605.031.A3; wv) AppleWebKit/537.36 (KHTML, like Gecko) Version/4.0 Chrome/146.0.7680.148 Mobile Safari/537.36 [FB_IAB/FB4A;FBAV/553.0.0.56.58;IABMV/1;]"
68.221.75.17 - - [28/Mar/2026:14:56:59 +0000] "GET / HTTP/1.1" 200 16211 "-" "Mozilla/5.0 AppleWebKit/537.36 (KHTML, like Gecko); compatible; ChatGPT-User/1.0; +https://openai.com/bot"
74.7.227.6 - - [28/Mar/2026:14:57:20 +0000] "GET /admin.php?dir=CwhomeCwbalubaidCwhondaFwcore3FwagencyCwwp-contentCwuploadsCwagile-store-locatorCwicon&view=atm.png HTTP/1.1" 200 3943 "https://hondasaudi.com/admin.php?dir=CwhomeCwbalubaidCwhondaFwcore3FwagencyCwwp-contentCwuploadsCwagile-store-locatorCwicon" "Mozilla/5.0 AppleWebKit/537.36 (KHTML, like Gecko; compatible; GPTBot/1.3; +https://openai.com/gptbot)"
172.105.42.26 - - [28/Mar/2026:14:57:51 +0000] "POST /wp-cron.php?doing_wp_cron=1774709871.6450030803680419921875 HTTP/1.1" 200 20 "-" "WordPress/6.9.4; https://hondasaudi.com"
2a02:cb80:408b:a628:7c47:da79:c6ab:a46a - - [28/Mar/2026:14:57:51 +0000] "GET /?utm_source=GoogleAds&utm_campaign=Ramdan2026&gad_source=1&gad_campaignid=23558784362&gbraid=0AAAAAoT5x1glVE_eS2Ht0PX9uDlyOibRa&gclid=CjwKCAiA-sXMBhAOEiwAGGw6LCXSdiMa65IQ608Z0oqnOQCSkfcJ4OJNIfmEIVRwh6yX0RpVbwePChoCbaYQAvD_BwE HTTP/1.1" 200 16402 "https://hondasaudi.com/?utm_source=GoogleAds&utm_campaign=Ramdan2026&gad_source=1&gad_campaignid=23558784362&gbraid=0AAAAAoT5x1glVE_eS2Ht0PX9uDlyOibRa&gclid=CjwKCAiA-sXMBhAOEiwAGGw6LCXSdiMa65IQ608Z0oqnOQCSkfcJ4OJNIfmEIVRwh6yX0RpVbwePChoCbaYQAvD_BwE" "Mozilla/5.0 (iPhone; CPU iPhone OS 18_6_2 like Mac OS X) AppleWebKit/605.1.15 (KHTML, like Gecko) Version/18.6 Mobile/15E148 Safari/604.1"
74.7.227.6 - - [28/Mar/2026:14:58:01 +0000] "GET /admin.php?dir=CwhomeCwbalubaidCwhondaFwcore3FwagencyCwwp-contentCwuploadsCwagile-store-locatorCwicon&view=stadium.png HTTP/1.1" 200 4025 "https://hondasaudi.com/admin.php?dir=CwhomeCwbalubaidCwhondaFwcore3FwagencyCwwp-contentCwuploadsCwagile-store-locatorCwicon" "Mozilla/5.0 AppleWebKit/537.36 (KHTML, like Gecko; compatible; GPTBot/1.3; +https://openai.com/gptbot)"
172.105.42.26 - - [28/Mar/2026:14:58:17 +0000] "POST /wp-cron.php?doing_wp_cron=1774709897.5337469577789306640625 HTTP/1.1" 200 20 "-" "WordPress/6.9.4; https://hondasaudi.com"
2a02:cb80:401c:501:30ad:6f41:46b9:5f0d - - [28/Mar/2026:14:58:17 +0000] "GET /wp-json/contact-form-7/v1/contact-forms/987/feedback/schema HTTP/1.1" 200 1993 "https://hondasaudi.com/all-cars/?utm_source=GoogleAds&utm_campaign=Ramadan2026&gad_source=1&gad_campaignid=15485647876&gbraid=0AAAAAoT5x1injX42cDKJcUi_uv8vQxs8o&gclid=CjwKCAjwspPOBhB9EiwATFbi5FTwa3NW6ir0LqxdpegKIQwf7ZFChT1cFyGj3955aitdVY8322dbFBoChvIQAvD_BwE" "Mozilla/5.0 (Linux; Android 10; K) AppleWebKit/537.36 (KHTML, like Gecko) Chrome/146.0.0.0 Mobile Safari/537.36"
74.7.227.6 - - [28/Mar/2026:14:58:22 +0000] "GET /admin.php?dir=CwhomeCwbalubaidCwhondaFwcore3FwagencyCwwp-contentCwuploadsCwagile-store-locatorCwicon&view=hospital.png HTTP/1.1" 200 3560 "https://hondasaudi.com/admin.php?dir=CwhomeCwbalubaidCwhondaFwcore3FwagencyCwwp-contentCwuploadsCwagile-store-locatorCwicon" "Mozilla/5.0 AppleWebKit/537.36 (KHTML, like Gecko; compatible; GPTBot/1.3; +https://openai.com/gptbot)"
172.105.42.26 - - [28/Mar/2026:14:58:27 +0000] "POST /wp-cron.php?doing_wp_cron=1774709907.5910151004791259765625 HTTP/1.1" 200 20 "-" "WordPress/6.9.4; https://hondasaudi.com"
2a03:2880:31ff:1d:: - - [28/Mar/2026:14:58:27 +0000] "GET /privacy-policy HTTP/1.1" 301 20 "-" "facebookexternalhit/1.1 (+http://www.facebook.com/externalhit_uatext.php)"
2a03:2880:31ff:48:: - - [28/Mar/2026:14:58:28 +0000] "GET /privacy-policy/ HTTP/1.1" 200 34832 "-" "facebookexternalhit/1.1 (+http://www.facebook.com/externalhit_uatext.php)"
172.105.42.26 - - [28/Mar/2026:14:58:36 +0000] "POST /wp-cron.php?doing_wp_cron=1774709916.3739581108093261718750 HTTP/1.1" 200 20 "-" "WordPress/6.9.4; https://hondasaudi.com"
2a02:cb80:408b:a628:7c47:da79:c6ab:a46a - - [28/Mar/2026:14:58:36 +0000] "GET /service-price-list/?utm_source=GoogleAds&utm_campaign=Ramdan2026&gad_source=1&gad_campaignid=23558784362&gbraid=0AAAAAoT5x1glVE_eS2Ht0PX9uDlyOibRa&gclid=CjwKCAiA-sXMBhAOEiwAGGw6LCXSdiMa65IQ608Z0oqnOQCSkfcJ4OJNIfmEIVRwh6yX0RpVbwePChoCbaYQAvD_BwE HTTP/1.1" 200 12631 "https://hondasaudi.com/?utm_source=GoogleAds&utm_campaign=Ramdan2026&gad_source=1&gad_campaignid=23558784362&gbraid=0AAAAAoT5x1glVE_eS2Ht0PX9uDlyOibRa&gclid=CjwKCAiA-sXMBhAOEiwAGGw6LCXSdiMa65IQ608Z0oqnOQCSkfcJ4OJNIfmEIVRwh6yX0RpVbwePChoCbaYQAvD_BwE" "Mozilla/5.0 (iPhone; CPU iPhone OS 18_6_2 like Mac OS X) AppleWebKit/605.1.15 (KHTML, like Gecko) Version/18.6 Mobile/15E148 Safari/604.1"
2a02:cb80:408b:a628:7c47:da79:c6ab:a46a - - [28/Mar/2026:14:58:40 +0000] "GET /?utm_source=GoogleAds&utm_campaign=Ramdan2026&gad_source=1&gad_campaignid=23558784362&gbraid=0AAAAAoT5x1glVE_eS2Ht0PX9uDlyOibRa&gclid=CjwKCAiA-sXMBhAOEiwAGGw6LCXSdiMa65IQ608Z0oqnOQCSkfcJ4OJNIfmEIVRwh6yX0RpVbwePChoCbaYQAvD_BwE HTTP/1.1" 200 16277 "https://hondasaudi.com/service-price-list/?utm_source=GoogleAds&utm_campaign=Ramdan2026&gad_source=1&gad_campaignid=23558784362&gbraid=0AAAAAoT5x1glVE_eS2Ht0PX9uDlyOibRa&gclid=CjwKCAiA-sXMBhAOEiwAGGw6LCXSdiMa65IQ608Z0oqnOQCSkfcJ4OJNIfmEIVRwh6yX0RpVbwePChoCbaYQAvD_BwE" "Mozilla/5.0 (iPhone; CPU iPhone OS 18_6_2 like Mac OS X) AppleWebKit/605.1.15 (KHTML, like Gecko) Version/18.6 Mobile/15E148 Safari/604.1"
74.7.227.6 - - [28/Mar/2026:14:58:43 +0000] "GET /admin.php?dir=CwhomeCwbalubaidCwhondaFwcore3FwagencyCwwp-contentCwuploadsCwagile-store-locatorCwicon&view=abseiling.png HTTP/1.1" 200 4149 "https://hondasaudi.com/admin.php?dir=CwhomeCwbalubaidCwhondaFwcore3FwagencyCwwp-contentCwuploadsCwagile-store-locatorCwicon" "Mozilla/5.0 AppleWebKit/537.36 (KHTML, like Gecko; compatible; GPTBot/1.3; +https://openai.com/gptbot)"
172.105.42.26 - - [28/Mar/2026:14:59:04 +0000] "POST /wp-cron.php?doing_wp_cron=1774709944.2107870578765869140625 HTTP/1.1" 200 20 "-" "WordPress/6.9.4; https://hondasaudi.com"
2a02:cb80:408b:a628:7c47:da79:c6ab:a46a - - [28/Mar/2026:14:59:04 +0000] "GET /accord/?utm_source=GoogleAds&utm_campaign=Ramdan2026&gad_source=1&gad_campaignid=23558784362&gbraid=0AAAAAoT5x1glVE_eS2Ht0PX9uDlyOibRa&gclid=CjwKCAiA-sXMBhAOEiwAGGw6LCXSdiMa65IQ608Z0oqnOQCSkfcJ4OJNIfmEIVRwh6yX0RpVbwePChoCbaYQAvD_BwE HTTP/1.1" 200 18743 "https://hondasaudi.com/?utm_source=GoogleAds&utm_campaign=Ramdan2026&gad_source=1&gad_campaignid=23558784362&gbraid=0AAAAAoT5x1glVE_eS2Ht0PX9uDlyOibRa&gclid=CjwKCAiA-sXMBhAOEiwAGGw6LCXSdiMa65IQ608Z0oqnOQCSkfcJ4OJNIfmEIVRwh6yX0RpVbwePChoCbaYQAvD_BwE" "Mozilla/5.0 (iPhone; CPU iPhone OS 18_6_2 like Mac OS X) AppleWebKit/605.1.15 (KHTML, like Gecko) Version/18.6 Mobile/15E148 Safari/604.1"
74.7.227.6 - - [28/Mar/2026:14:59:05 +0000] "GET /admin.php?dir=CwhomeCwbalubaidCwhondaFwcore3FwagencyCwwp-contentCwuploadsCwagile-store-locatorCwicon&view=female.png HTTP/1.1" 200 3784 "https://hondasaudi.com/admin.php?dir=CwhomeCwbalubaidCwhondaFwcore3FwagencyCwwp-contentCwuploadsCwagile-store-locatorCwicon" "Mozilla/5.0 AppleWebKit/537.36 (KHTML, like Gecko; compatible; GPTBot/1.3; +https://openai.com/gptbot)"
2a02:cb80:408b:a628:7c47:da79:c6ab:a46a - - [28/Mar/2026:14:59:05 +0000] "GET /wp-json/contact-form-7/v1/contact-forms/442769/feedback/schema HTTP/1.1" 200 1816 "https://hondasaudi.com/accord/?utm_source=GoogleAds&utm_campaign=Ramdan2026&gad_source=1&gad_campaignid=23558784362&gbraid=0AAAAAoT5x1glVE_eS2Ht0PX9uDlyOibRa&gclid=CjwKCAiA-sXMBhAOEiwAGGw6LCXSdiMa65IQ608Z0oqnOQCSkfcJ4OJNIfmEIVRwh6yX0RpVbwePChoCbaYQAvD_BwE" "Mozilla/5.0 (iPhone; CPU iPhone OS 18_6_2 like Mac OS X) AppleWebKit/605.1.15 (KHTML, like Gecko) Version/18.6 Mobile/15E148 Safari/604.1"
2a02:cb80:401c:501:30ad:6f41:46b9:5f0d - - [28/Mar/2026:14:59:09 +0000] "GET /all-cars/?utm_source=GoogleAds&utm_campaign=Ramadan2026&gad_source=1&gad_campaignid=15485647876&gbraid=0AAAAAoT5x1injX42cDKJcUi_uv8vQxs8o&gclid=CjwKCAjwspPOBhB9EiwATFbi5FTwa3NW6ir0LqxdpegKIQwf7ZFChT1cFyGj3955aitdVY8322dbFBoChvIQAvD_BwE HTTP/1.1" 200 19745 "https://www.google.com/" "Mozilla/5.0 (Linux; Android 10; K) AppleWebKit/537.36 (KHTML, like Gecko) Chrome/146.0.0.0 Mobile Safari/537.36"
2001:16a4:203:37c5:6c89:69b9:21f4:d7b4 - - [28/Mar/2026:14:59:09 +0000] "GET /focused-cars/?utm_source=GoogleAds&utm_medium=Paid_Traffic&utm_campaign=Ramadan2026&gad_source=5&gad_campaignid=15485647876&gclid=EAIaIQobChMI78Wx2O3CkwMV-3VBAh0aZQlhEAAYASAAEgKlivD_BwE HTTP/1.1" 200 19613 "https://syndicatedsearch.goog/" "Mozilla/5.0 (iPhone; CPU iPhone OS 18_5 like Mac OS X) AppleWebKit/605.1.15 (KHTML, like Gecko) Mobile/22F76 [FBAN/FBIOS;FBAV/513.1.0.55.90;FBBV/735017191;FBDV/iPhone17,2;FBMD/iPhone;FBSN/iOS;FBSV/18.5;FBSS/3;FBID/phone;FBLC/ar_AR;FBOP/5;FBRV/738600055;IABMV/1]"
2a02:cb80:401c:501:30ad:6f41:46b9:5f0d - - [28/Mar/2026:14:59:11 +0000] "GET /wp-json/contact-form-7/v1/contact-forms/987/feedback/schema HTTP/1.1" 200 1993 "https://hondasaudi.com/all-cars/?utm_source=GoogleAds&utm_campaign=Ramadan2026&gad_source=1&gad_campaignid=15485647876&gbraid=0AAAAAoT5x1injX42cDKJcUi_uv8vQxs8o&gclid=CjwKCAjwspPOBhB9EiwATFbi5FTwa3NW6ir0LqxdpegKIQwf7ZFChT1cFyGj3955aitdVY8322dbFBoChvIQAvD_BwE" "Mozilla/5.0 (Linux; Android 10; K) AppleWebKit/537.36 (KHTML, like Gecko) Chrome/146.0.0.0 Mobile Safari/537.36"
2001:16a4:203:37c5:6c89:69b9:21f4:d7b4 - - [28/Mar/2026:14:59:13 +0000] "GET /wp-json/contact-form-7/v1/contact-forms/987/feedback/schema HTTP/1.1" 200 1993 "https://hondasaudi.com/focused-cars/?utm_source=GoogleAds&utm_medium=Paid_Traffic&utm_campaign=Ramadan2026&gad_source=5&gad_campaignid=15485647876&gclid=EAIaIQobChMI78Wx2O3CkwMV-3VBAh0aZQlhEAAYASAAEgKlivD_BwE" "Mozilla/5.0 (iPhone; CPU iPhone OS 18_5 like Mac OS X) AppleWebKit/605.1.15 (KHTML, like Gecko) Mobile/22F76 [FBAN/FBIOS;FBAV/513.1.0.55.90;FBBV/735017191;FBDV/iPhone17,2;FBMD/iPhone;FBSN/iOS;FBSV/18.5;FBSS/3;FBID/phone;FBLC/ar_AR;FBOP/5;FBRV/738600055;IABMV/1]"
144.76.91.190 - - [28/Mar/2026:14:59:13 +0000] "GET /focused-cars/?utm_source=GoogleAds&utm_medium=Paid_Traffic&utm_campaign=Ramadan2026&gad_source=5&gad_campaignid=15485647876&gclid=EAIaIQobChMIsoPKuu3CkwMVvG32CB0RsAZKEAEYASAAEgKJFfD_BwE HTTP/1.1" 200 19619 "-" "python-httpx/0.28.1"
144.76.91.190 - - [28/Mar/2026:14:59:13 +0000] "GET /focused-cars/?utm_source=GoogleAds&utm_medium=Paid_Traffic&utm_campaign=Ramadan2026&gad_source=5&gad_campaignid=15485647876&gclid=EAIaIQobChMIs4PKuu3CkwMVvG32CB0RsAZKEAEYASAAEgLmhPD_BwE HTTP/1.1" 200 19617 "-" "python-httpx/0.28.1"
172.105.42.26 - - [28/Mar/2026:14:59:20 +0000] "POST /wp-cron.php?doing_wp_cron=1774709960.6920180320739746093750 HTTP/1.1" 200 20 "-" "WordPress/6.9.4; https://hondasaudi.com"
2001:16a4:269:24b:bdf3:5e5d:feb9:d830 - - [28/Mar/2026:14:59:20 +0000] "GET /focused-cars/?utm_source=GoogleAds&utm_medium=Paid_Traffic&utm_campaign=Ramadan2026&gad_source=1&gad_campaignid=15485647876&gbraid=0AAAAAoT5x1jMnUdPNGP_0edYFGEPino6L&gclid=CjwKCAjw-J3OBhBuEiwAwqZ_h8MG6lwzKItWRjFGjjnoKYDJAWyTbpopH0GyDJ6dkKk3CQVh_HB7MRoC4zoQAvD_BwE HTTP/1.1" 200 19767 "https://www.google.com/" "Mozilla/5.0 (iPhone; CPU iPhone OS 18_7 like Mac OS X) AppleWebKit/605.1.15 (KHTML, like Gecko) Version/26.3 Mobile/15E148 Safari/604.1"
2001:16a4:269:24b:bdf3:5e5d:feb9:d830 - - [28/Mar/2026:14:59:22 +0000] "GET /wp-json/contact-form-7/v1/contact-forms/987/feedback/schema HTTP/1.1" 200 1993 "https://hondasaudi.com/focused-cars/?utm_source=GoogleAds&utm_medium=Paid_Traffic&utm_campaign=Ramadan2026&gad_source=1&gad_campaignid=15485647876&gbraid=0AAAAAoT5x1jMnUdPNGP_0edYFGEPino6L&gclid=CjwKCAjw-J3OBhBuEiwAwqZ_h8MG6lwzKItWRjFGjjnoKYDJAWyTbpopH0GyDJ6dkKk3CQVh_HB7MRoC4zoQAvD_BwE" "Mozilla/5.0 (iPhone; CPU iPhone OS 18_7 like Mac OS X) AppleWebKit/605.1.15 (KHTML, like Gecko) Version/26.3 Mobile/15E148 Safari/604.1"
74.7.227.6 - - [28/Mar/2026:14:59:25 +0000] "GET /admin.php?dir=CwhomeCwbalubaidCwhondaFwcore3FwagencyCwwp-contentCwuploadsCwagile-store-locatorCwicon&view=climbing.png HTTP/1.1" 200 3842 "https://hondasaudi.com/admin.php?dir=CwhomeCwbalubaidCwhondaFwcore3FwagencyCwwp-contentCwuploadsCwagile-store-locatorCwicon" "Mozilla/5.0 AppleWebKit/537.36 (KHTML, like Gecko; compatible; GPTBot/1.3; +https://openai.com/gptbot)"
172.105.42.26 - - [28/Mar/2026:14:59:32 +0000] "POST /service_request/ai_integration/ HTTP/1.1" 200 723 "-" "-"
172.105.42.26 - - [28/Mar/2026:14:59:36 +0000] "POST /wp-cron.php?doing_wp_cron=1774709976.1903440952301025390625 HTTP/1.1" 200 20 "-" "WordPress/6.9.4; https://hondasaudi.com"
2a02:9b0:22:4eed:9064:3ff:fe7c:2dc9 - - [28/Mar/2026:14:59:35 +0000] "GET / HTTP/1.1" 200 16212 "http://m.facebook.com" "Mozilla/5.0 (Linux; Android 15; V2244 Build/AP3A.240905.015.A2; wv) AppleWebKit/537.36 (KHTML, like Gecko) Version/4.0 Chrome/146.0.7680.148 Mobile Safari/537.36 [FB_IAB/FB4A;FBAV/553.0.0.56.58;IABMV/1;]"
2a02:9b0:22:4eed:9064:3ff:fe7c:2dc9 - - [28/Mar/2026:14:59:36 +0000] "GET / HTTP/1.1" 200 16212 "http://m.facebook.com/" "Mozilla/5.0 (Linux; Android 15; V2244 Build/AP3A.240905.015.A2; wv) AppleWebKit/537.36 (KHTML, like Gecko) Version/4.0 Chrome/146.0.7680.148 Mobile Safari/537.36 [FB_IAB/FB4A;FBAV/553.0.0.56.58;IABMV/1;]"
74.7.227.6 - - [28/Mar/2026:14:59:46 +0000] "GET /admin.php?dir=CwhomeCwbalubaidCwhondaFwcore3FwagencyCwwp-contentCwuploadsCwagile-store-locatorCwicon&view=food.png HTTP/1.1" 200 3665 "https://hondasaudi.com/admin.php?dir=CwhomeCwbalubaidCwhondaFwcore3FwagencyCwwp-contentCwuploadsCwagile-store-locatorCwicon" "Mozilla/5.0 AppleWebKit/537.36 (KHTML, like Gecko; compatible; GPTBot/1.3; +https://openai.com/gptbot)"
74.7.227.6 - - [28/Mar/2026:15:00:29 +0000] "GET /admin.php?dir=CwhomeCwbalubaidCwhondaFwcore3FwagencyCwwp-contentCwuploadsCwagile-store-locatorCwicon&view=active.png HTTP/1.1" 200 1918 "https://hondasaudi.com/admin.php?dir=CwhomeCwbalubaidCwhondaFwcore3FwagencyCwwp-contentCwuploadsCwagile-store-locatorCwicon" "Mozilla/5.0 AppleWebKit/537.36 (KHTML, like Gecko; compatible; GPTBot/1.3; +https://openai.com/gptbot)"
172.105.42.26 - - [28/Mar/2026:15:00:37 +0000] "POST /wp-cron.php?doing_wp_cron=1774710037.4461290836334228515625 HTTP/1.1" 200 20 "-" "WordPress/6.9.4; https://hondasaudi.com"
2a03:2880:30ff:7:: - - [28/Mar/2026:15:00:37 +0000] "GET /privacy-policy HTTP/1.1" 301 20 "-" "facebookexternalhit/1.1 (+http://www.facebook.com/externalhit_uatext.php)"
74.7.227.6 - - [28/Mar/2026:15:00:50 +0000] "GET /admin.php?dir=CwhomeCwbalubaidCwhondaFwcore3FwagencyCwwp-contentCwuploadsCwagile-store-locatorCwicon&view=casino.png HTTP/1.1" 200 3929 "https://hondasaudi.com/admin.php?dir=CwhomeCwbalubaidCwhondaFwcore3FwagencyCwwp-contentCwuploadsCwagile-store-locatorCwicon" "Mozilla/5.0 AppleWebKit/537.36 (KHTML, like Gecko; compatible; GPTBot/1.3; +https://openai.com/gptbot)"
172.105.42.26 - - [28/Mar/2026:15:01:04 +0000] "POST /wp-cron.php?doing_wp_cron=1774710064.5864720344543457031250 HTTP/1.1" 200 20 "-" "WordPress/6.9.4; https://hondasaudi.com"
2a02:9b0:8079:b3ac:e5e5:c03b:a68a:8b6b - - [28/Mar/2026:15:01:04 +0000] "GET /focused-cars/?utm_source=GoogleAds&utm_medium=Paid_Traffic&utm_campaign=Ramadan2026&gad_source=1&gad_campaignid=15485647876&gclid=Cj0KCQjw1ZjOBhCmARIsADDuFTB-Gf04lRd-Zg-chlcnbWkaVKdiD6Yd1almDD2hltRhmMq1ENTgSKcaAlVeEALw_wcB HTTP/1.1" 200 19684 "https://www.google.com/" "Mozilla/5.0 (iPhone; CPU iPhone OS 18_2_0 like Mac OS X) AppleWebKit/605.1.15 (KHTML, like Gecko) CriOS/146.0.7680.151 Mobile/15E148 Safari/604.1"
145.82.73.116 - - [28/Mar/2026:15:01:04 +0000] "GET /wp-json/contact-form-7/v1/contact-forms/987/feedback/schema HTTP/1.1" 200 1993 "https://hondasaudi.com/focused-cars/?utm_source=GoogleAds&utm_medium=Paid_Traffic&utm_campaign=Ramadan2026&gad_source=1&gad_campaignid=15485647876&gbraid=0AAAAAoT5x1jMnUdPNGP_0edYFGEPino6L&gclid=CjwKCAjw-J3OBhBuEiwAwqZ_h4DyH58JcpaC2L5VnMh5on6giS8XOnIXMMvz97yjjoDMlzEaEWzPrRoCCwcQAvD_BwE" "Mozilla/5.0 (iPhone; CPU iPhone OS 18_7 like Mac OS X) AppleWebKit/605.1.15 (KHTML, like Gecko) Version/26.3 Mobile/15E148 Safari/604.1"
2001:16a2:c0d8:38bc:ec8a:9e7e:14fb:22ff - - [28/Mar/2026:15:01:04 +0000] "GET /focused-cars/?utm_source=GoogleAds&utm_medium=Paid_Traffic&utm_campaign=Ramadan2026&gad_source=1&gad_campaignid=15485647876&gbraid=0AAAAAoT5x1jMnUdPNGP_0edYFGEPino6L&gclid=CjwKCAjw-J3OBhBuEiwAwqZ_h4kfrqF_8eH3-2B8ZXLJI1IdLy-4JbibQ5RUqyjLl2dxcAs42opHxRoCxnIQAvD_BwE HTTP/1.1" 200 19759 "https://www.google.com/" "Mozilla/5.0 (iPhone; CPU iPhone OS 18_7 like Mac OS X) AppleWebKit/605.1.15 (KHTML, like Gecko) Version/26.3 Mobile/15E148 Safari/604.1"
128.140.41.193 - - [28/Mar/2026:15:01:04 +0000] "HEAD / HTTP/1.1" 200 - "https://hondasaudi.com" "Mozilla/5.0+(compatible; UptimeRobot/2.0; http://www.uptimerobot.com/)"
2a02:9b0:8079:b3ac:e5e5:c03b:a68a:8b6b - - [28/Mar/2026:15:01:06 +0000] "GET /wp-json/contact-form-7/v1/contact-forms/987/feedback/schema HTTP/1.1" 200 1993 "https://hondasaudi.com/focused-cars/?utm_source=GoogleAds&utm_medium=Paid_Traffic&utm_campaign=Ramadan2026&gad_source=1&gad_campaignid=15485647876&gclid=Cj0KCQjw1ZjOBhCmARIsADDuFTB-Gf04lRd-Zg-chlcnbWkaVKdiD6Yd1almDD2hltRhmMq1ENTgSKcaAlVeEALw_wcB" "Mozilla/5.0 (iPhone; CPU iPhone OS 18_2_0 like Mac OS X) AppleWebKit/605.1.15 (KHTML, like Gecko) CriOS/146.0.7680.151 Mobile/15E148 Safari/604.1"
2001:16a2:c0d8:38bc:ec8a:9e7e:14fb:22ff - - [28/Mar/2026:15:01:07 +0000] "GET /wp-json/contact-form-7/v1/contact-forms/987/feedback/schema HTTP/1.1" 200 1993 "https://hondasaudi.com/focused-cars/?utm_source=GoogleAds&utm_medium=Paid_Traffic&utm_campaign=Ramadan2026&gad_source=1&gad_campaignid=15485647876&gbraid=0AAAAAoT5x1jMnUdPNGP_0edYFGEPino6L&gclid=CjwKCAjw-J3OBhBuEiwAwqZ_h4kfrqF_8eH3-2B8ZXLJI1IdLy-4JbibQ5RUqyjLl2dxcAs42opHxRoCxnIQAvD_BwE" "Mozilla/5.0 (iPhone; CPU iPhone OS 18_7 like Mac OS X) AppleWebKit/605.1.15 (KHTML, like Gecko) Version/26.3 Mobile/15E148 Safari/604.1"
74.7.227.6 - - [28/Mar/2026:15:01:12 +0000] "GET /admin.php?dir=CwhomeCwbalubaidCwhondaFwcore3FwagencyCwwp-contentCwuploadsCwagile-store-locatorCwicon&view=male.png HTTP/1.1" 200 3753 "https://hondasaudi.com/admin.php?dir=CwhomeCwbalubaidCwhondaFwcore3FwagencyCwwp-contentCwuploadsCwagile-store-locatorCwicon" "Mozilla/5.0 AppleWebKit/537.36 (KHTML, like Gecko; compatible; GPTBot/1.3; +https://openai.com/gptbot)"
172.105.42.26 - - [28/Mar/2026:15:01:32 +0000] "POST /wp-cron.php?doing_wp_cron=1774710092.7228779792785644531250 HTTP/1.1" 200 20 "-" "WordPress/6.9.4; https://hondasaudi.com"
