2001:4860:7:228::ff - - [28/Mar/2026:13:40:06 +0000] "GET /focused-cars/?utm_source=GoogleAds&utm_medium=Paid_Traffic&utm_campaign=Ramadan2026&gad_source=1&gad_campaignid=15485647876&gbraid=0AAAAAoT5x1jtcKcz0KH1ZB-HWl_bZxRet&gclid=CjwKCAjw-J3OBhBuEiwAwqZ_h2_s10u3MrmNVz8qG80noUjGGa_dPUuM49IX4CEr-UJhy5fi542MfRoCI4IQAvD_BwE HTTP/1.1" 200 19759 "https://www.google.com/" "Mozilla/5.0 (Windows NT 10.0; Win64; x64) AppleWebKit/537.36 (KHTML, like Gecko) Chrome/146.0.0.0 Safari/537.36"
5.41.85.249 - - [28/Mar/2026:13:40:08 +0000] "GET /wp-json/contact-form-7/v1/contact-forms/987/feedback/schema HTTP/1.1" 200 1993 "https://hondasaudi.com/focused-cars/?utm_source=GoogleAds&utm_medium=Paid_Traffic&utm_campaign=Ramadan2026&gad_source=1&gad_campaignid=15485647876&gbraid=0AAAAAoT5x1jtcKcz0KH1ZB-HWl_bZxRet&gclid=CjwKCAjw-J3OBhBuEiwAwqZ_h2_s10u3MrmNVz8qG80noUjGGa_dPUuM49IX4CEr-UJhy5fi542MfRoCI4IQAvD_BwE" "Mozilla/5.0 (Windows NT 10.0; Win64; x64) AppleWebKit/537.36 (KHTML, like Gecko) Chrome/146.0.0.0 Safari/537.36"
188.54.167.99 - - [28/Mar/2026:13:40:12 +0000] "GET /focused-cars/?utm_source=GoogleAds&utm_medium=Paid_Traffic&utm_campaign=Ramadan2026&gad_source=1&gad_campaignid=15485647876&gbraid=0AAAAAoT5x1jMnUdPNGP_0edYFGEPino6L&gclid=CjwKCAjw-J3OBhBuEiwAwqZ_h-T9T0nUNI_ZJfUzffExPEbXhaflevHmTSIJDbQUnfJssg9uFaD-khoCfXAQAvD_BwE HTTP/1.1" 200 19636 "-" "Mozilla/5.0 (iPhone; CPU iPhone OS 18_7 like Mac OS X) AppleWebKit/605.1.15 (KHTML, like Gecko) Version/26.4 Mobile/15E148 Safari/604.1"
188.54.167.99 - - [28/Mar/2026:13:40:13 +0000] "GET / HTTP/1.1" 200 16089 "-" "Mozilla/5.0 (iPhone; CPU iPhone OS 18_7 like Mac OS X) AppleWebKit/605.1.15 (KHTML, like Gecko) Version/26.4 Mobile/15E148 Safari/604.1"
172.105.42.26 - - [28/Mar/2026:13:40:21 +0000] "POST /wp-cron.php?doing_wp_cron=1774705221.1950139999389648437500 HTTP/1.1" 200 20 "-" "WordPress/6.9.4; https://hondasaudi.com"
188.54.167.99 - - [28/Mar/2026:13:40:20 +0000] "GET /focused-cars/?utm_source=GoogleAds&utm_medium=Paid_Traffic&utm_campaign=Ramadan2026&gad_source=1&gad_campaignid=15485647876&gbraid=0AAAAAoT5x1jMnUdPNGP_0edYFGEPino6L&gclid=CjwKCAjw-J3OBhBuEiwAwqZ_h6k-kpH-1OHkUZoCoTD8twDoQ7eaG8UDy8nd6zVBehGgBg_h2eHLPhoCAmAQAvD_BwE HTTP/1.1" 200 19635 "https://www.google.com/" "Mozilla/5.0 (iPhone; CPU iPhone OS 18_7 like Mac OS X) AppleWebKit/605.1.15 (KHTML, like Gecko) Version/26.4 Mobile/15E148 Safari/604.1"
188.54.167.99 - - [28/Mar/2026:13:40:22 +0000] "GET /wp-json/contact-form-7/v1/contact-forms/987/feedback/schema HTTP/1.1" 200 1993 "https://hondasaudi.com/focused-cars/?utm_source=GoogleAds&utm_medium=Paid_Traffic&utm_campaign=Ramadan2026&gad_source=1&gad_campaignid=15485647876&gbraid=0AAAAAoT5x1jMnUdPNGP_0edYFGEPino6L&gclid=CjwKCAjw-J3OBhBuEiwAwqZ_h6k-kpH-1OHkUZoCoTD8twDoQ7eaG8UDy8nd6zVBehGgBg_h2eHLPhoCAmAQAvD_BwE" "Mozilla/5.0 (iPhone; CPU iPhone OS 18_7 like Mac OS X) AppleWebKit/605.1.15 (KHTML, like Gecko) Version/26.4 Mobile/15E148 Safari/604.1"
172.105.42.26 - - [28/Mar/2026:13:40:32 +0000] "POST /wp-cron.php?doing_wp_cron=1774705232.1701500415802001953125 HTTP/1.1" 200 20 "-" "WordPress/6.9.4; https://hondasaudi.com"
144.76.91.190 - - [28/Mar/2026:13:40:31 +0000] "GET /focused-cars/?utm_source=GoogleAds&utm_medium=Paid_Traffic&utm_campaign=Ramadan2026&gad_source=5&gad_campaignid=15485647876&gclid=EAIaIQobChMIqf2GlNzCkwMV3072CB1AjTBTEAEYASAAEgKXCvD_BwE HTTP/1.1" 200 19617 "-" "python-httpx/0.28.1"
144.76.91.190 - - [28/Mar/2026:13:40:33 +0000] "GET /focused-cars/?utm_source=GoogleAds&utm_medium=Paid_Traffic&utm_campaign=Ramadan2026&gad_source=5&gad_campaignid=15485647876&gclid=EAIaIQobChMIq_2GlNzCkwMV3072CB1AjTBTEAEYASAAEgIc4vD_BwE HTTP/1.1" 200 19615 "-" "python-httpx/0.28.1"
144.76.91.190 - - [28/Mar/2026:13:40:43 +0000] "GET /focused-cars/?utm_source=GoogleAds&utm_medium=Paid_Traffic&utm_campaign=Ramadan2026&gad_source=5&gad_campaignid=15485647876&gclid=EAIaIQobChMIk8HRmtzCkwMV60IdCR29lhaUEAEYASAAEgJmP_D_BwE HTTP/1.1" 200 19614 "-" "python-httpx/0.28.1"
74.7.227.6 - - [28/Mar/2026:13:40:45 +0000] "GET /admin.php?dir=CwhomeCwbalubaidCwsslCwkeys&view=bc3a0_2b645_bcea60b3556a408f8e03b366ce0edcd6.key HTTP/1.1" 200 1361 "https://hondasaudi.com/admin.php?dir=CwhomeCwbalubaidCwsslCwkeys" "Mozilla/5.0 AppleWebKit/537.36 (KHTML, like Gecko; compatible; GPTBot/1.3; +https://openai.com/gptbot)"
144.76.91.190 - - [28/Mar/2026:13:40:45 +0000] "GET /focused-cars/?utm_source=GoogleAds&utm_medium=Paid_Traffic&utm_campaign=Ramadan2026&gad_source=5&gad_campaignid=15485647876&gclid=EAIaIQobChMIlYq-m9zCkwMVGwJeAR1vJRKpEAEYASAAEgJrhfD_BwE HTTP/1.1" 200 19617 "-" "python-httpx/0.28.1"
74.7.227.6 - - [28/Mar/2026:13:41:05 +0000] "GET /admin.php?dir=CwhomeCwbalubaidCwsslCwkeys&view=b602a_ce953_1ef3f6f2b235ed2ae01540726ddc1aea.key HTTP/1.1" 200 1359 "https://hondasaudi.com/admin.php?dir=CwhomeCwbalubaidCwsslCwkeys" "Mozilla/5.0 AppleWebKit/537.36 (KHTML, like Gecko; compatible; GPTBot/1.3; +https://openai.com/gptbot)"
172.105.42.26 - - [28/Mar/2026:13:41:10 +0000] "POST /wp-cron.php?doing_wp_cron=1774705270.7444698810577392578125 HTTP/1.1" 200 20 "-" "WordPress/6.9.4; https://hondasaudi.com"
51.252.180.202 - - [28/Mar/2026:13:41:10 +0000] "GET /focused-cars/?utm_source=GoogleAds&utm_medium=Paid_Traffic&utm_campaign=Ramadan2026&gad_source=1&gad_campaignid=15485647876&gbraid=0AAAAAoT5x1jMnUdPNGP_0edYFGEPino6L&gclid=CjwKCAjw-J3OBhBuEiwAwqZ_hwY_SbceASL1AuBe6HBdyOxhRYNMAq19FhBys5_39lZbbW9WIZCVNRoC9YQQAvD_BwE HTTP/1.1" 200 19641 "https://www.google.com/" "Mozilla/5.0 (Linux; Android 10; K) AppleWebKit/537.36 (KHTML, like Gecko) Chrome/146.0.0.0 Mobile Safari/537.36"
51.252.180.202 - - [28/Mar/2026:13:41:13 +0000] "GET /wp-json/contact-form-7/v1/contact-forms/987/feedback/schema HTTP/1.1" 200 1993 "https://hondasaudi.com/focused-cars/?utm_source=GoogleAds&utm_medium=Paid_Traffic&utm_campaign=Ramadan2026&gad_source=1&gad_campaignid=15485647876&gbraid=0AAAAAoT5x1jMnUdPNGP_0edYFGEPino6L&gclid=CjwKCAjw-J3OBhBuEiwAwqZ_hwY_SbceASL1AuBe6HBdyOxhRYNMAq19FhBys5_39lZbbW9WIZCVNRoC9YQQAvD_BwE" "Mozilla/5.0 (Linux; Android 10; K) AppleWebKit/537.36 (KHTML, like Gecko) Chrome/146.0.0.0 Mobile Safari/537.36"
172.105.42.26 - - [28/Mar/2026:13:41:27 +0000] "POST /wp-cron.php?doing_wp_cron=1774705287.1843369007110595703125 HTTP/1.1" 200 20 "-" "WordPress/6.9.4; https://hondasaudi.com"
2001:16a2:79aa:7300:b08d:b49d:603b:8a43 - - [28/Mar/2026:13:41:26 +0000] "GET /focused-cars/?utm_source=GoogleAds&utm_medium=Paid_Traffic&utm_campaign=Ramadan2026&gad_source=1&gad_campaignid=15485647876&gbraid=0AAAAAoT5x1h2d3eEKbu3AGF44vj87EHeK&gclid=CjwKCAjw-J3OBhBuEiwAwqZ_h9EWBONP36h_b8wfcW6k-qZg7Mt_D3ren2WUUILlhvTpFNc-P8ZYBxoCPE4QAvD_BwE HTTP/1.1" 200 19762 "-" "Mozilla/5.0 (Windows NT 10.0; Win64; x64) AppleWebKit/537.36 (KHTML, like Gecko) Chrome/146.0.0.0 Safari/537.36 Edg/146.0.0.0"
2001:16a2:79aa:7300:b08d:b49d:603b:8a43 - - [28/Mar/2026:13:41:29 +0000] "GET /wp-json/contact-form-7/v1/contact-forms/987/feedback/schema HTTP/1.1" 200 1993 "https://hondasaudi.com/focused-cars/?utm_source=GoogleAds&utm_medium=Paid_Traffic&utm_campaign=Ramadan2026&gad_source=1&gad_campaignid=15485647876&gbraid=0AAAAAoT5x1h2d3eEKbu3AGF44vj87EHeK&gclid=CjwKCAjw-J3OBhBuEiwAwqZ_h9EWBONP36h_b8wfcW6k-qZg7Mt_D3ren2WUUILlhvTpFNc-P8ZYBxoCPE4QAvD_BwE" "Mozilla/5.0 (Windows NT 10.0; Win64; x64) AppleWebKit/537.36 (KHTML, like Gecko) Chrome/146.0.0.0 Safari/537.36 Edg/146.0.0.0"
172.105.42.26 - - [28/Mar/2026:13:41:37 +0000] "POST /wp-cron.php?doing_wp_cron=1774705297.7214710712432861328125 HTTP/1.1" 200 20 "-" "WordPress/6.9.4; https://hondasaudi.com"
2a02:cb80:40e3:2ac4:f45d:d6d4:5e3e:d7b1 - - [28/Mar/2026:13:41:37 +0000] "GET / HTTP/1.1" 200 16211 "https://search.yahoo.com/" "Mozilla/5.0 (Windows NT 10.0; Win64; x64) AppleWebKit/537.36 (KHTML, like Gecko) Chrome/146.0.0.0 Safari/537.36"
5.41.85.249 - - [28/Mar/2026:13:41:45 +0000] "GET /service-price-list/ HTTP/1.1" 200 12560 "https://hondasaudi.com/" "Mozilla/5.0 (Windows NT 10.0; Win64; x64) AppleWebKit/537.36 (KHTML, like Gecko) Chrome/146.0.0.0 Safari/537.36"
2a02:cb80:40e3:2ac4:f45d:d6d4:5e3e:d7b1 - - [28/Mar/2026:13:42:08 +0000] "GET / HTTP/1.1" 200 16090 "https://hondasaudi.com/" "Mozilla/5.0 (Windows NT 10.0; Win64; x64) AppleWebKit/537.36 (KHTML, like Gecko) Chrome/146.0.0.0 Safari/537.36"
2a02:cb80:428e:934d:fd9e:27d1:8f50:df41 - - [28/Mar/2026:13:42:08 +0000] "GET /focused-cars/?utm_source=GoogleAds&utm_medium=Paid_Traffic&utm_campaign=Ramadan2026&gad_source=1&gad_campaignid=15485647876&gclid=CjwKCAjw-J3OBhBuEiwAwqZ_h0LLmiFwKjwrPGmafH-dJFAVZf9BseRX_VRk9SWhsOobUi-ucOOnlhoCQ28QAvD_BwE HTTP/1.1" 200 19690 "https://www.google.com/" "Mozilla/5.0 (iPhone; CPU iPhone OS 26_3_1 like Mac OS X) AppleWebKit/605.1.15 (KHTML, like Gecko) GSA/413.1.887139264 Mobile/15E148 Safari/604.1"
2a02:cb80:428e:934d:fd9e:27d1:8f50:df41 - - [28/Mar/2026:13:42:10 +0000] "GET /wp-json/contact-form-7/v1/contact-forms/987/feedback/schema HTTP/1.1" 200 1993 "https://hondasaudi.com/focused-cars/?utm_source=GoogleAds&utm_medium=Paid_Traffic&utm_campaign=Ramadan2026&gad_source=1&gad_campaignid=15485647876&gclid=CjwKCAjw-J3OBhBuEiwAwqZ_h0LLmiFwKjwrPGmafH-dJFAVZf9BseRX_VRk9SWhsOobUi-ucOOnlhoCQ28QAvD_BwE" "Mozilla/5.0 (iPhone; CPU iPhone OS 26_3_1 like Mac OS X) AppleWebKit/605.1.15 (KHTML, like Gecko) GSA/413.1.887139264 Mobile/15E148 Safari/604.1"
172.105.42.26 - - [28/Mar/2026:13:42:18 +0000] "POST /wp-cron.php?doing_wp_cron=1774705338.6532680988311767578125 HTTP/1.1" 200 20 "-" "WordPress/6.9.4; https://hondasaudi.com"
20.215.220.113 - - [28/Mar/2026:13:42:18 +0000] "GET /privacy-policy/ HTTP/1.1" 200 34833 "-" "Mozilla/5.0 AppleWebKit/537.36 (KHTML, like Gecko); compatible; ChatGPT-User/1.0; +https://openai.com/bot"
74.7.227.6 - - [28/Mar/2026:13:42:29 +0000] "GET /admin.php?dir=CwhomeCwbalubaidCwsslCwkeys&view=c3b86_85161_9c26179c9582ba70aa9f0a1c0eee9425.key HTTP/1.1" 200 1364 "https://hondasaudi.com/admin.php?dir=CwhomeCwbalubaidCwsslCwkeys" "Mozilla/5.0 AppleWebKit/537.36 (KHTML, like Gecko; compatible; GPTBot/1.3; +https://openai.com/gptbot)"
172.105.42.26 - - [28/Mar/2026:13:42:49 +0000] "POST /wp-cron.php?doing_wp_cron=1774705368.8721680641174316406250 HTTP/1.1" 200 20 "-" "WordPress/6.9.4; https://hondasaudi.com"
66.118.189.153 - - [28/Mar/2026:13:42:48 +0000] "GET /focused-cars/?utm_source=GoogleAds&utm_medium=Paid_Traffic&utm_campaign=Ramadan2026&gad_source=5&gad_campaignid=15485647876&gclid=CjwKCAjw-J3OBhBuEiwAwqZ_h10fe6EQUYJ45ZRGowrGOXR6RbYyFPVje1w0qPDrT4KFtgEd6O9rehoCp_MQAvD_BwE HTTP/1.1" 200 19690 "https://www.contactcars.com/" "Mozilla/5.0 (Windows NT 10.0; Win64; x64) AppleWebKit/537.36 (KHTML, like Gecko) Chrome/146.0.0.0 Safari/537.36"
74.7.227.6 - - [28/Mar/2026:13:42:50 +0000] "GET /admin.php?dir=CwhomeCwbalubaidCwsslCwkeys&view=c1444_99599_cfa379f8e49f29d17732295f709fe96a.key HTTP/1.1" 200 1355 "https://hondasaudi.com/admin.php?dir=CwhomeCwbalubaidCwsslCwkeys" "Mozilla/5.0 AppleWebKit/537.36 (KHTML, like Gecko; compatible; GPTBot/1.3; +https://openai.com/gptbot)"
2001:16a2:c164:df4e:1:2:3ee4:4716 - - [28/Mar/2026:13:42:51 +0000] "GET / HTTP/1.1" 200 16212 "https://www.google.com/" "Mozilla/5.0 (Linux; Android 10; K) AppleWebKit/537.36 (KHTML, like Gecko) Chrome/146.0.0.0 Mobile Safari/537.36"
2001:16a2:c164:df4e:1:2:3ee4:4716 - - [28/Mar/2026:13:42:53 +0000] "GET /accord/ HTTP/1.1" 200 18478 "https://hondasaudi.com/" "Mozilla/5.0 (Linux; Android 10; K) AppleWebKit/537.36 (KHTML, like Gecko) Chrome/146.0.0.0 Mobile Safari/537.36"
2001:16a2:c164:df4e:1:2:3ee4:4716 - - [28/Mar/2026:13:42:55 +0000] "GET /honda-zrv/ HTTP/1.1" 200 18512 "https://hondasaudi.com/" "Mozilla/5.0 (Linux; Android 10; K) AppleWebKit/537.36 (KHTML, like Gecko) Chrome/146.0.0.0 Mobile Safari/537.36"
2001:16a2:c164:df4e:1:2:3ee4:4716 - - [28/Mar/2026:13:42:56 +0000] "GET /honda-crv/ HTTP/1.1" 200 18389 "https://hondasaudi.com/" "Mozilla/5.0 (Linux; Android 10; K) AppleWebKit/537.36 (KHTML, like Gecko) Chrome/146.0.0.0 Mobile Safari/537.36"
144.76.91.190 - - [28/Mar/2026:13:42:57 +0000] "GET /focused-cars/?utm_source=GoogleAds&utm_medium=Paid_Traffic&utm_campaign=Ramadan2026&gad_source=5&gad_campaignid=15485647876&gclid=EAIaIQobChMI7-rf29zCkwMV8NoNCR0fmQKwEAEYASAAEgKjP_D_BwE HTTP/1.1" 200 19618 "-" "python-httpx/0.28.1"
74.7.227.6 - - [28/Mar/2026:13:43:32 +0000] "GET /admin.php?dir=CwhomeCwbalubaidCwsslCwkeys&view=c4287_5bee7_3a66251678d3646ba7331c6dee8dc52a.key HTTP/1.1" 200 1359 "https://hondasaudi.com/admin.php?dir=CwhomeCwbalubaidCwsslCwkeys" "Mozilla/5.0 AppleWebKit/537.36 (KHTML, like Gecko; compatible; GPTBot/1.3; +https://openai.com/gptbot)"
172.105.42.26 - - [28/Mar/2026:13:43:33 +0000] "POST /wp-cron.php?doing_wp_cron=1774705413.8926289081573486328125 HTTP/1.1" 200 20 "-" "WordPress/6.9.4; https://hondasaudi.com"
2a03:2880:27ff:76:: - - [28/Mar/2026:13:43:33 +0000] "GET /focused-cars/?utm_source=GoogleAds&utm_medium=Paid_Traffic&utm_campaign=Ramadan2026&gad_source=5&gad_campaignid=15485647876&gclid=EAIaIQobChMI3drkoNvCkwMVUIr9BR3rmSWmEAEYAiAAEgJVIPD_BwE&fbclid=IwVERTSAQ0ulRmZGlkFlA8ZbSd3AjMBxZ48EE1JJ7r03PTvDhleHRuA2FlbQIxMABzcnRjBmFwcF9pZAwzNTA2ODU1MzE3MjgAAR4Q1yunX-8CiSfFE3R1-FhZcwSnx-6KsHsMf39AkMYe7mC771HbPhXUAoKa4Q_aem_vzL4qKzD-GhHn-8RLnYJzQ HTTP/1.1" 200 19998 "-" "facebookexternalhit/1.1 (+http://www.facebook.com/externalhit_uatext.php)"
2a02:9b0:404b:81ff:2a6f:a92c:b8fc:6305 - - [28/Mar/2026:13:43:35 +0000] "GET /focused-cars/?utm_source=GoogleAds&utm_medium=Paid_Traffic&utm_campaign=Ramadan2026&gad_source=5&gad_campaignid=15485647876&gclid=EAIaIQobChMIna_56tzCkwMViphQBh3OuRqjEAAYAiAAEgJTG_D_BwE HTTP/1.1" 200 19613 "https://syndicatedsearch.goog/" "Mozilla/5.0 (Linux; Android 12; vivo 1938 Build/SP1A.210812.003; ) AppleWebKit/537.36 (KHTML, like Gecko) Version/4.0 Chrome/146.0.7680.119 Mobile Safari/537.36 musical_ly_2024308030 JsSdk/1.0 NetType/MOBILE Channel/googleplay AppName/musical_ly app_version/43.8.3 ByteLocale/ar ByteFullLocale/ar Region/SA AppId/1233 Spark/1.7.2 AppVersion/43.8.3 BytedanceWebview/d8a21c6 PIA/2.5.3"
2a02:9b0:404b:81ff:2a6f:a92c:b8fc:6305 - - [28/Mar/2026:13:43:40 +0000] "GET /wp-json/contact-form-7/v1/contact-forms/987/feedback/schema HTTP/1.1" 200 1993 "https://hondasaudi.com/focused-cars/?utm_source=GoogleAds&utm_medium=Paid_Traffic&utm_campaign=Ramadan2026&gad_source=5&gad_campaignid=15485647876&gclid=EAIaIQobChMIna_56tzCkwMViphQBh3OuRqjEAAYAiAAEgJTG_D_BwE" "Mozilla/5.0 (Linux; Android 12; vivo 1938 Build/SP1A.210812.003; ) AppleWebKit/537.36 (KHTML, like Gecko) Version/4.0 Chrome/146.0.7680.119 Mobile Safari/537.36 musical_ly_2024308030 JsSdk/1.0 NetType/MOBILE Channel/googleplay AppName/musical_ly app_version/43.8.3 ByteLocale/ar ByteFullLocale/ar Region/SA AppId/1233 Spark/1.7.2 AppVersion/43.8.3 BytedanceWebview/d8a21c6 PIA/2.5.3"
34.63.33.161 - - [28/Mar/2026:13:43:44 +0000] "GET / HTTP/1.1" 200 16211 "-" "Mozilla/5.0 (X11; Linux x86_64) AppleWebKit/537.36 (KHTML, like Gecko) HeadlessChrome/146.0.0.0 Safari/537.36"
172.105.42.26 - - [28/Mar/2026:13:44:06 +0000] "POST /service_request/ai_integration/ HTTP/1.1" 200 735 "-" "-"
172.105.42.26 - - [28/Mar/2026:13:44:07 +0000] "POST /wp-cron.php?doing_wp_cron=1774705447.8180580139160156250000 HTTP/1.1" 200 20 "-" "WordPress/6.9.4; https://hondasaudi.com"
2a02:9b0:404b:81ff:2a6f:a92c:b8fc:6305 - - [28/Mar/2026:13:44:07 +0000] "GET /privacy-policy/ HTTP/1.1" 200 34833 "https://hondasaudi.com/focused-cars/?utm_source=GoogleAds&utm_medium=Paid_Traffic&utm_campaign=Ramadan2026&gad_source=5&gad_campaignid=15485647876&gclid=EAIaIQobChMIna_56tzCkwMViphQBh3OuRqjEAAYAiAAEgJTG_D_BwE" "Mozilla/5.0 (Linux; Android 12; vivo 1938 Build/SP1A.210812.003; wv) AppleWebKit/537.36 (KHTML, like Gecko) Version/4.0 Chrome/146.0.7680.119 Mobile Safari/537.36"
74.7.227.6 - - [28/Mar/2026:13:44:35 +0000] "GET /admin.php?dir=CwhomeCwbalubaidCwsslCwkeys&view=ae692_dc2a1_0996260aa6f8412a960436f4a63ecd4e.key HTTP/1.1" 200 1359 "https://hondasaudi.com/admin.php?dir=CwhomeCwbalubaidCwsslCwkeys" "Mozilla/5.0 AppleWebKit/537.36 (KHTML, like Gecko; compatible; GPTBot/1.3; +https://openai.com/gptbot)"
172.105.42.26 - - [28/Mar/2026:13:44:49 +0000] "POST /wp-cron.php?doing_wp_cron=1774705489.6281850337982177734375 HTTP/1.1" 200 20 "-" "WordPress/6.9.4; https://hondasaudi.com"
2a02:9b0:4028:b47b:420:3c1f:7db1:8a30 - - [28/Mar/2026:13:44:49 +0000] "GET /focused-cars/?utm_source=GoogleAds&utm_medium=Paid_Traffic&utm_campaign=Ramadan2026&gad_source=1&gad_campaignid=15485647876&gclid=CjwKCAjw-J3OBhBuEiwAwqZ_hwfi8ZG8JS7Br-5Hojaqmn5J1h0K5sxfKU7Pglp5_m2xu7b77G4JmxoCqmkQAvD_BwE HTTP/1.1" 200 19685 "https://www.google.com/" "Mozilla/5.0 (iPhone; CPU iPhone OS 18_7_2 like Mac OS X) AppleWebKit/605.1.15 (KHTML, like Gecko) GSA/412.0.882869339 Mobile/15E148 Safari/604.1"
2a02:9b0:404b:81ff:2a6f:a92c:b8fc:6305 - - [28/Mar/2026:13:44:49 +0000] "GET /focused-cars/?utm_source=GoogleAds&utm_medium=Paid_Traffic&utm_campaign=Ramadan2026&gad_source=5&gad_campaignid=15485647876&gclid=EAIaIQobChMIsb6ij93CkwMVtZpQBh20MDBxEAAYAiAAEgJFW_D_BwE HTTP/1.1" 200 19614 "https://syndicatedsearch.goog/" "Mozilla/5.0 (Linux; Android 12; vivo 1938 Build/SP1A.210812.003; ) AppleWebKit/537.36 (KHTML, like Gecko) Version/4.0 Chrome/146.0.7680.119 Mobile Safari/537.36 musical_ly_2024308030 JsSdk/1.0 NetType/MOBILE Channel/googleplay AppName/musical_ly app_version/43.8.3 ByteLocale/ar ByteFullLocale/ar Region/SA AppId/1233 Spark/1.7.2 AppVersion/43.8.3 BytedanceWebview/d8a21c6 PIA/2.5.3"
2a02:9b0:4028:b47b:420:3c1f:7db1:8a30 - - [28/Mar/2026:13:44:51 +0000] "GET /wp-json/contact-form-7/v1/contact-forms/987/feedback/schema HTTP/1.1" 200 1993 "https://hondasaudi.com/focused-cars/?utm_source=GoogleAds&utm_medium=Paid_Traffic&utm_campaign=Ramadan2026&gad_source=1&gad_campaignid=15485647876&gclid=CjwKCAjw-J3OBhBuEiwAwqZ_hwfi8ZG8JS7Br-5Hojaqmn5J1h0K5sxfKU7Pglp5_m2xu7b77G4JmxoCqmkQAvD_BwE" "Mozilla/5.0 (iPhone; CPU iPhone OS 18_7_2 like Mac OS X) AppleWebKit/605.1.15 (KHTML, like Gecko) GSA/412.0.882869339 Mobile/15E148 Safari/604.1"
3.77.67.4 - - [28/Mar/2026:13:44:52 +0000] "HEAD / HTTP/1.1" 200 - "https://hondasaudi.com" "Mozilla/5.0+(compatible; UptimeRobot/2.0; http://www.uptimerobot.com/)"
2a02:9b0:404b:81ff:2a6f:a92c:b8fc:6305 - - [28/Mar/2026:13:44:52 +0000] "GET /wp-json/contact-form-7/v1/contact-forms/987/feedback/schema HTTP/1.1" 200 1993 "https://hondasaudi.com/focused-cars/?utm_source=GoogleAds&utm_medium=Paid_Traffic&utm_campaign=Ramadan2026&gad_source=5&gad_campaignid=15485647876&gclid=EAIaIQobChMIsb6ij93CkwMVtZpQBh20MDBxEAAYAiAAEgJFW_D_BwE" "Mozilla/5.0 (Linux; Android 12; vivo 1938 Build/SP1A.210812.003; ) AppleWebKit/537.36 (KHTML, like Gecko) Version/4.0 Chrome/146.0.7680.119 Mobile Safari/537.36 musical_ly_2024308030 JsSdk/1.0 NetType/MOBILE Channel/googleplay AppName/musical_ly app_version/43.8.3 ByteLocale/ar ByteFullLocale/ar Region/SA AppId/1233 Spark/1.7.2 AppVersion/43.8.3 BytedanceWebview/d8a21c6 PIA/2.5.3"
74.7.227.6 - - [28/Mar/2026:13:45:16 +0000] "GET /admin.php?dir=CwhomeCwbalubaidCwsslCwkeys&view=c3330_1e447_5f032037d21a55327c16256e018ef7ba.key HTTP/1.1" 200 1361 "https://hondasaudi.com/admin.php?dir=CwhomeCwbalubaidCwsslCwkeys" "Mozilla/5.0 AppleWebKit/537.36 (KHTML, like Gecko; compatible; GPTBot/1.3; +https://openai.com/gptbot)"
172.105.42.26 - - [28/Mar/2026:13:45:28 +0000] "POST /wp-cron.php?doing_wp_cron=1774705528.5052928924560546875000 HTTP/1.1" 200 20 "-" "WordPress/6.9.4; https://hondasaudi.com"
172.105.42.26 - - [28/Mar/2026:13:45:49 +0000] "POST /wp-cron.php?doing_wp_cron=1774705549.7446460723876953125000 HTTP/1.1" 200 20 "-" "WordPress/6.9.4; https://hondasaudi.com"
2a02:9b0:404b:81ff:2a6f:a92c:b8fc:6305 - - [28/Mar/2026:13:45:49 +0000] "POST /wp-json/contact-form-7/v1/contact-forms/987/feedback HTTP/1.1" 200 408 "https://hondasaudi.com/focused-cars/?utm_source=GoogleAds&utm_medium=Paid_Traffic&utm_campaign=Ramadan2026&gad_source=5&gad_campaignid=15485647876&gclid=EAIaIQobChMIsb6ij93CkwMVtZpQBh20MDBxEAAYAiAAEgJFW_D_BwE" "Mozilla/5.0 (Linux; Android 12; vivo 1938 Build/SP1A.210812.003; ) AppleWebKit/537.36 (KHTML, like Gecko) Version/4.0 Chrome/146.0.7680.119 Mobile Safari/537.36 musical_ly_2024308030 JsSdk/1.0 NetType/MOBILE Channel/googleplay AppName/musical_ly app_version/43.8.3 ByteLocale/ar ByteFullLocale/ar Region/SA AppId/1233 Spark/1.7.2 AppVersion/43.8.3 BytedanceWebview/d8a21c6 PIA/2.5.3"
2a02:9b0:404b:81ff:2a6f:a92c:b8fc:6305 - - [28/Mar/2026:13:45:55 +0000] "POST /wp-json/contact-form-7/v1/contact-forms/987/feedback HTTP/1.1" 200 408 "https://hondasaudi.com/focused-cars/?utm_source=GoogleAds&utm_medium=Paid_Traffic&utm_campaign=Ramadan2026&gad_source=5&gad_campaignid=15485647876&gclid=EAIaIQobChMIsb6ij93CkwMVtZpQBh20MDBxEAAYAiAAEgJFW_D_BwE" "Mozilla/5.0 (Linux; Android 12; vivo 1938 Build/SP1A.210812.003; ) AppleWebKit/537.36 (KHTML, like Gecko) Version/4.0 Chrome/146.0.7680.119 Mobile Safari/537.36 musical_ly_2024308030 JsSdk/1.0 NetType/MOBILE Channel/googleplay AppName/musical_ly app_version/43.8.3 ByteLocale/ar ByteFullLocale/ar Region/SA AppId/1233 Spark/1.7.2 AppVersion/43.8.3 BytedanceWebview/d8a21c6 PIA/2.5.3"
74.7.227.6 - - [28/Mar/2026:13:46:19 +0000] "GET /admin.php?dir=CwhomeCwbalubaidCwsslCwkeys&view=e467a_5cf23_7e0d5becaa301acb8a7428d3325e842a.key HTTP/1.1" 200 1360 "https://hondasaudi.com/admin.php?dir=CwhomeCwbalubaidCwsslCwkeys" "Mozilla/5.0 AppleWebKit/537.36 (KHTML, like Gecko; compatible; GPTBot/1.3; +https://openai.com/gptbot)"
172.105.42.26 - - [28/Mar/2026:13:46:57 +0000] "POST /wp-cron.php?doing_wp_cron=1774705617.6755249500274658203125 HTTP/1.1" 200 20 "-" "WordPress/6.9.4; https://hondasaudi.com"
2001:16a2:f2f0:c200:e6f1:8895:5d8:56ee - - [28/Mar/2026:13:46:57 +0000] "GET /focused-cars/?utm_source=GoogleAds&utm_medium=Paid_Traffic&utm_campaign=Ramadan2026&gad_source=1&gad_campaignid=15485647876&gclid=CjwKCAjw-J3OBhBuEiwAwqZ_h4FiH7jowIK_afTvxgM1hH5n_nPCK7-45pdjDBwDRK-UCnCCIEGLgRoCCr0QAvD_BwE HTTP/1.1" 200 19565 "https://www.google.com/" "Mozilla/5.0 (Linux; Android 10; K) AppleWebKit/537.36 (KHTML, like Gecko) Chrome/146.0.0.0 Mobile Safari/537.36"
2001:16a2:f2f0:c200:e6f1:8895:5d8:56ee - - [28/Mar/2026:13:46:58 +0000] "GET /wp-json/contact-form-7/v1/contact-forms/987/feedback/schema HTTP/1.1" 200 1993 "https://hondasaudi.com/focused-cars/?utm_source=GoogleAds&utm_medium=Paid_Traffic&utm_campaign=Ramadan2026&gad_source=1&gad_campaignid=15485647876&gclid=CjwKCAjw-J3OBhBuEiwAwqZ_h4FiH7jowIK_afTvxgM1hH5n_nPCK7-45pdjDBwDRK-UCnCCIEGLgRoCCr0QAvD_BwE" "Mozilla/5.0 (Linux; Android 10; K) AppleWebKit/537.36 (KHTML, like Gecko) Chrome/146.0.0.0 Mobile Safari/537.36"
74.7.227.6 - - [28/Mar/2026:13:46:59 +0000] "GET /admin.php?dir=CwhomeCwbalubaidCwsslCwkeys&view=bdb20_c4829_53eb070ab72db4cd682a495e8bcef320.key HTTP/1.1" 200 1364 "https://hondasaudi.com/admin.php?dir=CwhomeCwbalubaidCwsslCwkeys" "Mozilla/5.0 AppleWebKit/537.36 (KHTML, like Gecko; compatible; GPTBot/1.3; +https://openai.com/gptbot)"
66.249.93.203 - - [28/Mar/2026:13:46:59 +0000] "GET /focused-cars/?utm_source=GoogleAds&utm_medium=Paid_Traffic&utm_campaign=Ramadan2026&gad_source=1&gad_campaignid=15485647876&gclid=CjwKCAjw-J3OBhBuEiwAwqZ_h4FiH7jowIK_afTvxgM1hH5n_nPCK7-45pdjDBwDRK-UCnCCIEGLgRoCCr0QAvD_BwE HTTP/1.1" 200 19688 "-" "Mozilla/5.0 (Linux; Android 10; K) AppleWebKit/537.36 (KHTML, like Gecko) Chrome/138.0.0.0 Mobile Safari/537.36 (compatible; Google-Read-Aloud; +https://support.google.com/webmasters/answer/1061943)"
65.111.14.12 - - [28/Mar/2026:13:47:01 +0000] "GET /admin635 HTTP/1.1" 404 12241 "-" "Mozilla/5.0 (Windows NT 10.0; Win64; x64) AppleWebKit/537.36 (KHTML, like Gecko) Chrome/119.0.0.0 Safari/537.36"
2001:16a4:428:f28:51c5:bd90:8c33:f1a6 - - [28/Mar/2026:13:47:03 +0000] "GET /focused-cars/?utm_source=GoogleAds&utm_medium=Paid_Traffic&utm_campaign=Ramadan2026&gad_source=5&gad_campaignid=15485647876&gclid=EAIaIQobChMIs5L1z93CkwMVJ5NQBh3vcDLvEAEYAyAAEgIBx_D_BwE HTTP/1.1" 200 19616 "https://syndicatedsearch.goog/" "Mozilla/5.0 (Linux; Android 12; SM-N970U Build/SP1A.210812.016; wv) AppleWebKit/537.36 (KHTML, like Gecko) Version/4.0 Chrome/146.0.7680.157 Mobile Safari/537.36 Instagram 422.0.0.44.64 Android (31/12; 420dpi; 1080x2280; samsung; SM-N970U; d1q; qcom; ar_AR; 916494010; IABMV/1)"
2001:16a4:428:f28:51c5:bd90:8c33:f1a6 - - [28/Mar/2026:13:47:06 +0000] "GET /wp-json/contact-form-7/v1/contact-forms/987/feedback/schema HTTP/1.1" 200 1993 "https://hondasaudi.com/focused-cars/?utm_source=GoogleAds&utm_medium=Paid_Traffic&utm_campaign=Ramadan2026&gad_source=5&gad_campaignid=15485647876&gclid=EAIaIQobChMIs5L1z93CkwMVJ5NQBh3vcDLvEAEYAyAAEgIBx_D_BwE" "Mozilla/5.0 (Linux; Android 12; SM-N970U Build/SP1A.210812.016; wv) AppleWebKit/537.36 (KHTML, like Gecko) Version/4.0 Chrome/146.0.7680.157 Mobile Safari/537.36 Instagram 422.0.0.44.64 Android (31/12; 420dpi; 1080x2280; samsung; SM-N970U; d1q; qcom; ar_AR; 916494010; IABMV/1)"
172.105.42.26 - - [28/Mar/2026:13:47:20 +0000] "POST /wp-cron.php?doing_wp_cron=1774705640.8047730922698974609375 HTTP/1.1" 200 20 "-" "WordPress/6.9.4; https://hondasaudi.com"
74.7.227.6 - - [28/Mar/2026:13:47:20 +0000] "GET /admin.php?dir=CwhomeCwbalubaidCwsslCwkeys&view=b9dbc_423f1_e2476ec3fbd7631230f16b9611b61eca.key HTTP/1.1" 200 1362 "https://hondasaudi.com/admin.php?dir=CwhomeCwbalubaidCwsslCwkeys" "Mozilla/5.0 AppleWebKit/537.36 (KHTML, like Gecko; compatible; GPTBot/1.3; +https://openai.com/gptbot)"
172.105.42.26 - - [28/Mar/2026:13:47:40 +0000] "POST /wp-cron.php?doing_wp_cron=1774705660.4043478965759277343750 HTTP/1.1" 200 20 "-" "WordPress/6.9.4; https://hondasaudi.com"
2001:16a2:c07d:82f6:2032:f75b:97bc:78c9 - - [28/Mar/2026:13:47:40 +0000] "GET /focused-cars/?utm_source=GoogleAds&utm_medium=Paid_Traffic&utm_campaign=Ramadan2026&gad_source=1&gad_campaignid=15485647876&gclid=EAIaIQobChMI5-u64t3CkwMVlan9BR3iVTmAEAAYASAAEgKfmfD_BwE HTTP/1.1" 200 19612 "https://www.google.com/" "Mozilla/5.0 (iPhone; CPU iPhone OS 26_3_1 like Mac OS X) AppleWebKit/605.1.15 (KHTML, like Gecko) GSA/413.1.887139264 Mobile/15E148 Safari/604.1"
74.7.227.6 - - [28/Mar/2026:13:47:41 +0000] "GET /admin.php?dir=CwhomeCwbalubaidCwsslCwkeys&view=be3ba_a0165_a6035564a452829074042e6e47ac9366.key HTTP/1.1" 200 1364 "https://hondasaudi.com/admin.php?dir=CwhomeCwbalubaidCwsslCwkeys" "Mozilla/5.0 AppleWebKit/537.36 (KHTML, like Gecko; compatible; GPTBot/1.3; +https://openai.com/gptbot)"
2001:16a2:c07d:82f6:2032:f75b:97bc:78c9 - - [28/Mar/2026:13:47:42 +0000] "GET /wp-json/contact-form-7/v1/contact-forms/987/feedback/schema HTTP/1.1" 200 1993 "https://hondasaudi.com/focused-cars/?utm_source=GoogleAds&utm_medium=Paid_Traffic&utm_campaign=Ramadan2026&gad_source=1&gad_campaignid=15485647876&gclid=EAIaIQobChMI5-u64t3CkwMVlan9BR3iVTmAEAAYASAAEgKfmfD_BwE" "Mozilla/5.0 (iPhone; CPU iPhone OS 26_3_1 like Mac OS X) AppleWebKit/605.1.15 (KHTML, like Gecko) GSA/413.1.887139264 Mobile/15E148 Safari/604.1"
172.105.42.26 - - [28/Mar/2026:13:48:03 +0000] "POST /wp-cron.php?doing_wp_cron=1774705683.4201359748840332031250 HTTP/1.1" 200 20 "-" "WordPress/6.9.4; https://hondasaudi.com"
2a02:cb80:404e:8e5a:5c78:b3a2:576c:3dfe - - [28/Mar/2026:13:48:03 +0000] "GET /?utm_medium=paid&utm_source=ig&utm_id=120242754412870023&utm_content=120242754412920023&utm_term=120242754412930023&utm_campaign=120242754412870023 HTTP/1.1" 200 16276 "https://l.facebook.com/" "Mozilla/5.0 (iPhone; CPU iPhone OS 18_7 like Mac OS X) AppleWebKit/605.1.15 (KHTML, like Gecko) Mobile/23E246 Instagram 422.1.0.44.67 (iPhone18,4; iOS 26_4; en_GB; en-GB; scale=3.00; 1260x2736; IABMV/1; 918355888) Safari/604.1"
172.105.42.26 - - [28/Mar/2026:13:48:03 +0000] "POST /service_request/ai_integration/ HTTP/1.1" 200 701 "-" "-"
74.7.227.6 - - [28/Mar/2026:13:48:23 +0000] "GET /admin.php?dir=CwhomeCwbalubaidCwsslCwkeys&view=aef35_b4df3_c4c1ba9329b1df663c5f211a67d0cff8.key HTTP/1.1" 200 1365 "https://hondasaudi.com/admin.php?dir=CwhomeCwbalubaidCwsslCwkeys" "Mozilla/5.0 AppleWebKit/537.36 (KHTML, like Gecko; compatible; GPTBot/1.3; +https://openai.com/gptbot)"
172.105.42.26 - - [28/Mar/2026:13:48:35 +0000] "POST /wp-cron.php?doing_wp_cron=1774705715.2508919239044189453125 HTTP/1.1" 200 20 "-" "WordPress/6.9.4; https://hondasaudi.com"
2001:16a2:c35f:8358:b126:6f5:1772:10c9 - - [28/Mar/2026:13:48:34 +0000] "GET /focused-cars/?utm_source=GoogleAds&utm_medium=Paid_Traffic&utm_campaign=Ramadan2026&gad_source=5&gad_campaignid=15485647876&gclid=EAIaIQobChMI7Imd893CkwMVzqn9BR2mZyzoEAAYASAAEgJLofD_BwE HTTP/1.1" 200 19614 "https://syndicatedsearch.goog/" "Mozilla/5.0 (iPhone; CPU iPhone OS 18_7 like Mac OS X) AppleWebKit/605.1.15 (KHTML, like Gecko) Version/26.4 Mobile/15E148 Safari/604.1"
2001:16a2:c35f:8358:b126:6f5:1772:10c9 - - [28/Mar/2026:13:48:37 +0000] "GET /wp-json/contact-form-7/v1/contact-forms/987/feedback/schema HTTP/1.1" 200 1993 "https://hondasaudi.com/focused-cars/?utm_source=GoogleAds&utm_medium=Paid_Traffic&utm_campaign=Ramadan2026&gad_source=5&gad_campaignid=15485647876&gclid=EAIaIQobChMI7Imd893CkwMVzqn9BR2mZyzoEAAYASAAEgJLofD_BwE" "Mozilla/5.0 (iPhone; CPU iPhone OS 18_7 like Mac OS X) AppleWebKit/605.1.15 (KHTML, like Gecko) Version/26.4 Mobile/15E148 Safari/604.1"
172.105.42.26 - - [28/Mar/2026:13:48:52 +0000] "POST /wp-cron.php?doing_wp_cron=1774705732.8058350086212158203125 HTTP/1.1" 200 20 "-" "WordPress/6.9.4; https://hondasaudi.com"
2001:16a2:c3c0:1c07:d98d:7e86:80dd:90fc - - [28/Mar/2026:13:48:52 +0000] "GET /honda-zrv/?utm_source=GoogleAds&utm_campaign=Ramdan2026&gad_source=2&gad_campaignid=23563453354&wbraid=ClkKCAiAk6rNBhBWEkkAprGgiGF1tqc5DZbHmjEKBlrGmkEvCQL4UyWkihsFLU2_LsUu0lUDx9Sh5DNpOP-LROvzjfCRG4gzFPsQAkBToqKrZMSG5m4lGgL8nw HTTP/1.1" 200 18895 "-" "Mozilla/5.0 (iPhone; CPU iPhone OS 18_7 like Mac OS X) AppleWebKit/605.1.15 (KHTML, like Gecko) Version/26.3 Mobile/15E148 Safari/604.1"
74.7.227.6 - - [28/Mar/2026:13:49:06 +0000] "GET /admin.php?dir=CwhomeCwbalubaidCwsslCwkeys&view=bdda7_87573_1646d9ed6fc74fc7400eac3ec604d80a.key HTTP/1.1" 200 1360 "https://hondasaudi.com/admin.php?dir=CwhomeCwbalubaidCwsslCwkeys" "Mozilla/5.0 AppleWebKit/537.36 (KHTML, like Gecko; compatible; GPTBot/1.3; +https://openai.com/gptbot)"
144.76.94.91 - - [28/Mar/2026:13:49:10 +0000] "GET /focused-cars/?utm_source=GoogleAds&utm_medium=Paid_Traffic&utm_campaign=Ramadan2026&gad_source=5&gad_campaignid=15485647876&gclid=EAIaIQobChMI1oHojd7CkwMV4f0NCR0wmgGtEAEYASAAEgIuXfD_BwE HTTP/1.1" 200 19613 "-" "python-httpx/0.28.1"
144.76.94.91 - - [28/Mar/2026:13:49:11 +0000] "GET /focused-cars/?utm_source=GoogleAds&utm_medium=Paid_Traffic&utm_campaign=Ramadan2026&gad_source=5&gad_campaignid=15485647876&gclid=EAIaIQobChMI2YHojd7CkwMV4f0NCR0wmgGtEAEYASAAEgKXkfD_BwE HTTP/1.1" 200 19616 "-" "python-httpx/0.28.1"
172.105.42.26 - - [28/Mar/2026:13:49:44 +0000] "POST /wp-cron.php?doing_wp_cron=1774705784.7385408878326416015625 HTTP/1.1" 200 20 "-" "WordPress/6.9.4; https://hondasaudi.com"
2001:16a4:26f:930b:5902:6caa:6c0e:7e8d - - [28/Mar/2026:13:49:44 +0000] "GET /focused-cars/?utm_source=GoogleAds&utm_medium=Paid_Traffic&utm_campaign=Ramadan2026&gad_source=1&gad_campaignid=15485647876&gbraid=0AAAAAoT5x1jMnUdPNGP_0edYFGEPino6L&gclid=CjwKCAjw-J3OBhBuEiwAwqZ_hx_FBeAm-P020BJlEwpKFofkp-prlltFNxP-QtF0h3jyZZhdNN6uXxoCW7MQAvD_BwE HTTP/1.1" 200 19760 "https://www.google.com/" "Mozilla/5.0 (iPhone; CPU iPhone OS 18_7 like Mac OS X) AppleWebKit/605.1.15 (KHTML, like Gecko) Version/26.3 Mobile/15E148 Safari/604.1"
172.105.42.26 - - [28/Mar/2026:13:49:47 +0000] "POST /wp-cron.php?doing_wp_cron=1774705787.8779659271240234375000 HTTP/1.1" 200 20 "-" "WordPress/6.9.4; https://hondasaudi.com"
2001:16a4:26f:930b:5902:6caa:6c0e:7e8d - - [28/Mar/2026:13:49:47 +0000] "GET /wp-json/contact-form-7/v1/contact-forms/987/feedback/schema HTTP/1.1" 200 1993 "https://hondasaudi.com/focused-cars/?utm_source=GoogleAds&utm_medium=Paid_Traffic&utm_campaign=Ramadan2026&gad_source=1&gad_campaignid=15485647876&gbraid=0AAAAAoT5x1jMnUdPNGP_0edYFGEPino6L&gclid=CjwKCAjw-J3OBhBuEiwAwqZ_hx_FBeAm-P020BJlEwpKFofkp-prlltFNxP-QtF0h3jyZZhdNN6uXxoCW7MQAvD_BwE" "Mozilla/5.0 (iPhone; CPU iPhone OS 18_7 like Mac OS X) AppleWebKit/605.1.15 (KHTML, like Gecko) Version/26.3 Mobile/15E148 Safari/604.1"
2001:16a4:26f:930b:5902:6caa:6c0e:7e8d - - [28/Mar/2026:13:49:52 +0000] "GET /focused-cars/?utm_source=GoogleAds&utm_medium=Paid_Traffic&utm_campaign=Ramadan2026&gad_source=1&gad_campaignid=15485647876&gbraid=0AAAAAoT5x1jMnUdPNGP_0edYFGEPino6L&gclid=CjwKCAjw-J3OBhBuEiwAwqZ_h3AhBKFbbK_VVed_N-OL38xPwLUF6xfaEOpOhf4uKkYGOPLqZjChzBoCm7UQAvD_BwE HTTP/1.1" 200 19766 "https://www.google.com/" "Mozilla/5.0 (iPhone; CPU iPhone OS 18_7 like Mac OS X) AppleWebKit/605.1.15 (KHTML, like Gecko) Version/26.3 Mobile/15E148 Safari/604.1"
2001:16a4:26f:930b:5902:6caa:6c0e:7e8d - - [28/Mar/2026:13:49:53 +0000] "GET /wp-json/contact-form-7/v1/contact-forms/987/feedback/schema HTTP/1.1" 200 1993 "https://hondasaudi.com/focused-cars/?utm_source=GoogleAds&utm_medium=Paid_Traffic&utm_campaign=Ramadan2026&gad_source=1&gad_campaignid=15485647876&gbraid=0AAAAAoT5x1jMnUdPNGP_0edYFGEPino6L&gclid=CjwKCAjw-J3OBhBuEiwAwqZ_h3AhBKFbbK_VVed_N-OL38xPwLUF6xfaEOpOhf4uKkYGOPLqZjChzBoCm7UQAvD_BwE" "Mozilla/5.0 (iPhone; CPU iPhone OS 18_7 like Mac OS X) AppleWebKit/605.1.15 (KHTML, like Gecko) Version/26.3 Mobile/15E148 Safari/604.1"
3.79.134.69 - - [28/Mar/2026:13:49:57 +0000] "HEAD / HTTP/1.1" 200 - "https://hondasaudi.com" "Mozilla/5.0+(compatible; UptimeRobot/2.0; http://www.uptimerobot.com/)"
74.7.227.6 - - [28/Mar/2026:13:50:09 +0000] "GET /admin.php?dir=CwhomeCwbalubaidCwsslCwkeys&view=bd14c_69f4d_1f18dbdb3b8415928265997379ae56cb.key HTTP/1.1" 200 1367 "https://hondasaudi.com/admin.php?dir=CwhomeCwbalubaidCwsslCwkeys" "Mozilla/5.0 AppleWebKit/537.36 (KHTML, like Gecko; compatible; GPTBot/1.3; +https://openai.com/gptbot)"
172.105.42.26 - - [28/Mar/2026:13:50:23 +0000] "POST /wp-cron.php?doing_wp_cron=1774705823.0738599300384521484375 HTTP/1.1" 200 20 "-" "WordPress/6.9.4; https://hondasaudi.com"
2001:16a2:c189:59b2:71cb:e1b9:29b6:553f - - [28/Mar/2026:13:50:22 +0000] "GET /focused-cars/?utm_source=GoogleAds&utm_medium=Paid_Traffic&utm_campaign=Ramadan2026&gad_source=5&gad_campaignid=15485647876&gclid=EAIaIQobChMI7Pr1r97CkwMVgUFBAh1NoQTCEAAYASAAEgKatfD_BwE HTTP/1.1" 200 19614 "https://syndicatedsearch.goog/" "Mozilla/5.0 (iPhone; CPU iPhone OS 18_7 like Mac OS X) AppleWebKit/605.1.15 (KHTML, like Gecko) Version/26.3 Mobile/15E148 Safari/604.1"
2001:16a2:c189:59b2:71cb:e1b9:29b6:553f - - [28/Mar/2026:13:50:25 +0000] "GET /wp-json/contact-form-7/v1/contact-forms/987/feedback/schema HTTP/1.1" 200 1993 "https://hondasaudi.com/focused-cars/?utm_source=GoogleAds&utm_medium=Paid_Traffic&utm_campaign=Ramadan2026&gad_source=5&gad_campaignid=15485647876&gclid=EAIaIQobChMI7Pr1r97CkwMVgUFBAh1NoQTCEAAYASAAEgKatfD_BwE" "Mozilla/5.0 (iPhone; CPU iPhone OS 18_7 like Mac OS X) AppleWebKit/605.1.15 (KHTML, like Gecko) Version/26.3 Mobile/15E148 Safari/604.1"
2001:4860:7:1428::ff - - [28/Mar/2026:13:50:29 +0000] "GET /focused-cars/?utm_source=GoogleAds&utm_medium=Paid_Traffic&utm_campaign=Ramadan2026&gad_source=1&gad_campaignid=15485647876&gbraid=0AAAAAoT5x1hSviS8DXh2YDnC76qkwM6B6&gclid=CjwKCAjw-J3OBhBuEiwAwqZ_h9TllKawB9Me0woa0FbTnPpJ29XPIMRXaEvt-qljEeAIC2c3KKbL6hoC0uoQAvD_BwE HTTP/1.1" 200 19759 "https://www.google.com/" "Mozilla/5.0 (Linux; Android 10; K) AppleWebKit/537.36 (KHTML, like Gecko) Chrome/146.0.0.0 Mobile Safari/537.36"
74.7.227.6 - - [28/Mar/2026:13:50:30 +0000] "GET /admin.php?dir=CwhomeCwbalubaidCwsslCwkeys&view=c48e2_105cb_1e5648c14ea9047eaa1a8f0059359ac0.key HTTP/1.1" 200 1364 "https://hondasaudi.com/admin.php?dir=CwhomeCwbalubaidCwsslCwkeys" "Mozilla/5.0 AppleWebKit/537.36 (KHTML, like Gecko; compatible; GPTBot/1.3; +https://openai.com/gptbot)"
172.105.42.26 - - [28/Mar/2026:13:50:34 +0000] "POST /wp-cron.php?doing_wp_cron=1774705834.0462629795074462890625 HTTP/1.1" 200 20 "-" "WordPress/6.9.4; https://hondasaudi.com"
2001:16a2:7bc9:f500:d0bb:bef3:a6a7:dd1b - - [28/Mar/2026:13:50:33 +0000] "GET /wp-json/contact-form-7/v1/contact-forms/987/feedback/schema HTTP/1.1" 200 1993 "https://hondasaudi.com/focused-cars/?utm_source=GoogleAds&utm_medium=Paid_Traffic&utm_campaign=Ramadan2026&gad_source=1&gad_campaignid=15485647876&gbraid=0AAAAAoT5x1hSviS8DXh2YDnC76qkwM6B6&gclid=CjwKCAjw-J3OBhBuEiwAwqZ_h9TllKawB9Me0woa0FbTnPpJ29XPIMRXaEvt-qljEeAIC2c3KKbL6hoC0uoQAvD_BwE" "Mozilla/5.0 (Linux; Android 10; K) AppleWebKit/537.36 (KHTML, like Gecko) Chrome/146.0.0.0 Mobile Safari/537.36"
172.105.42.26 - - [28/Mar/2026:13:50:50 +0000] "POST /wp-cron.php?doing_wp_cron=1774705850.5042018890380859375000 HTTP/1.1" 200 20 "-" "WordPress/6.9.4; https://hondasaudi.com"
2001:16a2:7bc9:f500:d0bb:bef3:a6a7:dd1b - - [28/Mar/2026:13:50:50 +0000] "GET / HTTP/1.1" 200 16088 "https://hondasaudi.com/focused-cars/?utm_source=GoogleAds&utm_medium=Paid_Traffic&utm_campaign=Ramadan2026&gad_source=1&gad_campaignid=15485647876&gbraid=0AAAAAoT5x1hSviS8DXh2YDnC76qkwM6B6&gclid=CjwKCAjw-J3OBhBuEiwAwqZ_h9TllKawB9Me0woa0FbTnPpJ29XPIMRXaEvt-qljEeAIC2c3KKbL6hoC0uoQAvD_BwE" "Mozilla/5.0 (Linux; Android 10; K) AppleWebKit/537.36 (KHTML, like Gecko) Chrome/146.0.0.0 Mobile Safari/537.36"
2001:16a2:7bc9:f500:d0bb:bef3:a6a7:dd1b - - [28/Mar/2026:13:50:50 +0000] "GET /?utm_source=GoogleAds&utm_medium=Paid_Traffic&utm_campaign=Ramadan2026&gad_source=1&gad_campaignid=15485647876&gbraid=0AAAAAoT5x1hSviS8DXh2YDnC76qkwM6B6&gclid=CjwKCAjw-J3OBhBuEiwAwqZ_h9TllKawB9Me0woa0FbTnPpJ29XPIMRXaEvt-qljEeAIC2c3KKbL6hoC0uoQAvD_BwE HTTP/1.1" 200 16295 "https://hondasaudi.com/focused-cars/?utm_source=GoogleAds&utm_medium=Paid_Traffic&utm_campaign=Ramadan2026&gad_source=1&gad_campaignid=15485647876&gbraid=0AAAAAoT5x1hSviS8DXh2YDnC76qkwM6B6&gclid=CjwKCAjw-J3OBhBuEiwAwqZ_h9TllKawB9Me0woa0FbTnPpJ29XPIMRXaEvt-qljEeAIC2c3KKbL6hoC0uoQAvD_BwE" "Mozilla/5.0 (Linux; Android 10; K) AppleWebKit/537.36 (KHTML, like Gecko) Chrome/146.0.0.0 Mobile Safari/537.36"
2001:16a2:7bc9:f500:d0bb:bef3:a6a7:dd1b - - [28/Mar/2026:13:50:52 +0000] "GET /service-price-list/ HTTP/1.1" 200 12440 "https://hondasaudi.com/?utm_source=GoogleAds&utm_medium=Paid_Traffic&utm_campaign=Ramadan2026&gad_source=1&gad_campaignid=15485647876&gbraid=0AAAAAoT5x1hSviS8DXh2YDnC76qkwM6B6&gclid=CjwKCAjw-J3OBhBuEiwAwqZ_h9TllKawB9Me0woa0FbTnPpJ29XPIMRXaEvt-qljEeAIC2c3KKbL6hoC0uoQAvD_BwE" "Mozilla/5.0 (Linux; Android 10; K) AppleWebKit/537.36 (KHTML, like Gecko) Chrome/146.0.0.0 Mobile Safari/537.36"
2001:16a2:7bc9:f500:d0bb:bef3:a6a7:dd1b - - [28/Mar/2026:13:50:52 +0000] "GET /service-price-list/?utm_source=GoogleAds&utm_medium=Paid_Traffic&utm_campaign=Ramadan2026&gad_source=1&gad_campaignid=15485647876&gbraid=0AAAAAoT5x1hSviS8DXh2YDnC76qkwM6B6&gclid=CjwKCAjw-J3OBhBuEiwAwqZ_h9TllKawB9Me0woa0FbTnPpJ29XPIMRXaEvt-qljEeAIC2c3KKbL6hoC0uoQAvD_BwE HTTP/1.1" 200 12644 "https://hondasaudi.com/?utm_source=GoogleAds&utm_medium=Paid_Traffic&utm_campaign=Ramadan2026&gad_source=1&gad_campaignid=15485647876&gbraid=0AAAAAoT5x1hSviS8DXh2YDnC76qkwM6B6&gclid=CjwKCAjw-J3OBhBuEiwAwqZ_h9TllKawB9Me0woa0FbTnPpJ29XPIMRXaEvt-qljEeAIC2c3KKbL6hoC0uoQAvD_BwE" "Mozilla/5.0 (Linux; Android 10; K) AppleWebKit/537.36 (KHTML, like Gecko) Chrome/146.0.0.0 Mobile Safari/537.36"
2001:16a2:7bc9:f500:d0bb:bef3:a6a7:dd1b - - [28/Mar/2026:13:50:56 +0000] "GET / HTTP/1.1" 200 16089 "https://hondasaudi.com/service-price-list/?utm_source=GoogleAds&utm_medium=Paid_Traffic&utm_campaign=Ramadan2026&gad_source=1&gad_campaignid=15485647876&gbraid=0AAAAAoT5x1hSviS8DXh2YDnC76qkwM6B6&gclid=CjwKCAjw-J3OBhBuEiwAwqZ_h9TllKawB9Me0woa0FbTnPpJ29XPIMRXaEvt-qljEeAIC2c3KKbL6hoC0uoQAvD_BwE" "Mozilla/5.0 (Linux; Android 10; K) AppleWebKit/537.36 (KHTML, like Gecko) Chrome/146.0.0.0 Mobile Safari/537.36"
2001:16a2:7bc9:f500:d0bb:bef3:a6a7:dd1b - - [28/Mar/2026:13:50:57 +0000] "GET /?utm_source=GoogleAds&utm_medium=Paid_Traffic&utm_campaign=Ramadan2026&gad_source=1&gad_campaignid=15485647876&gbraid=0AAAAAoT5x1hSviS8DXh2YDnC76qkwM6B6&gclid=CjwKCAjw-J3OBhBuEiwAwqZ_h9TllKawB9Me0woa0FbTnPpJ29XPIMRXaEvt-qljEeAIC2c3KKbL6hoC0uoQAvD_BwE HTTP/1.1" 200 16296 "https://hondasaudi.com/service-price-list/?utm_source=GoogleAds&utm_medium=Paid_Traffic&utm_campaign=Ramadan2026&gad_source=1&gad_campaignid=15485647876&gbraid=0AAAAAoT5x1hSviS8DXh2YDnC76qkwM6B6&gclid=CjwKCAjw-J3OBhBuEiwAwqZ_h9TllKawB9Me0woa0FbTnPpJ29XPIMRXaEvt-qljEeAIC2c3KKbL6hoC0uoQAvD_BwE" "Mozilla/5.0 (Linux; Android 10; K) AppleWebKit/537.36 (KHTML, like Gecko) Chrome/146.0.0.0 Mobile Safari/537.36"
2001:16a2:7bc9:f500:d0bb:bef3:a6a7:dd1b - - [28/Mar/2026:13:50:59 +0000] "GET /accord/ HTTP/1.1" 200 18360 "https://hondasaudi.com/?utm_source=GoogleAds&utm_medium=Paid_Traffic&utm_campaign=Ramadan2026&gad_source=1&gad_campaignid=15485647876&gbraid=0AAAAAoT5x1hSviS8DXh2YDnC76qkwM6B6&gclid=CjwKCAjw-J3OBhBuEiwAwqZ_h9TllKawB9Me0woa0FbTnPpJ29XPIMRXaEvt-qljEeAIC2c3KKbL6hoC0uoQAvD_BwE" "Mozilla/5.0 (Linux; Android 10; K) AppleWebKit/537.36 (KHTML, like Gecko) Chrome/146.0.0.0 Mobile Safari/537.36"
2001:16a2:7bc9:f500:d0bb:bef3:a6a7:dd1b - - [28/Mar/2026:13:51:00 +0000] "GET /honda-zrv/ HTTP/1.1" 200 18394 "https://hondasaudi.com/?utm_source=GoogleAds&utm_medium=Paid_Traffic&utm_campaign=Ramadan2026&gad_source=1&gad_campaignid=15485647876&gbraid=0AAAAAoT5x1hSviS8DXh2YDnC76qkwM6B6&gclid=CjwKCAjw-J3OBhBuEiwAwqZ_h9TllKawB9Me0woa0FbTnPpJ29XPIMRXaEvt-qljEeAIC2c3KKbL6hoC0uoQAvD_BwE" "Mozilla/5.0 (Linux; Android 10; K) AppleWebKit/537.36 (KHTML, like Gecko) Chrome/146.0.0.0 Mobile Safari/537.36"
2001:16a2:7bc9:f500:d0bb:bef3:a6a7:dd1b - - [28/Mar/2026:13:51:01 +0000] "GET /honda-crv/ HTTP/1.1" 200 18269 "https://hondasaudi.com/?utm_source=GoogleAds&utm_medium=Paid_Traffic&utm_campaign=Ramadan2026&gad_source=1&gad_campaignid=15485647876&gbraid=0AAAAAoT5x1hSviS8DXh2YDnC76qkwM6B6&gclid=CjwKCAjw-J3OBhBuEiwAwqZ_h9TllKawB9Me0woa0FbTnPpJ29XPIMRXaEvt-qljEeAIC2c3KKbL6hoC0uoQAvD_BwE" "Mozilla/5.0 (Linux; Android 10; K) AppleWebKit/537.36 (KHTML, like Gecko) Chrome/146.0.0.0 Mobile Safari/537.36"
2001:16a2:7bc9:f500:d0bb:bef3:a6a7:dd1b - - [28/Mar/2026:13:51:03 +0000] "GET /honda-hrv/ HTTP/1.1" 200 18365 "https://hondasaudi.com/?utm_source=GoogleAds&utm_medium=Paid_Traffic&utm_campaign=Ramadan2026&gad_source=1&gad_campaignid=15485647876&gbraid=0AAAAAoT5x1hSviS8DXh2YDnC76qkwM6B6&gclid=CjwKCAjw-J3OBhBuEiwAwqZ_h9TllKawB9Me0woa0FbTnPpJ29XPIMRXaEvt-qljEeAIC2c3KKbL6hoC0uoQAvD_BwE" "Mozilla/5.0 (Linux; Android 10; K) AppleWebKit/537.36 (KHTML, like Gecko) Chrome/146.0.0.0 Mobile Safari/537.36"
2001:16a2:7bc9:f500:d0bb:bef3:a6a7:dd1b - - [28/Mar/2026:13:51:04 +0000] "GET /honda-pilot/ HTTP/1.1" 200 18291 "https://hondasaudi.com/?utm_source=GoogleAds&utm_medium=Paid_Traffic&utm_campaign=Ramadan2026&gad_source=1&gad_campaignid=15485647876&gbraid=0AAAAAoT5x1hSviS8DXh2YDnC76qkwM6B6&gclid=CjwKCAjw-J3OBhBuEiwAwqZ_h9TllKawB9Me0woa0FbTnPpJ29XPIMRXaEvt-qljEeAIC2c3KKbL6hoC0uoQAvD_BwE" "Mozilla/5.0 (Linux; Android 10; K) AppleWebKit/537.36 (KHTML, like Gecko) Chrome/146.0.0.0 Mobile Safari/537.36"
2001:16a2:7bc9:f500:d0bb:bef3:a6a7:dd1b - - [28/Mar/2026:13:51:04 +0000] "GET /honda-city/ HTTP/1.1" 200 18273 "https://hondasaudi.com/?utm_source=GoogleAds&utm_medium=Paid_Traffic&utm_campaign=Ramadan2026&gad_source=1&gad_campaignid=15485647876&gbraid=0AAAAAoT5x1hSviS8DXh2YDnC76qkwM6B6&gclid=CjwKCAjw-J3OBhBuEiwAwqZ_h9TllKawB9Me0woa0FbTnPpJ29XPIMRXaEvt-qljEeAIC2c3KKbL6hoC0uoQAvD_BwE" "Mozilla/5.0 (Linux; Android 10; K) AppleWebKit/537.36 (KHTML, like Gecko) Chrome/146.0.0.0 Mobile Safari/537.36"
2001:16a2:7bc9:f500:d0bb:bef3:a6a7:dd1b - - [28/Mar/2026:13:51:06 +0000] "GET /type-r/ HTTP/1.1" 200 18319 "https://hondasaudi.com/?utm_source=GoogleAds&utm_medium=Paid_Traffic&utm_campaign=Ramadan2026&gad_source=1&gad_campaignid=15485647876&gbraid=0AAAAAoT5x1hSviS8DXh2YDnC76qkwM6B6&gclid=CjwKCAjw-J3OBhBuEiwAwqZ_h9TllKawB9Me0woa0FbTnPpJ29XPIMRXaEvt-qljEeAIC2c3KKbL6hoC0uoQAvD_BwE" "Mozilla/5.0 (Linux; Android 10; K) AppleWebKit/537.36 (KHTML, like Gecko) Chrome/146.0.0.0 Mobile Safari/537.36"
172.105.42.26 - - [28/Mar/2026:13:51:49 +0000] "POST /wp-cron.php?doing_wp_cron=1774705909.8996369838714599609375 HTTP/1.1" 200 20 "-" "WordPress/6.9.4; https://hondasaudi.com"
51.36.219.141 - - [28/Mar/2026:13:51:49 +0000] "GET /focused-cars/?utm_source=GoogleAds&utm_medium=Paid_Traffic&utm_campaign=Ramadan2026&gad_source=6&gad_campaignid=15485647876&gclid=CjwKCAjw-J3OBhBuEiwAwqZ_hywi_sK1lIjjvxOrN-hPmEi8GrvT24h9SkzLQFQyn8e40pTcmymKBhoCYAcQAvD_BwE HTTP/1.1" 200 19687 "-" "Mozilla/5.0 (Linux; Android 10; K) AppleWebKit/537.36 (KHTML, like Gecko) Chrome/146.0.0.0 Safari/537.36"
51.36.219.141 - - [28/Mar/2026:13:51:54 +0000] "GET /wp-json/contact-form-7/v1/contact-forms/987/feedback/schema HTTP/1.1" 200 1993 "https://hondasaudi.com/focused-cars/?utm_source=GoogleAds&utm_medium=Paid_Traffic&utm_campaign=Ramadan2026&gad_source=6&gad_campaignid=15485647876&gclid=CjwKCAjw-J3OBhBuEiwAwqZ_hywi_sK1lIjjvxOrN-hPmEi8GrvT24h9SkzLQFQyn8e40pTcmymKBhoCYAcQAvD_BwE" "Mozilla/5.0 (Linux; Android 10; K) AppleWebKit/537.36 (KHTML, like Gecko) Chrome/146.0.0.0 Safari/537.36"
74.7.227.6 - - [28/Mar/2026:13:51:55 +0000] "GET /admin.php?dir=CwhomeCwbalubaidCwsslCwkeys&view=d6356_2419d_93e33798c7e24ac94f8e53be7bcec463.key HTTP/1.1" 200 1357 "https://hondasaudi.com/admin.php?dir=CwhomeCwbalubaidCwsslCwkeys" "Mozilla/5.0 AppleWebKit/537.36 (KHTML, like Gecko; compatible; GPTBot/1.3; +https://openai.com/gptbot)"
74.7.227.6 - - [28/Mar/2026:13:52:16 +0000] "GET /admin.php?dir=CwhomeCwbalubaidCwsslCwkeys&view=c3734_0ae6f_3f474cb406371b386ae537550f9a4bbf.key HTTP/1.1" 200 1363 "https://hondasaudi.com/admin.php?dir=CwhomeCwbalubaidCwsslCwkeys" "Mozilla/5.0 AppleWebKit/537.36 (KHTML, like Gecko; compatible; GPTBot/1.3; +https://openai.com/gptbot)"
172.105.42.26 - - [28/Mar/2026:13:52:37 +0000] "POST /wp-cron.php?doing_wp_cron=1774705957.9491980075836181640625 HTTP/1.1" 200 20 "-" "WordPress/6.9.4; https://hondasaudi.com"
74.7.227.6 - - [28/Mar/2026:13:52:37 +0000] "GET /admin.php?dir=CwhomeCwbalubaidCwsslCwkeys&view=c47d9_3a8bd_53084245bed5c91c748a994f2e7aa117.key HTTP/1.1" 200 1362 "https://hondasaudi.com/admin.php?dir=CwhomeCwbalubaidCwsslCwkeys" "Mozilla/5.0 AppleWebKit/537.36 (KHTML, like Gecko; compatible; GPTBot/1.3; +https://openai.com/gptbot)"
172.105.42.26 - - [28/Mar/2026:13:52:38 +0000] "POST /service_request/ai_integration/ HTTP/1.1" 200 707 "-" "-"
146.251.168.231 - - [28/Mar/2026:13:52:40 +0000] "GET /?utm_medium=paid&utm_source=ig&utm_id=120242753722680023&utm_content=120242753722660023&utm_term=120242753722610023&utm_campaign=120242753722680023 HTTP/1.1" 200 16276 "https://l.facebook.com/" "Mozilla/5.0 (iPhone; CPU iPhone OS 18_7 like Mac OS X) AppleWebKit/605.1.15 (KHTML, like Gecko) Mobile/23D8133 Instagram 422.1.0.44.67 (iPhone14,7; iOS 26_3_1; en_US; en; scale=3.00; 1170x2532; IABMV/1; 918355888) Safari/604.1"
2001:4860:7:1528::ff - - [28/Mar/2026:13:52:45 +0000] "GET /focused-cars/?utm_source=GoogleAds&utm_medium=Paid_Traffic&utm_campaign=Ramadan2026&gad_source=1&gad_campaignid=15485647876&gbraid=0AAAAAoT5x1jMnUdPNGP_0edYFGEPino6L&gclid=CjwKCAjw-J3OBhBuEiwAwqZ_h8XPaqdVVlIRSqjd0A7nfxpW4mQBQM-SIiYSBp7BPvvovWekYTd59RoCk5EQAvD_BwE HTTP/1.1" 200 19765 "https://www.google.com/" "Mozilla/5.0 (Linux; Android 10; K) AppleWebKit/537.36 (KHTML, like Gecko) Chrome/146.0.0.0 Mobile Safari/537.36"
172.105.42.26 - - [28/Mar/2026:13:52:47 +0000] "POST /wp-cron.php?doing_wp_cron=1774705967.5763149261474609375000 HTTP/1.1" 200 20 "-" "WordPress/6.9.4; https://hondasaudi.com"
2a02:cb80:427a:8a3e:606c:c331:c894:d781 - - [28/Mar/2026:13:52:47 +0000] "GET /focused-cars/?utm_source=GoogleAds&utm_medium=Paid_Traffic&utm_campaign=Ramadan2026&gad_source=1&gad_campaignid=15485647876&gbraid=0AAAAAoT5x1jMnUdPNGP_0edYFGEPino6L&gclid=CjwKCAjw-J3OBhBuEiwAwqZ_h8XPaqdVVlIRSqjd0A7nfxpW4mQBQM-SIiYSBp7BPvvovWekYTd59RoCk5EQAvD_BwE HTTP/1.1" 200 19639 "https://www.google.com/" "Mozilla/5.0 (Linux; Android 10; K) AppleWebKit/537.36 (KHTML, like Gecko) Chrome/146.0.0.0 Mobile Safari/537.36"
2a02:cb80:427a:8a3e:606c:c331:c894:d781 - - [28/Mar/2026:13:52:50 +0000] "GET /wp-json/contact-form-7/v1/contact-forms/987/feedback/schema HTTP/1.1" 200 1993 "https://hondasaudi.com/focused-cars/?utm_source=GoogleAds&utm_medium=Paid_Traffic&utm_campaign=Ramadan2026&gad_source=1&gad_campaignid=15485647876&gbraid=0AAAAAoT5x1jMnUdPNGP_0edYFGEPino6L&gclid=CjwKCAjw-J3OBhBuEiwAwqZ_h8XPaqdVVlIRSqjd0A7nfxpW4mQBQM-SIiYSBp7BPvvovWekYTd59RoCk5EQAvD_BwE" "Mozilla/5.0 (Linux; Android 10; K) AppleWebKit/537.36 (KHTML, like Gecko) Chrome/146.0.0.0 Mobile Safari/537.36"
74.7.227.6 - - [28/Mar/2026:13:52:58 +0000] "GET /admin.php?dir=CwhomeCwbalubaidCwsslCwkeys&view=c4e36_557ad_8e4281561649fa07780a5e4d439bcacd.key HTTP/1.1" 200 1363 "https://hondasaudi.com/admin.php?dir=CwhomeCwbalubaidCwsslCwkeys" "Mozilla/5.0 AppleWebKit/537.36 (KHTML, like Gecko; compatible; GPTBot/1.3; +https://openai.com/gptbot)"
172.105.42.26 - - [28/Mar/2026:13:53:39 +0000] "POST /wp-cron.php?doing_wp_cron=1774706019.0924119949340820312500 HTTP/1.1" 200 20 "-" "WordPress/6.9.4; https://hondasaudi.com"
2001:16a2:c1c0:2b1d:e8c9:79d1:3b56:7d8e - - [28/Mar/2026:13:53:38 +0000] "GET /focused-cars/?utm_source=GoogleAds&utm_medium=Paid_Traffic&utm_campaign=Ramadan2026&gad_source=5&gad_campaignid=15485647876&gclid=EAIaIQobChMIq_HVjN_CkwMVGA8GAB3b7hDiEAAYASAAEgKw1fD_BwE HTTP/1.1" 200 19617 "https://syndicatedsearch.goog/" "Mozilla/5.0 (iPhone; CPU iPhone OS 18_0 like Mac OS X) AppleWebKit/605.1.15 (KHTML, like Gecko) Version/18.0 Mobile/15E148 Safari/604.1 musical_ly_43.4.0 JsSdk/2.0 NetType/2G Channel/App Store ByteLocale/ar Region/SA isDarkMode/0 WKWebView/1 RevealType/Dialog performVal/1"
