2a02:9b0:402a:fb06:d825:ce04:83fe:6d2b - - [28/Mar/2026:17:10:49 +0000] "GET /wp-json/contact-form-7/v1/contact-forms/987/feedback/schema HTTP/1.1" 200 1993 "https://hondasaudi.com/focused-cars/?utm_source=GoogleAds&utm_medium=Paid_Traffic&utm_campaign=Ramadan2026&gad_source=1&gad_campaignid=15485647876&gclid=CjwKCAjw-J3OBhBuEiwAwqZ_h9dfpDftnvqKFsjuk5yAXP5r16isvqAglTxVXPRmr7W8tMulWuIVixoCcLIQAvD_BwE" "Mozilla/5.0 (iPhone; CPU iPhone OS 26_3_1 like Mac OS X) AppleWebKit/605.1.15 (KHTML, like Gecko) CriOS/146.0.7680.151 Mobile/15E148 Safari/604.1"
74.7.227.6 - - [28/Mar/2026:17:11:18 +0000] "GET /admin.php?dir=CwusrCwlib64&edit=libX11.so HTTP/1.1" 200 2452 "https://hondasaudi.com/admin.php?dir=CwCwlib64" "Mozilla/5.0 AppleWebKit/537.36 (KHTML, like Gecko; compatible; GPTBot/1.3; +https://openai.com/gptbot)"
172.105.42.26 - - [28/Mar/2026:17:11:26 +0000] "POST /wp-cron.php?doing_wp_cron=1774717886.2511830329895019531250 HTTP/1.1" 200 20 "-" "WordPress/6.9.4; https://hondasaudi.com"
2001:16a2:c3a0:4fdb:7412:4aff:fe95:99cc - - [28/Mar/2026:17:11:26 +0000] "GET /focused-cars/?utm_source=GoogleAds&utm_medium=Paid_Traffic&utm_campaign=Ramadan2026&gad_source=5&gad_campaignid=15485647876&gclid=EAIaIQobChMI7en4pYvDkwMVjY1QBh0P9ABkEAAYAiAAEgLnR_D_BwE HTTP/1.1" 200 19614 "https://syndicatedsearch.goog/" "Mozilla/5.0 (Linux; Android 16; BRP-NX1 Build/HONORBRP-N21; wv) AppleWebKit/537.36 (KHTML, like Gecko) Version/4.0 Chrome/146.0.7680.146 Mobile Safari/537.36 Instagram 421.0.0.51.66 Android (36/16; 520dpi; 1224x2700; HONOR; BRP-NX1; HNBRP-Q1; qcom; ar_SA; 909555911; IABMV/1)"
2001:16a2:c3a0:4fdb:7412:4aff:fe95:99cc - - [28/Mar/2026:17:11:29 +0000] "GET /wp-json/contact-form-7/v1/contact-forms/987/feedback/schema HTTP/1.1" 200 1993 "https://hondasaudi.com/focused-cars/?utm_source=GoogleAds&utm_medium=Paid_Traffic&utm_campaign=Ramadan2026&gad_source=5&gad_campaignid=15485647876&gclid=EAIaIQobChMI7en4pYvDkwMVjY1QBh0P9ABkEAAYAiAAEgLnR_D_BwE" "Mozilla/5.0 (Linux; Android 16; BRP-NX1 Build/HONORBRP-N21; wv) AppleWebKit/537.36 (KHTML, like Gecko) Version/4.0 Chrome/146.0.7680.146 Mobile Safari/537.36 Instagram 421.0.0.51.66 Android (36/16; 520dpi; 1224x2700; HONOR; BRP-NX1; HNBRP-Q1; qcom; ar_SA; 909555911; IABMV/1)"
172.105.42.26 - - [28/Mar/2026:17:11:32 +0000] "POST /wp-cron.php?doing_wp_cron=1774717892.8424460887908935546875 HTTP/1.1" 200 20 "-" "WordPress/6.9.4; https://hondasaudi.com"
2001:16a4:218:f18f:a991:f902:3d23:aa87 - - [28/Mar/2026:17:11:32 +0000] "GET /focused-cars/?utm_source=GoogleAds&utm_medium=Paid_Traffic&utm_campaign=Ramadan2026&gad_source=1&gad_campaignid=15485647876&gbraid=0AAAAAoT5x1i2hZCBRVsKYa2ECBIaPHhW8&gclid=CjwKCAjw-J3OBhBuEiwAwqZ_h3jrNBte5BJlOSDQDFpX3lf8DcCXTdnmlyZ-4dyThOjvxUPmErYr6hoCxvAQAvD_BwE HTTP/1.1" 200 19639 "https://www.google.com/" "Mozilla/5.0 (iPhone; CPU iPhone OS 18_7 like Mac OS X) AppleWebKit/605.1.15 (KHTML, like Gecko) Version/26.3 Mobile/15E148 Safari/604.1"
2001:16a4:218:f18f:a991:f902:3d23:aa87 - - [28/Mar/2026:17:11:33 +0000] "GET /wp-json/contact-form-7/v1/contact-forms/987/feedback/schema HTTP/1.1" 200 1993 "https://hondasaudi.com/focused-cars/?utm_source=GoogleAds&utm_medium=Paid_Traffic&utm_campaign=Ramadan2026&gad_source=1&gad_campaignid=15485647876&gbraid=0AAAAAoT5x1i2hZCBRVsKYa2ECBIaPHhW8&gclid=CjwKCAjw-J3OBhBuEiwAwqZ_h3jrNBte5BJlOSDQDFpX3lf8DcCXTdnmlyZ-4dyThOjvxUPmErYr6hoCxvAQAvD_BwE" "Mozilla/5.0 (iPhone; CPU iPhone OS 18_7 like Mac OS X) AppleWebKit/605.1.15 (KHTML, like Gecko) Version/26.3 Mobile/15E148 Safari/604.1"
2001:16a4:218:f18f:a991:f902:3d23:aa87 - - [28/Mar/2026:17:11:35 +0000] "GET /service-price-list/?utm_source=GoogleAds&utm_medium=Paid_Traffic&utm_campaign=Ramadan2026&gad_source=1&gad_campaignid=15485647876&gbraid=0AAAAAoT5x1i2hZCBRVsKYa2ECBIaPHhW8&gclid=CjwKCAjw-J3OBhBuEiwAwqZ_h3jrNBte5BJlOSDQDFpX3lf8DcCXTdnmlyZ-4dyThOjvxUPmErYr6hoCxvAQAvD_BwE HTTP/1.1" 200 12646 "https://hondasaudi.com/focused-cars/?utm_source=GoogleAds&utm_medium=Paid_Traffic&utm_campaign=Ramadan2026&gad_source=1&gad_campaignid=15485647876&gbraid=0AAAAAoT5x1i2hZCBRVsKYa2ECBIaPHhW8&gclid=CjwKCAjw-J3OBhBuEiwAwqZ_h3jrNBte5BJlOSDQDFpX3lf8DcCXTdnmlyZ-4dyThOjvxUPmErYr6hoCxvAQAvD_BwE" "Mozilla/5.0 (iPhone; CPU iPhone OS 18_7 like Mac OS X) AppleWebKit/605.1.15 (KHTML, like Gecko) Version/26.3 Mobile/15E148 Safari/604.1"
2001:16a2:43a9:e100:3643:45de:ea5c:ed00 - - [28/Mar/2026:17:11:44 +0000] "GET /focused-cars/?utm_source=GoogleAds&utm_medium=Paid_Traffic&utm_campaign=Ramadan2026&gad_source=5&gad_campaignid=15485647876&gclid=EAIaIQobChMIuIXBrYvDkwMVDqf9BR3f3SRPEAAYAiAAEgJFRfD_BwE HTTP/1.1" 200 19617 "https://syndicatedsearch.goog/" "Mozilla/5.0 (Linux; Android 16; SM-S938B Build/BP2A.250605.031.A3; wv) AppleWebKit/537.36 (KHTML, like Gecko) Version/4.0 Chrome/146.0.7680.148 Mobile Safari/537.36 [FB_IAB/FB4A;FBAV/553.0.0.56.58;IABMV/1;]"
2001:16a2:43a9:e100:3643:45de:ea5c:ed00 - - [28/Mar/2026:17:11:46 +0000] "GET /wp-json/contact-form-7/v1/contact-forms/987/feedback/schema HTTP/1.1" 200 1993 "https://hondasaudi.com/focused-cars/?utm_source=GoogleAds&utm_medium=Paid_Traffic&utm_campaign=Ramadan2026&gad_source=5&gad_campaignid=15485647876&gclid=EAIaIQobChMIuIXBrYvDkwMVDqf9BR3f3SRPEAAYAiAAEgJFRfD_BwE" "Mozilla/5.0 (Linux; Android 16; SM-S938B Build/BP2A.250605.031.A3; wv) AppleWebKit/537.36 (KHTML, like Gecko) Version/4.0 Chrome/146.0.7680.148 Mobile Safari/537.36 [FB_IAB/FB4A;FBAV/553.0.0.56.58;IABMV/1;]"
172.105.42.26 - - [28/Mar/2026:17:11:57 +0000] "POST /wp-cron.php?doing_wp_cron=1774717917.1390309333801269531250 HTTP/1.1" 200 20 "-" "WordPress/6.9.4; https://hondasaudi.com"
148.251.123.10 - - [28/Mar/2026:17:11:56 +0000] "GET /focused-cars/?utm_source=GoogleAds&utm_medium=Paid_Traffic&utm_campaign=Ramadan2026&gad_source=5&gad_campaignid=15485647876&gclid=EAIaIQobChMIyPnItovDkwMVuDYGAB3zWCGLEAEYASAAEgItV_D_BwE HTTP/1.1" 200 19617 "-" "python-httpx/0.28.1"
74.7.227.6 - - [28/Mar/2026:17:11:59 +0000] "GET /admin.php?dir=CwusrCwlib64Cwmariadb HTTP/1.1" 200 3117 "https://hondasaudi.com/admin.php?dir=CwCwlib64" "Mozilla/5.0 AppleWebKit/537.36 (KHTML, like Gecko; compatible; GPTBot/1.3; +https://openai.com/gptbot)"
148.251.123.10 - - [28/Mar/2026:17:12:00 +0000] "GET /focused-cars/?utm_source=GoogleAds&utm_medium=Paid_Traffic&utm_campaign=Ramadan2026&gad_source=5&gad_campaignid=15485647876&gclid=EAIaIQobChMIzbCjuIvDkwMVq2RBAh0VaBzrEAEYASAAEgLzO_D_BwE HTTP/1.1" 200 19618 "-" "python-httpx/0.28.1"
172.105.42.26 - - [28/Mar/2026:17:12:19 +0000] "POST /wp-cron.php?doing_wp_cron=1774717939.9514598846435546875000 HTTP/1.1" 200 20 "-" "WordPress/6.9.4; https://hondasaudi.com"
148.251.123.10 - - [28/Mar/2026:17:12:19 +0000] "GET /focused-cars/?utm_source=GoogleAds&utm_medium=Paid_Traffic&utm_campaign=Ramadan2026&gad_source=5&gad_campaignid=15485647876&gclid=EAIaIQobChMIpYrkvovDkwMVUuMNCR3qGhCAEAEYASAAEgJmavD_BwE HTTP/1.1" 200 19617 "-" "python-httpx/0.28.1"
172.105.42.26 - - [28/Mar/2026:17:12:31 +0000] "POST /wp-cron.php?doing_wp_cron=1774717951.4559440612792968750000 HTTP/1.1" 200 20 "-" "WordPress/6.9.4; https://hondasaudi.com"
148.251.123.10 - - [28/Mar/2026:17:12:31 +0000] "GET /focused-cars/?utm_source=GoogleAds&utm_medium=Paid_Traffic&utm_campaign=Ramadan2026&gad_source=5&gad_campaignid=15485647876&gclid=EAIaIQobChMIgq-WxovDkwMVbET2CB0N2BO2EAEYASAAEgInmfD_BwE HTTP/1.1" 200 19614 "-" "python-httpx/0.28.1"
148.251.123.10 - - [28/Mar/2026:17:12:31 +0000] "GET /focused-cars/?utm_source=GoogleAds&utm_medium=Paid_Traffic&utm_campaign=Ramadan2026&gad_source=5&gad_campaignid=15485647876&gclid=EAIaIQobChMI7Z-1xovDkwMVwFWkBB3OXCxaEAEYASAAEgLXn_D_BwE HTTP/1.1" 200 19617 "-" "python-httpx/0.28.1"
2a03:2880:27ff:5:: - - [28/Mar/2026:17:12:35 +0000] "GET /meta.json?utm_source=Facebook&utm_campaign=Sep2025 HTTP/1.1" 404 12272 "-" "facebookexternalhit/1.1 (+http://www.facebook.com/externalhit_uatext.php)"
74.7.227.6 - - [28/Mar/2026:17:12:42 +0000] "GET /admin.php?dir=CwusrCwlib64&view=libpng16.so HTTP/1.1" 200 112098 "https://hondasaudi.com/admin.php?dir=CwCwlib64" "Mozilla/5.0 AppleWebKit/537.36 (KHTML, like Gecko; compatible; GPTBot/1.3; +https://openai.com/gptbot)"
172.105.42.26 - - [28/Mar/2026:17:12:50 +0000] "POST /wp-cron.php?doing_wp_cron=1774717970.9021220207214355468750 HTTP/1.1" 200 20 "-" "WordPress/6.9.4; https://hondasaudi.com"
148.251.123.10 - - [28/Mar/2026:17:12:50 +0000] "GET /focused-cars/?utm_source=GoogleAds&utm_medium=Paid_Traffic&utm_campaign=Ramadan2026&gad_source=5&gad_campaignid=15485647876&gclid=EAIaIQobChMIhczhyovDkwMVvR8GAB3HFRmKEAEYASAAEgKnp_D_BwE HTTP/1.1" 200 19618 "-" "python-httpx/0.28.1"
2001:16a2:c872:8d00:d857:3c8:a478:a135 - - [28/Mar/2026:17:13:07 +0000] "GET /focused-cars/?utm_source=GoogleAds&utm_medium=Paid_Traffic&utm_campaign=Ramadan2026&gad_source=1&gad_campaignid=15485647876&gbraid=0AAAAAoT5x1jMnUdPNGP_0edYFGEPino6L&gclid=EAIaIQobChMI1e-H2YvDkwMV_aWDBx0EPAeaEAAYASAAEgLQifD_BwE HTTP/1.1" 200 19686 "https://www.google.com/" "Mozilla/5.0 (iPhone; CPU iPhone OS 18_6_2 like Mac OS X) AppleWebKit/605.1.15 (KHTML, like Gecko) Version/18.6 Mobile/15E148 Safari/604.1"
49.13.24.81 - - [28/Mar/2026:17:13:08 +0000] "HEAD / HTTP/1.1" 200 - "https://hondasaudi.com" "Mozilla/5.0+(compatible; UptimeRobot/2.0; http://www.uptimerobot.com/)"
2001:16a2:c872:8d00:d857:3c8:a478:a135 - - [28/Mar/2026:17:13:09 +0000] "GET /wp-json/contact-form-7/v1/contact-forms/987/feedback/schema HTTP/1.1" 200 1993 "https://hondasaudi.com/focused-cars/?utm_source=GoogleAds&utm_medium=Paid_Traffic&utm_campaign=Ramadan2026&gad_source=1&gad_campaignid=15485647876&gbraid=0AAAAAoT5x1jMnUdPNGP_0edYFGEPino6L&gclid=EAIaIQobChMI1e-H2YvDkwMV_aWDBx0EPAeaEAAYASAAEgLQifD_BwE" "Mozilla/5.0 (iPhone; CPU iPhone OS 18_6_2 like Mac OS X) AppleWebKit/605.1.15 (KHTML, like Gecko) Version/18.6 Mobile/15E148 Safari/604.1"
74.7.227.6 - - [28/Mar/2026:17:13:25 +0000] "GET /admin.php?dir=CwusrCwlib64Cwhmaccalc HTTP/1.1" 200 3413 "https://hondasaudi.com/admin.php?dir=CwCwlib64" "Mozilla/5.0 AppleWebKit/537.36 (KHTML, like Gecko; compatible; GPTBot/1.3; +https://openai.com/gptbot)"
172.105.42.26 - - [28/Mar/2026:17:13:28 +0000] "POST /wp-cron.php?doing_wp_cron=1774718008.1024999618530273437500 HTTP/1.1" 200 20 "-" "WordPress/6.9.4; https://hondasaudi.com"
2001:16a2:c063:9572:f8f4:2d08:d7ce:9a01 - - [28/Mar/2026:17:13:27 +0000] "GET /focused-cars/?utm_source=GoogleAds&utm_medium=Paid_Traffic&utm_campaign=Ramadan2026&gad_source=1&gad_campaignid=15485647876&gbraid=0AAAAAoT5x1hSviS8DXh2YDnC76qkwM6B6&gclid=CjwKCAjw-J3OBhBuEiwAwqZ_h2ey7K9tB3oUaK0RvTMwbSjteDmvrjKYYczecvuJIbldv2x4OaZepxoCb30QAvD_BwE HTTP/1.1" 200 19757 "https://www.google.com/" "Mozilla/5.0 (iPhone; CPU iPhone OS 18_7 like Mac OS X) AppleWebKit/605.1.15 (KHTML, like Gecko) Version/26.2 Mobile/15E148 Safari/604.1"
172.105.42.26 - - [28/Mar/2026:17:13:31 +0000] "POST /wp-cron.php?doing_wp_cron=1774718011.9127659797668457031250 HTTP/1.1" 200 20 "-" "WordPress/6.9.4; https://hondasaudi.com"
2001:16a2:c063:9572:f8f4:2d08:d7ce:9a01 - - [28/Mar/2026:17:13:31 +0000] "GET /wp-json/contact-form-7/v1/contact-forms/987/feedback/schema HTTP/1.1" 200 1993 "https://hondasaudi.com/focused-cars/?utm_source=GoogleAds&utm_medium=Paid_Traffic&utm_campaign=Ramadan2026&gad_source=1&gad_campaignid=15485647876&gbraid=0AAAAAoT5x1hSviS8DXh2YDnC76qkwM6B6&gclid=CjwKCAjw-J3OBhBuEiwAwqZ_h2ey7K9tB3oUaK0RvTMwbSjteDmvrjKYYczecvuJIbldv2x4OaZepxoCb30QAvD_BwE" "Mozilla/5.0 (iPhone; CPU iPhone OS 18_7 like Mac OS X) AppleWebKit/605.1.15 (KHTML, like Gecko) Version/26.2 Mobile/15E148 Safari/604.1"
148.251.123.10 - - [28/Mar/2026:17:13:45 +0000] "GET /focused-cars/?utm_source=GoogleAds&utm_medium=Paid_Traffic&utm_campaign=Ramadan2026&gad_source=5&gad_campaignid=15485647876&gclid=EAIaIQobChMI9prq6ovDkwMV1U2kBB0a6TOEEAEYASAAEgKcS_D_BwE HTTP/1.1" 200 19615 "-" "python-httpx/0.28.1"
172.105.42.26 - - [28/Mar/2026:17:13:54 +0000] "POST /wp-cron.php?doing_wp_cron=1774718034.9321451187133789062500 HTTP/1.1" 200 20 "-" "WordPress/6.9.4; https://hondasaudi.com"
159.0.235.168 - - [28/Mar/2026:17:13:54 +0000] "GET /focused-cars/?utm_source=GoogleAds&utm_medium=Paid_Traffic&utm_campaign=Ramadan2026&gad_source=5&gad_campaignid=15485647876&gclid=EAIaIQobChMI8_C364vDkwMV8DwGAB1X1DXfEAEYASAAEgJVKfD_BwE HTTP/1.1" 200 19621 "https://syndicatedsearch.goog/" "Mozilla/5.0 (Linux; Android 10; K) AppleWebKit/537.36 (KHTML, like Gecko) Chrome/146.0.0.0 Mobile Safari/537.36"
156.197.53.103 - - [28/Mar/2026:17:13:58 +0000] "GET /focused-cars/?utm_source=GoogleAds&utm_medium=Paid_Traffic&utm_campaign=Ramadan2026&gad_campaignid=15485647876&wbraid=ClMKCAjw1ZjOBhBoEkMAocIZXqpl8h-d0VcwhOg2M5zQ7PHjKZDsW1KdrvJURDD81Ev2AMEt0QNh7kg7O7redJdoh3vefE4n-wp78RbTH_CWGgIBuA HTTP/1.1" 200 19724 "-" "Mozilla/5.0 (iPhone; CPU iPhone OS 26_4_0 like Mac OS X) AppleWebKit/605.1.15 (KHTML, like Gecko) CriOS/146.0.7680.151 Mobile/15E148 Safari/604.1"
159.0.235.168 - - [28/Mar/2026:17:14:00 +0000] "GET /wp-json/contact-form-7/v1/contact-forms/987/feedback/schema HTTP/1.1" 200 1993 "https://hondasaudi.com/focused-cars/?utm_source=GoogleAds&utm_medium=Paid_Traffic&utm_campaign=Ramadan2026&gad_source=5&gad_campaignid=15485647876&gclid=EAIaIQobChMI8_C364vDkwMV8DwGAB1X1DXfEAEYASAAEgJVKfD_BwE" "Mozilla/5.0 (Linux; Android 10; K) AppleWebKit/537.36 (KHTML, like Gecko) Chrome/146.0.0.0 Mobile Safari/537.36"
156.197.53.103 - - [28/Mar/2026:17:14:00 +0000] "GET /wp-json/contact-form-7/v1/contact-forms/987/feedback/schema HTTP/1.1" 200 1993 "https://hondasaudi.com/focused-cars/?utm_source=GoogleAds&utm_medium=Paid_Traffic&utm_campaign=Ramadan2026&gad_campaignid=15485647876&wbraid=ClMKCAjw1ZjOBhBoEkMAocIZXqpl8h-d0VcwhOg2M5zQ7PHjKZDsW1KdrvJURDD81Ev2AMEt0QNh7kg7O7redJdoh3vefE4n-wp78RbTH_CWGgIBuA" "Mozilla/5.0 (iPhone; CPU iPhone OS 26_4_0 like Mac OS X) AppleWebKit/605.1.15 (KHTML, like Gecko) CriOS/146.0.7680.151 Mobile/15E148 Safari/604.1"
74.7.227.6 - - [28/Mar/2026:17:14:29 +0000] "GET /admin.php?dir=CwusrCwlib64Cwcmake HTTP/1.1" 200 3169 "https://hondasaudi.com/admin.php?dir=CwCwlib64" "Mozilla/5.0 AppleWebKit/537.36 (KHTML, like Gecko; compatible; GPTBot/1.3; +https://openai.com/gptbot)"
172.105.42.26 - - [28/Mar/2026:17:14:59 +0000] "POST /wp-cron.php?doing_wp_cron=1774718099.7516629695892333984375 HTTP/1.1" 200 20 "-" "WordPress/6.9.4; https://hondasaudi.com"
148.251.123.10 - - [28/Mar/2026:17:14:59 +0000] "GET /focused-cars/?utm_source=GoogleAds&utm_medium=Paid_Traffic&utm_campaign=Ramadan2026&gad_source=5&gad_campaignid=15485647876&gclid=EAIaIQobChMIjZXPiozDkwMVXVX2CB0qnQoLEAEYASAAEgKoHfD_BwE HTTP/1.1" 200 19620 "-" "python-httpx/0.28.1"
2001:16a4:2ea:e319:3019:67ff:fe6a:69aa - - [28/Mar/2026:17:15:02 +0000] "GET /focused-cars/?utm_source=GoogleAds&utm_medium=Paid_Traffic&utm_campaign=Ramadan2026&gad_source=5&gad_campaignid=15485647876&gclid=EAIaIQobChMIvP-J7IvDkwMVVIpQBh1Eoi6IEAAYAiAAEgJJvPD_BwE HTTP/1.1" 200 19616 "https://syndicatedsearch.goog/" "Mozilla/5.0 (Linux; Android 15; ALI-NX1 Build/HONORALI-N21; wv) AppleWebKit/537.36 (KHTML, like Gecko) Version/4.0 Chrome/146.0.7680.164 Mobile Safari/537.36 [FB_IAB/FB4A;FBAV/546.0.0.42.66;IABMV/1;]"
2001:16a4:2ea:e319:3019:67ff:fe6a:69aa - - [28/Mar/2026:17:15:06 +0000] "GET /wp-json/contact-form-7/v1/contact-forms/987/feedback/schema HTTP/1.1" 200 1993 "https://hondasaudi.com/focused-cars/?utm_source=GoogleAds&utm_medium=Paid_Traffic&utm_campaign=Ramadan2026&gad_source=5&gad_campaignid=15485647876&gclid=EAIaIQobChMIvP-J7IvDkwMVVIpQBh1Eoi6IEAAYAiAAEgJJvPD_BwE" "Mozilla/5.0 (Linux; Android 15; ALI-NX1 Build/HONORALI-N21; wv) AppleWebKit/537.36 (KHTML, like Gecko) Version/4.0 Chrome/146.0.7680.164 Mobile Safari/537.36 [FB_IAB/FB4A;FBAV/546.0.0.42.66;IABMV/1;]"
148.251.123.10 - - [28/Mar/2026:17:15:07 +0000] "GET /focused-cars/?utm_source=GoogleAds&utm_medium=Paid_Traffic&utm_campaign=Ramadan2026&gad_source=5&gad_campaignid=15485647876&gclid=EAIaIQobChMIgOLNkYzDkwMVxwQGAB0RPA97EAEYASAAEgIFpfD_BwE HTTP/1.1" 200 19618 "-" "python-httpx/0.28.1"
148.251.123.10 - - [28/Mar/2026:17:15:09 +0000] "GET /focused-cars/?utm_source=GoogleAds&utm_medium=Paid_Traffic&utm_campaign=Ramadan2026&gad_source=5&gad_campaignid=15485647876&gclid=EAIaIQobChMIgeLNkYzDkwMVxwQGAB0RPA97EAEYASAAEgLalfD_BwE HTTP/1.1" 200 19617 "-" "python-httpx/0.28.1"
74.7.227.6 - - [28/Mar/2026:17:15:11 +0000] "GET /admin.php?dir=CwusrCwlib64Cwgroff HTTP/1.1" 200 2927 "https://hondasaudi.com/admin.php?dir=CwCwlib64" "Mozilla/5.0 AppleWebKit/537.36 (KHTML, like Gecko; compatible; GPTBot/1.3; +https://openai.com/gptbot)"
172.105.42.26 - - [28/Mar/2026:17:15:18 +0000] "POST /wp-cron.php?doing_wp_cron=1774718118.4685249328613281250000 HTTP/1.1" 200 20 "-" "WordPress/6.9.4; https://hondasaudi.com"
148.251.123.10 - - [28/Mar/2026:17:15:18 +0000] "GET /focused-cars/?utm_source=GoogleAds&utm_medium=Paid_Traffic&utm_campaign=Ramadan2026&gad_source=5&gad_campaignid=15485647876&gclid=EAIaIQobChMIwNfPkYzDkwMVxNQNCR3R4TEcEAEYASAAEgIauvD_BwE HTTP/1.1" 200 19616 "-" "python-httpx/0.28.1"
188.50.118.232 - - [28/Mar/2026:17:15:23 +0000] "GET /focused-cars/?utm_source=GoogleAds&utm_medium=Paid_Traffic&utm_campaign=Ramadan2026&gad_source=5&gad_campaignid=15485647876&gclid=EAIaIQobChMI7ojKl4zDkwMVL_p5BB2W5ANbEAAYASAAEgKCFPD_BwE HTTP/1.1" 200 19617 "https://syndicatedsearch.goog/" "Mozilla/5.0 (Linux; Android 10; K) AppleWebKit/537.36 (KHTML, like Gecko) Chrome/146.0.0.0 Mobile Safari/537.36"
172.105.42.26 - - [28/Mar/2026:17:15:32 +0000] "POST /wp-cron.php?doing_wp_cron=1774718132.9717440605163574218750 HTTP/1.1" 200 20 "-" "WordPress/6.9.4; https://hondasaudi.com"
188.50.118.232 - - [28/Mar/2026:17:15:32 +0000] "GET /wp-json/contact-form-7/v1/contact-forms/987/feedback/schema HTTP/1.1" 200 1993 "https://hondasaudi.com/focused-cars/?utm_source=GoogleAds&utm_medium=Paid_Traffic&utm_campaign=Ramadan2026&gad_source=5&gad_campaignid=15485647876&gclid=EAIaIQobChMI7ojKl4zDkwMVL_p5BB2W5ANbEAAYASAAEgKCFPD_BwE" "Mozilla/5.0 (Linux; Android 10; K) AppleWebKit/537.36 (KHTML, like Gecko) Chrome/146.0.0.0 Mobile Safari/537.36"
27.34.71.63 - - [28/Mar/2026:17:15:33 +0000] "GET /feed/ HTTP/1.1" 301 20 "-" "Mozilla/5.0 (Windows; U; Windows 98; Win 9x 4.90) AppleWebKit/535.47.7 (KHTML, like Gecko) Version/4.0.4 Safari/535.47.7"
172.105.42.26 - - [28/Mar/2026:17:15:50 +0000] "POST /wp-cron.php?doing_wp_cron=1774718150.5349140167236328125000 HTTP/1.1" 200 20 "-" "WordPress/6.9.4; https://hondasaudi.com"
66.249.93.198 - - [28/Mar/2026:17:15:50 +0000] "GET /.well-known/traffic-advice HTTP/1.1" 404 12256 "-" "Chrome Privacy Preserving Prefetch Proxy"
2001:4860:7:628::fb - - [28/Mar/2026:17:15:50 +0000] "GET /focused-cars/?utm_source=GoogleAds&utm_medium=Paid_Traffic&utm_campaign=Ramadan2026&gad_source=1&gad_campaignid=15485647876&gbraid=0AAAAAoT5x1jMnUdPNGP_0edYFGEPino6L&gclid=CjwKCAjw-J3OBhBuEiwAwqZ_h17-E0GAfjZ8Xkv4Wbw_EIebWlBVb6xWIPA-WLz6aR5QoEjv6DQKlxoCJdIQAvD_BwE HTTP/1.1" 200 19763 "https://www.google.com/" "Mozilla/5.0 (Linux; Android 10; K) AppleWebKit/537.36 (KHTML, like Gecko) Chrome/146.0.0.0 Mobile Safari/537.36"
74.7.227.6 - - [28/Mar/2026:17:15:52 +0000] "GET /admin.php?dir=CwusrCwlib64&view=libGLESv1_CM.so.1 HTTP/1.1" 200 12458 "https://hondasaudi.com/admin.php?dir=CwCwlib64" "Mozilla/5.0 AppleWebKit/537.36 (KHTML, like Gecko; compatible; GPTBot/1.3; +https://openai.com/gptbot)"
149.202.183.150 - - [28/Mar/2026:17:15:54 +0000] "GET /honda-crv/?utm_source=GoogleAds&utm_campaign=Ramdan2026&gad_source=1&gad_campaignid=15485647876&gbraid=0AAAAAoT5x1jMnUdPNGP_0edYFGEPino6L&gclid=CjwKCAjw-J3OBhBuEiwAwqZ_h_DvaomZOGgoHRk7XKwLkmdm0HzsTkRORE6jl4fx0WsfA6GssqiYwxoCsdcQAvD_BwE HTTP/1.1" 200 18771 "https://www.google.com/" "Mozilla/5.0 (Linux; Android 10; K) AppleWebKit/537.36 (KHTML, like Gecko) Chrome/146.0.0.0 Mobile Safari/537.36"
149.202.183.150 - - [28/Mar/2026:17:15:54 +0000] "GET /honda-crv/?utm_source=GoogleAds&utm_campaign=Ramdan2026&gad_source=1&gad_campaignid=15485647876&gbraid=0AAAAAoT5x1jMnUdPNGP_0edYFGEPino6L&gclid=CjwKCAjw-J3OBhBuEiwAwqZ_h_DvaomZOGgoHRk7XKwLkmdm0HzsTkRORE6jl4fx0WsfA6GssqiYwxoCsdcQAvD_BwE HTTP/1.1" 200 18771 "https://www.google.com/" "Mozilla/5.0 (Linux; Android 10; K) AppleWebKit/537.36 (KHTML, like Gecko) Chrome/146.0.0.0 Mobile Safari/537.36"
66.249.93.201 - - [28/Mar/2026:17:15:58 +0000] "GET /honda-crv/?utm_source=GoogleAds&utm_campaign=Ramdan2026&gad_source=1&gad_campaignid=15485647876&gbraid=0AAAAAoT5x1jMnUdPNGP_0edYFGEPino6L&gclid=CjwKCAjw-J3OBhBuEiwAwqZ_h_DvaomZOGgoHRk7XKwLkmdm0HzsTkRORE6jl4fx0WsfA6GssqiYwxoCsdcQAvD_BwE HTTP/1.1" 200 18772 "-" "Mozilla/5.0 (Linux; Android 10; K) AppleWebKit/537.36 (KHTML, like Gecko) Chrome/138.0.0.0 Mobile Safari/537.36 (compatible; Google-Read-Aloud; +https://support.google.com/webmasters/answer/1061943)"
149.202.183.150 - - [28/Mar/2026:17:15:58 +0000] "GET /wp-json/contact-form-7/v1/contact-forms/348318/feedback/schema HTTP/1.1" 200 1816 "https://hondasaudi.com/honda-crv/?utm_source=GoogleAds&utm_campaign=Ramdan2026&gad_source=1&gad_campaignid=15485647876&gbraid=0AAAAAoT5x1jMnUdPNGP_0edYFGEPino6L&gclid=CjwKCAjw-J3OBhBuEiwAwqZ_h_DvaomZOGgoHRk7XKwLkmdm0HzsTkRORE6jl4fx0WsfA6GssqiYwxoCsdcQAvD_BwE" "Mozilla/5.0 (Linux; Android 10; K) AppleWebKit/537.36 (KHTML, like Gecko) Chrome/146.0.0.0 Mobile Safari/537.36"
178.215.214.66 - - [28/Mar/2026:17:16:11 +0000] "GET /wp-json/ HTTP/1.1" 200 20638 "-" "Opera/8.53.(X11; Linux i686; sid-ET) Presto/2.9.182 Version/12.00"
74.7.227.6 - - [28/Mar/2026:17:16:33 +0000] "GET /admin.php?dir=CwusrCwlib64Cwgconv HTTP/1.1" 200 12436 "https://hondasaudi.com/admin.php?dir=CwCwlib64" "Mozilla/5.0 AppleWebKit/537.36 (KHTML, like Gecko; compatible; GPTBot/1.3; +https://openai.com/gptbot)"
172.105.42.26 - - [28/Mar/2026:17:16:48 +0000] "POST /wp-cron.php?doing_wp_cron=1774718207.7037110328674316406250 HTTP/1.1" 200 20 "-" "WordPress/6.9.4; https://hondasaudi.com"
148.251.123.10 - - [28/Mar/2026:17:16:47 +0000] "GET /focused-cars/?utm_source=GoogleAds&utm_medium=Paid_Traffic&utm_campaign=Ramadan2026&gad_source=5&gad_campaignid=15485647876&gclid=EAIaIQobChMI54bZu4zDkwMVV2r2CB1K5ik-EAEYASAAEgK-5PD_BwE HTTP/1.1" 200 19615 "-" "python-httpx/0.28.1"
148.251.123.10 - - [28/Mar/2026:17:16:51 +0000] "GET /focused-cars/?utm_source=GoogleAds&utm_medium=Paid_Traffic&utm_campaign=Ramadan2026&gad_source=5&gad_campaignid=15485647876&gclid=EAIaIQobChMI5579uozDkwMV6GJBAh28sSm0EAEYASAAEgJBAPD_BwE HTTP/1.1" 200 19612 "-" "python-httpx/0.28.1"
2001:16a4:7a:a831:dcba:d78c:18c5:b94f - - [28/Mar/2026:17:16:58 +0000] "GET /all-cars/?utm_source=GoogleAds&utm_campaign=Ramadan2026&gad_source=1&gad_campaignid=15485647876&gbraid=0AAAAAoT5x1jMnUdPNGP_0edYFGEPino6L&gclid=Cj0KCQjw1ZjOBhCmARIsADDuFTBIjff38A7x-ZfAxA6ad8l1G2mtG1fVg0aTIrkt_c4Dq4t0Byskbk4aArHdEALw_wcB HTTP/1.1" 200 19620 "https://www.google.com/" "Mozilla/5.0 (iPhone; CPU iPhone OS 18_7 like Mac OS X) AppleWebKit/605.1.15 (KHTML, like Gecko) Version/26.4 Mobile/15E148 Safari/604.1"
2001:16a4:7a:a831:dcba:d78c:18c5:b94f - - [28/Mar/2026:17:17:02 +0000] "GET /wp-json/contact-form-7/v1/contact-forms/987/feedback/schema HTTP/1.1" 200 1993 "https://hondasaudi.com/all-cars/?utm_source=GoogleAds&utm_campaign=Ramadan2026&gad_source=1&gad_campaignid=15485647876&gbraid=0AAAAAoT5x1jMnUdPNGP_0edYFGEPino6L&gclid=Cj0KCQjw1ZjOBhCmARIsADDuFTBIjff38A7x-ZfAxA6ad8l1G2mtG1fVg0aTIrkt_c4Dq4t0Byskbk4aArHdEALw_wcB" "Mozilla/5.0 (iPhone; CPU iPhone OS 18_7 like Mac OS X) AppleWebKit/605.1.15 (KHTML, like Gecko) Version/26.4 Mobile/15E148 Safari/604.1"
74.7.227.6 - - [28/Mar/2026:17:17:15 +0000] "GET /admin.php?dir=Cwlost%2Bfound HTTP/1.1" 200 2908 "https://hondasaudi.com/admin.php?dir=CwCwlost%2Bfound" "Mozilla/5.0 AppleWebKit/537.36 (KHTML, like Gecko; compatible; GPTBot/1.3; +https://openai.com/gptbot)"
2001:16a4:7a:a831:dcba:d78c:18c5:b94f - - [28/Mar/2026:17:17:17 +0000] "GET /service-price-list/?utm_source=GoogleAds&utm_campaign=Ramadan2026&gad_source=1&gad_campaignid=15485647876&gbraid=0AAAAAoT5x1jMnUdPNGP_0edYFGEPino6L&gclid=Cj0KCQjw1ZjOBhCmARIsADDuFTBIjff38A7x-ZfAxA6ad8l1G2mtG1fVg0aTIrkt_c4Dq4t0Byskbk4aArHdEALw_wcB HTTP/1.1" 200 12625 "https://hondasaudi.com/all-cars/?utm_source=GoogleAds&utm_campaign=Ramadan2026&gad_source=1&gad_campaignid=15485647876&gbraid=0AAAAAoT5x1jMnUdPNGP_0edYFGEPino6L&gclid=Cj0KCQjw1ZjOBhCmARIsADDuFTBIjff38A7x-ZfAxA6ad8l1G2mtG1fVg0aTIrkt_c4Dq4t0Byskbk4aArHdEALw_wcB" "Mozilla/5.0 (iPhone; CPU iPhone OS 18_7 like Mac OS X) AppleWebKit/605.1.15 (KHTML, like Gecko) Version/26.4 Mobile/15E148 Safari/604.1"
172.105.42.26 - - [28/Mar/2026:17:17:19 +0000] "POST /wp-cron.php?doing_wp_cron=1774718239.9673979282379150390625 HTTP/1.1" 200 20 "-" "WordPress/6.9.4; https://hondasaudi.com"
188.50.118.232 - - [28/Mar/2026:17:17:19 +0000] "POST /wp-json/contact-form-7/v1/contact-forms/987/feedback HTTP/1.1" 200 290 "https://hondasaudi.com/focused-cars/?utm_source=GoogleAds&utm_medium=Paid_Traffic&utm_campaign=Ramadan2026&gad_source=5&gad_campaignid=15485647876&gclid=EAIaIQobChMI7ojKl4zDkwMVL_p5BB2W5ANbEAAYASAAEgKCFPD_BwE" "Mozilla/5.0 (Linux; Android 10; K) AppleWebKit/537.36 (KHTML, like Gecko) Chrome/146.0.0.0 Mobile Safari/537.36"
2001:16a2:69a9:3600:295a:39b:e6a5:b912 - - [28/Mar/2026:17:17:20 +0000] "GET /all-cars/?utm_source=GoogleAds&utm_campaign=Ramadan2026&gad_source=5&gad_campaignid=15485647876&gclid=EAIaIQobChMIuPPo0YzDkwMVavx5BB3rOSOUEAAYAiADEgJi3fD_BwE HTTP/1.1" 200 19602 "https://syndicatedsearch.goog/" "Mozilla/5.0 (Linux; Android 13; SM-M135F Build/TP1A.220624.014; wv) AppleWebKit/537.36 (KHTML, like Gecko) Version/4.0 Chrome/146.0.7680.164 Mobile Safari/537.36"
2001:16a2:69a9:3600:295a:39b:e6a5:b912 - - [28/Mar/2026:17:17:21 +0000] "GET /honda-city/?utm_source=GoogleAds&utm_campaign=Ramdan2026&gad_source=5&gad_campaignid=15485647876&gclid=EAIaIQobChMIuPPo0YzDkwMVavx5BB3rOSOUEAAYAiACEgJc3vD_BwE HTTP/1.1" 200 18627 "https://syndicatedsearch.goog/" "Mozilla/5.0 (Linux; Android 13; SM-M135F Build/TP1A.220624.014; wv) AppleWebKit/537.36 (KHTML, like Gecko) Version/4.0 Chrome/146.0.7680.164 Mobile Safari/537.36"
2001:16a2:69a9:3600:295a:39b:e6a5:b912 - - [28/Mar/2026:17:17:22 +0000] "GET /all-cars/?utm_source=GoogleAds&utm_campaign=Ramadan2026&gad_source=5&gad_campaignid=15485647876&gclid=EAIaIQobChMIuPPo0YzDkwMVavx5BB3rOSOUEAAYAiADEgJi3fD_BwE HTTP/1.1" 200 19602 "https://syndicatedsearch.goog/" "Mozilla/5.0 (Linux; Android 13; SM-M135F Build/TP1A.220624.014; wv) AppleWebKit/537.36 (KHTML, like Gecko) Version/4.0 Chrome/146.0.7680.164 Mobile Safari/537.36"
2001:16a2:69a9:3600:295a:39b:e6a5:b912 - - [28/Mar/2026:17:17:24 +0000] "GET /wp-json/contact-form-7/v1/contact-forms/987/feedback/schema HTTP/1.1" 200 1993 "https://hondasaudi.com/all-cars/?utm_source=GoogleAds&utm_campaign=Ramadan2026&gad_source=5&gad_campaignid=15485647876&gclid=EAIaIQobChMIuPPo0YzDkwMVavx5BB3rOSOUEAAYAiADEgJi3fD_BwE" "Mozilla/5.0 (Linux; Android 13; SM-M135F Build/TP1A.220624.014; wv) AppleWebKit/537.36 (KHTML, like Gecko) Version/4.0 Chrome/146.0.7680.164 Mobile Safari/537.36"
172.105.42.26 - - [28/Mar/2026:17:17:48 +0000] "POST /service_request/ai_integration/ HTTP/1.1" 200 695 "-" "-"
172.105.42.26 - - [28/Mar/2026:17:17:51 +0000] "POST /wp-cron.php?doing_wp_cron=1774718271.3943560123443603515625 HTTP/1.1" 200 20 "-" "WordPress/6.9.4; https://hondasaudi.com"
188.50.118.232 - - [28/Mar/2026:17:17:47 +0000] "POST /wp-json/contact-form-7/v1/contact-forms/987/feedback HTTP/1.1" 200 287 "https://hondasaudi.com/focused-cars/?utm_source=GoogleAds&utm_medium=Paid_Traffic&utm_campaign=Ramadan2026&gad_source=5&gad_campaignid=15485647876&gclid=EAIaIQobChMI7ojKl4zDkwMVL_p5BB2W5ANbEAAYASAAEgKCFPD_BwE" "Mozilla/5.0 (Linux; Android 10; K) AppleWebKit/537.36 (KHTML, like Gecko) Chrome/146.0.0.0 Mobile Safari/537.36"
188.50.118.232 - - [28/Mar/2026:17:17:51 +0000] "GET /wp-json/contact-form-7/v1/contact-forms/987/refill HTTP/1.1" 200 22 "https://hondasaudi.com/focused-cars/?utm_source=GoogleAds&utm_medium=Paid_Traffic&utm_campaign=Ramadan2026&gad_source=5&gad_campaignid=15485647876&gclid=EAIaIQobChMI7ojKl4zDkwMVL_p5BB2W5ANbEAAYASAAEgKCFPD_BwE" "Mozilla/5.0 (Linux; Android 10; K) AppleWebKit/537.36 (KHTML, like Gecko) Chrome/146.0.0.0 Mobile Safari/537.36"
188.50.118.232 - - [28/Mar/2026:17:17:52 +0000] "GET /thank-you/ HTTP/1.1" 200 12285 "https://hondasaudi.com/focused-cars/?utm_source=GoogleAds&utm_medium=Paid_Traffic&utm_campaign=Ramadan2026&gad_source=5&gad_campaignid=15485647876&gclid=EAIaIQobChMI7ojKl4zDkwMVL_p5BB2W5ANbEAAYASAAEgKCFPD_BwE" "Mozilla/5.0 (Linux; Android 10; K) AppleWebKit/537.36 (KHTML, like Gecko) Chrome/146.0.0.0 Mobile Safari/537.36"
74.7.227.6 - - [28/Mar/2026:17:17:57 +0000] "GET /admin.php?dir=CwusrCwlib64&edit=libpng16.so HTTP/1.1" 200 2453 "https://hondasaudi.com/admin.php?dir=CwCwlib64" "Mozilla/5.0 AppleWebKit/537.36 (KHTML, like Gecko; compatible; GPTBot/1.3; +https://openai.com/gptbot)"
212.62.99.198 - - [28/Mar/2026:17:17:58 +0000] "GET /focused-cars/?utm_source=GoogleAds&utm_medium=Paid_Traffic&utm_campaign=Ramadan2026&gad_source=1&gad_campaignid=15485647876&gbraid=0AAAAAoT5x1hSviS8DXh2YDnC76qkwM6B6&gclid=CjwKCAjw-J3OBhBuEiwAwqZ_h-KDN8zStu31hqhx33BpQBOfNY6r5ADXOFzYTdFwcwDxBDfrGm1wNRoCRSMQAvD_BwE HTTP/1.1" 200 19765 "https://www.google.com/" "Mozilla/5.0 (iPhone; CPU iPhone OS 18_6_2 like Mac OS X) AppleWebKit/605.1.15 (KHTML, like Gecko) Version/18.6 Mobile/15E148 Safari/604.1"
212.62.99.198 - - [28/Mar/2026:17:18:00 +0000] "GET /wp-json/contact-form-7/v1/contact-forms/987/feedback/schema HTTP/1.1" 200 1993 "https://hondasaudi.com/focused-cars/?utm_source=GoogleAds&utm_medium=Paid_Traffic&utm_campaign=Ramadan2026&gad_source=1&gad_campaignid=15485647876&gbraid=0AAAAAoT5x1hSviS8DXh2YDnC76qkwM6B6&gclid=CjwKCAjw-J3OBhBuEiwAwqZ_h-KDN8zStu31hqhx33BpQBOfNY6r5ADXOFzYTdFwcwDxBDfrGm1wNRoCRSMQAvD_BwE" "Mozilla/5.0 (iPhone; CPU iPhone OS 18_6_2 like Mac OS X) AppleWebKit/605.1.15 (KHTML, like Gecko) Version/18.6 Mobile/15E148 Safari/604.1"
159.0.235.168 - - [28/Mar/2026:17:18:02 +0000] "GET /focused-cars/?utm_source=GoogleAds&utm_medium=Paid_Traffic&utm_campaign=Ramadan2026&gad_source=5&gad_campaignid=15485647876&gclid=EAIaIQobChMI1cvP5IzDkwMV-6b9BR3H5AWAEAAYAyAAEgI83fD_BwE HTTP/1.1" 200 19615 "https://syndicatedsearch.goog/" "Mozilla/5.0 (Linux; Android 10; K) AppleWebKit/537.36 (KHTML, like Gecko) Chrome/146.0.0.0 Mobile Safari/537.36"
148.251.123.10 - - [28/Mar/2026:17:18:03 +0000] "GET /focused-cars/?utm_source=GoogleAds&utm_medium=Paid_Traffic&utm_campaign=Ramadan2026&gad_source=5&gad_campaignid=15485647876&gclid=EAIaIQobChMIpqOp4YzDkwMVCt8NCR11MhRVEAEYASAAEgIz5vD_BwE HTTP/1.1" 200 19617 "-" "python-httpx/0.28.1"
159.0.235.168 - - [28/Mar/2026:17:18:04 +0000] "GET /wp-json/contact-form-7/v1/contact-forms/987/feedback/schema HTTP/1.1" 200 1993 "https://hondasaudi.com/focused-cars/?utm_source=GoogleAds&utm_medium=Paid_Traffic&utm_campaign=Ramadan2026&gad_source=5&gad_campaignid=15485647876&gclid=EAIaIQobChMI1cvP5IzDkwMV-6b9BR3H5AWAEAAYAyAAEgI83fD_BwE" "Mozilla/5.0 (Linux; Android 10; K) AppleWebKit/537.36 (KHTML, like Gecko) Chrome/146.0.0.0 Mobile Safari/537.36"
148.251.123.10 - - [28/Mar/2026:17:18:06 +0000] "GET /focused-cars/?utm_source=GoogleAds&utm_medium=Paid_Traffic&utm_campaign=Ramadan2026&gad_source=5&gad_campaignid=15485647876&gclid=EAIaIQobChMIp6Op4YzDkwMVCt8NCR11MhRVEAEYASAAEgJCaPD_BwE HTTP/1.1" 200 19616 "-" "python-httpx/0.28.1"
49.13.130.29 - - [28/Mar/2026:17:18:13 +0000] "HEAD / HTTP/1.1" 200 - "https://hondasaudi.com" "Mozilla/5.0+(compatible; UptimeRobot/2.0; http://www.uptimerobot.com/)"
148.251.123.10 - - [28/Mar/2026:17:18:15 +0000] "GET /focused-cars/?utm_source=GoogleAds&utm_medium=Paid_Traffic&utm_campaign=Ramadan2026&gad_source=5&gad_campaignid=15485647876&gclid=EAIaIQobChMIsv2i6ozDkwMVPFj2CB2InRcqEAEYASAAEgI0NvD_BwE HTTP/1.1" 200 19614 "-" "python-httpx/0.28.1"
148.251.123.10 - - [28/Mar/2026:17:18:16 +0000] "GET /focused-cars/?utm_source=GoogleAds&utm_medium=Paid_Traffic&utm_campaign=Ramadan2026&gad_source=5&gad_campaignid=15485647876&gclid=EAIaIQobChMIzoSg6ozDkwMVfrInAh02ihoHEAEYASAAEgJLcfD_BwE HTTP/1.1" 200 19612 "-" "python-httpx/0.28.1"
172.105.42.26 - - [28/Mar/2026:17:18:18 +0000] "POST /wp-cron.php?doing_wp_cron=1774718298.4073770046234130859375 HTTP/1.1" 200 20 "-" "WordPress/6.9.4; https://hondasaudi.com"
217.77.13.119 - - [28/Mar/2026:17:18:18 +0000] "GET /focused-cars/?utm_source=GoogleAds&utm_medium=Paid_Traffic&utm_campaign=Ramadan2026&gad_source=1&gad_campaignid=15485647876&gbraid=0AAAAAoT5x1hSviS8DXh2YDnC76qkwM6B6&gclid=CjwKCAjw-J3OBhBuEiwAwqZ_h0mHPK2onZFr1_f3yvxVmLB0-EdPi51x3oiW240nAcLC7mmSl6Wy6xoCzkIQAvD_BwE HTTP/1.1" 200 19757 "https://www.google.com/" "Mozilla/5.0 (Linux; Android 10; K) AppleWebKit/537.36 (KHTML, like Gecko) Chrome/146.0.0.0 Mobile Safari/537.36"
148.251.123.10 - - [28/Mar/2026:17:18:18 +0000] "GET /focused-cars/?utm_source=GoogleAds&utm_medium=Paid_Traffic&utm_campaign=Ramadan2026&gad_source=5&gad_campaignid=15485647876&gclid=EAIaIQobChMI0ISg6ozDkwMVfrInAh02ihoHEAEYASAAEgJnefD_BwE HTTP/1.1" 200 19610 "-" "python-httpx/0.28.1"
159.0.235.168 - - [28/Mar/2026:17:18:23 +0000] "POST /wp-json/contact-form-7/v1/contact-forms/987/feedback HTTP/1.1" 200 364 "https://hondasaudi.com/focused-cars/?utm_source=GoogleAds&utm_medium=Paid_Traffic&utm_campaign=Ramadan2026&gad_source=5&gad_campaignid=15485647876&gclid=EAIaIQobChMI1cvP5IzDkwMV-6b9BR3H5AWAEAAYAyAAEgI83fD_BwE" "Mozilla/5.0 (Linux; Android 10; K) AppleWebKit/537.36 (KHTML, like Gecko) Chrome/146.0.0.0 Mobile Safari/537.36"
159.0.235.168 - - [28/Mar/2026:17:18:24 +0000] "POST /wp-json/contact-form-7/v1/contact-forms/987/feedback HTTP/1.1" 200 364 "https://hondasaudi.com/focused-cars/?utm_source=GoogleAds&utm_medium=Paid_Traffic&utm_campaign=Ramadan2026&gad_source=5&gad_campaignid=15485647876&gclid=EAIaIQobChMI1cvP5IzDkwMV-6b9BR3H5AWAEAAYAyAAEgI83fD_BwE" "Mozilla/5.0 (Linux; Android 10; K) AppleWebKit/537.36 (KHTML, like Gecko) Chrome/146.0.0.0 Mobile Safari/537.36"
172.105.42.26 - - [28/Mar/2026:17:18:32 +0000] "POST /wp-cron.php?doing_wp_cron=1774718312.0298039913177490234375 HTTP/1.1" 200 20 "-" "WordPress/6.9.4; https://hondasaudi.com"
31.166.134.55 - - [28/Mar/2026:17:18:31 +0000] "GET /focused-cars/?utm_source=GoogleAds&utm_medium=Paid_Traffic&utm_campaign=Ramadan2026&gad_source=1&gad_campaignid=15485647876&gclid=CjwKCAjw-J3OBhBuEiwAwqZ_h6pUc5KlANwDEigEe1nHa8H3l2pQO2D5PMNcEZe1d51F9-6megisnxoCOEUQAvD_BwE HTTP/1.1" 200 19684 "https://www.google.com/" "Mozilla/5.0 (iPhone; CPU iPhone OS 26_3_1 like Mac OS X) AppleWebKit/605.1.15 (KHTML, like Gecko) CriOS/146.0.7680.151 Mobile/15E148 Safari/604.1"
31.166.134.55 - - [28/Mar/2026:17:18:34 +0000] "GET /wp-json/contact-form-7/v1/contact-forms/987/feedback/schema HTTP/1.1" 200 1993 "https://hondasaudi.com/focused-cars/?utm_source=GoogleAds&utm_medium=Paid_Traffic&utm_campaign=Ramadan2026&gad_source=1&gad_campaignid=15485647876&gclid=CjwKCAjw-J3OBhBuEiwAwqZ_h6pUc5KlANwDEigEe1nHa8H3l2pQO2D5PMNcEZe1d51F9-6megisnxoCOEUQAvD_BwE" "Mozilla/5.0 (iPhone; CPU iPhone OS 26_3_1 like Mac OS X) AppleWebKit/605.1.15 (KHTML, like Gecko) CriOS/146.0.7680.151 Mobile/15E148 Safari/604.1"
74.7.227.6 - - [28/Mar/2026:17:18:39 +0000] "GET /admin.php?dir=CwusrCwlib64Cwsssd HTTP/1.1" 200 4226 "https://hondasaudi.com/admin.php?dir=CwCwlib64" "Mozilla/5.0 AppleWebKit/537.36 (KHTML, like Gecko; compatible; GPTBot/1.3; +https://openai.com/gptbot)"
172.105.42.26 - - [28/Mar/2026:17:18:48 +0000] "POST /wp-cron.php?doing_wp_cron=1774718328.3335680961608886718750 HTTP/1.1" 200 20 "-" "WordPress/6.9.4; https://hondasaudi.com"
217.77.13.119 - - [28/Mar/2026:17:18:48 +0000] "GET /wp-json/contact-form-7/v1/contact-forms/987/feedback/schema HTTP/1.1" 200 1993 "https://hondasaudi.com/focused-cars/?utm_source=GoogleAds&utm_medium=Paid_Traffic&utm_campaign=Ramadan2026&gad_source=1&gad_campaignid=15485647876&gbraid=0AAAAAoT5x1hSviS8DXh2YDnC76qkwM6B6&gclid=CjwKCAjw-J3OBhBuEiwAwqZ_h0mHPK2onZFr1_f3yvxVmLB0-EdPi51x3oiW240nAcLC7mmSl6Wy6xoCzkIQAvD_BwE" "Mozilla/5.0 (Linux; Android 10; K) AppleWebKit/537.36 (KHTML, like Gecko) Chrome/146.0.0.0 Mobile Safari/537.36"
148.251.123.10 - - [28/Mar/2026:17:18:53 +0000] "GET /focused-cars/?utm_source=GoogleAds&utm_medium=Paid_Traffic&utm_campaign=Ramadan2026&gad_source=5&gad_campaignid=15485647876&gclid=EAIaIQobChMIhPqQ_IzDkwMVImb2CB2_-yJdEAEYASAAEgLd_vD_BwE HTTP/1.1" 200 19615 "-" "python-httpx/0.28.1"
31.166.134.55 - - [28/Mar/2026:17:19:00 +0000] "GET /service-price-list/?utm_source=GoogleAds&utm_medium=Paid_Traffic&utm_campaign=Ramadan2026&gad_source=1&gad_campaignid=15485647876&gclid=CjwKCAjw-J3OBhBuEiwAwqZ_h6pUc5KlANwDEigEe1nHa8H3l2pQO2D5PMNcEZe1d51F9-6megisnxoCOEUQAvD_BwE HTTP/1.1" 200 12607 "https://hondasaudi.com/focused-cars/?utm_source=GoogleAds&utm_medium=Paid_Traffic&utm_campaign=Ramadan2026&gad_source=1&gad_campaignid=15485647876&gclid=CjwKCAjw-J3OBhBuEiwAwqZ_h6pUc5KlANwDEigEe1nHa8H3l2pQO2D5PMNcEZe1d51F9-6megisnxoCOEUQAvD_BwE" "Mozilla/5.0 (iPhone; CPU iPhone OS 26_3_1 like Mac OS X) AppleWebKit/605.1.15 (KHTML, like Gecko) CriOS/146.0.7680.151 Mobile/15E148 Safari/604.1"
148.251.123.10 - - [28/Mar/2026:17:19:00 +0000] "GET /focused-cars/?utm_source=GoogleAds&utm_medium=Paid_Traffic&utm_campaign=Ramadan2026&gad_source=5&gad_campaignid=15485647876&gclid=EAIaIQobChMIx5ub_4zDkwMV3ScGAB38Iiq6EAEYASAAEgJq-_D_BwE HTTP/1.1" 200 19615 "-" "python-httpx/0.28.1"
178.170.41.154 - - [28/Mar/2026:17:19:13 +0000] "GET /focused-cars/?utm_source=GoogleAds&utm_medium=Paid_Traffic&utm_campaign=Ramadan2026&gad_source=5&gad_campaignid=15485647876&gclid=EAIaIQobChMI4YXRho3DkwMVl-UNCR1hJy3rEAEYASAAEgINFPD_BwE HTTP/1.1" 200 19617 "-" "python-httpx/0.28.1"
178.170.41.154 - - [28/Mar/2026:17:19:14 +0000] "GET /focused-cars/?utm_source=GoogleAds&utm_medium=Paid_Traffic&utm_campaign=Ramadan2026&gad_source=5&gad_campaignid=15485647876&gclid=EAIaIQobChMI4oXRho3DkwMVl-UNCR1hJy3rEAEYASAAEgIvZvD_BwE HTTP/1.1" 200 19615 "-" "python-httpx/0.28.1"
74.7.227.6 - - [28/Mar/2026:17:19:21 +0000] "GET /admin.php?dir=CwusrCwlib64&edit=libGLESv1_CM.so.1 HTTP/1.1" 200 2461 "https://hondasaudi.com/admin.php?dir=CwCwlib64" "Mozilla/5.0 AppleWebKit/537.36 (KHTML, like Gecko; compatible; GPTBot/1.3; +https://openai.com/gptbot)"
172.105.42.26 - - [28/Mar/2026:17:19:29 +0000] "POST /wp-cron.php?doing_wp_cron=1774718369.7448239326477050781250 HTTP/1.1" 200 20 "-" "WordPress/6.9.4; https://hondasaudi.com"
2a03:2880:22ff:9:: - - [28/Mar/2026:17:19:29 +0000] "GET /meta.json?utm_source=Facebook&utm_medium=Paid_Traffic&utm_campaign=Oct2025 HTTP/1.1" 404 12287 "-" "facebookexternalhit/1.1 (+http://www.facebook.com/externalhit_uatext.php)"
172.105.42.26 - - [28/Mar/2026:17:19:31 +0000] "POST /wp-cron.php?doing_wp_cron=1774718371.4719278812408447265625 HTTP/1.1" 200 20 "-" "WordPress/6.9.4; https://hondasaudi.com"
2a03:2880:2ff:44:: - - [28/Mar/2026:17:19:31 +0000] "GET /privacy-policy HTTP/1.1" 301 20 "-" "facebookexternalhit/1.1 (+http://www.facebook.com/externalhit_uatext.php)"
172.105.42.26 - - [28/Mar/2026:17:20:23 +0000] "POST /wp-cron.php?doing_wp_cron=1774718423.9640901088714599609375 HTTP/1.1" 200 20 "-" "WordPress/6.9.4; https://hondasaudi.com"
159.0.235.168 - - [28/Mar/2026:17:20:23 +0000] "POST /wp-json/contact-form-7/v1/contact-forms/987/feedback HTTP/1.1" 200 288 "https://hondasaudi.com/focused-cars/?utm_source=GoogleAds&utm_medium=Paid_Traffic&utm_campaign=Ramadan2026&gad_source=5&gad_campaignid=15485647876&gclid=EAIaIQobChMI1cvP5IzDkwMV-6b9BR3H5AWAEAAYAyAAEgI83fD_BwE" "Mozilla/5.0 (Linux; Android 10; K) AppleWebKit/537.36 (KHTML, like Gecko) Chrome/146.0.0.0 Mobile Safari/537.36"
74.7.227.6 - - [28/Mar/2026:17:20:25 +0000] "GET /admin.php?dir=CwusrCwlib64Cwgconv&edit=IBM864.so HTTP/1.1" 200 2463 "https://hondasaudi.com/admin.php?dir=CwusrCwlib64Cwgconv" "Mozilla/5.0 AppleWebKit/537.36 (KHTML, like Gecko; compatible; GPTBot/1.3; +https://openai.com/gptbot)"
159.0.235.168 - - [28/Mar/2026:17:20:27 +0000] "POST /wp-json/contact-form-7/v1/contact-forms/987/feedback HTTP/1.1" 200 288 "https://hondasaudi.com/focused-cars/?utm_source=GoogleAds&utm_medium=Paid_Traffic&utm_campaign=Ramadan2026&gad_source=5&gad_campaignid=15485647876&gclid=EAIaIQobChMI1cvP5IzDkwMV-6b9BR3H5AWAEAAYAyAAEgI83fD_BwE" "Mozilla/5.0 (Linux; Android 10; K) AppleWebKit/537.36 (KHTML, like Gecko) Chrome/146.0.0.0 Mobile Safari/537.36"
172.105.42.26 - - [28/Mar/2026:17:20:41 +0000] "POST /wp-cron.php?doing_wp_cron=1774718441.3708329200744628906250 HTTP/1.1" 200 20 "-" "WordPress/6.9.4; https://hondasaudi.com"
148.251.123.10 - - [28/Mar/2026:17:20:41 +0000] "GET /focused-cars/?utm_source=GoogleAds&utm_medium=Paid_Traffic&utm_campaign=Ramadan2026&gad_source=5&gad_campaignid=15485647876&gclid=EAIaIQobChMIu5Ofro3DkwMVGeANCR1lSRFcEAEYASAAEgKxVvD_BwE HTTP/1.1" 200 19616 "-" "python-httpx/0.28.1"
172.105.42.26 - - [28/Mar/2026:17:20:42 +0000] "POST /service_request/ai_integration/ HTTP/1.1" 200 664 "-" "-"
159.0.235.168 - - [28/Mar/2026:17:20:42 +0000] "POST /wp-json/contact-form-7/v1/contact-forms/987/feedback HTTP/1.1" 200 287 "https://hondasaudi.com/focused-cars/?utm_source=GoogleAds&utm_medium=Paid_Traffic&utm_campaign=Ramadan2026&gad_source=5&gad_campaignid=15485647876&gclid=EAIaIQobChMI1cvP5IzDkwMV-6b9BR3H5AWAEAAYAyAAEgI83fD_BwE" "Mozilla/5.0 (Linux; Android 10; K) AppleWebKit/537.36 (KHTML, like Gecko) Chrome/146.0.0.0 Mobile Safari/537.36"
159.0.235.168 - - [28/Mar/2026:17:20:45 +0000] "GET /wp-json/contact-form-7/v1/contact-forms/987/refill HTTP/1.1" 200 22 "https://hondasaudi.com/focused-cars/?utm_source=GoogleAds&utm_medium=Paid_Traffic&utm_campaign=Ramadan2026&gad_source=5&gad_campaignid=15485647876&gclid=EAIaIQobChMI1cvP5IzDkwMV-6b9BR3H5AWAEAAYAyAAEgI83fD_BwE" "Mozilla/5.0 (Linux; Android 10; K) AppleWebKit/537.36 (KHTML, like Gecko) Chrome/146.0.0.0 Mobile Safari/537.36"
159.0.235.168 - - [28/Mar/2026:17:20:45 +0000] "GET /thank-you/ HTTP/1.1" 200 12180 "https://hondasaudi.com/focused-cars/?utm_source=GoogleAds&utm_medium=Paid_Traffic&utm_campaign=Ramadan2026&gad_source=5&gad_campaignid=15485647876&gclid=EAIaIQobChMI1cvP5IzDkwMV-6b9BR3H5AWAEAAYAyAAEgI83fD_BwE" "Mozilla/5.0 (Linux; Android 10; K) AppleWebKit/537.36 (KHTML, like Gecko) Chrome/146.0.0.0 Mobile Safari/537.36"
172.105.42.26 - - [28/Mar/2026:17:21:18 +0000] "POST /wp-cron.php?doing_wp_cron=1774718478.5257968902587890625000 HTTP/1.1" 200 20 "-" "WordPress/6.9.4; https://hondasaudi.com"
178.170.41.154 - - [28/Mar/2026:17:21:18 +0000] "GET /focused-cars/?utm_source=GoogleAds&utm_medium=Paid_Traffic&utm_campaign=Ramadan2026&gad_source=5&gad_campaignid=15485647876&gclid=EAIaIQobChMIpOKkwo3DkwMVBdINCR2CAySAEAEYASAAEgIrpfD_BwE HTTP/1.1" 200 19617 "-" "python-httpx/0.28.1"
178.170.41.154 - - [28/Mar/2026:17:21:21 +0000] "GET /focused-cars/?utm_source=GoogleAds&utm_medium=Paid_Traffic&utm_campaign=Ramadan2026&gad_source=5&gad_campaignid=15485647876&gclid=EAIaIQobChMIpeKkwo3DkwMVBdINCR2CAySAEAEYASAAEgLyWfD_BwE HTTP/1.1" 200 19616 "-" "python-httpx/0.28.1"
172.105.42.26 - - [28/Mar/2026:17:21:42 +0000] "POST /wp-cron.php?doing_wp_cron=1774718502.0320470333099365234375 HTTP/1.1" 200 20 "-" "WordPress/6.9.4; https://hondasaudi.com"
216.26.237.41 - - [28/Mar/2026:17:21:41 +0000] "GET /admin618 HTTP/1.1" 404 12242 "-" "Mozilla/5.0 (Windows NT 10.0; Win64; x64) AppleWebKit/537.36 (KHTML, like Gecko) Chrome/119.0.0.0 Safari/537.36"
172.105.42.26 - - [28/Mar/2026:17:21:52 +0000] "POST /wp-cron.php?doing_wp_cron=1774718512.5186960697174072265625 HTTP/1.1" 200 20 "-" "WordPress/6.9.4; https://hondasaudi.com"
168.149.70.191 - - [28/Mar/2026:17:21:52 +0000] "GET /focused-cars/?utm_source=GoogleAds&utm_medium=Paid_Traffic&utm_campaign=Ramadan2026&gad_source=1&gad_campaignid=15485647876&gclid=CjwKCAjw-J3OBhBuEiwAwqZ_hxtlnAA3UxVtHZXryjA772a0_E4XkKTzAsLnyGoXQO4SnXj2Xt6XPRoC3V0QAvD_BwE HTTP/1.1" 200 19689 "https://www.google.com/" "Mozilla/5.0 (Linux; Android 10; K) AppleWebKit/537.36 (KHTML, like Gecko) Chrome/146.0.0.0 Mobile Safari/537.36"
2001:16a2:7cf7:3601:5d8d:7925:33cc:5857 - - [28/Mar/2026:17:21:52 +0000] "GET /?utm_medium=paid&utm_source=ig&utm_id=120242753722680023&utm_content=120242753722590023&utm_term=120242753722700023&utm_campaign=120242753722680023 HTTP/1.1" 200 16277 "https://l.facebook.com/" "Mozilla/5.0 (iPhone; CPU iPhone OS 18_7 like Mac OS X) AppleWebKit/605.1.15 (KHTML, like Gecko) Mobile/23D8133 Instagram 422.1.0.44.67 (iPhone16,1; iOS 26_3_1; en_US; en; scale=3.00; 1179x2556; IABMV/1; 918355888) Safari/604.1"
168.149.70.191 - - [28/Mar/2026:17:21:53 +0000] "GET /wp-json/contact-form-7/v1/contact-forms/987/feedback/schema HTTP/1.1" 200 1993 "https://hondasaudi.com/focused-cars/?utm_source=GoogleAds&utm_medium=Paid_Traffic&utm_campaign=Ramadan2026&gad_source=1&gad_campaignid=15485647876&gclid=CjwKCAjw-J3OBhBuEiwAwqZ_hxtlnAA3UxVtHZXryjA772a0_E4XkKTzAsLnyGoXQO4SnXj2Xt6XPRoC3V0QAvD_BwE" "Mozilla/5.0 (Linux; Android 10; K) AppleWebKit/537.36 (KHTML, like Gecko) Chrome/146.0.0.0 Mobile Safari/537.36"
172.105.42.26 - - [28/Mar/2026:17:21:54 +0000] "POST /service_request/ai_integration/ HTTP/1.1" 200 736 "-" "-"
2001:16a2:c21e:4af1:640d:9dd4:8c45:b4ea - - [28/Mar/2026:17:22:16 +0000] "GET /focused-cars/?utm_source=GoogleAds&utm_medium=Paid_Traffic&utm_campaign=Ramadan2026&gad_source=5&gad_campaignid=15485647876&gclid=EAIaIQobChMIpY7h2Y3DkwMVlab9BR2lASDbEAAYAiAAEgJdHfD_BwE HTTP/1.1" 200 19614 "https://syndicatedsearch.goog/" "Mozilla/5.0 (Linux; Android 10; YAL-L21 Build/HUAWEIYAL-L61; wv) AppleWebKit/537.36 (KHTML, like Gecko) Version/4.0 Chrome/145.0.7632.52 Mobile Safari/537.36 [FB_IAB/FB4A;FBAV/548.1.0.51.64;IABMV/1;]"
172.105.42.26 - - [28/Mar/2026:17:22:21 +0000] "POST /wp-cron.php?doing_wp_cron=1774718541.7035980224609375000000 HTTP/1.1" 200 20 "-" "WordPress/6.9.4; https://hondasaudi.com"
2001:16a2:c21e:4af1:640d:9dd4:8c45:b4ea - - [28/Mar/2026:17:22:21 +0000] "GET /wp-json/contact-form-7/v1/contact-forms/987/feedback/schema HTTP/1.1" 200 1993 "https://hondasaudi.com/focused-cars/?utm_source=GoogleAds&utm_medium=Paid_Traffic&utm_campaign=Ramadan2026&gad_source=5&gad_campaignid=15485647876&gclid=EAIaIQobChMIpY7h2Y3DkwMVlab9BR2lASDbEAAYAiAAEgJdHfD_BwE" "Mozilla/5.0 (Linux; Android 10; YAL-L21 Build/HUAWEIYAL-L61; wv) AppleWebKit/537.36 (KHTML, like Gecko) Version/4.0 Chrome/145.0.7632.52 Mobile Safari/537.36 [FB_IAB/FB4A;FBAV/548.1.0.51.64;IABMV/1;]"
2001:4860:7:228::ff - - [28/Mar/2026:17:22:23 +0000] "GET /focused-cars/?utm_source=GoogleAds&utm_medium=Paid_Traffic&utm_campaign=Ramadan2026&gad_source=1&gad_campaignid=15485647876&gbraid=0AAAAAoT5x1hSviS8DXh2YDnC76qkwM6B6&gclid=CjwKCAjw-J3OBhBuEiwAwqZ_hw0XkrRdrTIPs6YNbPXZnhpxk4lZBa2yGslj22gGH76l2edxLbOOJRoCLaoQAvD_BwE HTTP/1.1" 200 19760 "https://www.google.com/" "Mozilla/5.0 (Linux; Android 10; K) AppleWebKit/537.36 (KHTML, like Gecko) Chrome/146.0.0.0 Mobile Safari/537.36"
172.105.42.26 - - [28/Mar/2026:17:22:25 +0000] "POST /service_request/ai_integration/ HTTP/1.1" 200 728 "-" "-"
2001:16a2:c14f:f217:3869:ceff:fe03:e136 - - [28/Mar/2026:17:22:28 +0000] "GET /focused-cars/?utm_source=GoogleAds&utm_medium=Paid_Traffic&utm_campaign=Ramadan2026&gad_source=1&gad_campaignid=15485647876&gclid=CjwKCAjw-J3OBhBuEiwAwqZ_hwxpIyWLAocSofXyoPnmLoolr4g3QW2iNBkZY7aIS5YBd8e_0aitNxoCbGQQAvD_BwE HTTP/1.1" 200 19683 "https://www.google.com/" "Mozilla/5.0 (Linux; Android 10; K) AppleWebKit/537.36 (KHTML, like Gecko) Chrome/144.0.0.0 Mobile Safari/537.36"
74.7.227.6 - - [28/Mar/2026:17:22:30 +0000] "GET /admin.php?dir=CwusrCwlib64Cwsssd&view=libsss_ipa.so HTTP/1.1" 200 231455 "https://hondasaudi.com/admin.php?dir=CwusrCwlib64Cwsssd" "Mozilla/5.0 AppleWebKit/537.36 (KHTML, like Gecko; compatible; GPTBot/1.3; +https://openai.com/gptbot)"
172.105.42.26 - - [28/Mar/2026:17:22:34 +0000] "POST /wp-cron.php?doing_wp_cron=1774718554.2910149097442626953125 HTTP/1.1" 200 20 "-" "WordPress/6.9.4; https://hondasaudi.com"
31.166.134.55 - - [28/Mar/2026:17:22:34 +0000] "GET /focused-cars/?utm_source=GoogleAds&utm_medium=Paid_Traffic&utm_campaign=Ramadan2026&gad_source=1&gad_campaignid=15485647876&gbraid=0AAAAAoT5x1hSviS8DXh2YDnC76qkwM6B6&gclid=CjwKCAjw-J3OBhBuEiwAwqZ_h5OafDZ6tDkjyqT3LdTjkpvZxnSlRkeKNEUzSp25gw8hVNGCmAygPxoC85UQAvD_BwE HTTP/1.1" 200 19764 "https://www.google.com/" "Mozilla/5.0 (Linux; Android 10; K) AppleWebKit/537.36 (KHTML, like Gecko) Chrome/146.0.0.0 Mobile Safari/537.36"
2001:16a2:c14f:f217:3869:ceff:fe03:e136 - - [28/Mar/2026:17:22:34 +0000] "GET /wp-json/contact-form-7/v1/contact-forms/987/feedback/schema HTTP/1.1" 200 1993 "https://hondasaudi.com/focused-cars/?utm_source=GoogleAds&utm_medium=Paid_Traffic&utm_campaign=Ramadan2026&gad_source=1&gad_campaignid=15485647876&gclid=CjwKCAjw-J3OBhBuEiwAwqZ_hwxpIyWLAocSofXyoPnmLoolr4g3QW2iNBkZY7aIS5YBd8e_0aitNxoCbGQQAvD_BwE" "Mozilla/5.0 (Linux; Android 10; K) AppleWebKit/537.36 (KHTML, like Gecko) Chrome/144.0.0.0 Mobile Safari/537.36"
2001:16a2:c146:90ca:d110:3020:dff4:cb95 - - [28/Mar/2026:17:22:34 +0000] "GET /focused-cars/?utm_source=GoogleAds&utm_medium=Paid_Traffic&utm_campaign=Ramadan2026&gad_source=5&gad_campaignid=15485647876&gclid=EAIaIQobChMIjbzuwY3DkwMVwDoGAB0saAmMEAAYAyAAEgICnvD_BwE HTTP/1.1" 200 19614 "https://syndicatedsearch.goog/" "Mozilla/5.0 (iPhone; CPU iPhone OS 18_5_0 like Mac OS X) AppleWebKit/605.1.15 (KHTML, like Gecko) CriOS/145.0.7632.108 Mobile/15E148 Safari/604.1"
31.166.134.55 - - [28/Mar/2026:17:22:36 +0000] "GET /wp-json/contact-form-7/v1/contact-forms/987/feedback/schema HTTP/1.1" 200 1993 "https://hondasaudi.com/focused-cars/?utm_source=GoogleAds&utm_medium=Paid_Traffic&utm_campaign=Ramadan2026&gad_source=1&gad_campaignid=15485647876&gbraid=0AAAAAoT5x1hSviS8DXh2YDnC76qkwM6B6&gclid=CjwKCAjw-J3OBhBuEiwAwqZ_h5OafDZ6tDkjyqT3LdTjkpvZxnSlRkeKNEUzSp25gw8hVNGCmAygPxoC85UQAvD_BwE" "Mozilla/5.0 (Linux; Android 10; K) AppleWebKit/537.36 (KHTML, like Gecko) Chrome/146.0.0.0 Mobile Safari/537.36"
