2001:16a2:c39a:85fb:21ed:958:81de:564b - - [28/Mar/2026:17:03:05 +0000] "GET /wp-json/contact-form-7/v1/contact-forms/987/feedback/schema HTTP/1.1" 200 1993 "https://hondasaudi.com/focused-cars/?utm_source=GoogleAds&utm_medium=Paid_Traffic&utm_campaign=Ramadan2026&gad_source=1&gad_campaignid=15485647876&gbraid=0AAAAAoT5x1jMnUdPNGP_0edYFGEPino6L&gclid=EAIaIQobChMIwMepuInDkwMVW7hoCR06OTUNEAAYASAAEgL0SfD_BwE" "Mozilla/5.0 (iPhone; CPU iPhone OS 18_7 like Mac OS X) AppleWebKit/605.1.15 (KHTML, like Gecko) Version/26.3 Mobile/15E148 Safari/604.1"
2001:16a2:c057:449c:10e:150e:98fc:e55f - - [28/Mar/2026:17:03:05 +0000] "GET /focused-cars/?utm_source=GoogleAds&utm_medium=Paid_Traffic&utm_campaign=Ramadan2026&gad_source=5&gad_campaignid=15485647876&gclid=EAIaIQobChMIyrXcuYnDkwMVxkZBAh2YwQE_EAAYASAAEgJmM_D_BwE HTTP/1.1" 200 19616 "https://syndicatedsearch.goog/" "Mozilla/5.0 (iPhone; CPU iPhone OS 16_6_1 like Mac OS X) AppleWebKit/605.1.15 (KHTML, like Gecko) Version/16.6.1 Mobile/15E148 Safari/604.1 musical_ly_44.3.0 JsSdk/2.0 NetType/2G Channel/App Store ByteLocale/ar Region/SA isDarkMode/0 WKWebView/1 RevealType/Dialog performVal/1"
2001:16a2:c057:449c:10e:150e:98fc:e55f - - [28/Mar/2026:17:03:08 +0000] "GET /wp-json/contact-form-7/v1/contact-forms/987/feedback/schema HTTP/1.1" 200 1993 "https://hondasaudi.com/focused-cars/?utm_source=GoogleAds&utm_medium=Paid_Traffic&utm_campaign=Ramadan2026&gad_source=5&gad_campaignid=15485647876&gclid=EAIaIQobChMIyrXcuYnDkwMVxkZBAh2YwQE_EAAYASAAEgJmM_D_BwE" "Mozilla/5.0 (iPhone; CPU iPhone OS 16_6_1 like Mac OS X) AppleWebKit/605.1.15 (KHTML, like Gecko) Version/16.6.1 Mobile/15E148 Safari/604.1 musical_ly_44.3.0 JsSdk/2.0 NetType/2G Channel/App Store ByteLocale/ar Region/SA isDarkMode/0 WKWebView/1 RevealType/Dialog performVal/1"
172.105.42.26 - - [28/Mar/2026:17:03:21 +0000] "POST /wp-cron.php?doing_wp_cron=1774717401.2775421142578125000000 HTTP/1.1" 200 20 "-" "WordPress/6.9.4; https://hondasaudi.com"
51.253.244.112 - - [28/Mar/2026:17:03:21 +0000] "GET /focused-cars/?utm_source=GoogleAds&utm_medium=Paid_Traffic&utm_campaign=Ramadan2026&gad_source=5&gad_campaignid=15485647876 HTTP/1.1" 200 19493 "https://syndicatedsearch.goog/" "Mozilla/5.0 (iPhone; CPU iPhone OS 18_7 like Mac OS X) AppleWebKit/605.1.15 (KHTML, like Gecko) Version/26.3 Mobile/15E148 Safari/604.1"
51.253.244.112 - - [28/Mar/2026:17:03:25 +0000] "GET /wp-json/contact-form-7/v1/contact-forms/987/feedback/schema HTTP/1.1" 200 1993 "https://hondasaudi.com/focused-cars/?utm_source=GoogleAds&utm_medium=Paid_Traffic&utm_campaign=Ramadan2026&gad_source=5&gad_campaignid=15485647876" "Mozilla/5.0 (iPhone; CPU iPhone OS 18_7 like Mac OS X) AppleWebKit/605.1.15 (KHTML, like Gecko) Version/26.3 Mobile/15E148 Safari/604.1"
2a02:cb80:4131:63b9:55c4:ef38:12f5:a2af - - [28/Mar/2026:17:03:27 +0000] "GET /favicon.ico HTTP/1.1" 302 20 "-" "NetworkingExtension/8621.4.1.10.1 Network/4277.140.33.700.1 iOS/18.7.1"
2a02:cb80:4131:63b9:55c4:ef38:12f5:a2af - - [28/Mar/2026:17:03:27 +0000] "GET /apple-touch-icon.png HTTP/1.1" 404 12242 "-" "NetworkingExtension/8621.4.1.10.1 Network/4277.140.33.700.1 iOS/18.7.1"
2a02:cb80:4131:63b9:55c4:ef38:12f5:a2af - - [28/Mar/2026:17:03:27 +0000] "GET /focused-cars/?utm_source=GoogleAds&utm_medium=Paid_Traffic&utm_campaign=Ramadan2026&gad_source=1&gad_campaignid=15485647876&gbraid=0AAAAAoT5x1gfl_oi0jOHPI8HePohgkwMm HTTP/1.1" 200 19565 "-" "Mozilla/5.0 (Macintosh; Intel Mac OS X 10_11_1) AppleWebKit/601.2.4 (KHTML, like Gecko) Version/9.0.1 Safari/601.2.4 facebookexternalhit/1.1 Facebot Twitterbot/1.0"
2a02:cb80:4131:63b9:55c4:ef38:12f5:a2af - - [28/Mar/2026:17:03:28 +0000] "GET /apple-touch-icon-precomposed.png HTTP/1.1" 404 12248 "-" "NetworkingExtension/8621.4.1.10.1 Network/4277.140.33.700.1 iOS/18.7.1"
172.105.42.26 - - [28/Mar/2026:17:03:39 +0000] "POST /wp-cron.php?doing_wp_cron=1774717419.0809979438781738281250 HTTP/1.1" 200 20 "-" "WordPress/6.9.4; https://hondasaudi.com"
2a02:9b0:404b:fa21:f141:2979:3c5b:70a1 - - [28/Mar/2026:17:03:38 +0000] "GET /focused-cars/?utm_source=GoogleAds&utm_medium=Paid_Traffic&utm_campaign=Ramadan2026&gad_source=1&gad_campaignid=15485647876&gclid=CjwKCAjw-J3OBhBuEiwAwqZ_h0OSMd7AIF_dX8fGHmTVVJHIsVdo10KmCQFSe5btXZwQy5WTgRXKExoC6d8QAvD_BwE HTTP/1.1" 200 19691 "https://www.google.com/" "Mozilla/5.0 (iPhone; CPU iPhone OS 26_3_1 like Mac OS X) AppleWebKit/605.1.15 (KHTML, like Gecko) CriOS/146.0.7680.151 Mobile/15E148 Safari/604.1"
172.105.42.26 - - [28/Mar/2026:17:03:58 +0000] "POST /wp-cron.php?doing_wp_cron=1774717437.9978220462799072265625 HTTP/1.1" 200 20 "-" "WordPress/6.9.4; https://hondasaudi.com"
2a02:9b0:402e:5672:e0e7:39c4:41:b949 - - [28/Mar/2026:17:03:57 +0000] "GET /focused-cars/?utm_source=GoogleAds&utm_medium=Paid_Traffic&utm_campaign=Ramadan2026&gad_source=1&gad_campaignid=15485647876&gbraid=0AAAAAoT5x1jMnUdPNGP_0edYFGEPino6L&gclid=EAIaIQobChMI_I6c0onDkwMVLayDBx3f4gBLEAAYASAAEgLth_D_BwE HTTP/1.1" 200 19684 "https://www.google.com/" "Mozilla/5.0 (iPhone; CPU iPhone OS 18_7 like Mac OS X) AppleWebKit/605.1.15 (KHTML, like Gecko) Version/26.4 Mobile/15E148 Safari/604.1"
2a02:9b0:402e:5672:e0e7:39c4:41:b949 - - [28/Mar/2026:17:04:02 +0000] "GET /wp-json/contact-form-7/v1/contact-forms/987/feedback/schema HTTP/1.1" 200 1993 "https://hondasaudi.com/focused-cars/?utm_source=GoogleAds&utm_medium=Paid_Traffic&utm_campaign=Ramadan2026&gad_source=1&gad_campaignid=15485647876&gbraid=0AAAAAoT5x1jMnUdPNGP_0edYFGEPino6L&gclid=EAIaIQobChMI_I6c0onDkwMVLayDBx3f4gBLEAAYASAAEgLth_D_BwE" "Mozilla/5.0 (iPhone; CPU iPhone OS 18_7 like Mac OS X) AppleWebKit/605.1.15 (KHTML, like Gecko) Version/26.4 Mobile/15E148 Safari/604.1"
172.105.42.26 - - [28/Mar/2026:17:04:11 +0000] "POST /service_request/ai_integration/ HTTP/1.1" 200 657 "-" "-"
178.86.7.5 - - [28/Mar/2026:17:04:11 +0000] "POST /wp-json/contact-form-7/v1/contact-forms/987/feedback HTTP/1.1" 200 287 "https://hondasaudi.com/focused-cars/?utm_source=GoogleAds&utm_medium=Paid_Traffic&utm_campaign=Ramadan2026&gad_source=1&gad_campaignid=15485647876&gclid=CjwKCAjw-J3OBhBuEiwAwqZ_h7b9AcUmyzIrTbIOA2sjyB6_hW2fF--vTgpOtHh8SdHbZ3wTwVvp1hoCY44QAvD_BwE" "Mozilla/5.0 (iPhone; CPU iPhone OS 18_7_1 like Mac OS X) AppleWebKit/605.1.15 (KHTML, like Gecko) GSA/391.0.820341064 Mobile/15E148 Safari/604.1"
178.86.7.5 - - [28/Mar/2026:17:04:14 +0000] "GET /wp-json/contact-form-7/v1/contact-forms/987/refill HTTP/1.1" 200 22 "https://hondasaudi.com/focused-cars/?utm_source=GoogleAds&utm_medium=Paid_Traffic&utm_campaign=Ramadan2026&gad_source=1&gad_campaignid=15485647876&gclid=CjwKCAjw-J3OBhBuEiwAwqZ_h7b9AcUmyzIrTbIOA2sjyB6_hW2fF--vTgpOtHh8SdHbZ3wTwVvp1hoCY44QAvD_BwE" "Mozilla/5.0 (iPhone; CPU iPhone OS 18_7_1 like Mac OS X) AppleWebKit/605.1.15 (KHTML, like Gecko) GSA/391.0.820341064 Mobile/15E148 Safari/604.1"
178.86.7.5 - - [28/Mar/2026:17:04:14 +0000] "GET /thank-you/ HTTP/1.1" 200 12285 "https://hondasaudi.com/focused-cars/?utm_source=GoogleAds&utm_medium=Paid_Traffic&utm_campaign=Ramadan2026&gad_source=1&gad_campaignid=15485647876&gclid=CjwKCAjw-J3OBhBuEiwAwqZ_h7b9AcUmyzIrTbIOA2sjyB6_hW2fF--vTgpOtHh8SdHbZ3wTwVvp1hoCY44QAvD_BwE" "Mozilla/5.0 (iPhone; CPU iPhone OS 18_7_1 like Mac OS X) AppleWebKit/605.1.15 (KHTML, like Gecko) GSA/391.0.820341064 Mobile/15E148 Safari/604.1"
74.7.227.6 - - [28/Mar/2026:17:04:20 +0000] "GET /admin.php?dir=CwusrCwlib64&view=ld-2.28.so HTTP/1.1" 200 411960 "https://hondasaudi.com/admin.php?dir=CwCwlib64" "Mozilla/5.0 AppleWebKit/537.36 (KHTML, like Gecko; compatible; GPTBot/1.3; +https://openai.com/gptbot)"
172.105.42.26 - - [28/Mar/2026:17:04:25 +0000] "POST /wp-cron.php?doing_wp_cron=1774717465.0897340774536132812500 HTTP/1.1" 200 20 "-" "WordPress/6.9.4; https://hondasaudi.com"
2001:16a2:c0cb:8091:29eb:9b66:9aaa:d0a4 - - [28/Mar/2026:17:04:24 +0000] "GET /focused-cars/?utm_source=GoogleAds&utm_medium=Paid_Traffic&utm_campaign=Ramadan2026&gad_source=1&gad_campaignid=15485647876&gbraid=0AAAAAoT5x1jMnUdPNGP_0edYFGEPino6L&gclid=EAIaIQobChMIp_2v34nDkwMVDoCDBx3LigBbEAAYASAAEgKPZPD_BwE HTTP/1.1" 200 19687 "https://www.google.com/" "Mozilla/5.0 (iPhone; CPU iPhone OS 18_7 like Mac OS X) AppleWebKit/605.1.15 (KHTML, like Gecko) Version/26.2 Mobile/15E148 Safari/604.1"
2001:16a2:c0cb:8091:29eb:9b66:9aaa:d0a4 - - [28/Mar/2026:17:04:28 +0000] "GET /wp-json/contact-form-7/v1/contact-forms/987/feedback/schema HTTP/1.1" 200 1993 "https://hondasaudi.com/focused-cars/?utm_source=GoogleAds&utm_medium=Paid_Traffic&utm_campaign=Ramadan2026&gad_source=1&gad_campaignid=15485647876&gbraid=0AAAAAoT5x1jMnUdPNGP_0edYFGEPino6L&gclid=EAIaIQobChMIp_2v34nDkwMVDoCDBx3LigBbEAAYASAAEgKPZPD_BwE" "Mozilla/5.0 (iPhone; CPU iPhone OS 18_7 like Mac OS X) AppleWebKit/605.1.15 (KHTML, like Gecko) Version/26.2 Mobile/15E148 Safari/604.1"
172.105.42.26 - - [28/Mar/2026:17:04:34 +0000] "POST /wp-cron.php?doing_wp_cron=1774717474.1173110008239746093750 HTTP/1.1" 200 20 "-" "WordPress/6.9.4; https://hondasaudi.com"
2001:16a2:c0cb:8091:29eb:9b66:9aaa:d0a4 - - [28/Mar/2026:17:04:33 +0000] "GET /?utm_source=GoogleAds&utm_medium=Paid_Traffic&utm_campaign=Ramadan2026&gad_source=1&gad_campaignid=15485647876&gbraid=0AAAAAoT5x1jMnUdPNGP_0edYFGEPino6L&gclid=EAIaIQobChMIp_2v34nDkwMVDoCDBx3LigBbEAAYASAAEgKPZPD_BwE HTTP/1.1" 200 16383 "https://hondasaudi.com/focused-cars/?utm_source=GoogleAds&utm_medium=Paid_Traffic&utm_campaign=Ramadan2026&gad_source=1&gad_campaignid=15485647876&gbraid=0AAAAAoT5x1jMnUdPNGP_0edYFGEPino6L&gclid=EAIaIQobChMIp_2v34nDkwMVDoCDBx3LigBbEAAYASAAEgKPZPD_BwE" "Mozilla/5.0 (iPhone; CPU iPhone OS 18_7 like Mac OS X) AppleWebKit/605.1.15 (KHTML, like Gecko) Version/26.2 Mobile/15E148 Safari/604.1"
172.105.42.26 - - [28/Mar/2026:17:04:56 +0000] "POST /wp-cron.php?doing_wp_cron=1774717496.4612400531768798828125 HTTP/1.1" 200 20 "-" "WordPress/6.9.4; https://hondasaudi.com"
2001:16a2:c0cb:8091:29eb:9b66:9aaa:d0a4 - - [28/Mar/2026:17:05:00 +0000] "GET /honda-pilot/?utm_source=GoogleAds&utm_medium=Paid_Traffic&utm_campaign=Ramadan2026&gad_source=1&gad_campaignid=15485647876&gbraid=0AAAAAoT5x1jMnUdPNGP_0edYFGEPino6L&gclid=EAIaIQobChMIp_2v34nDkwMVDoCDBx3LigBbEAAYASAAEgKPZPD_BwE HTTP/1.1" 200 18757 "https://hondasaudi.com/?utm_source=GoogleAds&utm_medium=Paid_Traffic&utm_campaign=Ramadan2026&gad_source=1&gad_campaignid=15485647876&gbraid=0AAAAAoT5x1jMnUdPNGP_0edYFGEPino6L&gclid=EAIaIQobChMIp_2v34nDkwMVDoCDBx3LigBbEAAYASAAEgKPZPD_BwE" "Mozilla/5.0 (iPhone; CPU iPhone OS 18_7 like Mac OS X) AppleWebKit/605.1.15 (KHTML, like Gecko) Version/26.2 Mobile/15E148 Safari/604.1"
2001:16a2:c0cb:8091:29eb:9b66:9aaa:d0a4 - - [28/Mar/2026:17:05:00 +0000] "GET /wp-json/contact-form-7/v1/contact-forms/357589/feedback/schema HTTP/1.1" 200 1816 "https://hondasaudi.com/honda-pilot/?utm_source=GoogleAds&utm_medium=Paid_Traffic&utm_campaign=Ramadan2026&gad_source=1&gad_campaignid=15485647876&gbraid=0AAAAAoT5x1jMnUdPNGP_0edYFGEPino6L&gclid=EAIaIQobChMIp_2v34nDkwMVDoCDBx3LigBbEAAYASAAEgKPZPD_BwE" "Mozilla/5.0 (iPhone; CPU iPhone OS 18_7 like Mac OS X) AppleWebKit/605.1.15 (KHTML, like Gecko) Version/26.2 Mobile/15E148 Safari/604.1"
2a02:cb80:403b:4681:d42b:203f:4477:3519 - - [28/Mar/2026:17:05:04 +0000] "GET /favicon.ico HTTP/1.1" 302 20 "-" "NetworkingExtension/8621.5.1.10.7 Network/4277.140.33.700.1 iOS/18.7.2"
2a02:cb80:403b:4681:d42b:203f:4477:3519 - - [28/Mar/2026:17:05:04 +0000] "GET /thank-you/?your-email=mohamedelsaid056@gmail.com HTTP/1.1" 200 12311 "-" "Mozilla/5.0 (Macintosh; Intel Mac OS X 10_11_1) AppleWebKit/601.2.4 (KHTML, like Gecko) Version/9.0.1 Safari/601.2.4 facebookexternalhit/1.1 Facebot Twitterbot/1.0"
2a02:cb80:403b:4681:d42b:203f:4477:3519 - - [28/Mar/2026:17:05:04 +0000] "GET /apple-touch-icon-precomposed.png HTTP/1.1" 404 12249 "-" "NetworkingExtension/8621.5.1.10.7 Network/4277.140.33.700.1 iOS/18.7.2"
2a02:cb80:403b:4681:d42b:203f:4477:3519 - - [28/Mar/2026:17:05:04 +0000] "GET /apple-touch-icon.png HTTP/1.1" 404 12243 "-" "NetworkingExtension/8621.5.1.10.7 Network/4277.140.33.700.1 iOS/18.7.2"
2a02:cb80:401b:ebbd:5ceb:da49:820c:d193 - - [28/Mar/2026:17:05:05 +0000] "GET /focused-cars/?utm_source=GoogleAds&utm_medium=Paid_Traffic&utm_campaign=Ramadan2026&gad_source=1&gad_campaignid=15485647876&gbraid=0AAAAAoT5x1h0S5bf1YsbkuNltyDkd1Ujy&gclid=Cj0KCQiAwYrNBhDcARIsAGo3u32YZpizXl30LJV3WOGDaN1CFsyAD9HDISPzpdjBEgJnjpEM6a6KLREaArDNEALw_wcB HTTP/1.1" 200 19762 "-" "Mozilla/5.0 (iPhone; CPU iPhone OS 18_7 like Mac OS X) AppleWebKit/605.1.15 (KHTML, like Gecko) Version/26.4 Mobile/15E148 Safari/604.1"
2a02:cb80:401b:ebbd:5ceb:da49:820c:d193 - - [28/Mar/2026:17:05:07 +0000] "GET /focused-cars/?utm_source=GoogleAds&utm_medium=Paid_Traffic&utm_campaign=Ramadan2026&gad_source=1&gad_campaignid=15485647876&gbraid=0AAAAAoT5x1h0S5bf1YsbkuNltyDkd1Ujy&gclid=Cj0KCQiAwYrNBhDcARIsAGo3u32YZpizXl30LJV3WOGDaN1CFsyAD9HDISPzpdjBEgJnjpEM6a6KLREaArDNEALw_wcB HTTP/1.1" 200 19764 "-" "Mozilla/5.0 (iPhone; CPU iPhone OS 18_7 like Mac OS X) AppleWebKit/605.1.15 (KHTML, like Gecko) Version/26.4 Mobile/15E148 Safari/604.1"
2001:16a2:c0cb:8091:29eb:9b66:9aaa:d0a4 - - [28/Mar/2026:17:05:15 +0000] "GET /honda-pilot/?utm_source=GoogleAds&utm_medium=Paid_Traffic&utm_campaign=Ramadan2026&gad_source=1&gad_campaignid=15485647876&gbraid=0AAAAAoT5x1jMnUdPNGP_0edYFGEPino6L&gclid=EAIaIQobChMIp_2v34nDkwMVDoCDBx3LigBbEAAYASAAEgKPZPD_BwE HTTP/1.1" 200 18758 "https://hondasaudi.com/?utm_source=GoogleAds&utm_medium=Paid_Traffic&utm_campaign=Ramadan2026&gad_source=1&gad_campaignid=15485647876&gbraid=0AAAAAoT5x1jMnUdPNGP_0edYFGEPino6L&gclid=EAIaIQobChMIp_2v34nDkwMVDoCDBx3LigBbEAAYASAAEgKPZPD_BwE" "Mozilla/5.0 (iPhone; CPU iPhone OS 18_7 like Mac OS X) AppleWebKit/605.1.15 (KHTML, like Gecko) Version/26.2 Mobile/15E148 Safari/604.1"
2001:16a2:c0cb:8091:29eb:9b66:9aaa:d0a4 - - [28/Mar/2026:17:05:17 +0000] "GET /wp-json/contact-form-7/v1/contact-forms/357589/feedback/schema HTTP/1.1" 200 1816 "https://hondasaudi.com/honda-pilot/?utm_source=GoogleAds&utm_medium=Paid_Traffic&utm_campaign=Ramadan2026&gad_source=1&gad_campaignid=15485647876&gbraid=0AAAAAoT5x1jMnUdPNGP_0edYFGEPino6L&gclid=EAIaIQobChMIp_2v34nDkwMVDoCDBx3LigBbEAAYASAAEgKPZPD_BwE" "Mozilla/5.0 (iPhone; CPU iPhone OS 18_7 like Mac OS X) AppleWebKit/605.1.15 (KHTML, like Gecko) Version/26.2 Mobile/15E148 Safari/604.1"
172.105.42.26 - - [28/Mar/2026:17:05:18 +0000] "POST /wp-cron.php?doing_wp_cron=1774717518.0083940029144287109375 HTTP/1.1" 200 20 "-" "WordPress/6.9.4; https://hondasaudi.com"
2001:16a2:c39a:85fb:21ed:958:81de:564b - - [28/Mar/2026:17:05:17 +0000] "GET /focused-cars/?utm_source=GoogleAds&utm_medium=Paid_Traffic&utm_campaign=Ramadan2026&gad_source=1&gad_campaignid=15485647876&gbraid=0AAAAAoT5x1jMnUdPNGP_0edYFGEPino6L&gclid=EAIaIQobChMIvcGi94nDkwMVXqn9BR0tywziEAAYASAAEgKsI_D_BwE HTTP/1.1" 200 19690 "https://www.google.com/" "Mozilla/5.0 (iPhone; CPU iPhone OS 18_7 like Mac OS X) AppleWebKit/605.1.15 (KHTML, like Gecko) Version/26.3 Mobile/15E148 Safari/604.1"
2001:16a2:c39a:85fb:21ed:958:81de:564b - - [28/Mar/2026:17:05:20 +0000] "GET /wp-json/contact-form-7/v1/contact-forms/987/feedback/schema HTTP/1.1" 200 1993 "https://hondasaudi.com/focused-cars/?utm_source=GoogleAds&utm_medium=Paid_Traffic&utm_campaign=Ramadan2026&gad_source=1&gad_campaignid=15485647876&gbraid=0AAAAAoT5x1jMnUdPNGP_0edYFGEPino6L&gclid=EAIaIQobChMIvcGi94nDkwMVXqn9BR0tywziEAAYASAAEgKsI_D_BwE" "Mozilla/5.0 (iPhone; CPU iPhone OS 18_7 like Mac OS X) AppleWebKit/605.1.15 (KHTML, like Gecko) Version/26.3 Mobile/15E148 Safari/604.1"
2001:16a2:c0cb:8091:29eb:9b66:9aaa:d0a4 - - [28/Mar/2026:17:05:23 +0000] "GET /?utm_source=GoogleAds&utm_medium=Paid_Traffic&utm_campaign=Ramadan2026&gad_source=1&gad_campaignid=15485647876&gbraid=0AAAAAoT5x1jMnUdPNGP_0edYFGEPino6L&gclid=EAIaIQobChMIp_2v34nDkwMVDoCDBx3LigBbEAAYASAAEgKPZPD_BwE HTTP/1.1" 200 16262 "https://hondasaudi.com/honda-pilot/?utm_source=GoogleAds&utm_medium=Paid_Traffic&utm_campaign=Ramadan2026&gad_source=1&gad_campaignid=15485647876&gbraid=0AAAAAoT5x1jMnUdPNGP_0edYFGEPino6L&gclid=EAIaIQobChMIp_2v34nDkwMVDoCDBx3LigBbEAAYASAAEgKPZPD_BwE" "Mozilla/5.0 (iPhone; CPU iPhone OS 18_7 like Mac OS X) AppleWebKit/605.1.15 (KHTML, like Gecko) Version/26.2 Mobile/15E148 Safari/604.1"
2001:16a2:c0cb:8091:29eb:9b66:9aaa:d0a4 - - [28/Mar/2026:17:05:26 +0000] "GET /?utm_source=GoogleAds&utm_medium=Paid_Traffic&utm_campaign=Ramadan2026&gad_source=1&gad_campaignid=15485647876&gbraid=0AAAAAoT5x1jMnUdPNGP_0edYFGEPino6L&gclid=EAIaIQobChMIp_2v34nDkwMVDoCDBx3LigBbEAAYASAAEgKPZPD_BwE HTTP/1.1" 200 16262 "https://hondasaudi.com/?utm_source=GoogleAds&utm_medium=Paid_Traffic&utm_campaign=Ramadan2026&gad_source=1&gad_campaignid=15485647876&gbraid=0AAAAAoT5x1jMnUdPNGP_0edYFGEPino6L&gclid=EAIaIQobChMIp_2v34nDkwMVDoCDBx3LigBbEAAYASAAEgKPZPD_BwE" "Mozilla/5.0 (iPhone; CPU iPhone OS 18_7 like Mac OS X) AppleWebKit/605.1.15 (KHTML, like Gecko) Version/26.2 Mobile/15E148 Safari/604.1"
2001:16a2:c0cb:8091:29eb:9b66:9aaa:d0a4 - - [28/Mar/2026:17:05:29 +0000] "GET /service-price-list/?utm_source=GoogleAds&utm_medium=Paid_Traffic&utm_campaign=Ramadan2026&gad_source=1&gad_campaignid=15485647876&gbraid=0AAAAAoT5x1jMnUdPNGP_0edYFGEPino6L&gclid=EAIaIQobChMIp_2v34nDkwMVDoCDBx3LigBbEAAYASAAEgKPZPD_BwE HTTP/1.1" 200 12610 "https://hondasaudi.com/?utm_source=GoogleAds&utm_medium=Paid_Traffic&utm_campaign=Ramadan2026&gad_source=1&gad_campaignid=15485647876&gbraid=0AAAAAoT5x1jMnUdPNGP_0edYFGEPino6L&gclid=EAIaIQobChMIp_2v34nDkwMVDoCDBx3LigBbEAAYASAAEgKPZPD_BwE" "Mozilla/5.0 (iPhone; CPU iPhone OS 18_7 like Mac OS X) AppleWebKit/605.1.15 (KHTML, like Gecko) Version/26.2 Mobile/15E148 Safari/604.1"
172.105.42.26 - - [28/Mar/2026:17:05:38 +0000] "POST /wp-cron.php?doing_wp_cron=1774717538.5924708843231201171875 HTTP/1.1" 200 20 "-" "WordPress/6.9.4; https://hondasaudi.com"
2001:16a2:c39a:85fb:21ed:958:81de:564b - - [28/Mar/2026:17:05:38 +0000] "GET /focused-cars/?utm_source=GoogleAds&utm_medium=Paid_Traffic&utm_campaign=Ramadan2026&gad_source=1&gad_campaignid=15485647876&gbraid=0AAAAAoT5x1jMnUdPNGP_0edYFGEPino6L&gclid=EAIaIQobChMIvcGi94nDkwMVXqn9BR0tywziEAAYASAAEgKsI_D_BwE HTTP/1.1" 200 19687 "https://www.google.com/" "Mozilla/5.0 (iPhone; CPU iPhone OS 18_7 like Mac OS X) AppleWebKit/605.1.15 (KHTML, like Gecko) Version/26.3 Mobile/15E148 Safari/604.1"
2a02:9b0:4193:c95e:29ee:4b72:f8cb:a774 - - [28/Mar/2026:17:05:39 +0000] "GET /focused-cars/?utm_source=GoogleAds&utm_medium=Paid_Traffic&utm_campaign=Ramadan2026&gad_source=1&gad_campaignid=15485647876&gbraid=0AAAAAoT5x1jMnUdPNGP_0edYFGEPino6L&gclid=CjwKCAjw-J3OBhBuEiwAwqZ_hz0RDaaf8IxXE73p0TH-aGiE7QRr-V-O8u8haE_CFTMt_qKHKZRoYRoCLpYQAvD_BwE HTTP/1.1" 200 19761 "https://www.google.com/" "Mozilla/5.0 (iPhone; CPU iPhone OS 18_3_1 like Mac OS X) AppleWebKit/605.1.15 (KHTML, like Gecko) Version/18.3 Mobile/15E148 Safari/604.1"
2001:16a2:c39a:85fb:21ed:958:81de:564b - - [28/Mar/2026:17:05:40 +0000] "GET /wp-json/contact-form-7/v1/contact-forms/987/feedback/schema HTTP/1.1" 200 1993 "https://hondasaudi.com/focused-cars/?utm_source=GoogleAds&utm_medium=Paid_Traffic&utm_campaign=Ramadan2026&gad_source=1&gad_campaignid=15485647876&gbraid=0AAAAAoT5x1jMnUdPNGP_0edYFGEPino6L&gclid=EAIaIQobChMIvcGi94nDkwMVXqn9BR0tywziEAAYASAAEgKsI_D_BwE" "Mozilla/5.0 (iPhone; CPU iPhone OS 18_7 like Mac OS X) AppleWebKit/605.1.15 (KHTML, like Gecko) Version/26.3 Mobile/15E148 Safari/604.1"
74.7.227.6 - - [28/Mar/2026:17:05:43 +0000] "GET /admin.php?dir=CwusrCwlib64&edit=libe2p.so.2 HTTP/1.1" 200 2454 "https://hondasaudi.com/admin.php?dir=CwCwlib64" "Mozilla/5.0 AppleWebKit/537.36 (KHTML, like Gecko; compatible; GPTBot/1.3; +https://openai.com/gptbot)"
2001:16a2:c39a:85fb:21ed:958:81de:564b - - [28/Mar/2026:17:05:45 +0000] "GET /service-price-list/?utm_source=GoogleAds&utm_medium=Paid_Traffic&utm_campaign=Ramadan2026&gad_source=1&gad_campaignid=15485647876&gbraid=0AAAAAoT5x1jMnUdPNGP_0edYFGEPino6L&gclid=EAIaIQobChMIvcGi94nDkwMVXqn9BR0tywziEAAYASAAEgKsI_D_BwE HTTP/1.1" 200 12732 "https://hondasaudi.com/focused-cars/?utm_source=GoogleAds&utm_medium=Paid_Traffic&utm_campaign=Ramadan2026&gad_source=1&gad_campaignid=15485647876&gbraid=0AAAAAoT5x1jMnUdPNGP_0edYFGEPino6L&gclid=EAIaIQobChMIvcGi94nDkwMVXqn9BR0tywziEAAYASAAEgKsI_D_BwE" "Mozilla/5.0 (iPhone; CPU iPhone OS 18_7 like Mac OS X) AppleWebKit/605.1.15 (KHTML, like Gecko) Version/26.3 Mobile/15E148 Safari/604.1"
2a02:9b0:4193:c95e:29ee:4b72:f8cb:a774 - - [28/Mar/2026:17:05:46 +0000] "GET /wp-json/contact-form-7/v1/contact-forms/987/feedback/schema HTTP/1.1" 200 1993 "https://hondasaudi.com/focused-cars/?utm_source=GoogleAds&utm_medium=Paid_Traffic&utm_campaign=Ramadan2026&gad_source=1&gad_campaignid=15485647876&gbraid=0AAAAAoT5x1jMnUdPNGP_0edYFGEPino6L&gclid=CjwKCAjw-J3OBhBuEiwAwqZ_hz0RDaaf8IxXE73p0TH-aGiE7QRr-V-O8u8haE_CFTMt_qKHKZRoYRoCLpYQAvD_BwE" "Mozilla/5.0 (iPhone; CPU iPhone OS 18_3_1 like Mac OS X) AppleWebKit/605.1.15 (KHTML, like Gecko) Version/18.3 Mobile/15E148 Safari/604.1"
172.105.42.26 - - [28/Mar/2026:17:05:57 +0000] "POST /wp-cron.php?doing_wp_cron=1774717557.1991689205169677734375 HTTP/1.1" 200 20 "-" "WordPress/6.9.4; https://hondasaudi.com"
2001:16a2:c0cb:8091:29eb:9b66:9aaa:d0a4 - - [28/Mar/2026:17:05:56 +0000] "GET / HTTP/1.1" 200 16090 "-" "Mozilla/5.0 (iPhone; CPU iPhone OS 18_7 like Mac OS X) AppleWebKit/605.1.15 (KHTML, like Gecko) Version/26.2 Mobile/15E148 Safari/604.1"
2001:16a2:c0cb:8091:29eb:9b66:9aaa:d0a4 - - [28/Mar/2026:17:06:02 +0000] "GET / HTTP/1.1" 200 16090 "-" "Mozilla/5.0 (iPhone; CPU iPhone OS 18_7 like Mac OS X) AppleWebKit/605.1.15 (KHTML, like Gecko) Version/26.2 Mobile/15E148 Safari/604.1"
74.7.227.6 - - [28/Mar/2026:17:06:05 +0000] "GET /admin.php?dir=CwusrCwlib64&edit=libb2.so.1 HTTP/1.1" 200 2453 "https://hondasaudi.com/admin.php?dir=CwCwlib64" "Mozilla/5.0 AppleWebKit/537.36 (KHTML, like Gecko; compatible; GPTBot/1.3; +https://openai.com/gptbot)"
2001:16a2:c0cb:8091:29eb:9b66:9aaa:d0a4 - - [28/Mar/2026:17:06:15 +0000] "GET /honda-pilot/ HTTP/1.1" 200 18291 "https://hondasaudi.com/" "Mozilla/5.0 (iPhone; CPU iPhone OS 18_7 like Mac OS X) AppleWebKit/605.1.15 (KHTML, like Gecko) Version/26.2 Mobile/15E148 Safari/604.1"
2001:16a2:c0cb:8091:29eb:9b66:9aaa:d0a4 - - [28/Mar/2026:17:06:16 +0000] "GET /wp-json/contact-form-7/v1/contact-forms/357589/feedback/schema HTTP/1.1" 200 1816 "https://hondasaudi.com/honda-pilot/" "Mozilla/5.0 (iPhone; CPU iPhone OS 18_7 like Mac OS X) AppleWebKit/605.1.15 (KHTML, like Gecko) Version/26.2 Mobile/15E148 Safari/604.1"
172.105.42.26 - - [28/Mar/2026:17:06:22 +0000] "POST /wp-cron.php?doing_wp_cron=1774717582.3413529396057128906250 HTTP/1.1" 200 20 "-" "WordPress/6.9.4; https://hondasaudi.com"
148.251.123.10 - - [28/Mar/2026:17:06:22 +0000] "GET /focused-cars/?utm_source=GoogleAds&utm_medium=Paid_Traffic&utm_campaign=Ramadan2026&gad_source=5&gad_campaignid=15485647876&gclid=EAIaIQobChMIxsGrlorDkwMVPWYdCR0GhgGtEAEYASAAEgL2nvD_BwE HTTP/1.1" 200 19615 "-" "python-httpx/0.28.1"
148.251.123.10 - - [28/Mar/2026:17:06:23 +0000] "GET /focused-cars/?utm_source=GoogleAds&utm_medium=Paid_Traffic&utm_campaign=Ramadan2026&gad_source=5&gad_campaignid=15485647876&gclid=EAIaIQobChMIx8GrlorDkwMVPWYdCR0GhgGtEAEYASAAEgIKNfD_BwE HTTP/1.1" 200 19615 "-" "python-httpx/0.28.1"
2001:16a2:c0cb:8091:29eb:9b66:9aaa:d0a4 - - [28/Mar/2026:17:06:24 +0000] "GET / HTTP/1.1" 200 16089 "-" "Mozilla/5.0 (iPhone; CPU iPhone OS 18_7 like Mac OS X) AppleWebKit/605.1.15 (KHTML, like Gecko) Version/26.2 Mobile/15E148 Safari/604.1"
2a02:9b0:14:5ae:4d93:8594:684a:bad5 - - [28/Mar/2026:17:06:25 +0000] "GET /focused-cars/?utm_source=GoogleAds&utm_medium=Paid_Traffic&utm_campaign=Ramadan2026&gad_source=1&gad_campaignid=15485647876&gbraid=0AAAAAoT5x1jMnUdPNGP_0edYFGEPino6L&gclid=CjwKCAjw-J3OBhBuEiwAwqZ_h-F-85Wa4uQoqrgt0qkuXgHvD428c4eHsLOC5Uj-o9M6q9JilQlKfhoCoQsQAvD_BwE HTTP/1.1" 200 19759 "https://www.google.com/" "Mozilla/5.0 (iPhone; CPU iPhone OS 18_7 like Mac OS X) AppleWebKit/605.1.15 (KHTML, like Gecko) Version/26.3 Mobile/15E148 Safari/604.1"
2a02:9b0:14:5ae:4d93:8594:684a:bad5 - - [28/Mar/2026:17:06:28 +0000] "GET /wp-json/contact-form-7/v1/contact-forms/987/feedback/schema HTTP/1.1" 200 1993 "https://hondasaudi.com/focused-cars/?utm_source=GoogleAds&utm_medium=Paid_Traffic&utm_campaign=Ramadan2026&gad_source=1&gad_campaignid=15485647876&gbraid=0AAAAAoT5x1jMnUdPNGP_0edYFGEPino6L&gclid=CjwKCAjw-J3OBhBuEiwAwqZ_h-F-85Wa4uQoqrgt0qkuXgHvD428c4eHsLOC5Uj-o9M6q9JilQlKfhoCoQsQAvD_BwE" "Mozilla/5.0 (iPhone; CPU iPhone OS 18_7 like Mac OS X) AppleWebKit/605.1.15 (KHTML, like Gecko) Version/26.3 Mobile/15E148 Safari/604.1"
172.105.42.26 - - [28/Mar/2026:17:06:32 +0000] "POST /service_request/ai_integration/ HTTP/1.1" 200 690 "-" "-"
172.105.42.26 - - [28/Mar/2026:17:06:35 +0000] "POST /wp-cron.php?doing_wp_cron=1774717595.2979640960693359375000 HTTP/1.1" 200 20 "-" "WordPress/6.9.4; https://hondasaudi.com"
2001:16a2:c057:449c:10e:150e:98fc:e55f - - [28/Mar/2026:17:06:32 +0000] "POST /wp-json/contact-form-7/v1/contact-forms/987/feedback HTTP/1.1" 200 288 "https://hondasaudi.com/focused-cars/?utm_source=GoogleAds&utm_medium=Paid_Traffic&utm_campaign=Ramadan2026&gad_source=5&gad_campaignid=15485647876&gclid=EAIaIQobChMIyrXcuYnDkwMVxkZBAh2YwQE_EAAYASAAEgJmM_D_BwE" "Mozilla/5.0 (iPhone; CPU iPhone OS 16_6_1 like Mac OS X) AppleWebKit/605.1.15 (KHTML, like Gecko) Version/16.6.1 Mobile/15E148 Safari/604.1 musical_ly_44.3.0 JsSdk/2.0 NetType/2G Channel/App Store ByteLocale/ar Region/SA isDarkMode/0 WKWebView/1 RevealType/Dialog performVal/1"
2001:16a2:c057:449c:10e:150e:98fc:e55f - - [28/Mar/2026:17:06:35 +0000] "GET /wp-json/contact-form-7/v1/contact-forms/987/refill HTTP/1.1" 200 22 "https://hondasaudi.com/focused-cars/?utm_source=GoogleAds&utm_medium=Paid_Traffic&utm_campaign=Ramadan2026&gad_source=5&gad_campaignid=15485647876&gclid=EAIaIQobChMIyrXcuYnDkwMVxkZBAh2YwQE_EAAYASAAEgJmM_D_BwE" "Mozilla/5.0 (iPhone; CPU iPhone OS 16_6_1 like Mac OS X) AppleWebKit/605.1.15 (KHTML, like Gecko) Version/16.6.1 Mobile/15E148 Safari/604.1 musical_ly_44.3.0 JsSdk/2.0 NetType/2G Channel/App Store ByteLocale/ar Region/SA isDarkMode/0 WKWebView/1 RevealType/Dialog performVal/1"
2001:16a2:c057:449c:10e:150e:98fc:e55f - - [28/Mar/2026:17:06:35 +0000] "GET /thank-you/ HTTP/1.1" 200 12285 "https://hondasaudi.com/focused-cars/?utm_source=GoogleAds&utm_medium=Paid_Traffic&utm_campaign=Ramadan2026&gad_source=5&gad_campaignid=15485647876&gclid=EAIaIQobChMIyrXcuYnDkwMVxkZBAh2YwQE_EAAYASAAEgJmM_D_BwE" "Mozilla/5.0 (iPhone; CPU iPhone OS 16_6_1 like Mac OS X) AppleWebKit/605.1.15 (KHTML, like Gecko) Version/16.6.1 Mobile/15E148 Safari/604.1 musical_ly_44.3.0 JsSdk/2.0 NetType/2G Channel/App Store ByteLocale/ar Region/SA isDarkMode/0 WKWebView/1 RevealType/Dialog performVal/1"
74.7.227.6 - - [28/Mar/2026:17:06:48 +0000] "GET /admin.php?dir=CwusrCwlib64&edit=libX11.so.6 HTTP/1.1" 200 2454 "https://hondasaudi.com/admin.php?dir=CwCwlib64" "Mozilla/5.0 AppleWebKit/537.36 (KHTML, like Gecko; compatible; GPTBot/1.3; +https://openai.com/gptbot)"
172.105.42.26 - - [28/Mar/2026:17:06:52 +0000] "POST /wp-cron.php?doing_wp_cron=1774717612.3854050636291503906250 HTTP/1.1" 200 20 "-" "WordPress/6.9.4; https://hondasaudi.com"
148.251.123.10 - - [28/Mar/2026:17:06:52 +0000] "GET /focused-cars/?utm_source=GoogleAds&utm_medium=Paid_Traffic&utm_campaign=Ramadan2026&gad_source=5&gad_campaignid=15485647876&gclid=EAIaIQobChMIrIKNpIrDkwMV0GAdCR2bmDi0EAEYASAAEgIdofD_BwE HTTP/1.1" 200 19614 "-" "python-httpx/0.28.1"
172.105.42.26 - - [28/Mar/2026:17:07:20 +0000] "POST /wp-cron.php?doing_wp_cron=1774717640.0253438949584960937500 HTTP/1.1" 200 20 "-" "WordPress/6.9.4; https://hondasaudi.com"
2001:16a2:714f:c100:90e8:fc75:941e:f9b1 - - [28/Mar/2026:17:07:19 +0000] "GET /focused-cars/?utm_source=GoogleAds&utm_medium=Paid_Traffic&utm_campaign=Ramadan2026&gad_source=5&gad_campaignid=15485647876&gclid=EAIaIQobChMInLnNr4rDkwMVp1xBAh1JrCvoEAAYASAAEgKZ7PD_BwE HTTP/1.1" 200 19614 "https://syndicatedsearch.goog/" "Mozilla/5.0 (Linux; Android 13; NTN-L22 Build/HONORNTN-L22CQ; wv) AppleWebKit/537.36 (KHTML, like Gecko) Version/4.0 Chrome/146.0.7680.141 Mobile Safari/537.36 [FB_IAB/FB4A;FBAV/552.1.0.45.68;IABMV/1;]"
2001:16a2:714f:c100:90e8:fc75:941e:f9b1 - - [28/Mar/2026:17:07:24 +0000] "GET /wp-json/contact-form-7/v1/contact-forms/987/feedback/schema HTTP/1.1" 200 1993 "https://hondasaudi.com/focused-cars/?utm_source=GoogleAds&utm_medium=Paid_Traffic&utm_campaign=Ramadan2026&gad_source=5&gad_campaignid=15485647876&gclid=EAIaIQobChMInLnNr4rDkwMVp1xBAh1JrCvoEAAYASAAEgKZ7PD_BwE" "Mozilla/5.0 (Linux; Android 13; NTN-L22 Build/HONORNTN-L22CQ; wv) AppleWebKit/537.36 (KHTML, like Gecko) Version/4.0 Chrome/146.0.7680.141 Mobile Safari/537.36 [FB_IAB/FB4A;FBAV/552.1.0.45.68;IABMV/1;]"
172.105.42.26 - - [28/Mar/2026:17:07:32 +0000] "POST /wp-cron.php?doing_wp_cron=1774717652.0955700874328613281250 HTTP/1.1" 200 20 "-" "WordPress/6.9.4; https://hondasaudi.com"
2a03:2880:7ff:5:: - - [28/Mar/2026:17:07:31 +0000] "GET /privacy-policy HTTP/1.1" 301 20 "-" "facebookexternalhit/1.1 (+http://www.facebook.com/externalhit_uatext.php)"
2a03:2880:7ff:42:: - - [28/Mar/2026:17:07:32 +0000] "GET /privacy-policy/ HTTP/1.1" 200 34833 "-" "facebookexternalhit/1.1 (+http://www.facebook.com/externalhit_uatext.php)"
2001:16a2:c0d9:2526:d523:3bc3:603a:5eb - - [28/Mar/2026:17:07:33 +0000] "GET /honda-hrv/ HTTP/1.1" 200 18364 "https://www.google.com/" "Mozilla/5.0 (iPhone; CPU iPhone OS 18_5 like Mac OS X) AppleWebKit/605.1.15 (KHTML, like Gecko) Version/18.5 Mobile/15E148 Safari/604.1"
2001:16a2:c0d9:2526:d523:3bc3:603a:5eb - - [28/Mar/2026:17:07:35 +0000] "GET /wp-json/contact-form-7/v1/contact-forms/289020/feedback/schema HTTP/1.1" 200 1833 "https://hondasaudi.com/honda-hrv/" "Mozilla/5.0 (iPhone; CPU iPhone OS 18_5 like Mac OS X) AppleWebKit/605.1.15 (KHTML, like Gecko) Version/18.5 Mobile/15E148 Safari/604.1"
114.119.155.153 - - [28/Mar/2026:17:07:39 +0000] "GET /honda-civic/ HTTP/1.1" 200 18434 "-" "Mozilla/5.0 (Linux; Android 7.0;) AppleWebKit/537.36 (KHTML, like Gecko) Mobile Safari/537.36 (compatible; PetalBot;+https://webmaster.petalsearch.com/site/petalbot)"
2a02:cb80:42e0:2ee4:9c60:bc90:2f63:123d - - [28/Mar/2026:17:07:43 +0000] "GET /focused-cars/?utm_source=GoogleAds&utm_medium=Paid_Traffic&utm_campaign=Ramadan2026&gad_source=1&gad_campaignid=15485647876&gclid=CjwKCAjw-J3OBhBuEiwAwqZ_hzH4eH2FxaDFcDAN46z9XwHkFh2V2pKCcCIW8fTKAIE8NAAy1T--hxoCSjwQAvD_BwE HTTP/1.1" 200 19691 "https://www.google.com/" "Mozilla/5.0 (iPhone; CPU iPhone OS 26_3_1 like Mac OS X) AppleWebKit/605.1.15 (KHTML, like Gecko) CriOS/146.0.7680.151 Mobile/15E148 Safari/604.1"
2a02:cb80:42e0:2ee4:9c60:bc90:2f63:123d - - [28/Mar/2026:17:07:44 +0000] "GET /focused-cars/?utm_source=GoogleAds&utm_medium=Paid_Traffic&utm_campaign=Ramadan2026&gad_source=1&gad_campaignid=15485647876&gclid=CjwKCAjw-J3OBhBuEiwAwqZ_hzH4eH2FxaDFcDAN46z9XwHkFh2V2pKCcCIW8fTKAIE8NAAy1T--hxoCSjwQAvD_BwE HTTP/1.1" 200 19691 "https://www.google.com/" "Mozilla/5.0 (iPhone; CPU iPhone OS 26_3_1 like Mac OS X) AppleWebKit/605.1.15 (KHTML, like Gecko) CriOS/146.0.7680.151 Mobile/15E148 Safari/604.1"
2a02:cb80:42e0:2ee4:9c60:bc90:2f63:123d - - [28/Mar/2026:17:07:46 +0000] "GET /wp-json/contact-form-7/v1/contact-forms/987/feedback/schema HTTP/1.1" 200 1993 "https://hondasaudi.com/focused-cars/?utm_source=GoogleAds&utm_medium=Paid_Traffic&utm_campaign=Ramadan2026&gad_source=1&gad_campaignid=15485647876&gclid=CjwKCAjw-J3OBhBuEiwAwqZ_hzH4eH2FxaDFcDAN46z9XwHkFh2V2pKCcCIW8fTKAIE8NAAy1T--hxoCSjwQAvD_BwE" "Mozilla/5.0 (iPhone; CPU iPhone OS 26_3_1 like Mac OS X) AppleWebKit/605.1.15 (KHTML, like Gecko) CriOS/146.0.7680.151 Mobile/15E148 Safari/604.1"
172.105.42.26 - - [28/Mar/2026:17:07:50 +0000] "POST /wp-cron.php?doing_wp_cron=1774717670.0299670696258544921875 HTTP/1.1" 200 20 "-" "WordPress/6.9.4; https://hondasaudi.com"
74.7.227.6 - - [28/Mar/2026:17:07:49 +0000] "GET /admin.php?dir=CwusrCwlib64&edit=libtk8.6.so HTTP/1.1" 200 2453 "https://hondasaudi.com/admin.php?dir=CwCwlib64" "Mozilla/5.0 AppleWebKit/537.36 (KHTML, like Gecko; compatible; GPTBot/1.3; +https://openai.com/gptbot)"
178.86.7.5 - - [28/Mar/2026:17:07:57 +0000] "GET /thank-you/ HTTP/1.1" 200 12286 "https://hondasaudi.com/focused-cars/?utm_source=GoogleAds&utm_medium=Paid_Traffic&utm_campaign=Ramadan2026&gad_source=1&gad_campaignid=15485647876&gclid=CjwKCAjw-J3OBhBuEiwAwqZ_h7b9AcUmyzIrTbIOA2sjyB6_hW2fF--vTgpOtHh8SdHbZ3wTwVvp1hoCY44QAvD_BwE" "Mozilla/5.0 (iPhone; CPU iPhone OS 18_7_1 like Mac OS X) AppleWebKit/605.1.15 (KHTML, like Gecko) GSA/391.0.820341064 Mobile/15E148 Safari/604.1"
18.192.166.72 - - [28/Mar/2026:17:08:02 +0000] "HEAD / HTTP/1.1" 200 - "https://hondasaudi.com" "Mozilla/5.0+(compatible; UptimeRobot/2.0; http://www.uptimerobot.com/)"
178.86.7.5 - - [28/Mar/2026:17:08:07 +0000] "GET /accord/?utm_source=GoogleAds&utm_campaign=Ramdan2026&gad_source=1&gad_campaignid=15485647876&gclid=CjwKCAjw-J3OBhBuEiwAwqZ_h0dEQutNQjoLMcJpvoNQFTNW2cl-EK4-rTSuecNFsiGzvl0LYo38ORoCpHUQAvD_BwE HTTP/1.1" 200 18787 "https://www.google.com/" "Mozilla/5.0 (iPhone; CPU iPhone OS 18_7_1 like Mac OS X) AppleWebKit/605.1.15 (KHTML, like Gecko) GSA/391.0.820341064 Mobile/15E148 Safari/604.1"
178.86.7.5 - - [28/Mar/2026:17:08:09 +0000] "GET /wp-json/contact-form-7/v1/contact-forms/442769/feedback/schema HTTP/1.1" 200 1816 "https://hondasaudi.com/accord/?utm_source=GoogleAds&utm_campaign=Ramdan2026&gad_source=1&gad_campaignid=15485647876&gclid=CjwKCAjw-J3OBhBuEiwAwqZ_h0dEQutNQjoLMcJpvoNQFTNW2cl-EK4-rTSuecNFsiGzvl0LYo38ORoCpHUQAvD_BwE" "Mozilla/5.0 (iPhone; CPU iPhone OS 18_7_1 like Mac OS X) AppleWebKit/605.1.15 (KHTML, like Gecko) GSA/391.0.820341064 Mobile/15E148 Safari/604.1"
74.7.227.6 - - [28/Mar/2026:17:08:11 +0000] "GET /admin.php?dir=CwusrCwlib64&edit=libp11.so.3 HTTP/1.1" 200 2453 "https://hondasaudi.com/admin.php?dir=CwCwlib64" "Mozilla/5.0 AppleWebKit/537.36 (KHTML, like Gecko; compatible; GPTBot/1.3; +https://openai.com/gptbot)"
172.105.42.26 - - [28/Mar/2026:17:08:22 +0000] "POST /wp-cron.php?doing_wp_cron=1774717702.4751429557800292968750 HTTP/1.1" 200 20 "-" "WordPress/6.9.4; https://hondasaudi.com"
2a02:cb80:42e0:2ee4:9c60:bc90:2f63:123d - - [28/Mar/2026:17:08:22 +0000] "GET /?utm_source=GoogleAds&utm_medium=Paid_Traffic&utm_campaign=Ramadan2026&gad_source=1&gad_campaignid=15485647876&gclid=CjwKCAjw-J3OBhBuEiwAwqZ_hzH4eH2FxaDFcDAN46z9XwHkFh2V2pKCcCIW8fTKAIE8NAAy1T--hxoCSjwQAvD_BwE HTTP/1.1" 200 16381 "https://hondasaudi.com/focused-cars/?utm_source=GoogleAds&utm_medium=Paid_Traffic&utm_campaign=Ramadan2026&gad_source=1&gad_campaignid=15485647876&gclid=CjwKCAjw-J3OBhBuEiwAwqZ_hzH4eH2FxaDFcDAN46z9XwHkFh2V2pKCcCIW8fTKAIE8NAAy1T--hxoCSjwQAvD_BwE" "Mozilla/5.0 (iPhone; CPU iPhone OS 26_3_1 like Mac OS X) AppleWebKit/605.1.15 (KHTML, like Gecko) CriOS/146.0.7680.151 Mobile/15E148 Safari/604.1"
74.7.227.6 - - [28/Mar/2026:17:08:32 +0000] "GET /admin.php?dir=CwusrCwlib64&edit=liblz4.so.1 HTTP/1.1" 200 2453 "https://hondasaudi.com/admin.php?dir=CwCwlib64" "Mozilla/5.0 AppleWebKit/537.36 (KHTML, like Gecko; compatible; GPTBot/1.3; +https://openai.com/gptbot)"
172.105.42.26 - - [28/Mar/2026:17:08:33 +0000] "POST /wp-cron.php?doing_wp_cron=1774717713.6208510398864746093750 HTTP/1.1" 200 20 "-" "WordPress/6.9.4; https://hondasaudi.com"
34.42.177.99 - - [28/Mar/2026:17:08:33 +0000] "GET / HTTP/1.1" 200 16212 "-" "Mozilla/5.0 (X11; Linux x86_64) AppleWebKit/537.36 (KHTML, like Gecko) HeadlessChrome/146.0.0.0 Safari/537.36"
74.7.227.6 - - [28/Mar/2026:17:08:53 +0000] "GET /admin.php?dir=CwusrCwlib64&edit=libbz2.so.1 HTTP/1.1" 200 2454 "https://hondasaudi.com/admin.php?dir=CwCwlib64" "Mozilla/5.0 AppleWebKit/537.36 (KHTML, like Gecko; compatible; GPTBot/1.3; +https://openai.com/gptbot)"
172.105.42.26 - - [28/Mar/2026:17:08:55 +0000] "POST /wp-cron.php?doing_wp_cron=1774717735.6185400485992431640625 HTTP/1.1" 200 20 "-" "WordPress/6.9.4; https://hondasaudi.com"
2a02:cb80:42e0:2ee4:9c60:bc90:2f63:123d - - [28/Mar/2026:17:08:55 +0000] "GET /honda-hrv/?utm_source=GoogleAds&utm_medium=Paid_Traffic&utm_campaign=Ramadan2026&gad_source=1&gad_campaignid=15485647876&gclid=CjwKCAjw-J3OBhBuEiwAwqZ_hzH4eH2FxaDFcDAN46z9XwHkFh2V2pKCcCIW8fTKAIE8NAAy1T--hxoCSjwQAvD_BwE HTTP/1.1" 200 18832 "https://hondasaudi.com/?utm_source=GoogleAds&utm_medium=Paid_Traffic&utm_campaign=Ramadan2026&gad_source=1&gad_campaignid=15485647876&gclid=CjwKCAjw-J3OBhBuEiwAwqZ_hzH4eH2FxaDFcDAN46z9XwHkFh2V2pKCcCIW8fTKAIE8NAAy1T--hxoCSjwQAvD_BwE" "Mozilla/5.0 (iPhone; CPU iPhone OS 26_3_1 like Mac OS X) AppleWebKit/605.1.15 (KHTML, like Gecko) CriOS/146.0.7680.151 Mobile/15E148 Safari/604.1"
2a02:cb80:42e0:2ee4:9c60:bc90:2f63:123d - - [28/Mar/2026:17:08:56 +0000] "GET /wp-json/contact-form-7/v1/contact-forms/289020/feedback/schema HTTP/1.1" 200 1833 "https://hondasaudi.com/honda-hrv/?utm_source=GoogleAds&utm_medium=Paid_Traffic&utm_campaign=Ramadan2026&gad_source=1&gad_campaignid=15485647876&gclid=CjwKCAjw-J3OBhBuEiwAwqZ_hzH4eH2FxaDFcDAN46z9XwHkFh2V2pKCcCIW8fTKAIE8NAAy1T--hxoCSjwQAvD_BwE" "Mozilla/5.0 (iPhone; CPU iPhone OS 26_3_1 like Mac OS X) AppleWebKit/605.1.15 (KHTML, like Gecko) CriOS/146.0.7680.151 Mobile/15E148 Safari/604.1"
2001:16a4:218:f18f:a991:f902:3d23:aa87 - - [28/Mar/2026:17:08:59 +0000] "GET /focused-cars/?utm_source=GoogleAds&utm_medium=Paid_Traffic&utm_campaign=Ramadan2026&gad_source=1&gad_campaignid=15485647876&gbraid=0AAAAAoT5x1jMnUdPNGP_0edYFGEPino6L&gclid=CjwKCAjw-J3OBhBuEiwAwqZ_h44CKUyMoHWiBJXstL44_e6sQYbVitiE_8jwYh3OeRpbA--0ixbNdxoCjS0QAvD_BwE HTTP/1.1" 200 19758 "https://www.google.com/" "Mozilla/5.0 (iPhone; CPU iPhone OS 18_7 like Mac OS X) AppleWebKit/605.1.15 (KHTML, like Gecko) Version/26.3 Mobile/15E148 Safari/604.1"
2001:16a4:218:f18f:a991:f902:3d23:aa87 - - [28/Mar/2026:17:09:01 +0000] "GET /wp-json/contact-form-7/v1/contact-forms/987/feedback/schema HTTP/1.1" 200 1993 "https://hondasaudi.com/focused-cars/?utm_source=GoogleAds&utm_medium=Paid_Traffic&utm_campaign=Ramadan2026&gad_source=1&gad_campaignid=15485647876&gbraid=0AAAAAoT5x1jMnUdPNGP_0edYFGEPino6L&gclid=CjwKCAjw-J3OBhBuEiwAwqZ_h44CKUyMoHWiBJXstL44_e6sQYbVitiE_8jwYh3OeRpbA--0ixbNdxoCjS0QAvD_BwE" "Mozilla/5.0 (iPhone; CPU iPhone OS 18_7 like Mac OS X) AppleWebKit/605.1.15 (KHTML, like Gecko) Version/26.3 Mobile/15E148 Safari/604.1"
2001:16a4:218:f18f:a991:f902:3d23:aa87 - - [28/Mar/2026:17:09:10 +0000] "GET /service-price-list/?utm_source=GoogleAds&utm_medium=Paid_Traffic&utm_campaign=Ramadan2026&gad_source=1&gad_campaignid=15485647876&gbraid=0AAAAAoT5x1jMnUdPNGP_0edYFGEPino6L&gclid=CjwKCAjw-J3OBhBuEiwAwqZ_h44CKUyMoHWiBJXstL44_e6sQYbVitiE_8jwYh3OeRpbA--0ixbNdxoCjS0QAvD_BwE HTTP/1.1" 200 12764 "https://hondasaudi.com/focused-cars/?utm_source=GoogleAds&utm_medium=Paid_Traffic&utm_campaign=Ramadan2026&gad_source=1&gad_campaignid=15485647876&gbraid=0AAAAAoT5x1jMnUdPNGP_0edYFGEPino6L&gclid=CjwKCAjw-J3OBhBuEiwAwqZ_h44CKUyMoHWiBJXstL44_e6sQYbVitiE_8jwYh3OeRpbA--0ixbNdxoCjS0QAvD_BwE" "Mozilla/5.0 (iPhone; CPU iPhone OS 18_7 like Mac OS X) AppleWebKit/605.1.15 (KHTML, like Gecko) Version/26.3 Mobile/15E148 Safari/604.1"
172.105.42.26 - - [28/Mar/2026:17:09:28 +0000] "POST /wp-cron.php?doing_wp_cron=1774717768.2777009010314941406250 HTTP/1.1" 200 20 "-" "WordPress/6.9.4; https://hondasaudi.com"
167.86.141.104 - - [28/Mar/2026:17:09:28 +0000] "GET /wp-json/contact-form-7/v1/contact-forms/987/feedback/schema HTTP/1.1" 200 1993 "https://hondasaudi.com/focused-cars/?utm_source=GoogleAds&utm_medium=Paid_Traffic&utm_campaign=Ramadan2026&gad_source=1&gad_campaignid=15485647876&gbraid=0AAAAAoT5x1gQZCmkuqqj3tmv3-7EA2IQp&gclid=Cj0KCQjw1ZjOBhCmARIsADDuFTALgWCAV29s6psw1SXMZjLIAYlsH8JxxZoCQvF9W0R4nt1K6VlWMfMaAqf6EALw_wcB" "Mozilla/5.0 (iPhone; CPU iPhone OS 18_7 like Mac OS X) AppleWebKit/605.1.15 (KHTML, like Gecko) Version/26.2 Mobile/15E148 Safari/604.1"
172.105.42.26 - - [28/Mar/2026:17:09:40 +0000] "POST /wp-cron.php?doing_wp_cron=1774717780.6320269107818603515625 HTTP/1.1" 200 20 "-" "WordPress/6.9.4; https://hondasaudi.com"
2a03:2880:ff:54:: - - [28/Mar/2026:17:09:40 +0000] "GET /meta.json?utm_source=Instagram&utm_campaign=DECEOYOC32025 HTTP/1.1" 404 12279 "-" "facebookexternalhit/1.1 (+http://www.facebook.com/externalhit_uatext.php)"
172.105.42.26 - - [28/Mar/2026:17:09:51 +0000] "POST /wp-cron.php?doing_wp_cron=1774717791.2060029506683349609375 HTTP/1.1" 200 20 "-" "WordPress/6.9.4; https://hondasaudi.com"
2a02:9b0:402a:fb06:d825:ce04:83fe:6d2b - - [28/Mar/2026:17:09:50 +0000] "GET /focused-cars/?utm_source=GoogleAds&utm_medium=Paid_Traffic&utm_campaign=Ramadan2026&gad_source=1&gad_campaignid=15485647876&gclid=CjwKCAjw-J3OBhBuEiwAwqZ_h9dfpDftnvqKFsjuk5yAXP5r16isvqAglTxVXPRmr7W8tMulWuIVixoCcLIQAvD_BwE HTTP/1.1" 200 19688 "https://www.google.com/" "Mozilla/5.0 (iPhone; CPU iPhone OS 26_3_1 like Mac OS X) AppleWebKit/605.1.15 (KHTML, like Gecko) CriOS/146.0.7680.151 Mobile/15E148 Safari/604.1"
2a02:9b0:402a:fb06:d825:ce04:83fe:6d2b - - [28/Mar/2026:17:09:53 +0000] "GET /wp-json/contact-form-7/v1/contact-forms/987/feedback/schema HTTP/1.1" 200 1993 "https://hondasaudi.com/focused-cars/?utm_source=GoogleAds&utm_medium=Paid_Traffic&utm_campaign=Ramadan2026&gad_source=1&gad_campaignid=15485647876&gclid=CjwKCAjw-J3OBhBuEiwAwqZ_h9dfpDftnvqKFsjuk5yAXP5r16isvqAglTxVXPRmr7W8tMulWuIVixoCcLIQAvD_BwE" "Mozilla/5.0 (iPhone; CPU iPhone OS 26_3_1 like Mac OS X) AppleWebKit/605.1.15 (KHTML, like Gecko) CriOS/146.0.7680.151 Mobile/15E148 Safari/604.1"
2a02:9b0:402a:fb06:d825:ce04:83fe:6d2b - - [28/Mar/2026:17:09:56 +0000] "GET /service-price-list/?utm_source=GoogleAds&utm_medium=Paid_Traffic&utm_campaign=Ramadan2026&gad_source=1&gad_campaignid=15485647876&gclid=CjwKCAjw-J3OBhBuEiwAwqZ_h9dfpDftnvqKFsjuk5yAXP5r16isvqAglTxVXPRmr7W8tMulWuIVixoCcLIQAvD_BwE HTTP/1.1" 200 12729 "https://hondasaudi.com/focused-cars/?utm_source=GoogleAds&utm_medium=Paid_Traffic&utm_campaign=Ramadan2026&gad_source=1&gad_campaignid=15485647876&gclid=CjwKCAjw-J3OBhBuEiwAwqZ_h9dfpDftnvqKFsjuk5yAXP5r16isvqAglTxVXPRmr7W8tMulWuIVixoCcLIQAvD_BwE" "Mozilla/5.0 (iPhone; CPU iPhone OS 26_3_1 like Mac OS X) AppleWebKit/605.1.15 (KHTML, like Gecko) CriOS/146.0.7680.151 Mobile/15E148 Safari/604.1"
2001:16a2:43a9:e100:3643:45de:ea5c:ed00 - - [28/Mar/2026:17:09:56 +0000] "GET /honda-city/?utm_source=GoogleAds&utm_campaign=Ramdan2026&gad_source=5&gad_campaignid=15485647876&gclid=EAIaIQobChMIzozp-IrDkwMVB0BBAh3Z1gSWEAAYASABEgI1NfD_BwE HTTP/1.1" 200 18629 "https://syndicatedsearch.goog/" "Mozilla/5.0 (Linux; Android 16; SM-S938B Build/BP2A.250605.031.A3; wv) AppleWebKit/537.36 (KHTML, like Gecko) Version/4.0 Chrome/146.0.7680.148 Mobile Safari/537.36 [FB_IAB/FB4A;FBAV/553.0.0.56.58;IABMV/1;]"
2001:16a2:43a9:e100:3643:45de:ea5c:ed00 - - [28/Mar/2026:17:09:58 +0000] "GET /wp-json/contact-form-7/v1/contact-forms/423883/feedback/schema HTTP/1.1" 200 1833 "https://hondasaudi.com/honda-city/?utm_source=GoogleAds&utm_campaign=Ramdan2026&gad_source=5&gad_campaignid=15485647876&gclid=EAIaIQobChMIzozp-IrDkwMVB0BBAh3Z1gSWEAAYASABEgI1NfD_BwE" "Mozilla/5.0 (Linux; Android 16; SM-S938B Build/BP2A.250605.031.A3; wv) AppleWebKit/537.36 (KHTML, like Gecko) Version/4.0 Chrome/146.0.7680.148 Mobile Safari/537.36 [FB_IAB/FB4A;FBAV/553.0.0.56.58;IABMV/1;]"
2a02:9b0:402a:fb06:d825:ce04:83fe:6d2b - - [28/Mar/2026:17:10:02 +0000] "GET /focused-cars/?utm_source=GoogleAds&utm_medium=Paid_Traffic&utm_campaign=Ramadan2026&gad_source=1&gad_campaignid=15485647876&gclid=CjwKCAjw-J3OBhBuEiwAwqZ_h9dfpDftnvqKFsjuk5yAXP5r16isvqAglTxVXPRmr7W8tMulWuIVixoCcLIQAvD_BwE HTTP/1.1" 200 19563 "https://www.google.com/" "Mozilla/5.0 (iPhone; CPU iPhone OS 26_3_1 like Mac OS X) AppleWebKit/605.1.15 (KHTML, like Gecko) CriOS/146.0.7680.151 Mobile/15E148 Safari/604.1"
2a02:9b0:402a:fb06:d825:ce04:83fe:6d2b - - [28/Mar/2026:17:10:03 +0000] "GET /wp-json/contact-form-7/v1/contact-forms/987/feedback/schema HTTP/1.1" 200 1993 "https://hondasaudi.com/focused-cars/?utm_source=GoogleAds&utm_medium=Paid_Traffic&utm_campaign=Ramadan2026&gad_source=1&gad_campaignid=15485647876&gclid=CjwKCAjw-J3OBhBuEiwAwqZ_h9dfpDftnvqKFsjuk5yAXP5r16isvqAglTxVXPRmr7W8tMulWuIVixoCcLIQAvD_BwE" "Mozilla/5.0 (iPhone; CPU iPhone OS 26_3_1 like Mac OS X) AppleWebKit/605.1.15 (KHTML, like Gecko) CriOS/146.0.7680.151 Mobile/15E148 Safari/604.1"
2001:16a4:218:f18f:a991:f902:3d23:aa87 - - [28/Mar/2026:17:10:04 +0000] "GET /service-price-list/?utm_source=GoogleAds&utm_medium=Paid_Traffic&utm_campaign=Ramadan2026&gad_source=1&gad_campaignid=15485647876&gbraid=0AAAAAoT5x1jMnUdPNGP_0edYFGEPino6L&gclid=CjwKCAjw-J3OBhBuEiwAwqZ_h44CKUyMoHWiBJXstL44_e6sQYbVitiE_8jwYh3OeRpbA--0ixbNdxoCjS0QAvD_BwE HTTP/1.1" 200 12764 "https://hondasaudi.com/focused-cars/?utm_source=GoogleAds&utm_medium=Paid_Traffic&utm_campaign=Ramadan2026&gad_source=1&gad_campaignid=15485647876&gbraid=0AAAAAoT5x1jMnUdPNGP_0edYFGEPino6L&gclid=CjwKCAjw-J3OBhBuEiwAwqZ_h44CKUyMoHWiBJXstL44_e6sQYbVitiE_8jwYh3OeRpbA--0ixbNdxoCjS0QAvD_BwE" "Mozilla/5.0 (iPhone; CPU iPhone OS 18_7 like Mac OS X) AppleWebKit/605.1.15 (KHTML, like Gecko) Version/26.3 Mobile/15E148 Safari/604.1"
172.105.42.26 - - [28/Mar/2026:17:10:21 +0000] "POST /wp-cron.php?doing_wp_cron=1774717820.9973080158233642578125 HTTP/1.1" 200 20 "-" "WordPress/6.9.4; https://hondasaudi.com"
2001:16a4:218:f18f:a991:f902:3d23:aa87 - - [28/Mar/2026:17:10:20 +0000] "GET /service-price-list/?utm_source=GoogleAds&utm_medium=Paid_Traffic&utm_campaign=Ramadan2026&gad_source=1&gad_campaignid=15485647876&gbraid=0AAAAAoT5x1jMnUdPNGP_0edYFGEPino6L&gclid=CjwKCAjw-J3OBhBuEiwAwqZ_h44CKUyMoHWiBJXstL44_e6sQYbVitiE_8jwYh3OeRpbA--0ixbNdxoCjS0QAvD_BwE HTTP/1.1" 200 12644 "https://hondasaudi.com/focused-cars/?utm_source=GoogleAds&utm_medium=Paid_Traffic&utm_campaign=Ramadan2026&gad_source=1&gad_campaignid=15485647876&gbraid=0AAAAAoT5x1jMnUdPNGP_0edYFGEPino6L&gclid=CjwKCAjw-J3OBhBuEiwAwqZ_h44CKUyMoHWiBJXstL44_e6sQYbVitiE_8jwYh3OeRpbA--0ixbNdxoCjS0QAvD_BwE" "Mozilla/5.0 (iPhone; CPU iPhone OS 18_7 like Mac OS X) AppleWebKit/605.1.15 (KHTML, like Gecko) Version/26.3 Mobile/15E148 Safari/604.1"
2a02:9b0:402a:fb06:d825:ce04:83fe:6d2b - - [28/Mar/2026:17:10:28 +0000] "GET /service-price-list/?utm_source=GoogleAds&utm_medium=Paid_Traffic&utm_campaign=Ramadan2026&gad_source=1&gad_campaignid=15485647876&gclid=CjwKCAjw-J3OBhBuEiwAwqZ_h9dfpDftnvqKFsjuk5yAXP5r16isvqAglTxVXPRmr7W8tMulWuIVixoCcLIQAvD_BwE HTTP/1.1" 200 12608 "https://hondasaudi.com/focused-cars/?utm_source=GoogleAds&utm_medium=Paid_Traffic&utm_campaign=Ramadan2026&gad_source=1&gad_campaignid=15485647876&gclid=CjwKCAjw-J3OBhBuEiwAwqZ_h9dfpDftnvqKFsjuk5yAXP5r16isvqAglTxVXPRmr7W8tMulWuIVixoCcLIQAvD_BwE" "Mozilla/5.0 (iPhone; CPU iPhone OS 26_3_1 like Mac OS X) AppleWebKit/605.1.15 (KHTML, like Gecko) CriOS/146.0.7680.151 Mobile/15E148 Safari/604.1"
2a02:9b0:402a:fb06:d825:ce04:83fe:6d2b - - [28/Mar/2026:17:10:30 +0000] "GET /?utm_source=GoogleAds&utm_medium=Paid_Traffic&utm_campaign=Ramadan2026&gad_source=1&gad_campaignid=15485647876&gclid=CjwKCAjw-J3OBhBuEiwAwqZ_h9dfpDftnvqKFsjuk5yAXP5r16isvqAglTxVXPRmr7W8tMulWuIVixoCcLIQAvD_BwE HTTP/1.1" 200 16260 "https://hondasaudi.com/service-price-list/?utm_source=GoogleAds&utm_medium=Paid_Traffic&utm_campaign=Ramadan2026&gad_source=1&gad_campaignid=15485647876&gclid=CjwKCAjw-J3OBhBuEiwAwqZ_h9dfpDftnvqKFsjuk5yAXP5r16isvqAglTxVXPRmr7W8tMulWuIVixoCcLIQAvD_BwE" "Mozilla/5.0 (iPhone; CPU iPhone OS 26_3_1 like Mac OS X) AppleWebKit/605.1.15 (KHTML, like Gecko) CriOS/146.0.7680.151 Mobile/15E148 Safari/604.1"
74.7.227.6 - - [28/Mar/2026:17:10:36 +0000] "GET /admin.php?dir=CwusrCwlib64&edit=ld-2.28.so HTTP/1.1" 200 2453 "https://hondasaudi.com/admin.php?dir=CwCwlib64" "Mozilla/5.0 AppleWebKit/537.36 (KHTML, like Gecko; compatible; GPTBot/1.3; +https://openai.com/gptbot)"
172.105.42.26 - - [28/Mar/2026:17:10:41 +0000] "POST /wp-cron.php?doing_wp_cron=1774717841.5867140293121337890625 HTTP/1.1" 200 20 "-" "WordPress/6.9.4; https://hondasaudi.com"
2a02:9b0:402a:fb06:d825:ce04:83fe:6d2b - - [28/Mar/2026:17:10:41 +0000] "GET /honda-zrv/?utm_source=GoogleAds&utm_medium=Paid_Traffic&utm_campaign=Ramadan2026&gad_source=1&gad_campaignid=15485647876&gclid=CjwKCAjw-J3OBhBuEiwAwqZ_h9dfpDftnvqKFsjuk5yAXP5r16isvqAglTxVXPRmr7W8tMulWuIVixoCcLIQAvD_BwE HTTP/1.1" 200 18738 "https://hondasaudi.com/?utm_source=GoogleAds&utm_medium=Paid_Traffic&utm_campaign=Ramadan2026&gad_source=1&gad_campaignid=15485647876&gclid=CjwKCAjw-J3OBhBuEiwAwqZ_h9dfpDftnvqKFsjuk5yAXP5r16isvqAglTxVXPRmr7W8tMulWuIVixoCcLIQAvD_BwE" "Mozilla/5.0 (iPhone; CPU iPhone OS 26_3_1 like Mac OS X) AppleWebKit/605.1.15 (KHTML, like Gecko) CriOS/146.0.7680.151 Mobile/15E148 Safari/604.1"
2a02:9b0:402a:fb06:d825:ce04:83fe:6d2b - - [28/Mar/2026:17:10:42 +0000] "GET /wp-json/contact-form-7/v1/contact-forms/275185/feedback/schema HTTP/1.1" 200 1816 "https://hondasaudi.com/honda-zrv/?utm_source=GoogleAds&utm_medium=Paid_Traffic&utm_campaign=Ramadan2026&gad_source=1&gad_campaignid=15485647876&gclid=CjwKCAjw-J3OBhBuEiwAwqZ_h9dfpDftnvqKFsjuk5yAXP5r16isvqAglTxVXPRmr7W8tMulWuIVixoCcLIQAvD_BwE" "Mozilla/5.0 (iPhone; CPU iPhone OS 26_3_1 like Mac OS X) AppleWebKit/605.1.15 (KHTML, like Gecko) CriOS/146.0.7680.151 Mobile/15E148 Safari/604.1"
172.105.42.26 - - [28/Mar/2026:17:10:48 +0000] "POST /wp-cron.php?doing_wp_cron=1774717848.7502930164337158203125 HTTP/1.1" 200 20 "-" "WordPress/6.9.4; https://hondasaudi.com"
2a02:9b0:402a:fb06:d825:ce04:83fe:6d2b - - [28/Mar/2026:17:10:48 +0000] "GET /focused-cars/?utm_source=GoogleAds&utm_medium=Paid_Traffic&utm_campaign=Ramadan2026&gad_source=1&gad_campaignid=15485647876&gclid=CjwKCAjw-J3OBhBuEiwAwqZ_h9dfpDftnvqKFsjuk5yAXP5r16isvqAglTxVXPRmr7W8tMulWuIVixoCcLIQAvD_BwE HTTP/1.1" 200 19565 "https://www.google.com/" "Mozilla/5.0 (iPhone; CPU iPhone OS 26_3_1 like Mac OS X) AppleWebKit/605.1.15 (KHTML, like Gecko) CriOS/146.0.7680.151 Mobile/15E148 Safari/604.1"
