2001:16a2:f051:bb00:257c:ab52:bd3d:5ad5 - - [28/Mar/2026:14:14:56 +0000] "POST /wp-json/contact-form-7/v1/contact-forms/987/feedback HTTP/1.1" 200 308 "https://hondasaudi.com/focused-cars/?utm_source=GoogleAds&utm_medium=Paid_Traffic&utm_campaign=Ramadan2026&gad_source=1&gad_campaignid=15485647876&gclid=CjwKCAjw-J3OBhBuEiwAwqZ_hzSZF8NvSJvGQvZyrRNKIbhxMgonTgQQK8qE4xwLJ7gjWpp8nhtvlBoCxl4QAvD_BwE" "Mozilla/5.0 (Linux; Android 10; K) AppleWebKit/537.36 (KHTML, like Gecko) Chrome/146.0.0.0 Mobile Safari/537.36"
94.99.91.176 - - [28/Mar/2026:14:15:14 +0000] "GET /honda-city/?utm_source=GoogleAds&utm_campaign=Ramdan2026&gad_source=5&gad_campaignid=15485647876&gclid=EAIaIQobChMIntWF8uPCkwMVzlxBAh1vZjyQEAAYASACEgIi0fD_BwE HTTP/1.1" 200 18628 "https://syndicatedsearch.goog/" "Mozilla/5.0 (Linux; Android 14; ALT-LX2 Build/HONORALT-L42; wv) AppleWebKit/537.36 (KHTML, like Gecko) Version/4.0 Chrome/146.0.7680.164 Mobile Safari/537.36[FBAN/EMA;FBLC/ar_AR;FBAV/503.0.0.10.107;FBCX/modulariab;]"
94.99.91.176 - - [28/Mar/2026:14:15:17 +0000] "GET /wp-json/contact-form-7/v1/contact-forms/423883/feedback/schema HTTP/1.1" 200 1833 "https://hondasaudi.com/honda-city/?utm_source=GoogleAds&utm_campaign=Ramdan2026&gad_source=5&gad_campaignid=15485647876&gclid=EAIaIQobChMIntWF8uPCkwMVzlxBAh1vZjyQEAAYASACEgIi0fD_BwE" "Mozilla/5.0 (Linux; Android 14; ALT-LX2 Build/HONORALT-L42; wv) AppleWebKit/537.36 (KHTML, like Gecko) Version/4.0 Chrome/146.0.7680.164 Mobile Safari/537.36[FBAN/EMA;FBLC/ar_AR;FBAV/503.0.0.10.107;FBCX/modulariab;]"
172.105.42.26 - - [28/Mar/2026:14:15:22 +0000] "POST /wp-cron.php?doing_wp_cron=1774707322.4967050552368164062500 HTTP/1.1" 200 20 "-" "WordPress/6.9.4; https://hondasaudi.com"
128.140.41.193 - - [28/Mar/2026:14:15:22 +0000] "HEAD / HTTP/1.1" 200 - "https://hondasaudi.com" "Mozilla/5.0+(compatible; UptimeRobot/2.0; http://www.uptimerobot.com/)"
2001:16a2:c399:f01:3cdc:196:19a4:1c03 - - [28/Mar/2026:14:15:22 +0000] "GET /focused-cars/?utm_source=GoogleAds&utm_medium=Paid_Traffic&utm_campaign=Ramadan2026&gad_source=5&gad_campaignid=15485647876&gclid=EAIaIQobChMIs8b5-uPCkwMV8xAGAB16njVkEAAYASAAEgKSCvD_BwE HTTP/1.1" 200 19616 "https://syndicatedsearch.goog/" "Mozilla/5.0 (iPhone; CPU iPhone OS 18_7 like Mac OS X) AppleWebKit/605.1.15 (KHTML, like Gecko) Mobile/23D8133 Instagram 421.1.6.39.52 (iPhone18,2; iOS 26_3_1; en_US; en; scale=3.00; 1320x2868; IABMV/1; 910922286) Safari/604.1"
2001:16a2:c399:f01:3cdc:196:19a4:1c03 - - [28/Mar/2026:14:15:25 +0000] "GET /wp-json/contact-form-7/v1/contact-forms/987/feedback/schema HTTP/1.1" 200 1993 "https://hondasaudi.com/focused-cars/?utm_source=GoogleAds&utm_medium=Paid_Traffic&utm_campaign=Ramadan2026&gad_source=5&gad_campaignid=15485647876&gclid=EAIaIQobChMIs8b5-uPCkwMV8xAGAB16njVkEAAYASAAEgKSCvD_BwE" "Mozilla/5.0 (iPhone; CPU iPhone OS 18_7 like Mac OS X) AppleWebKit/605.1.15 (KHTML, like Gecko) Mobile/23D8133 Instagram 421.1.6.39.52 (iPhone18,2; iOS 26_3_1; en_US; en; scale=3.00; 1320x2868; IABMV/1; 910922286) Safari/604.1"
74.7.227.6 - - [28/Mar/2026:14:15:40 +0000] "GET /admin.php?dir=CwhomeCwbalubaidCwlscacheCw4Cw4Cw0 HTTP/1.1" 200 3213 "https://hondasaudi.com/admin.php?dir=CwhomeCwbalubaidCwlscacheCw4Cw4" "Mozilla/5.0 AppleWebKit/537.36 (KHTML, like Gecko; compatible; GPTBot/1.3; +https://openai.com/gptbot)"
172.105.42.26 - - [28/Mar/2026:14:15:51 +0000] "POST /wp-cron.php?doing_wp_cron=1774707351.2939989566802978515625 HTTP/1.1" 200 20 "-" "WordPress/6.9.4; https://hondasaudi.com"
188.53.63.219 - - [28/Mar/2026:14:15:51 +0000] "GET /focused-cars/?utm_source=GoogleAds&utm_medium=Paid_Traffic&utm_campaign=Ramadan2026&gad_source=5&gad_campaignid=15485647876&gclid=EAIaIQobChMInvjH_-PCkwMVdJ2DBx0YzzUyEAEYAyAAEgKbqPD_BwE HTTP/1.1" 200 19617 "https://syndicatedsearch.goog/" "Mozilla/5.0 (iPhone; CPU iPhone OS 18_7 like Mac OS X) AppleWebKit/605.1.15 (KHTML, like Gecko) Mobile/23D8133 Instagram 422.1.0.44.67 (iPhone14,5; iOS 26_3_1; en_US; en; scale=3.00; 1170x2532; IABMV/1; 918355888) Safari/604.1"
188.53.63.219 - - [28/Mar/2026:14:15:54 +0000] "GET /wp-json/contact-form-7/v1/contact-forms/987/feedback/schema HTTP/1.1" 200 1993 "https://hondasaudi.com/focused-cars/?utm_source=GoogleAds&utm_medium=Paid_Traffic&utm_campaign=Ramadan2026&gad_source=5&gad_campaignid=15485647876&gclid=EAIaIQobChMInvjH_-PCkwMVdJ2DBx0YzzUyEAEYAyAAEgKbqPD_BwE" "Mozilla/5.0 (iPhone; CPU iPhone OS 18_7 like Mac OS X) AppleWebKit/605.1.15 (KHTML, like Gecko) Mobile/23D8133 Instagram 422.1.0.44.67 (iPhone14,5; iOS 26_3_1; en_US; en; scale=3.00; 1170x2532; IABMV/1; 918355888) Safari/604.1"
74.7.227.6 - - [28/Mar/2026:14:16:01 +0000] "GET /admin.php?dir=CwhomeCwbalubaidCwlscacheCw9Cw9Cw4 HTTP/1.1" 200 2954 "https://hondasaudi.com/admin.php?dir=CwhomeCwbalubaidCwlscacheCw9Cw9" "Mozilla/5.0 AppleWebKit/537.36 (KHTML, like Gecko; compatible; GPTBot/1.3; +https://openai.com/gptbot)"
2a00:5400:f015:690c:f407:9790:6a23:61d6 - - [28/Mar/2026:14:16:14 +0000] "GET /focused-cars/?utm_source=GoogleAds&utm_medium=Paid_Traffic&utm_campaign=Ramadan2026&gad_source=1&gad_campaignid=15485647876&gclid=CjwKCAjw-J3OBhBuEiwAwqZ_hyUSQIewoIFflLc8mp897sPfQPCCWw48HqaeXWvKclQ-2KRknKqL7BoC0OoQAvD_BwE HTTP/1.1" 200 19690 "https://www.google.com/" "Mozilla/5.0 (iPhone; CPU iPhone OS 26_3_1 like Mac OS X) AppleWebKit/605.1.15 (KHTML, like Gecko) GSA/413.1.887139264 Mobile/15E148 Safari/604.1"
172.105.42.26 - - [28/Mar/2026:14:16:19 +0000] "POST /wp-cron.php?doing_wp_cron=1774707379.2181351184844970703125 HTTP/1.1" 200 20 "-" "WordPress/6.9.4; https://hondasaudi.com"
2a00:5400:f015:690c:f407:9790:6a23:61d6 - - [28/Mar/2026:14:16:19 +0000] "GET /wp-json/contact-form-7/v1/contact-forms/987/feedback/schema HTTP/1.1" 200 1993 "https://hondasaudi.com/focused-cars/?utm_source=GoogleAds&utm_medium=Paid_Traffic&utm_campaign=Ramadan2026&gad_source=1&gad_campaignid=15485647876&gclid=CjwKCAjw-J3OBhBuEiwAwqZ_hyUSQIewoIFflLc8mp897sPfQPCCWw48HqaeXWvKclQ-2KRknKqL7BoC0OoQAvD_BwE" "Mozilla/5.0 (iPhone; CPU iPhone OS 26_3_1 like Mac OS X) AppleWebKit/605.1.15 (KHTML, like Gecko) GSA/413.1.887139264 Mobile/15E148 Safari/604.1"
172.105.42.26 - - [28/Mar/2026:14:16:38 +0000] "POST /wp-cron.php?doing_wp_cron=1774707398.8250451087951660156250 HTTP/1.1" 200 20 "-" "WordPress/6.9.4; https://hondasaudi.com"
213.6.230.250 - - [28/Mar/2026:14:16:38 +0000] "POST /xmlrpc.php HTTP/1.1" 404 12239 "-" "Mozilla/5.0 (Windows NT 6.2; arm64) AppleWebKit/537.36 (KHTML, like Gecko) Opera/60.0.0.0 Safari/537.36"
74.7.227.6 - - [28/Mar/2026:14:16:43 +0000] "GET /admin.php?dir=CwhomeCwbalubaidCwmailCwnew&edit=1690114238.M702234P870237.depro4.fcomet.com%2CS%3D6534%2CW%3D6666 HTTP/1.1" 200 5915 "https://hondasaudi.com/admin.php?dir=CwhomeCwbalubaidCwmailCwnew" "Mozilla/5.0 AppleWebKit/537.36 (KHTML, like Gecko; compatible; GPTBot/1.3; +https://openai.com/gptbot)"
172.105.42.26 - - [28/Mar/2026:14:16:59 +0000] "POST /wp-cron.php?doing_wp_cron=1774707419.5662250518798828125000 HTTP/1.1" 200 20 "-" "WordPress/6.9.4; https://hondasaudi.com"
74.7.227.6 - - [28/Mar/2026:14:17:04 +0000] "GET /admin.php?dir=CwhomeCwbalubaidCwmailCwnew&edit=1690105047.M413221P546774.depro4.fcomet.com%2CS%3D6536%2CW%3D6668 HTTP/1.1" 200 5930 "https://hondasaudi.com/admin.php?dir=CwhomeCwbalubaidCwmailCwnew" "Mozilla/5.0 AppleWebKit/537.36 (KHTML, like Gecko; compatible; GPTBot/1.3; +https://openai.com/gptbot)"
2001:16a4:25a:4ab7:7113:11d4:c227:1575 - - [28/Mar/2026:14:17:11 +0000] "GET /?utm_medium=paid&utm_source=ig&utm_id=120239468389670023&utm_content=120239691538580023&utm_term=120239496663240023&utm_campaign=120239468389670023 HTTP/1.1" 200 16287 "-" "Mozilla/5.0 (iPhone; CPU iPhone OS 18_7 like Mac OS X) AppleWebKit/605.1.15 (KHTML, like Gecko) Version/26.3 Mobile/15E148 Safari/604.1"
74.7.227.6 - - [28/Mar/2026:14:17:47 +0000] "GET /admin.php?dir=CwhomeCwbalubaidCwmailCwnew&edit=1690273022.M566659P932913.depro4.fcomet.com%2CS%3D6341%2CW%3D6476 HTTP/1.1" 200 5871 "https://hondasaudi.com/admin.php?dir=CwhomeCwbalubaidCwmailCwnew" "Mozilla/5.0 AppleWebKit/537.36 (KHTML, like Gecko; compatible; GPTBot/1.3; +https://openai.com/gptbot)"
74.7.227.6 - - [28/Mar/2026:14:18:07 +0000] "GET /admin.php?dir=CwhomeCwbalubaidCwmailCwnew&edit=1689996177.M65006P1857001.depro4.fcomet.com%2CS%3D6535%2CW%3D6667 HTTP/1.1" 200 5908 "https://hondasaudi.com/admin.php?dir=CwhomeCwbalubaidCwmailCwnew" "Mozilla/5.0 AppleWebKit/537.36 (KHTML, like Gecko; compatible; GPTBot/1.3; +https://openai.com/gptbot)"
172.105.42.26 - - [28/Mar/2026:14:18:33 +0000] "POST /wp-cron.php?doing_wp_cron=1774707513.9124100208282470703125 HTTP/1.1" 200 20 "-" "WordPress/6.9.4; https://hondasaudi.com"
2a00:5400:e050:8dd8:3897:b08:f395:7341 - - [28/Mar/2026:14:18:33 +0000] "GET /all-cars/?utm_source=GoogleAds&utm_campaign=Ramadan2026&gad_source=1&gad_campaignid=15485647876&gbraid=0AAAAAoT5x1jMnUdPNGP_0edYFGEPino6L&gclid=CjwKCAjw-J3OBhBuEiwAwqZ_h-UErleqRIbvoAeu8KhXN2RqMri1OnmCJ0cq0xXDNH1e1cZ8XgZrrRoCIDsQAvD_BwE HTTP/1.1" 200 19748 "https://www.google.com/" "Mozilla/5.0 (iPhone; CPU iPhone OS 18_7 like Mac OS X) AppleWebKit/605.1.15 (KHTML, like Gecko) Version/26.4 Mobile/15E148 Safari/604.1"
2a00:5400:e050:8dd8:3897:b08:f395:7341 - - [28/Mar/2026:14:18:39 +0000] "GET /wp-json/contact-form-7/v1/contact-forms/987/feedback/schema HTTP/1.1" 200 1993 "https://hondasaudi.com/all-cars/?utm_source=GoogleAds&utm_campaign=Ramadan2026&gad_source=1&gad_campaignid=15485647876&gbraid=0AAAAAoT5x1jMnUdPNGP_0edYFGEPino6L&gclid=CjwKCAjw-J3OBhBuEiwAwqZ_h-UErleqRIbvoAeu8KhXN2RqMri1OnmCJ0cq0xXDNH1e1cZ8XgZrrRoCIDsQAvD_BwE" "Mozilla/5.0 (iPhone; CPU iPhone OS 18_7 like Mac OS X) AppleWebKit/605.1.15 (KHTML, like Gecko) Version/26.4 Mobile/15E148 Safari/604.1"
172.105.42.26 - - [28/Mar/2026:14:18:47 +0000] "POST /wp-cron.php?doing_wp_cron=1774707527.6042261123657226562500 HTTP/1.1" 200 20 "-" "WordPress/6.9.4; https://hondasaudi.com"
74.7.227.6 - - [28/Mar/2026:14:18:47 +0000] "GET /'%20.%20esc_url(%20home_url()%20)%20.%20' HTTP/1.1" 301 20 "https://hondasaudi.com/admin.php?dir=CwhomeCwbalubaidCwhondaFwcore3FwagencyCwwp-includesCwtheme-compat&view=embed-404.php" "Mozilla/5.0 AppleWebKit/537.36 (KHTML, like Gecko; compatible; GPTBot/1.3; +https://openai.com/gptbot)"
74.7.227.6 - - [28/Mar/2026:14:18:48 +0000] "GET /%20.%20esc_url(%20home_url()%20)%20.%20 HTTP/1.1" 301 20 "https://hondasaudi.com/'%20.%20esc_url(%20home_url()%20)%20.%20'" "Mozilla/5.0 AppleWebKit/537.36 (KHTML, like Gecko; compatible; GPTBot/1.3; +https://openai.com/gptbot)"
74.7.227.6 - - [28/Mar/2026:14:18:48 +0000] "GET /%20.%20esc_url(%20home_url HTTP/1.1" 404 12253 "https://hondasaudi.com/%20.%20esc_url(%20home_url()%20)%20.%20" "Mozilla/5.0 AppleWebKit/537.36 (KHTML, like Gecko; compatible; GPTBot/1.3; +https://openai.com/gptbot)"
2001:16a4:225:357:18a0:2b57:81fa:1fe6 - - [28/Mar/2026:14:18:48 +0000] "GET /focused-cars/?utm_source=GoogleAds&utm_medium=Paid_Traffic&utm_campaign=Ramadan2026&gad_source=1&gad_campaignid=15485647876&gclid=CjwKCAjw-J3OBhBuEiwAwqZ_h7wBvLXXtrSEXWCauf3Z-7nbzyX4DGAxYpTn4DZovjUdXf_tSNXRwRoCCtsQAvD_BwE HTTP/1.1" 200 19691 "-" "Mozilla/5.0 (Linux; Android 10; K) AppleWebKit/537.36 (KHTML, like Gecko) SamsungBrowser/29.0 Chrome/136.0.0.0 Mobile Safari/537.36"
2001:16a4:225:357:18a0:2b57:81fa:1fe6 - - [28/Mar/2026:14:18:51 +0000] "GET /wp-json/contact-form-7/v1/contact-forms/987/feedback/schema HTTP/1.1" 200 1993 "https://hondasaudi.com/focused-cars/?utm_source=GoogleAds&utm_medium=Paid_Traffic&utm_campaign=Ramadan2026&gad_source=1&gad_campaignid=15485647876&gclid=CjwKCAjw-J3OBhBuEiwAwqZ_h7wBvLXXtrSEXWCauf3Z-7nbzyX4DGAxYpTn4DZovjUdXf_tSNXRwRoCCtsQAvD_BwE" "Mozilla/5.0 (Linux; Android 10; K) AppleWebKit/537.36 (KHTML, like Gecko) SamsungBrowser/29.0 Chrome/136.0.0.0 Mobile Safari/537.36"
51.235.212.22 - - [28/Mar/2026:14:19:06 +0000] "GET /?utm_medium=paid&utm_source=fb&utm_id=120242754212250023&utm_content=120242754212300023&utm_term=120242754212350023&utm_campaign=120242754212250023 HTTP/1.1" 200 16274 "https://l.facebook.com/" "Mozilla/5.0 (iPhone; CPU iPhone OS 26_3_1 like Mac OS X) AppleWebKit/605.1.15 (KHTML, like Gecko) Mobile/23D8133 Safari/604.1 [FBAN/FBIOS;FBAV/553.0.0.43.84;FBBV/911230482;FBDV/iPhone14,3;FBMD/iPhone;FBSN/iOS;FBSV/26.3.1;FBSS/3;FBID/phone;FBLC/en_US;FBOP/5;FBRV/920097326;IABMV/1]"
172.105.42.26 - - [28/Mar/2026:14:19:07 +0000] "POST /service_request/ai_integration/ HTTP/1.1" 200 733 "-" "-"
2a03:2880:31ff:33:: - - [28/Mar/2026:14:19:16 +0000] "GET / HTTP/1.1" 200 16212 "-" "facebookexternalhit/1.1 (+http://www.facebook.com/externalhit_uatext.php)"
172.105.42.26 - - [28/Mar/2026:14:19:28 +0000] "POST /wp-cron.php?doing_wp_cron=1774707568.9508299827575683593750 HTTP/1.1" 200 20 "-" "WordPress/6.9.4; https://hondasaudi.com"
74.7.227.6 - - [28/Mar/2026:14:19:28 +0000] "GET /admin.php?dir=CwhomeCwbalubaidCwlscacheCw4Cw4Cw0&view=440bca7b72177552 HTTP/1.1" 200 17483 "https://hondasaudi.com/admin.php?dir=CwhomeCwbalubaidCwlscacheCw4Cw4Cw0" "Mozilla/5.0 AppleWebKit/537.36 (KHTML, like Gecko; compatible; GPTBot/1.3; +https://openai.com/gptbot)"
172.105.42.26 - - [28/Mar/2026:14:19:54 +0000] "POST /wp-cron.php?doing_wp_cron=1774707594.1164588928222656250000 HTTP/1.1" 200 20 "-" "WordPress/6.9.4; https://hondasaudi.com"
2a02:cb80:40c7:ce5:319f:1de9:ddde:4f37 - - [28/Mar/2026:14:19:53 +0000] "GET /focused-cars/?utm_source=GoogleAds&utm_medium=Paid_Traffic&utm_campaign=Ramadan2026&gad_source=1&gad_campaignid=15485647876&gclid=EAIaIQobChMIxZyB--TCkwMVA1JBAh3XsAp3EAAYASAAEgIQRfD_BwE HTTP/1.1" 200 19616 "https://www.google.com/" "Mozilla/5.0 (iPhone; CPU iPhone OS 26_3_1 like Mac OS X) AppleWebKit/605.1.15 (KHTML, like Gecko) CriOS/146.0.7680.151 Mobile/15E148 Safari/604.1"
2a02:cb80:40c7:ce5:319f:1de9:ddde:4f37 - - [28/Mar/2026:14:19:55 +0000] "GET /wp-json/contact-form-7/v1/contact-forms/987/feedback/schema HTTP/1.1" 200 1993 "https://hondasaudi.com/focused-cars/?utm_source=GoogleAds&utm_medium=Paid_Traffic&utm_campaign=Ramadan2026&gad_source=1&gad_campaignid=15485647876&gclid=EAIaIQobChMIxZyB--TCkwMVA1JBAh3XsAp3EAAYASAAEgIQRfD_BwE" "Mozilla/5.0 (iPhone; CPU iPhone OS 26_3_1 like Mac OS X) AppleWebKit/605.1.15 (KHTML, like Gecko) CriOS/146.0.7680.151 Mobile/15E148 Safari/604.1"
45.94.31.153 - - [28/Mar/2026:14:20:16 +0000] "GET / HTTP/1.1" 200 16212 "-" "-"
45.94.31.153 - - [28/Mar/2026:14:20:16 +0000] "GET / HTTP/1.1" 200 16212 "-" "-"
2a03:2880:22ff:41:: - - [28/Mar/2026:14:20:17 +0000] "GET /meta.json?utm_source=Facebook&utm_campaign=Oct2025 HTTP/1.1" 404 12272 "-" "facebookexternalhit/1.1 (+http://www.facebook.com/externalhit_uatext.php)"
45.94.31.153 - - [28/Mar/2026:14:20:17 +0000] "GET / HTTP/1.1" 200 16212 "-" "-"
172.105.42.26 - - [28/Mar/2026:14:20:18 +0000] "POST /wp-cron.php?doing_wp_cron=1774707618.1292209625244140625000 HTTP/1.1" 200 20 "-" "WordPress/6.9.4; https://hondasaudi.com"
45.94.31.153 - - [28/Mar/2026:14:20:17 +0000] "GET / HTTP/1.1" 200 16212 "-" "-"
45.94.31.153 - - [28/Mar/2026:14:20:18 +0000] "GET / HTTP/1.1" 200 16212 "-" "-"
2001:16a2:c376:5177:fc97:cccd:fa98:b301 - - [28/Mar/2026:14:20:20 +0000] "GET /focused-cars/?utm_source=GoogleAds&utm_medium=Paid_Traffic&utm_campaign=Ramadan2026&gad_source=1&gad_campaignid=15485647876&gbraid=0AAAAAoT5x1jMnUdPNGP_0edYFGEPino6L&gclid=EAIaIQobChMItNXXh-XCkwMVZaCDBx2TpCuZEAAYASAAEgI2I_D_BwE HTTP/1.1" 200 19688 "https://www.google.com/" "Mozilla/5.0 (iPhone; CPU iPhone OS 18_7 like Mac OS X) AppleWebKit/605.1.15 (KHTML, like Gecko) Version/26.3 Mobile/15E148 Safari/604.1"
2001:16a2:c376:5177:fc97:cccd:fa98:b301 - - [28/Mar/2026:14:20:23 +0000] "GET /wp-json/contact-form-7/v1/contact-forms/987/feedback/schema HTTP/1.1" 200 1993 "https://hondasaudi.com/focused-cars/?utm_source=GoogleAds&utm_medium=Paid_Traffic&utm_campaign=Ramadan2026&gad_source=1&gad_campaignid=15485647876&gbraid=0AAAAAoT5x1jMnUdPNGP_0edYFGEPino6L&gclid=EAIaIQobChMItNXXh-XCkwMVZaCDBx2TpCuZEAAYASAAEgI2I_D_BwE" "Mozilla/5.0 (iPhone; CPU iPhone OS 18_7 like Mac OS X) AppleWebKit/605.1.15 (KHTML, like Gecko) Version/26.3 Mobile/15E148 Safari/604.1"
3.79.134.69 - - [28/Mar/2026:14:20:26 +0000] "HEAD / HTTP/1.1" 200 - "https://hondasaudi.com" "Mozilla/5.0+(compatible; UptimeRobot/2.0; http://www.uptimerobot.com/)"
2001:16a2:cbc9:6400:818a:46b1:bf5a:7be8 - - [28/Mar/2026:14:20:29 +0000] "GET /focused-cars/?utm_source=GoogleAds&utm_medium=Paid_Traffic&utm_campaign=Ramadan2026&gad_source=1&gad_campaignid=15485647876&gclid=CjwKCAjw-J3OBhBuEiwAwqZ_h7gup8sflBXAmx4Ez0TJMeTr7AaPBNlUD9lGh8_g8ZMArfuV-CLvtBoCoqkQAvD_BwE HTTP/1.1" 200 19686 "https://www.google.com/" "Mozilla/5.0 (iPhone; CPU iPhone OS 26_2_0 like Mac OS X) AppleWebKit/605.1.15 (KHTML, like Gecko) GSA/413.1.887139264 Mobile/15E148 Safari/604.1"
66.249.93.203 - - [28/Mar/2026:14:20:29 +0000] "GET /focused-cars/?utm_source=GoogleAds&utm_medium=Paid_Traffic&utm_campaign=Ramadan2026&gad_source=1&gad_campaignid=15485647876&gclid=CjwKCAjw-J3OBhBuEiwAwqZ_h7gup8sflBXAmx4Ez0TJMeTr7AaPBNlUD9lGh8_g8ZMArfuV-CLvtBoCoqkQAvD_BwE HTTP/1.1" 200 19686 "-" "Mozilla/5.0 (Linux; Android 10; K) AppleWebKit/537.36 (KHTML, like Gecko) Chrome/138.0.0.0 Mobile Safari/537.36 (compatible; Google-Read-Aloud; +https://support.google.com/webmasters/answer/1061943)"
74.7.227.6 - - [28/Mar/2026:14:20:30 +0000] "GET /admin.php?dir=CwhomeCwbalubaidCwnissan-test-driveFwcore3FwagencyCwdashboard HTTP/1.1" 200 3374 "https://hondasaudi.com/admin.php?dir=CwhomeCwbalubaidCwnissan-test-driveFwcore3Fwagency" "Mozilla/5.0 AppleWebKit/537.36 (KHTML, like Gecko; compatible; GPTBot/1.3; +https://openai.com/gptbot)"
172.105.42.26 - - [28/Mar/2026:14:20:31 +0000] "POST /wp-cron.php?doing_wp_cron=1774707631.0707321166992187500000 HTTP/1.1" 200 20 "-" "WordPress/6.9.4; https://hondasaudi.com"
2001:16a2:cbc9:6400:818a:46b1:bf5a:7be8 - - [28/Mar/2026:14:20:30 +0000] "GET /wp-json/contact-form-7/v1/contact-forms/987/feedback/schema HTTP/1.1" 200 1993 "https://hondasaudi.com/focused-cars/?utm_source=GoogleAds&utm_medium=Paid_Traffic&utm_campaign=Ramadan2026&gad_source=1&gad_campaignid=15485647876&gclid=CjwKCAjw-J3OBhBuEiwAwqZ_h7gup8sflBXAmx4Ez0TJMeTr7AaPBNlUD9lGh8_g8ZMArfuV-CLvtBoCoqkQAvD_BwE" "Mozilla/5.0 (iPhone; CPU iPhone OS 26_2_0 like Mac OS X) AppleWebKit/605.1.15 (KHTML, like Gecko) GSA/413.1.887139264 Mobile/15E148 Safari/604.1"
51.39.243.131 - - [28/Mar/2026:14:20:39 +0000] "GET /focused-cars/?utm_source=GoogleAds&utm_medium=Paid_Traffic&utm_campaign=Ramadan2026&gad_source=5&gad_campaignid=15485647876&gclid=EAIaIQobChMIx8GvkuXCkwMVDYV8Bh1NcTrhEAAYASAAEgIJ2PD_BwE HTTP/1.1" 200 19618 "https://syndicatedsearch.goog/" "Mozilla/5.0 (iPhone; CPU iPhone OS 26_4 like Mac OS X) AppleWebKit/605.1.15 (KHTML, like Gecko) Mobile/23E246 Safari/604.1 [FBAN/FBIOS;FBAV/554.0.0.38.78;FBBV/917646558;FBDV/iPhone15,5;FBMD/iPhone;FBSN/iOS;FBSV/26.4;FBSS/3;FBID/phone;FBLC/ar_AR;FBOP/5;FBRV/922025732;IABMV/1]"
51.39.243.131 - - [28/Mar/2026:14:20:43 +0000] "GET /wp-json/contact-form-7/v1/contact-forms/987/feedback/schema HTTP/1.1" 200 1993 "https://hondasaudi.com/focused-cars/?utm_source=GoogleAds&utm_medium=Paid_Traffic&utm_campaign=Ramadan2026&gad_source=5&gad_campaignid=15485647876&gclid=EAIaIQobChMIx8GvkuXCkwMVDYV8Bh1NcTrhEAAYASAAEgIJ2PD_BwE" "Mozilla/5.0 (iPhone; CPU iPhone OS 26_4 like Mac OS X) AppleWebKit/605.1.15 (KHTML, like Gecko) Mobile/23E246 Safari/604.1 [FBAN/FBIOS;FBAV/554.0.0.38.78;FBBV/917646558;FBDV/iPhone15,5;FBMD/iPhone;FBSN/iOS;FBSV/26.4;FBSS/3;FBID/phone;FBLC/ar_AR;FBOP/5;FBRV/922025732;IABMV/1]"
2001:16a2:c376:5177:fc97:cccd:fa98:b301 - - [28/Mar/2026:14:20:45 +0000] "GET /?utm_source=GoogleAds&utm_medium=Paid_Traffic&utm_campaign=Ramadan2026&gad_source=1&gad_campaignid=15485647876&gbraid=0AAAAAoT5x1jMnUdPNGP_0edYFGEPino6L&gclid=EAIaIQobChMItNXXh-XCkwMVZaCDBx2TpCuZEAAYASAAEgI2I_D_BwE HTTP/1.1" 200 16262 "https://hondasaudi.com/focused-cars/?utm_source=GoogleAds&utm_medium=Paid_Traffic&utm_campaign=Ramadan2026&gad_source=1&gad_campaignid=15485647876&gbraid=0AAAAAoT5x1jMnUdPNGP_0edYFGEPino6L&gclid=EAIaIQobChMItNXXh-XCkwMVZaCDBx2TpCuZEAAYASAAEgI2I_D_BwE" "Mozilla/5.0 (iPhone; CPU iPhone OS 18_7 like Mac OS X) AppleWebKit/605.1.15 (KHTML, like Gecko) Version/26.3 Mobile/15E148 Safari/604.1"
148.251.123.10 - - [28/Mar/2026:14:20:46 +0000] "GET /focused-cars/?utm_source=GoogleAds&utm_medium=Paid_Traffic&utm_campaign=Ramadan2026&gad_source=5&gad_campaignid=15485647876&gclid=EAIaIQobChMIuY6ukuXCkwMV5sINCR0-NhrFEAEYASAAEgIXq_D_BwE HTTP/1.1" 200 19616 "-" "python-httpx/0.28.1"
74.7.227.6 - - [28/Mar/2026:14:20:51 +0000] "GET /admin.php?dir=CwhomeCwbalubaidCwFwcacheCwcomposerCwrepo HTTP/1.1" 200 3171 "https://hondasaudi.com/admin.php?dir=CwhomeCwbalubaidCwFwcacheCwcomposer" "Mozilla/5.0 AppleWebKit/537.36 (KHTML, like Gecko; compatible; GPTBot/1.3; +https://openai.com/gptbot)"
172.105.42.26 - - [28/Mar/2026:14:21:02 +0000] "POST /wp-cron.php?doing_wp_cron=1774707662.1829209327697753906250 HTTP/1.1" 200 20 "-" "WordPress/6.9.4; https://hondasaudi.com"
2001:16a2:c376:5177:fc97:cccd:fa98:b301 - - [28/Mar/2026:14:21:01 +0000] "GET /?utm_source=GoogleAds&utm_medium=Paid_Traffic&utm_campaign=Ramadan2026&gad_source=1&gad_campaignid=15485647876&gbraid=0AAAAAoT5x1jMnUdPNGP_0edYFGEPino6L&gclid=EAIaIQobChMItNXXh-XCkwMVZaCDBx2TpCuZEAAYASAAEgI2I_D_BwE HTTP/1.1" 200 16262 "https://hondasaudi.com/?utm_source=GoogleAds&utm_medium=Paid_Traffic&utm_campaign=Ramadan2026&gad_source=1&gad_campaignid=15485647876&gbraid=0AAAAAoT5x1jMnUdPNGP_0edYFGEPino6L&gclid=EAIaIQobChMItNXXh-XCkwMVZaCDBx2TpCuZEAAYASAAEgI2I_D_BwE" "Mozilla/5.0 (iPhone; CPU iPhone OS 18_7 like Mac OS X) AppleWebKit/605.1.15 (KHTML, like Gecko) Version/26.3 Mobile/15E148 Safari/604.1"
74.7.227.6 - - [28/Mar/2026:14:21:11 +0000] "GET /admin.php?dir=CwhomeCwbalubaidCwFwlocalCwshareCwcomposer HTTP/1.1" 200 3212 "https://hondasaudi.com/admin.php?dir=CwhomeCwbalubaidCwFwlocalCwshare" "Mozilla/5.0 AppleWebKit/537.36 (KHTML, like Gecko; compatible; GPTBot/1.3; +https://openai.com/gptbot)"
172.105.42.26 - - [28/Mar/2026:14:21:24 +0000] "POST /wp-cron.php?doing_wp_cron=1774707683.9890780448913574218750 HTTP/1.1" 200 20 "-" "WordPress/6.9.4; https://hondasaudi.com"
51.39.243.131 - - [28/Mar/2026:14:21:23 +0000] "GET /focused-cars/?utm_source=GoogleAds&utm_medium=Paid_Traffic&utm_campaign=Ramadan2026&gad_source=5&gad_campaignid=15485647876&gclid=EAIaIQobChMIx8GvkuXCkwMVDYV8Bh1NcTrhEAAYASAAEgIJ2PD_BwE HTTP/1.1" 200 19496 "https://syndicatedsearch.goog/" "Mozilla/5.0 (iPhone; CPU iPhone OS 26_4 like Mac OS X) AppleWebKit/605.1.15 (KHTML, like Gecko) Mobile/23E246 Safari/604.1 [FBAN/FBIOS;FBAV/554.0.0.38.78;FBBV/917646558;FBDV/iPhone15,5;FBMD/iPhone;FBSN/iOS;FBSV/26.4;FBSS/3;FBID/phone;FBLC/ar_AR;FBOP/5;FBRV/922025732;IABMV/1]"
51.39.243.131 - - [28/Mar/2026:14:21:25 +0000] "GET /wp-json/contact-form-7/v1/contact-forms/987/feedback/schema HTTP/1.1" 200 1993 "https://hondasaudi.com/focused-cars/?utm_source=GoogleAds&utm_medium=Paid_Traffic&utm_campaign=Ramadan2026&gad_source=5&gad_campaignid=15485647876&gclid=EAIaIQobChMIx8GvkuXCkwMVDYV8Bh1NcTrhEAAYASAAEgIJ2PD_BwE" "Mozilla/5.0 (iPhone; CPU iPhone OS 26_4 like Mac OS X) AppleWebKit/605.1.15 (KHTML, like Gecko) Mobile/23E246 Safari/604.1 [FBAN/FBIOS;FBAV/554.0.0.38.78;FBBV/917646558;FBDV/iPhone15,5;FBMD/iPhone;FBSN/iOS;FBSV/26.4;FBSS/3;FBID/phone;FBLC/ar_AR;FBOP/5;FBRV/922025732;IABMV/1]"
2a02:cb80:4034:a0e1:a483:341:aba7:e6e1 - - [28/Mar/2026:14:21:26 +0000] "GET /focused-cars/?utm_source=GoogleAds&utm_medium=Paid_Traffic&utm_campaign=Ramadan2026&gad_source=1&gad_campaignid=15485647876&gclid=CjwKCAjw-J3OBhBuEiwAwqZ_h0k0JMgG4jSfoTwWDIRum8quJznYs6XKqRwHu--5j_4v3B2SVAxZ6RoCJyQQAvD_BwE HTTP/1.1" 200 19690 "https://www.google.com/" "Mozilla/5.0 (iPhone; CPU iPhone OS 18_5_0 like Mac OS X) AppleWebKit/605.1.15 (KHTML, like Gecko) GSA/374.0.773146746 Mobile/15E148 Safari/604.1"
2a02:cb80:4034:a0e1:a483:341:aba7:e6e1 - - [28/Mar/2026:14:21:30 +0000] "GET /wp-json/contact-form-7/v1/contact-forms/987/feedback/schema HTTP/1.1" 200 1993 "https://hondasaudi.com/focused-cars/?utm_source=GoogleAds&utm_medium=Paid_Traffic&utm_campaign=Ramadan2026&gad_source=1&gad_campaignid=15485647876&gclid=CjwKCAjw-J3OBhBuEiwAwqZ_h0k0JMgG4jSfoTwWDIRum8quJznYs6XKqRwHu--5j_4v3B2SVAxZ6RoCJyQQAvD_BwE" "Mozilla/5.0 (iPhone; CPU iPhone OS 18_5_0 like Mac OS X) AppleWebKit/605.1.15 (KHTML, like Gecko) GSA/374.0.773146746 Mobile/15E148 Safari/604.1"
172.105.42.26 - - [28/Mar/2026:14:21:31 +0000] "POST /wp-cron.php?doing_wp_cron=1774707691.5750720500946044921875 HTTP/1.1" 200 20 "-" "WordPress/6.9.4; https://hondasaudi.com"
2001:4860:7:1528::ff - - [28/Mar/2026:14:21:31 +0000] "GET /focused-cars/?utm_source=GoogleAds&utm_medium=Paid_Traffic&utm_campaign=Ramadan2026&gad_source=1&gad_campaignid=15485647876&gbraid=0AAAAAoT5x1hSviS8DXh2YDnC76qkwM6B6&gclid=CjwKCAjw-J3OBhBuEiwAwqZ_h3i4CDfyQdJDWuZIv7VrnuxbTmEH2NOBjGpr_8YksAB25r1-HdBKDRoCKJEQAvD_BwE HTTP/1.1" 200 19766 "https://www.google.com/" "Mozilla/5.0 (Linux; Android 10; K) AppleWebKit/537.36 (KHTML, like Gecko) Chrome/146.0.0.0 Mobile Safari/537.36"
74.7.227.6 - - [28/Mar/2026:14:21:33 +0000] "GET /admin.php?dir=CwhomeCwbalubaidCwmarineFwhondasaudiFwcom HTTP/1.1" 200 5049 "https://hondasaudi.com/admin.php?dir=CwhomeCwbalubaid" "Mozilla/5.0 AppleWebKit/537.36 (KHTML, like Gecko; compatible; GPTBot/1.3; +https://openai.com/gptbot)"
66.249.93.201 - - [28/Mar/2026:14:21:34 +0000] "GET /focused-cars/?utm_source=GoogleAds&utm_medium=Paid_Traffic&utm_campaign=Ramadan2026&gad_source=1&gad_campaignid=15485647876&gbraid=0AAAAAoT5x1hSviS8DXh2YDnC76qkwM6B6&gclid=CjwKCAjw-J3OBhBuEiwAwqZ_h3i4CDfyQdJDWuZIv7VrnuxbTmEH2NOBjGpr_8YksAB25r1-HdBKDRoCKJEQAvD_BwE HTTP/1.1" 200 19762 "-" "Mozilla/5.0 (Linux; Android 10; K) AppleWebKit/537.36 (KHTML, like Gecko) Chrome/138.0.0.0 Mobile Safari/537.36 (compatible; Google-Read-Aloud; +https://support.google.com/webmasters/answer/1061943)"
2001:16a2:c3a0:1aee:7033:9661:3cc8:d910 - - [28/Mar/2026:14:21:35 +0000] "GET /wp-json/contact-form-7/v1/contact-forms/987/feedback/schema HTTP/1.1" 200 1993 "https://hondasaudi.com/focused-cars/?utm_source=GoogleAds&utm_medium=Paid_Traffic&utm_campaign=Ramadan2026&gad_source=1&gad_campaignid=15485647876&gbraid=0AAAAAoT5x1hSviS8DXh2YDnC76qkwM6B6&gclid=CjwKCAjw-J3OBhBuEiwAwqZ_h3i4CDfyQdJDWuZIv7VrnuxbTmEH2NOBjGpr_8YksAB25r1-HdBKDRoCKJEQAvD_BwE" "Mozilla/5.0 (Linux; Android 10; K) AppleWebKit/537.36 (KHTML, like Gecko) Chrome/146.0.0.0 Mobile Safari/537.36"
172.105.42.26 - - [28/Mar/2026:14:22:13 +0000] "POST /wp-cron.php?doing_wp_cron=1774707733.3010759353637695312500 HTTP/1.1" 200 20 "-" "WordPress/6.9.4; https://hondasaudi.com"
74.7.227.6 - - [28/Mar/2026:14:22:56 +0000] "GET /admin.php?dir=CwhomeCwbalubaidCwhondaFwcore3FwagencyCwwp-includesCwimagesCwsmilies HTTP/1.1" 200 4424 "https://hondasaudi.com/admin.php?dir=CwhomeCwbalubaidCwhondaFwcore3FwagencyCwwp-includesCwimages" "Mozilla/5.0 AppleWebKit/537.36 (KHTML, like Gecko; compatible; GPTBot/1.3; +https://openai.com/gptbot)"
74.7.227.6 - - [28/Mar/2026:14:23:16 +0000] "GET /admin.php?dir=CwhomeCwbalubaidCwcrmFwhondasaudiFwcomCwlang HTTP/1.1" 200 3342 "https://hondasaudi.com/admin.php?dir=CwhomeCwbalubaidCwcrmFwhondasaudiFwcom" "Mozilla/5.0 AppleWebKit/537.36 (KHTML, like Gecko; compatible; GPTBot/1.3; +https://openai.com/gptbot)"
74.7.227.6 - - [28/Mar/2026:14:23:37 +0000] "GET /admin.php?dir=CwhomeCwbalubaidCwcrmFwhondasaudiFwcomCwcgi-bin HTTP/1.1" 200 3216 "https://hondasaudi.com/admin.php?dir=CwhomeCwbalubaidCwcrmFwhondasaudiFwcom" "Mozilla/5.0 AppleWebKit/537.36 (KHTML, like Gecko; compatible; GPTBot/1.3; +https://openai.com/gptbot)"
172.105.42.26 - - [28/Mar/2026:14:23:56 +0000] "POST /wp-cron.php?doing_wp_cron=1774707836.2561290264129638671875 HTTP/1.1" 200 20 "-" "WordPress/6.9.4; https://hondasaudi.com"
51.39.243.131 - - [28/Mar/2026:14:23:56 +0000] "GET /focused-cars/?utm_source=GoogleAds&utm_medium=Paid_Traffic&utm_campaign=Ramadan2026&gad_source=5&gad_campaignid=15485647876&gclid=EAIaIQobChMI9vyR8OXCkwMViwAGAB0yjTnfEAAYASAAEgIOMfD_BwE HTTP/1.1" 200 19493 "https://syndicatedsearch.goog/" "Mozilla/5.0 (iPhone; CPU iPhone OS 26_4 like Mac OS X) AppleWebKit/605.1.15 (KHTML, like Gecko) Mobile/23E246 Safari/604.1 [FBAN/FBIOS;FBAV/554.0.0.38.78;FBBV/917646558;FBDV/iPhone15,5;FBMD/iPhone;FBSN/iOS;FBSV/26.4;FBSS/3;FBID/phone;FBLC/ar_AR;FBOP/5;FBRV/922025732;IABMV/1]"
51.39.243.131 - - [28/Mar/2026:14:23:58 +0000] "GET /wp-json/contact-form-7/v1/contact-forms/987/feedback/schema HTTP/1.1" 200 1993 "https://hondasaudi.com/focused-cars/?utm_source=GoogleAds&utm_medium=Paid_Traffic&utm_campaign=Ramadan2026&gad_source=5&gad_campaignid=15485647876&gclid=EAIaIQobChMI9vyR8OXCkwMViwAGAB0yjTnfEAAYASAAEgIOMfD_BwE" "Mozilla/5.0 (iPhone; CPU iPhone OS 26_4 like Mac OS X) AppleWebKit/605.1.15 (KHTML, like Gecko) Mobile/23E246 Safari/604.1 [FBAN/FBIOS;FBAV/554.0.0.38.78;FBBV/917646558;FBDV/iPhone15,5;FBMD/iPhone;FBSN/iOS;FBSV/26.4;FBSS/3;FBID/phone;FBLC/ar_AR;FBOP/5;FBRV/922025732;IABMV/1]"
2a00:5400:e050:8dd8:3897:b08:f395:7341 - - [28/Mar/2026:14:23:58 +0000] "GET /wp-json/contact-form-7/v1/contact-forms/987/feedback/schema HTTP/1.1" 200 1993 "https://hondasaudi.com/all-cars/?utm_source=GoogleAds&utm_campaign=Ramadan2026&gad_source=1&gad_campaignid=15485647876&gbraid=0AAAAAoT5x1jMnUdPNGP_0edYFGEPino6L&gclid=CjwKCAjw-J3OBhBuEiwAwqZ_h-UErleqRIbvoAeu8KhXN2RqMri1OnmCJ0cq0xXDNH1e1cZ8XgZrrRoCIDsQAvD_BwE" "Mozilla/5.0 (iPhone; CPU iPhone OS 18_7 like Mac OS X) AppleWebKit/605.1.15 (KHTML, like Gecko) Version/26.4 Mobile/15E148 Safari/604.1"
2001:16a2:2e7b:ca00:c909:ad5f:39dc:6bde - - [28/Mar/2026:14:24:17 +0000] "GET /focused-cars/?utm_source=GoogleAds&utm_medium=Paid_Traffic&utm_campaign=Ramadan2026&gad_source=5&gad_campaignid=15485647876&gclid=EAIaIQobChMIgYLT-eXCkwMVQ_x5BB2FTQwpEAAYASAAEgKxwvD_BwE HTTP/1.1" 200 19618 "https://syndicatedsearch.goog/" "Mozilla/5.0 (iPhone; CPU iPhone OS 18_7 like Mac OS X) AppleWebKit/605.1.15 (KHTML, like Gecko) Version/26.3 Mobile/15E148 Safari/604.1"
74.7.227.6 - - [28/Mar/2026:14:24:19 +0000] "GET /admin.php?dir=CwhomeCwbalubaidCwhondaFwcore3FwagencyCwwp-contentCwuploadsCwagile-store-locatorCwicon&view=bakery.png HTTP/1.1" 200 3796 "https://hondasaudi.com/admin.php?dir=CwhomeCwbalubaidCwhondaFwcore3FwagencyCwwp-contentCwuploadsCwagile-store-locatorCwicon" "Mozilla/5.0 AppleWebKit/537.36 (KHTML, like Gecko; compatible; GPTBot/1.3; +https://openai.com/gptbot)"
172.105.42.26 - - [28/Mar/2026:14:24:24 +0000] "POST /wp-cron.php?doing_wp_cron=1774707864.6702749729156494140625 HTTP/1.1" 200 20 "-" "WordPress/6.9.4; https://hondasaudi.com"
2001:16a2:2e7b:ca00:c909:ad5f:39dc:6bde - - [28/Mar/2026:14:24:24 +0000] "GET /wp-json/contact-form-7/v1/contact-forms/987/feedback/schema HTTP/1.1" 200 1993 "https://hondasaudi.com/focused-cars/?utm_source=GoogleAds&utm_medium=Paid_Traffic&utm_campaign=Ramadan2026&gad_source=5&gad_campaignid=15485647876&gclid=EAIaIQobChMIgYLT-eXCkwMVQ_x5BB2FTQwpEAAYASAAEgKxwvD_BwE" "Mozilla/5.0 (iPhone; CPU iPhone OS 18_7 like Mac OS X) AppleWebKit/605.1.15 (KHTML, like Gecko) Version/26.3 Mobile/15E148 Safari/604.1"
172.105.42.26 - - [28/Mar/2026:14:24:41 +0000] "POST /wp-cron.php?doing_wp_cron=1774707881.1044209003448486328125 HTTP/1.1" 200 20 "-" "WordPress/6.9.4; https://hondasaudi.com"
74.7.227.6 - - [28/Mar/2026:14:24:40 +0000] "GET /admin.php?dir=CwhomeCwbalubaidCwhondaFwcore3FwagencyCwwp-contentCwuploadsCwagile-store-locatorCwicon&view=banks.png HTTP/1.1" 200 4060 "https://hondasaudi.com/admin.php?dir=CwhomeCwbalubaidCwhondaFwcore3FwagencyCwwp-contentCwuploadsCwagile-store-locatorCwicon" "Mozilla/5.0 AppleWebKit/537.36 (KHTML, like Gecko; compatible; GPTBot/1.3; +https://openai.com/gptbot)"
74.7.227.6 - - [28/Mar/2026:14:25:02 +0000] "GET /admin.php?dir=CwhomeCwbalubaidCwFwlocalCwshareCwcomposer&view=.htaccess HTTP/1.1" 200 68 "https://hondasaudi.com/admin.php?dir=CwhomeCwbalubaidCwFwlocalCwshareCwcomposer" "Mozilla/5.0 AppleWebKit/537.36 (KHTML, like Gecko; compatible; GPTBot/1.3; +https://openai.com/gptbot)"
172.105.42.26 - - [28/Mar/2026:14:25:22 +0000] "POST /wp-cron.php?doing_wp_cron=1774707921.7983698844909667968750 HTTP/1.1" 200 20 "-" "WordPress/6.9.4; https://hondasaudi.com"
2001:16a2:f609:ec00:51a6:e5c2:d8f1:6f2b - - [28/Mar/2026:14:25:21 +0000] "GET / HTTP/1.1" 200 16089 "-" "Mozilla/5.0 (iPhone; CPU iPhone OS 18_7 like Mac OS X) AppleWebKit/605.1.15 (KHTML, like Gecko) Version/26.3 Mobile/15E148 Safari/604.1"
74.7.227.6 - - [28/Mar/2026:14:25:22 +0000] "GET /admin.php?dir=CwhomeCwbalubaidCwmarineFwhondasaudiFwcomCwwp-content HTTP/1.1" 200 3932 "https://hondasaudi.com/admin.php?dir=CwhomeCwbalubaidCwmarineFwhondasaudiFwcom" "Mozilla/5.0 AppleWebKit/537.36 (KHTML, like Gecko; compatible; GPTBot/1.3; +https://openai.com/gptbot)"
168.119.53.160 - - [28/Mar/2026:14:25:30 +0000] "HEAD / HTTP/1.1" 200 - "https://hondasaudi.com" "Mozilla/5.0+(compatible; UptimeRobot/2.0; http://www.uptimerobot.com/)"
172.105.42.26 - - [28/Mar/2026:14:25:52 +0000] "POST /wp-cron.php?doing_wp_cron=1774707952.5994319915771484375000 HTTP/1.1" 200 20 "-" "WordPress/6.9.4; https://hondasaudi.com"
2001:16a2:c3a0:1aee:7033:9661:3cc8:d910 - - [28/Mar/2026:14:25:52 +0000] "GET /focused-cars/?utm_source=GoogleAds&utm_medium=Paid_Traffic&utm_campaign=Ramadan2026&gad_source=1&gad_campaignid=15485647876&gbraid=0AAAAAoT5x1jeRIlZQOs43XQwsY4b3YvZt&gclid=CjwKCAjw-J3OBhBuEiwAwqZ_h6WnrUKprgOyy8zwqm1TWTZnu763wn9RC5JMszjymD0amGkmXH7U1xoC0C0QAvD_BwE HTTP/1.1" 200 19762 "https://www.google.com/" "Mozilla/5.0 (Linux; Android 10; K) AppleWebKit/537.36 (KHTML, like Gecko) Chrome/146.0.0.0 Mobile Safari/537.36"
2001:16a2:c3a0:1aee:7033:9661:3cc8:d910 - - [28/Mar/2026:14:25:53 +0000] "GET /wp-json/contact-form-7/v1/contact-forms/987/feedback/schema HTTP/1.1" 200 1993 "https://hondasaudi.com/focused-cars/?utm_source=GoogleAds&utm_medium=Paid_Traffic&utm_campaign=Ramadan2026&gad_source=1&gad_campaignid=15485647876&gbraid=0AAAAAoT5x1jeRIlZQOs43XQwsY4b3YvZt&gclid=CjwKCAjw-J3OBhBuEiwAwqZ_h6WnrUKprgOyy8zwqm1TWTZnu763wn9RC5JMszjymD0amGkmXH7U1xoC0C0QAvD_BwE" "Mozilla/5.0 (Linux; Android 10; K) AppleWebKit/537.36 (KHTML, like Gecko) Chrome/146.0.0.0 Mobile Safari/537.36"
74.7.227.6 - - [28/Mar/2026:14:26:05 +0000] "GET /admin.php?dir=CwhomeCwbalubaidCwmarineFwhondasaudiFwcom&view=index.php HTTP/1.1" 200 308 "https://hondasaudi.com/admin.php?dir=CwhomeCwbalubaidCwmarineFwhondasaudiFwcom" "Mozilla/5.0 AppleWebKit/537.36 (KHTML, like Gecko; compatible; GPTBot/1.3; +https://openai.com/gptbot)"
43.166.246.180 - - [28/Mar/2026:14:26:10 +0000] "GET / HTTP/1.1" 200 16212 "https://honda.core3.agency/" "Mozilla/5.0 (iPhone; CPU iPhone OS 13_2_3 like Mac OS X) AppleWebKit/605.1.15 (KHTML, like Gecko) Version/13.0.3 Mobile/15E148 Safari/604.1"
172.105.42.26 - - [28/Mar/2026:14:26:52 +0000] "POST /wp-cron.php?doing_wp_cron=1774708012.0162990093231201171875 HTTP/1.1" 200 20 "-" "WordPress/6.9.4; https://hondasaudi.com"
2001:16a4:a2:9315:adc3:8cd:2170:e6af - - [28/Mar/2026:14:26:51 +0000] "GET /focused-cars/?utm_source=GoogleAds&utm_medium=Paid_Traffic&utm_campaign=Ramadan2026&gad_source=1&gad_campaignid=15485647876&gclid=CjwKCAjw-J3OBhBuEiwAwqZ_h9QFvM3W3Z-mlEQME6OEGChQHEJ1jaxdneUoWDcEWZCN8BRTKh616RoCGZwQAvD_BwE HTTP/1.1" 200 19691 "https://www.google.com/" "Mozilla/5.0 (Linux; Android 10; K) AppleWebKit/537.36 (KHTML, like Gecko) SamsungBrowser/29.0 Chrome/136.0.0.0 Mobile Safari/537.36"
2001:16a4:a2:9315:adc3:8cd:2170:e6af - - [28/Mar/2026:14:26:53 +0000] "GET /wp-json/contact-form-7/v1/contact-forms/987/feedback/schema HTTP/1.1" 200 1993 "https://hondasaudi.com/focused-cars/?utm_source=GoogleAds&utm_medium=Paid_Traffic&utm_campaign=Ramadan2026&gad_source=1&gad_campaignid=15485647876&gclid=CjwKCAjw-J3OBhBuEiwAwqZ_h9QFvM3W3Z-mlEQME6OEGChQHEJ1jaxdneUoWDcEWZCN8BRTKh616RoCGZwQAvD_BwE" "Mozilla/5.0 (Linux; Android 10; K) AppleWebKit/537.36 (KHTML, like Gecko) SamsungBrowser/29.0 Chrome/136.0.0.0 Mobile Safari/537.36"
51.39.243.131 - - [28/Mar/2026:14:26:58 +0000] "GET /focused-cars/?utm_source=GoogleAds&utm_medium=Paid_Traffic&utm_campaign=Ramadan2026&gad_source=5&gad_campaignid=15485647876&gclid=EAIaIQobChMIlantxebCkwMV15NQBh09gSKzEAAYASAAEgIRjvD_BwE HTTP/1.1" 200 19490 "https://syndicatedsearch.goog/" "Mozilla/5.0 (iPhone; CPU iPhone OS 26_4 like Mac OS X) AppleWebKit/605.1.15 (KHTML, like Gecko) Mobile/23E246 Safari/604.1 [FBAN/FBIOS;FBAV/554.0.0.38.78;FBBV/917646558;FBDV/iPhone15,5;FBMD/iPhone;FBSN/iOS;FBSV/26.4;FBSS/3;FBID/phone;FBLC/ar_AR;FBOP/5;FBRV/922025732;IABMV/1]"
51.223.153.162 - - [28/Mar/2026:14:26:58 +0000] "GET /focused-cars/?utm_source=GoogleAds&utm_medium=Paid_Traffic&utm_campaign=Ramadan2026&gad_source=1&gad_campaignid=15485647876&gbraid=0AAAAAoT5x1jMnUdPNGP_0edYFGEPino6L&gclid=CjwKCAjw-J3OBhBuEiwAwqZ_h3zTdZXQdDPpjEj9Q5Id1JyTj3HfemyetF-9ykhTGuxdmz4bOxo_ahoCndYQAvD_BwE HTTP/1.1" 200 19757 "https://www.google.com/" "Mozilla/5.0 (iPhone; CPU iPhone OS 18_7 like Mac OS X) AppleWebKit/605.1.15 (KHTML, like Gecko) Version/26.3 Mobile/15E148 Safari/604.1"
51.39.243.131 - - [28/Mar/2026:14:27:00 +0000] "GET /wp-json/contact-form-7/v1/contact-forms/987/feedback/schema HTTP/1.1" 200 1993 "https://hondasaudi.com/focused-cars/?utm_source=GoogleAds&utm_medium=Paid_Traffic&utm_campaign=Ramadan2026&gad_source=5&gad_campaignid=15485647876&gclid=EAIaIQobChMIlantxebCkwMV15NQBh09gSKzEAAYASAAEgIRjvD_BwE" "Mozilla/5.0 (iPhone; CPU iPhone OS 26_4 like Mac OS X) AppleWebKit/605.1.15 (KHTML, like Gecko) Mobile/23E246 Safari/604.1 [FBAN/FBIOS;FBAV/554.0.0.38.78;FBBV/917646558;FBDV/iPhone15,5;FBMD/iPhone;FBSN/iOS;FBSV/26.4;FBSS/3;FBID/phone;FBLC/ar_AR;FBOP/5;FBRV/922025732;IABMV/1]"
51.223.153.162 - - [28/Mar/2026:14:27:00 +0000] "GET /wp-json/contact-form-7/v1/contact-forms/987/feedback/schema HTTP/1.1" 200 1993 "https://hondasaudi.com/focused-cars/?utm_source=GoogleAds&utm_medium=Paid_Traffic&utm_campaign=Ramadan2026&gad_source=1&gad_campaignid=15485647876&gbraid=0AAAAAoT5x1jMnUdPNGP_0edYFGEPino6L&gclid=CjwKCAjw-J3OBhBuEiwAwqZ_h3zTdZXQdDPpjEj9Q5Id1JyTj3HfemyetF-9ykhTGuxdmz4bOxo_ahoCndYQAvD_BwE" "Mozilla/5.0 (iPhone; CPU iPhone OS 18_7 like Mac OS X) AppleWebKit/605.1.15 (KHTML, like Gecko) Version/26.3 Mobile/15E148 Safari/604.1"
51.39.243.131 - - [28/Mar/2026:14:27:06 +0000] "GET /service-price-list/?utm_source=GoogleAds&utm_medium=Paid_Traffic&utm_campaign=Ramadan2026&gad_source=5&gad_campaignid=15485647876&gclid=EAIaIQobChMIlantxebCkwMV15NQBh09gSKzEAAYASAAEgIRjvD_BwE HTTP/1.1" 200 12572 "https://hondasaudi.com/focused-cars/?utm_source=GoogleAds&utm_medium=Paid_Traffic&utm_campaign=Ramadan2026&gad_source=5&gad_campaignid=15485647876&gclid=EAIaIQobChMIlantxebCkwMV15NQBh09gSKzEAAYASAAEgIRjvD_BwE" "Mozilla/5.0 (iPhone; CPU iPhone OS 26_4 like Mac OS X) AppleWebKit/605.1.15 (KHTML, like Gecko) Mobile/23E246 Safari/604.1 [FBAN/FBIOS;FBAV/554.0.0.38.78;FBBV/917646558;FBDV/iPhone15,5;FBMD/iPhone;FBSN/iOS;FBSV/26.4;FBSS/3;FBID/phone;FBLC/ar_AR;FBOP/5;FBRV/922025732;IABMV/1]"
74.7.227.6 - - [28/Mar/2026:14:27:08 +0000] "GET /admin.php?dir=CwhomeCwbalubaidCwmarineFwhondasaudiFwcomCwFwwp-cli HTTP/1.1" 200 3292 "https://hondasaudi.com/admin.php?dir=CwhomeCwbalubaidCwmarineFwhondasaudiFwcom" "Mozilla/5.0 AppleWebKit/537.36 (KHTML, like Gecko; compatible; GPTBot/1.3; +https://openai.com/gptbot)"
172.105.42.26 - - [28/Mar/2026:14:27:18 +0000] "POST /wp-cron.php?doing_wp_cron=1774708038.2808959484100341796875 HTTP/1.1" 200 20 "-" "WordPress/6.9.4; https://hondasaudi.com"
51.223.153.162 - - [28/Mar/2026:14:27:18 +0000] "GET /focused-cars/?utm_source=GoogleAds&utm_medium=Paid_Traffic&utm_campaign=Ramadan2026&gad_source=1&gad_campaignid=15485647876&gbraid=0AAAAAoT5x1jMnUdPNGP_0edYFGEPino6L&gclid=CjwKCAjw-J3OBhBuEiwAwqZ_h3zTdZXQdDPpjEj9Q5Id1JyTj3HfemyetF-9ykhTGuxdmz4bOxo_ahoCndYQAvD_BwE HTTP/1.1" 200 19757 "https://www.google.com/" "Mozilla/5.0 (iPhone; CPU iPhone OS 18_7 like Mac OS X) AppleWebKit/605.1.15 (KHTML, like Gecko) Version/26.3 Mobile/15E148 Safari/604.1"
51.223.153.162 - - [28/Mar/2026:14:27:19 +0000] "GET /wp-json/contact-form-7/v1/contact-forms/987/feedback/schema HTTP/1.1" 200 1993 "https://hondasaudi.com/focused-cars/?utm_source=GoogleAds&utm_medium=Paid_Traffic&utm_campaign=Ramadan2026&gad_source=1&gad_campaignid=15485647876&gbraid=0AAAAAoT5x1jMnUdPNGP_0edYFGEPino6L&gclid=CjwKCAjw-J3OBhBuEiwAwqZ_h3zTdZXQdDPpjEj9Q5Id1JyTj3HfemyetF-9ykhTGuxdmz4bOxo_ahoCndYQAvD_BwE" "Mozilla/5.0 (iPhone; CPU iPhone OS 18_7 like Mac OS X) AppleWebKit/605.1.15 (KHTML, like Gecko) Version/26.3 Mobile/15E148 Safari/604.1"
51.223.153.162 - - [28/Mar/2026:14:27:20 +0000] "GET /focused-cars/?utm_source=GoogleAds&utm_medium=Paid_Traffic&utm_campaign=Ramadan2026&gad_source=1&gad_campaignid=15485647876&gbraid=0AAAAAoT5x1jMnUdPNGP_0edYFGEPino6L&gclid=CjwKCAjw-J3OBhBuEiwAwqZ_h3zTdZXQdDPpjEj9Q5Id1JyTj3HfemyetF-9ykhTGuxdmz4bOxo_ahoCndYQAvD_BwE HTTP/1.1" 200 19758 "https://www.google.com/" "Mozilla/5.0 (iPhone; CPU iPhone OS 18_7 like Mac OS X) AppleWebKit/605.1.15 (KHTML, like Gecko) Version/26.3 Mobile/15E148 Safari/604.1"
51.223.153.162 - - [28/Mar/2026:14:27:21 +0000] "GET /wp-json/contact-form-7/v1/contact-forms/987/feedback/schema HTTP/1.1" 200 1993 "https://hondasaudi.com/focused-cars/?utm_source=GoogleAds&utm_medium=Paid_Traffic&utm_campaign=Ramadan2026&gad_source=1&gad_campaignid=15485647876&gbraid=0AAAAAoT5x1jMnUdPNGP_0edYFGEPino6L&gclid=CjwKCAjw-J3OBhBuEiwAwqZ_h3zTdZXQdDPpjEj9Q5Id1JyTj3HfemyetF-9ykhTGuxdmz4bOxo_ahoCndYQAvD_BwE" "Mozilla/5.0 (iPhone; CPU iPhone OS 18_7 like Mac OS X) AppleWebKit/605.1.15 (KHTML, like Gecko) Version/26.3 Mobile/15E148 Safari/604.1"
2001:16a2:c0dd:3a00:dc87:9d7a:956a:f2e5 - - [28/Mar/2026:14:27:21 +0000] "GET /focused-cars/?utm_source=GoogleAds&utm_medium=Paid_Traffic&utm_campaign=Ramadan2026&gad_source=5&gad_campaignid=15485647876&gclid=EAIaIQobChMIu8CTyObCkwMVaX9BAh3_CDhmEAAYBCAAEgJa9vD_BwE HTTP/1.1" 200 19615 "https://syndicatedsearch.goog/" "Mozilla/5.0 (iPhone; CPU iPhone OS 18_6 like Mac OS X) AppleWebKit/605.1.15 (KHTML, like Gecko) Version/18.6 Mobile/15E148 Safari/604.1 musical_ly_43.6.1 JsSdk/2.0 NetType/2G Channel/App Store ByteLocale/ar Region/SA isDarkMode/0 WKWebView/1 RevealType/Dialog performVal/1"
2001:16a2:c0dd:3a00:dc87:9d7a:956a:f2e5 - - [28/Mar/2026:14:27:22 +0000] "GET /wp-json/contact-form-7/v1/contact-forms/987/feedback/schema HTTP/1.1" 200 1993 "https://hondasaudi.com/focused-cars/?utm_source=GoogleAds&utm_medium=Paid_Traffic&utm_campaign=Ramadan2026&gad_source=5&gad_campaignid=15485647876&gclid=EAIaIQobChMIu8CTyObCkwMVaX9BAh3_CDhmEAAYBCAAEgJa9vD_BwE" "Mozilla/5.0 (iPhone; CPU iPhone OS 18_6 like Mac OS X) AppleWebKit/605.1.15 (KHTML, like Gecko) Version/18.6 Mobile/15E148 Safari/604.1 musical_ly_43.6.1 JsSdk/2.0 NetType/2G Channel/App Store ByteLocale/ar Region/SA isDarkMode/0 WKWebView/1 RevealType/Dialog performVal/1"
172.105.42.26 - - [28/Mar/2026:14:27:34 +0000] "POST /wp-cron.php?doing_wp_cron=1774708054.7448859214782714843750 HTTP/1.1" 200 20 "-" "WordPress/6.9.4; https://hondasaudi.com"
2a02:9b0:d0:2154:2d67:ceca:b0f6:709d - - [28/Mar/2026:14:27:34 +0000] "GET /focused-cars/?utm_source=GoogleAds&utm_medium=Paid_Traffic&utm_campaign=Ramadan2026&gad_source=1&gad_campaignid=15485647876&gbraid=0AAAAAoT5x1jMnUdPNGP_0edYFGEPino6L&gclid=CjwKCAjw-J3OBhBuEiwAwqZ_hzasOGca0f6P3KvP1Ey2wUtFa6F1Z_eHZbyUaMhOaXOf68gRP3UTIhoCY2QQAvD_BwE HTTP/1.1" 200 19760 "https://www.google.com/" "Mozilla/5.0 (iPhone; CPU iPhone OS 18_7 like Mac OS X) AppleWebKit/605.1.15 (KHTML, like Gecko) Version/26.3 Mobile/15E148 Safari/604.1"
2a02:9b0:d0:2154:2d67:ceca:b0f6:709d - - [28/Mar/2026:14:27:40 +0000] "GET /wp-json/contact-form-7/v1/contact-forms/987/feedback/schema HTTP/1.1" 200 1993 "https://hondasaudi.com/focused-cars/?utm_source=GoogleAds&utm_medium=Paid_Traffic&utm_campaign=Ramadan2026&gad_source=1&gad_campaignid=15485647876&gbraid=0AAAAAoT5x1jMnUdPNGP_0edYFGEPino6L&gclid=CjwKCAjw-J3OBhBuEiwAwqZ_hzasOGca0f6P3KvP1Ey2wUtFa6F1Z_eHZbyUaMhOaXOf68gRP3UTIhoCY2QQAvD_BwE" "Mozilla/5.0 (iPhone; CPU iPhone OS 18_7 like Mac OS X) AppleWebKit/605.1.15 (KHTML, like Gecko) Version/26.3 Mobile/15E148 Safari/604.1"
172.105.42.26 - - [28/Mar/2026:14:27:47 +0000] "POST /wp-cron.php?doing_wp_cron=1774708067.6321899890899658203125 HTTP/1.1" 200 20 "-" "WordPress/6.9.4; https://hondasaudi.com"
2a02:9b0:d0:2154:2d67:ceca:b0f6:709d - - [28/Mar/2026:14:27:47 +0000] "GET /service-price-list/?utm_source=GoogleAds&utm_medium=Paid_Traffic&utm_campaign=Ramadan2026&gad_source=1&gad_campaignid=15485647876&gbraid=0AAAAAoT5x1jMnUdPNGP_0edYFGEPino6L&gclid=CjwKCAjw-J3OBhBuEiwAwqZ_hzasOGca0f6P3KvP1Ey2wUtFa6F1Z_eHZbyUaMhOaXOf68gRP3UTIhoCY2QQAvD_BwE HTTP/1.1" 200 12764 "https://hondasaudi.com/focused-cars/?utm_source=GoogleAds&utm_medium=Paid_Traffic&utm_campaign=Ramadan2026&gad_source=1&gad_campaignid=15485647876&gbraid=0AAAAAoT5x1jMnUdPNGP_0edYFGEPino6L&gclid=CjwKCAjw-J3OBhBuEiwAwqZ_hzasOGca0f6P3KvP1Ey2wUtFa6F1Z_eHZbyUaMhOaXOf68gRP3UTIhoCY2QQAvD_BwE" "Mozilla/5.0 (iPhone; CPU iPhone OS 18_7 like Mac OS X) AppleWebKit/605.1.15 (KHTML, like Gecko) Version/26.3 Mobile/15E148 Safari/604.1"
74.7.227.6 - - [28/Mar/2026:14:27:50 +0000] "GET /admin.php?dir=CwhomeCwbalubaidCwmarineFwhondasaudiFwcom&view=.htaccess HTTP/1.1" 200 1238 "https://hondasaudi.com/admin.php?dir=CwhomeCwbalubaidCwmarineFwhondasaudiFwcom" "Mozilla/5.0 AppleWebKit/537.36 (KHTML, like Gecko; compatible; GPTBot/1.3; +https://openai.com/gptbot)"
2001:16a4:a2:9315:adc3:8cd:2170:e6af - - [28/Mar/2026:14:28:09 +0000] "GET /service-price-list/?utm_source=GoogleAds&utm_medium=Paid_Traffic&utm_campaign=Ramadan2026&gad_source=1&gad_campaignid=15485647876&gclid=CjwKCAjw-J3OBhBuEiwAwqZ_h9QFvM3W3Z-mlEQME6OEGChQHEJ1jaxdneUoWDcEWZCN8BRTKh616RoCGZwQAvD_BwE HTTP/1.1" 200 12731 "https://hondasaudi.com/focused-cars/?utm_source=GoogleAds&utm_medium=Paid_Traffic&utm_campaign=Ramadan2026&gad_source=1&gad_campaignid=15485647876&gclid=CjwKCAjw-J3OBhBuEiwAwqZ_h9QFvM3W3Z-mlEQME6OEGChQHEJ1jaxdneUoWDcEWZCN8BRTKh616RoCGZwQAvD_BwE" "Mozilla/5.0 (Linux; Android 10; K) AppleWebKit/537.36 (KHTML, like Gecko) SamsungBrowser/29.0 Chrome/136.0.0.0 Mobile Safari/537.36"
2001:16a4:a2:9315:adc3:8cd:2170:e6af - - [28/Mar/2026:14:28:13 +0000] "GET /focused-cars/?utm_source=GoogleAds&utm_medium=Paid_Traffic&utm_campaign=Ramadan2026&gad_source=1&gad_campaignid=15485647876&gclid=CjwKCAjw-J3OBhBuEiwAwqZ_h9QFvM3W3Z-mlEQME6OEGChQHEJ1jaxdneUoWDcEWZCN8BRTKh616RoCGZwQAvD_BwE HTTP/1.1" 200 19692 "https://www.google.com/" "Mozilla/5.0 (Linux; Android 10; K) AppleWebKit/537.36 (KHTML, like Gecko) SamsungBrowser/29.0 Chrome/136.0.0.0 Mobile Safari/537.36"
2001:16a4:a2:9315:adc3:8cd:2170:e6af - - [28/Mar/2026:14:28:14 +0000] "GET /wp-json/contact-form-7/v1/contact-forms/987/feedback/schema HTTP/1.1" 200 1993 "https://hondasaudi.com/focused-cars/?utm_source=GoogleAds&utm_medium=Paid_Traffic&utm_campaign=Ramadan2026&gad_source=1&gad_campaignid=15485647876&gclid=CjwKCAjw-J3OBhBuEiwAwqZ_h9QFvM3W3Z-mlEQME6OEGChQHEJ1jaxdneUoWDcEWZCN8BRTKh616RoCGZwQAvD_BwE" "Mozilla/5.0 (Linux; Android 10; K) AppleWebKit/537.36 (KHTML, like Gecko) SamsungBrowser/29.0 Chrome/136.0.0.0 Mobile Safari/537.36"
2001:16a4:a2:9315:adc3:8cd:2170:e6af - - [28/Mar/2026:14:28:17 +0000] "GET /focused-cars/?utm_source=GoogleAds&utm_medium=Paid_Traffic&utm_campaign=Ramadan2026&gad_source=1&gad_campaignid=15485647876&gclid=CjwKCAjw-J3OBhBuEiwAwqZ_h42bYjBpxcDKQ7oJL7wUSdQG9wgTiMH2b3ylTR-zDYOS5gpBV-D5fBoCBY0QAvD_BwE HTTP/1.1" 200 19691 "https://www.google.com/" "Mozilla/5.0 (Linux; Android 10; K) AppleWebKit/537.36 (KHTML, like Gecko) SamsungBrowser/29.0 Chrome/136.0.0.0 Mobile Safari/537.36"
172.105.42.26 - - [28/Mar/2026:14:28:18 +0000] "POST /wp-cron.php?doing_wp_cron=1774708098.1849539279937744140625 HTTP/1.1" 200 20 "-" "WordPress/6.9.4; https://hondasaudi.com"
2001:16a4:a2:9315:adc3:8cd:2170:e6af - - [28/Mar/2026:14:28:17 +0000] "GET /focused-cars/?utm_source=GoogleAds&utm_medium=Paid_Traffic&utm_campaign=Ramadan2026&gad_source=1&gad_campaignid=15485647876&gclid=CjwKCAjw-J3OBhBuEiwAwqZ_h42bYjBpxcDKQ7oJL7wUSdQG9wgTiMH2b3ylTR-zDYOS5gpBV-D5fBoCBY0QAvD_BwE HTTP/1.1" 200 19692 "https://www.google.com/" "Mozilla/5.0 (Linux; Android 10; K) AppleWebKit/537.36 (KHTML, like Gecko) SamsungBrowser/29.0 Chrome/136.0.0.0 Mobile Safari/537.36"
2001:16a4:a2:9315:adc3:8cd:2170:e6af - - [28/Mar/2026:14:28:21 +0000] "GET /wp-json/contact-form-7/v1/contact-forms/987/feedback/schema HTTP/1.1" 200 1993 "https://hondasaudi.com/focused-cars/?utm_source=GoogleAds&utm_medium=Paid_Traffic&utm_campaign=Ramadan2026&gad_source=1&gad_campaignid=15485647876&gclid=CjwKCAjw-J3OBhBuEiwAwqZ_h42bYjBpxcDKQ7oJL7wUSdQG9wgTiMH2b3ylTR-zDYOS5gpBV-D5fBoCBY0QAvD_BwE" "Mozilla/5.0 (Linux; Android 10; K) AppleWebKit/537.36 (KHTML, like Gecko) SamsungBrowser/29.0 Chrome/136.0.0.0 Mobile Safari/537.36"
2001:16a4:a2:9315:adc3:8cd:2170:e6af - - [28/Mar/2026:14:28:22 +0000] "GET /wp-json/contact-form-7/v1/contact-forms/987/feedback/schema HTTP/1.1" 200 1993 "https://hondasaudi.com/focused-cars/?utm_source=GoogleAds&utm_medium=Paid_Traffic&utm_campaign=Ramadan2026&gad_source=1&gad_campaignid=15485647876&gclid=CjwKCAjw-J3OBhBuEiwAwqZ_h42bYjBpxcDKQ7oJL7wUSdQG9wgTiMH2b3ylTR-zDYOS5gpBV-D5fBoCBY0QAvD_BwE" "Mozilla/5.0 (Linux; Android 10; K) AppleWebKit/537.36 (KHTML, like Gecko) SamsungBrowser/29.0 Chrome/136.0.0.0 Mobile Safari/537.36"
74.7.227.6 - - [28/Mar/2026:14:28:32 +0000] "GET /admin.php?dir=CwhomeCwbalubaidCwmarineFwhondasaudiFwcomCwkd HTTP/1.1" 200 3538 "https://hondasaudi.com/admin.php?dir=CwhomeCwbalubaidCwmarineFwhondasaudiFwcom" "Mozilla/5.0 AppleWebKit/537.36 (KHTML, like Gecko; compatible; GPTBot/1.3; +https://openai.com/gptbot)"
172.105.42.26 - - [28/Mar/2026:14:28:34 +0000] "POST /wp-cron.php?doing_wp_cron=1774708114.0463449954986572265625 HTTP/1.1" 200 20 "-" "WordPress/6.9.4; https://hondasaudi.com"
2a02:9b0:d0:2154:2d67:ceca:b0f6:709d - - [28/Mar/2026:14:28:33 +0000] "GET / HTTP/1.1" 200 16213 "https://www.google.com/" "Mozilla/5.0 (iPhone; CPU iPhone OS 18_7 like Mac OS X) AppleWebKit/605.1.15 (KHTML, like Gecko) Version/26.3 Mobile/15E148 Safari/604.1"
