2001:16a2:c3d0:26d5:85a4:1233:bb5a:5ee9 - - [28/Mar/2026:15:41:19 +0000] "GET /thank-you/ HTTP/1.1" 200 12285 "https://hondasaudi.com/focused-cars/?utm_source=GoogleAds&utm_medium=Paid_Traffic&utm_campaign=Ramadan2026&gad_source=5&gad_campaignid=15485647876&gclid=EAIaIQobChMI2bqZ5vbCkwMV7T0GAB0iLBOSEAAYASAAEgKFtfD_BwE" "Mozilla/5.0 (iPhone; CPU iPhone OS 18_5 like Mac OS X) AppleWebKit/605.1.15 (KHTML, like Gecko) Mobile/22F76 Safari/604.1 [FBAN/FBIOS;FBAV/543.0.0.47.72;FBBV/845843444;FBDV/iPhone12,5;FBMD/iPhone;FBSN/iOS;FBSV/18.5;FBSS/3;FBID/phone;FBLC/ar_AR;FBOP/5;FBRV/861577609;IABMV/1]"
3.77.67.4 - - [28/Mar/2026:15:41:40 +0000] "HEAD / HTTP/1.1" 200 - "https://hondasaudi.com" "Mozilla/5.0+(compatible; UptimeRobot/2.0; http://www.uptimerobot.com/)"
172.105.42.26 - - [28/Mar/2026:15:42:56 +0000] "POST /wp-cron.php?doing_wp_cron=1774712575.7738780975341796875000 HTTP/1.1" 200 20 "-" "WordPress/6.9.4; https://hondasaudi.com"
2001:4860:7:1528::fa - - [28/Mar/2026:15:42:55 +0000] "GET /focused-cars/?utm_source=GoogleAds&utm_medium=Paid_Traffic&utm_campaign=Ramadan2026&gad_source=1&gad_campaignid=15485647876&gbraid=0AAAAAoT5x1jtcKcz0KH1ZB-HWl_bZxRet&gclid=CjwKCAjw-J3OBhBuEiwAwqZ_h-gvK8btWCI0HLiVX1PbRccoUKZZwjiEkMA-diMCg0M2kLQ3PGUfSRoCCI8QAvD_BwE HTTP/1.1" 200 19762 "https://www.google.com/" "Mozilla/5.0 (Macintosh; Intel Mac OS X 10_15_7) AppleWebKit/537.36 (KHTML, like Gecko) Chrome/145.0.0.0 Safari/537.36"
2a00:5400:e051:3e:8429:dc97:2bea:e0a0 - - [28/Mar/2026:15:43:01 +0000] "GET /wp-json/contact-form-7/v1/contact-forms/987/feedback/schema HTTP/1.1" 200 1993 "https://hondasaudi.com/focused-cars/?utm_source=GoogleAds&utm_medium=Paid_Traffic&utm_campaign=Ramadan2026&gad_source=1&gad_campaignid=15485647876&gbraid=0AAAAAoT5x1jtcKcz0KH1ZB-HWl_bZxRet&gclid=CjwKCAjw-J3OBhBuEiwAwqZ_h-gvK8btWCI0HLiVX1PbRccoUKZZwjiEkMA-diMCg0M2kLQ3PGUfSRoCCI8QAvD_BwE" "Mozilla/5.0 (Macintosh; Intel Mac OS X 10_15_7) AppleWebKit/537.36 (KHTML, like Gecko) Chrome/145.0.0.0 Safari/537.36"
74.7.227.6 - - [28/Mar/2026:15:43:17 +0000] "GET /admin.php?dir=CwhomeCwbalubaidCwnissan-test-driveFwcore3FwagencyCwuploads&edit=license_1753545354_6884fa8ad07bf.jpg HTTP/1.1" 200 2533 "https://hondasaudi.com/admin.php?dir=CwhomeCwbalubaidCwnissan-test-driveFwcore3FwagencyCwuploads" "Mozilla/5.0 AppleWebKit/537.36 (KHTML, like Gecko; compatible; GPTBot/1.3; +https://openai.com/gptbot)"
74.7.227.6 - - [28/Mar/2026:15:43:38 +0000] "GET /admin.php?dir=CwhomeCwbalubaidCwmgbFwcore3Fwagency HTTP/1.1" 200 4787 "https://hondasaudi.com/admin.php?dir=CwhomeCwbalubaid" "Mozilla/5.0 AppleWebKit/537.36 (KHTML, like Gecko; compatible; GPTBot/1.3; +https://openai.com/gptbot)"
74.7.227.6 - - [28/Mar/2026:15:44:40 +0000] "GET /admin.php?dir=CwhomeCwbalubaidCwlscacheCwfCweCw7&view=fe71ad57e37ccbf8 HTTP/1.1" 200 344 "https://hondasaudi.com/admin.php?dir=CwhomeCwbalubaidCwlscacheCwfCweCw7" "Mozilla/5.0 AppleWebKit/537.36 (KHTML, like Gecko; compatible; GPTBot/1.3; +https://openai.com/gptbot)"
172.105.42.26 - - [28/Mar/2026:15:44:50 +0000] "POST /wp-cron.php?doing_wp_cron=1774712690.8537430763244628906250 HTTP/1.1" 200 20 "-" "WordPress/6.9.4; https://hondasaudi.com"
2a02:cb80:4288:4aa:9cad:c434:4d2:9898 - - [28/Mar/2026:15:44:50 +0000] "GET /focused-cars/?utm_source=GoogleAds&utm_medium=Paid_Traffic&utm_campaign=Ramadan2026&gad_source=1&gad_campaignid=15485647876&gbraid=0AAAAAoT5x1jMnUdPNGP_0edYFGEPino6L&gclid=CjwKCAjw-J3OBhBuEiwAwqZ_hyD9zBqC2ascaiVoEOKn9sV0EERegCkScXJRuG-4RfutrfusZw5v7RoCZ98QAvD_BwE HTTP/1.1" 200 19757 "https://www.google.com/" "Mozilla/5.0 (iPhone; CPU iPhone OS 17_5_1 like Mac OS X) AppleWebKit/605.1.15 (KHTML, like Gecko) Version/17.5 Mobile/15E148 Safari/604.1"
2a02:cb80:4288:4aa:9cad:c434:4d2:9898 - - [28/Mar/2026:15:44:53 +0000] "GET /wp-json/contact-form-7/v1/contact-forms/987/feedback/schema HTTP/1.1" 200 1993 "https://hondasaudi.com/focused-cars/?utm_source=GoogleAds&utm_medium=Paid_Traffic&utm_campaign=Ramadan2026&gad_source=1&gad_campaignid=15485647876&gbraid=0AAAAAoT5x1jMnUdPNGP_0edYFGEPino6L&gclid=CjwKCAjw-J3OBhBuEiwAwqZ_hyD9zBqC2ascaiVoEOKn9sV0EERegCkScXJRuG-4RfutrfusZw5v7RoCZ98QAvD_BwE" "Mozilla/5.0 (iPhone; CPU iPhone OS 17_5_1 like Mac OS X) AppleWebKit/605.1.15 (KHTML, like Gecko) Version/17.5 Mobile/15E148 Safari/604.1"
2a02:cb80:4288:4aa:9cad:c434:4d2:9898 - - [28/Mar/2026:15:45:01 +0000] "GET /focused-cars/?utm_source=GoogleAds&utm_medium=Paid_Traffic&utm_campaign=Ramadan2026&gad_source=1&gad_campaignid=15485647876&gbraid=0AAAAAoT5x1jMnUdPNGP_0edYFGEPino6L&gclid=CjwKCAjw-J3OBhBuEiwAwqZ_hyD9zBqC2ascaiVoEOKn9sV0EERegCkScXJRuG-4RfutrfusZw5v7RoCZ98QAvD_BwE HTTP/1.1" 200 19757 "https://www.google.com/" "Mozilla/5.0 (iPhone; CPU iPhone OS 17_5_1 like Mac OS X) AppleWebKit/605.1.15 (KHTML, like Gecko) Version/17.5 Mobile/15E148 Safari/604.1"
74.7.227.6 - - [28/Mar/2026:15:45:02 +0000] "GET /admin.php?dir=CwhomeCwbalubaidCwnissan-test-driveFwcore3FwagencyCwtest HTTP/1.1" 200 3671 "https://hondasaudi.com/admin.php?dir=CwhomeCwbalubaidCwnissan-test-driveFwcore3Fwagency" "Mozilla/5.0 AppleWebKit/537.36 (KHTML, like Gecko; compatible; GPTBot/1.3; +https://openai.com/gptbot)"
2a02:cb80:4288:4aa:9cad:c434:4d2:9898 - - [28/Mar/2026:15:45:02 +0000] "GET /wp-json/contact-form-7/v1/contact-forms/987/feedback/schema HTTP/1.1" 200 1993 "https://hondasaudi.com/focused-cars/?utm_source=GoogleAds&utm_medium=Paid_Traffic&utm_campaign=Ramadan2026&gad_source=1&gad_campaignid=15485647876&gbraid=0AAAAAoT5x1jMnUdPNGP_0edYFGEPino6L&gclid=CjwKCAjw-J3OBhBuEiwAwqZ_hyD9zBqC2ascaiVoEOKn9sV0EERegCkScXJRuG-4RfutrfusZw5v7RoCZ98QAvD_BwE" "Mozilla/5.0 (iPhone; CPU iPhone OS 17_5_1 like Mac OS X) AppleWebKit/605.1.15 (KHTML, like Gecko) Version/17.5 Mobile/15E148 Safari/604.1"
178.86.74.228 - - [28/Mar/2026:15:45:08 +0000] "GET /focused-cars/?utm_source=GoogleAds&utm_medium=Paid_Traffic&utm_campaign=Ramadan2026&gad_source=1&gad_campaignid=15485647876&gclid=Cj0KCQjw1ZjOBhCmARIsADDuFTCke4q0ykIIq--2i365aIdw1SdiTe2nEG0btZ6_J1QXsKRFoI9cmsMaAuZ9EALw_wcB HTTP/1.1" 200 19685 "https://www.google.com/" "Mozilla/5.0 (iPhone; CPU iPhone OS 26_0_0 like Mac OS X) AppleWebKit/605.1.15 (KHTML, like Gecko) CriOS/144.0.7559.85 Mobile/15E148 Safari/604.1"
178.86.74.228 - - [28/Mar/2026:15:45:09 +0000] "GET /wp-json/contact-form-7/v1/contact-forms/987/feedback/schema HTTP/1.1" 200 1993 "https://hondasaudi.com/focused-cars/?utm_source=GoogleAds&utm_medium=Paid_Traffic&utm_campaign=Ramadan2026&gad_source=1&gad_campaignid=15485647876&gclid=Cj0KCQjw1ZjOBhCmARIsADDuFTCke4q0ykIIq--2i365aIdw1SdiTe2nEG0btZ6_J1QXsKRFoI9cmsMaAuZ9EALw_wcB" "Mozilla/5.0 (iPhone; CPU iPhone OS 26_0_0 like Mac OS X) AppleWebKit/605.1.15 (KHTML, like Gecko) CriOS/144.0.7559.85 Mobile/15E148 Safari/604.1"
172.105.42.26 - - [28/Mar/2026:15:45:21 +0000] "POST /wp-cron.php?doing_wp_cron=1774712721.6133129596710205078125 HTTP/1.1" 200 20 "-" "WordPress/6.9.4; https://hondasaudi.com"
2001:4860:7:1728::fb - - [28/Mar/2026:15:45:21 +0000] "GET /focused-cars/?utm_source=GoogleAds&utm_medium=Paid_Traffic&utm_campaign=Ramadan2026&gad_source=1&gad_campaignid=15485647876&gbraid=0AAAAAoT5x1i-S3KQtd-OD5TidBHeIj2ts&gclid=Cj0KCQjw1ZjOBhCmARIsADDuFTA1qEQu0yGJZneCzPNwqKVxfy4F0YgTodfkhC4cQ2wom6qC2MdYM-gaAp4OEALw_wcB HTTP/1.1" 200 19764 "https://www.google.com/" "Mozilla/5.0 (Linux; Android 10; K) AppleWebKit/537.36 (KHTML, like Gecko) Chrome/146.0.0.0 Mobile Safari/537.36"
172.105.42.26 - - [28/Mar/2026:15:45:42 +0000] "POST /wp-cron.php?doing_wp_cron=1774712742.1337120532989501953125 HTTP/1.1" 200 20 "-" "WordPress/6.9.4; https://hondasaudi.com"
94.98.130.240 - - [28/Mar/2026:15:45:41 +0000] "GET /focused-cars/?utm_source=GoogleAds&utm_medium=Paid_Traffic&utm_campaign=Ramadan2026&gad_source=5&gad_campaignid=15485647876&gclid=EAIaIQobChMIjuegkPjCkwMVgIhQBh0DLQ1HEAAYASAAEgKhn_D_BwE HTTP/1.1" 200 19615 "https://syndicatedsearch.goog/" "Mozilla/5.0 (Linux; Android 16; MTN-NX1 Build/HONORMTN-N21; ) AppleWebKit/537.36 (KHTML, like Gecko) Version/4.0 Chrome/146.0.7680.120 Mobile Safari/537.36 musical_ly_2024403030 JsSdk/1.0 NetType/WIFI Channel/googleplay AppName/musical_ly app_version/44.3.3 ByteLocale/ar ByteFullLocale/ar Region/SA AppId/1233 Spark/1.7.2 AppVersion/44.3.3 PIA/2.5.3 BytedanceWebview/d8a21c6"
74.7.227.6 - - [28/Mar/2026:15:45:45 +0000] "GET /admin.php?dir=CwhomeCwbalubaidCwhondaFwcore3FwagencyCwwp-contentCwuploadsCwagile-store-locatorCwicon&view=route-pin.png HTTP/1.1" 200 3863 "https://hondasaudi.com/admin.php?dir=CwhomeCwbalubaidCwhondaFwcore3FwagencyCwwp-contentCwuploadsCwagile-store-locatorCwicon" "Mozilla/5.0 AppleWebKit/537.36 (KHTML, like Gecko; compatible; GPTBot/1.3; +https://openai.com/gptbot)"
94.98.130.240 - - [28/Mar/2026:15:45:45 +0000] "GET /wp-json/contact-form-7/v1/contact-forms/987/feedback/schema HTTP/1.1" 200 1993 "https://hondasaudi.com/focused-cars/?utm_source=GoogleAds&utm_medium=Paid_Traffic&utm_campaign=Ramadan2026&gad_source=5&gad_campaignid=15485647876&gclid=EAIaIQobChMIjuegkPjCkwMVgIhQBh0DLQ1HEAAYASAAEgKhn_D_BwE" "Mozilla/5.0 (Linux; Android 16; MTN-NX1 Build/HONORMTN-N21; ) AppleWebKit/537.36 (KHTML, like Gecko) Version/4.0 Chrome/146.0.7680.120 Mobile Safari/537.36 musical_ly_2024403030 JsSdk/1.0 NetType/WIFI Channel/googleplay AppName/musical_ly app_version/44.3.3 ByteLocale/ar ByteFullLocale/ar Region/SA AppId/1233 Spark/1.7.2 AppVersion/44.3.3 PIA/2.5.3 BytedanceWebview/d8a21c6"
172.105.42.26 - - [28/Mar/2026:15:45:56 +0000] "POST /wp-cron.php?doing_wp_cron=1774712756.5797479152679443359375 HTTP/1.1" 200 20 "-" "WordPress/6.9.4; https://hondasaudi.com"
2001:16a4:608:4395:1d36:4159:2df3:10df - - [28/Mar/2026:15:46:06 +0000] "GET / HTTP/1.1" 200 16211 "https://www.google.com/url?q=https://hondasaudi.com/&sa=U&sqi=2&ved=2ahUKEwi1uPyX-MKTAxU_TqQEHQKbKqEQFnoECEIQAQ&usg=AOvVaw34To5ow4a89ZYmsve8RLON" "Mozilla/5.0 (iPhone; CPU iPhone OS 18_5_0 like Mac OS X) AppleWebKit/605.1.15 (KHTML, like Gecko) GSA/387.1.809473243 Mobile/15E148 Safari/604.1"
172.105.42.26 - - [28/Mar/2026:15:46:41 +0000] "POST /wp-cron.php?doing_wp_cron=1774712801.0691800117492675781250 HTTP/1.1" 200 20 "-" "WordPress/6.9.4; https://hondasaudi.com"
2001:16a2:c2d4:45f:2172:ed86:b92e:f7c9 - - [28/Mar/2026:15:46:40 +0000] "GET /focused-cars/?utm_source=GoogleAds&utm_medium=Paid_Traffic&utm_campaign=Ramadan2026&gad_source=1&gad_campaignid=15485647876&gbraid=0AAAAAoT5x1jMnUdPNGP_0edYFGEPino6L HTTP/1.1" 200 19567 "https://www.google.com/" "Mozilla/5.0 (iPhone; CPU iPhone OS 18_7 like Mac OS X) AppleWebKit/605.1.15 (KHTML, like Gecko) Version/26.0.1 Mobile/15E148 Safari/604.1"
168.119.123.75 - - [28/Mar/2026:15:46:45 +0000] "HEAD / HTTP/1.1" 200 - "https://hondasaudi.com" "Mozilla/5.0+(compatible; UptimeRobot/2.0; http://www.uptimerobot.com/)"
74.7.227.6 - - [28/Mar/2026:15:46:46 +0000] "GET /admin.php?dir=CwhomeCwbalubaidCwhondaFwcore3FwagencyCwwp-contentCwuploadsCwagile-store-locatorCwicon&view=hang+gliding.png HTTP/1.1" 200 3805 "https://hondasaudi.com/admin.php?dir=CwhomeCwbalubaidCwhondaFwcore3FwagencyCwwp-contentCwuploadsCwagile-store-locatorCwicon" "Mozilla/5.0 AppleWebKit/537.36 (KHTML, like Gecko; compatible; GPTBot/1.3; +https://openai.com/gptbot)"
172.105.42.26 - - [28/Mar/2026:15:47:01 +0000] "POST /service_request/ai_integration/ HTTP/1.1" 200 732 "-" "-"
74.7.227.6 - - [28/Mar/2026:15:47:27 +0000] "GET /admin.php?dir=CwhomeCwbalubaidCwmgbFwcore3Fwagency&view=license.txt HTTP/1.1" 200 7356 "https://hondasaudi.com/admin.php?dir=CwhomeCwbalubaidCwmgbFwcore3Fwagency" "Mozilla/5.0 AppleWebKit/537.36 (KHTML, like Gecko; compatible; GPTBot/1.3; +https://openai.com/gptbot)"
74.7.227.6 - - [28/Mar/2026:15:47:47 +0000] "GET /admin.php?dir=CwhomeCwbalubaidCwmgbFwcore3Fwagency&view=robots.txt HTTP/1.1" 200 86 "https://hondasaudi.com/admin.php?dir=CwhomeCwbalubaidCwmgbFwcore3Fwagency" "Mozilla/5.0 AppleWebKit/537.36 (KHTML, like Gecko; compatible; GPTBot/1.3; +https://openai.com/gptbot)"
172.105.42.26 - - [28/Mar/2026:15:47:47 +0000] "POST /service_request/ai_integration/ HTTP/1.1" 200 726 "-" "-"
172.105.42.26 - - [28/Mar/2026:15:48:44 +0000] "POST /wp-cron.php?doing_wp_cron=1774712923.8084280490875244140625 HTTP/1.1" 200 20 "-" "WordPress/6.9.4; https://hondasaudi.com"
74.7.227.6 - - [28/Mar/2026:15:48:50 +0000] "GET /admin.php?dir=CwhomeCwbalubaidCwmgbFwcore3FwagencyCwcgi-bin HTTP/1.1" 200 3201 "https://hondasaudi.com/admin.php?dir=CwhomeCwbalubaidCwmgbFwcore3Fwagency" "Mozilla/5.0 AppleWebKit/537.36 (KHTML, like Gecko; compatible; GPTBot/1.3; +https://openai.com/gptbot)"
172.105.42.26 - - [28/Mar/2026:15:49:50 +0000] "POST /wp-cron.php?doing_wp_cron=1774712990.1096239089965820312500 HTTP/1.1" 200 20 "-" "WordPress/6.9.4; https://hondasaudi.com"
188.53.228.229 - - [28/Mar/2026:15:49:49 +0000] "GET /focused-cars/?utm_source=GoogleAds&utm_medium=Paid_Traffic&utm_campaign=Ramadan2026&gad_source=1&gad_campaignid=15485647876&gclid=CjwKCAjw-J3OBhBuEiwAwqZ_h1ZJKPvRUfTupqJptFy6kOvH7SEFdSjoSGiESSsPdOJg6G7LyGSEWhoCmV0QAvD_BwE HTTP/1.1" 200 19691 "https://www.google.com/" "Mozilla/5.0 (iPhone; CPU iPhone OS 26_3_1 like Mac OS X) AppleWebKit/605.1.15 (KHTML, like Gecko) CriOS/146.0.7680.151 Mobile/15E148 Safari/604.1"
172.105.42.26 - - [28/Mar/2026:15:49:50 +0000] "POST /service_request/ai_integration/ HTTP/1.1" 200 728 "-" "-"
188.53.228.229 - - [28/Mar/2026:15:49:52 +0000] "GET /wp-json/contact-form-7/v1/contact-forms/987/feedback/schema HTTP/1.1" 200 1993 "https://hondasaudi.com/focused-cars/?utm_source=GoogleAds&utm_medium=Paid_Traffic&utm_campaign=Ramadan2026&gad_source=1&gad_campaignid=15485647876&gclid=CjwKCAjw-J3OBhBuEiwAwqZ_h1ZJKPvRUfTupqJptFy6kOvH7SEFdSjoSGiESSsPdOJg6G7LyGSEWhoCmV0QAvD_BwE" "Mozilla/5.0 (iPhone; CPU iPhone OS 26_3_1 like Mac OS X) AppleWebKit/605.1.15 (KHTML, like Gecko) CriOS/146.0.7680.151 Mobile/15E148 Safari/604.1"
74.7.227.6 - - [28/Mar/2026:15:49:53 +0000] "GET /admin.php?dir=CwhomeCwbalubaidCwmgbFwcore3Fwagency&view=propagation.txt HTTP/1.1" 200 87 "https://hondasaudi.com/admin.php?dir=CwhomeCwbalubaidCwmgbFwcore3Fwagency" "Mozilla/5.0 AppleWebKit/537.36 (KHTML, like Gecko; compatible; GPTBot/1.3; +https://openai.com/gptbot)"
188.53.228.229 - - [28/Mar/2026:15:50:01 +0000] "GET /service-price-list/?utm_source=GoogleAds&utm_medium=Paid_Traffic&utm_campaign=Ramadan2026&gad_source=1&gad_campaignid=15485647876&gclid=CjwKCAjw-J3OBhBuEiwAwqZ_h1ZJKPvRUfTupqJptFy6kOvH7SEFdSjoSGiESSsPdOJg6G7LyGSEWhoCmV0QAvD_BwE HTTP/1.1" 200 12732 "https://hondasaudi.com/focused-cars/?utm_source=GoogleAds&utm_medium=Paid_Traffic&utm_campaign=Ramadan2026&gad_source=1&gad_campaignid=15485647876&gclid=CjwKCAjw-J3OBhBuEiwAwqZ_h1ZJKPvRUfTupqJptFy6kOvH7SEFdSjoSGiESSsPdOJg6G7LyGSEWhoCmV0QAvD_BwE" "Mozilla/5.0 (iPhone; CPU iPhone OS 26_3_1 like Mac OS X) AppleWebKit/605.1.15 (KHTML, like Gecko) CriOS/146.0.7680.151 Mobile/15E148 Safari/604.1"
2a02:9b0:ec:5ea3:f8dc:aac7:d52a:ec04 - - [28/Mar/2026:15:50:03 +0000] "GET /focused-cars/?utm_source=GoogleAds&utm_medium=Paid_Traffic&utm_campaign=Ramadan2026&gad_source=1&gad_campaignid=15485647876&gclid=CjwKCAjw-J3OBhBuEiwAwqZ_h21CPiqKUzP4J9HSWli8xzXvVBxJ13zHU-UsFQ_myjnVsXfMjqYc2BoC5EgQAvD_BwE HTTP/1.1" 200 19693 "https://www.google.com/" "Mozilla/5.0 (iPhone; CPU iPhone OS 26_4_0 like Mac OS X) AppleWebKit/605.1.15 (KHTML, like Gecko) CriOS/147.0.7727.22 Mobile/15E148 Safari/604.1"
2001:16a4:c8:43cf:5057:9cff:fe3f:4cc0 - - [28/Mar/2026:15:50:09 +0000] "GET /focused-cars/?utm_source=GoogleAds&utm_medium=Paid_Traffic&utm_campaign=Ramadan2026&gad_source=1&gad_campaignid=15485647876&gbraid=0AAAAAoT5x1hSviS8DXh2YDnC76qkwM6B6&gclid=CjwKCAjw-J3OBhBuEiwAwqZ_h_wuJIaM1gnGRjYjpsf3sbqILv6daPjNIf1Gh-IVPztLBWRY2X5d9xoCv0sQAvD_BwE HTTP/1.1" 200 19759 "https://www.google.com/" "Mozilla/5.0 (Linux; Android 10; K) AppleWebKit/537.36 (KHTML, like Gecko) Chrome/146.0.0.0 Mobile Safari/537.36"
2a02:9b0:ec:5ea3:f8dc:aac7:d52a:ec04 - - [28/Mar/2026:15:50:15 +0000] "GET /wp-json/contact-form-7/v1/contact-forms/987/feedback/schema HTTP/1.1" 200 1993 "https://hondasaudi.com/focused-cars/?utm_source=GoogleAds&utm_medium=Paid_Traffic&utm_campaign=Ramadan2026&gad_source=1&gad_campaignid=15485647876&gclid=CjwKCAjw-J3OBhBuEiwAwqZ_h21CPiqKUzP4J9HSWli8xzXvVBxJ13zHU-UsFQ_myjnVsXfMjqYc2BoC5EgQAvD_BwE" "Mozilla/5.0 (iPhone; CPU iPhone OS 26_4_0 like Mac OS X) AppleWebKit/605.1.15 (KHTML, like Gecko) CriOS/147.0.7727.22 Mobile/15E148 Safari/604.1"
188.53.228.229 - - [28/Mar/2026:15:50:15 +0000] "GET /accord/?utm_source=GoogleAds&utm_campaign=Ramdan2026&gad_source=1&gad_campaignid=15485647876&gclid=CjwKCAjw-J3OBhBuEiwAwqZ_h7GplCIvdTSVXslF6X_caWp5QXXxWIorGj6qlq7hZNPjEEjWHH1LPhoC27IQAvD_BwE HTTP/1.1" 200 18795 "https://www.google.com/" "Mozilla/5.0 (iPhone; CPU iPhone OS 26_3_1 like Mac OS X) AppleWebKit/605.1.15 (KHTML, like Gecko) CriOS/146.0.7680.151 Mobile/15E148 Safari/604.1"
188.53.228.229 - - [28/Mar/2026:15:50:17 +0000] "GET /wp-json/contact-form-7/v1/contact-forms/442769/feedback/schema HTTP/1.1" 200 1816 "https://hondasaudi.com/accord/?utm_source=GoogleAds&utm_campaign=Ramdan2026&gad_source=1&gad_campaignid=15485647876&gclid=CjwKCAjw-J3OBhBuEiwAwqZ_h7GplCIvdTSVXslF6X_caWp5QXXxWIorGj6qlq7hZNPjEEjWHH1LPhoC27IQAvD_BwE" "Mozilla/5.0 (iPhone; CPU iPhone OS 26_3_1 like Mac OS X) AppleWebKit/605.1.15 (KHTML, like Gecko) CriOS/146.0.7680.151 Mobile/15E148 Safari/604.1"
172.105.42.26 - - [28/Mar/2026:15:50:28 +0000] "POST /wp-cron.php?doing_wp_cron=1774713028.5597610473632812500000 HTTP/1.1" 200 20 "-" "WordPress/6.9.4; https://hondasaudi.com"
2001:16a4:263:cc2b:a595:8f58:9ce:30eb - - [28/Mar/2026:15:50:28 +0000] "GET /focused-cars/?utm_source=GoogleAds&utm_medium=Paid_Traffic&utm_campaign=Ramadan2026&gad_source=5&gad_campaignid=15485647876&gclid=EAIaIQobChMIgfHJjPnCkwMVWtsNCR3uIQGuEAEYASAAEgK7kvD_BwE HTTP/1.1" 200 19614 "https://ksa.motory.com/" "Mozilla/5.0 (iPhone; CPU iPhone OS 26_3_0 like Mac OS X) AppleWebKit/605.1.15 (KHTML, like Gecko) CriOS/144.0.7559.95 Mobile/15E148 Safari/604.1"
172.105.42.26 - - [28/Mar/2026:15:50:31 +0000] "POST /wp-cron.php?doing_wp_cron=1774713031.0961480140686035156250 HTTP/1.1" 200 20 "-" "WordPress/6.9.4; https://hondasaudi.com"
2001:16a4:263:cc2b:a595:8f58:9ce:30eb - - [28/Mar/2026:15:50:30 +0000] "GET /wp-json/contact-form-7/v1/contact-forms/987/feedback/schema HTTP/1.1" 200 1993 "https://hondasaudi.com/focused-cars/?utm_source=GoogleAds&utm_medium=Paid_Traffic&utm_campaign=Ramadan2026&gad_source=5&gad_campaignid=15485647876&gclid=EAIaIQobChMIgfHJjPnCkwMVWtsNCR3uIQGuEAEYASAAEgK7kvD_BwE" "Mozilla/5.0 (iPhone; CPU iPhone OS 26_3_0 like Mac OS X) AppleWebKit/605.1.15 (KHTML, like Gecko) CriOS/144.0.7559.95 Mobile/15E148 Safari/604.1"
2001:16a4:c8:43cf:5057:9cff:fe3f:4cc0 - - [28/Mar/2026:15:50:32 +0000] "GET /wp-json/contact-form-7/v1/contact-forms/987/feedback/schema HTTP/1.1" 200 1993 "https://hondasaudi.com/focused-cars/?utm_source=GoogleAds&utm_medium=Paid_Traffic&utm_campaign=Ramadan2026&gad_source=1&gad_campaignid=15485647876&gbraid=0AAAAAoT5x1hSviS8DXh2YDnC76qkwM6B6&gclid=CjwKCAjw-J3OBhBuEiwAwqZ_h_wuJIaM1gnGRjYjpsf3sbqILv6daPjNIf1Gh-IVPztLBWRY2X5d9xoCv0sQAvD_BwE" "Mozilla/5.0 (Linux; Android 10; K) AppleWebKit/537.36 (KHTML, like Gecko) Chrome/146.0.0.0 Mobile Safari/537.36"
74.7.227.6 - - [28/Mar/2026:15:50:36 +0000] "GET /admin.php?dir=CwhomeCwbalubaidCwmgbFwcore3FwagencyCwwp-content HTTP/1.1" 200 3729 "https://hondasaudi.com/admin.php?dir=CwhomeCwbalubaidCwmgbFwcore3Fwagency" "Mozilla/5.0 AppleWebKit/537.36 (KHTML, like Gecko; compatible; GPTBot/1.3; +https://openai.com/gptbot)"
2a02:9b0:ec:5ea3:f8dc:aac7:d52a:ec04 - - [28/Mar/2026:15:50:41 +0000] "GET / HTTP/1.1" 200 16212 "-" "Mozilla/5.0 (iPhone; CPU iPhone OS 26_4_0 like Mac OS X) AppleWebKit/605.1.15 (KHTML, like Gecko) CriOS/147.0.7727.22 Mobile/15E148 Safari/604.1"
2001:16a4:b4:bcb1:2078:b39d:fa7e:9690 - - [28/Mar/2026:15:50:45 +0000] "GET /focused-cars/?utm_source=GoogleAds&utm_medium=Paid_Traffic&utm_campaign=Ramadan2026&gad_source=1&gad_campaignid=15485647876&gclid=Cj0KCQjw1ZjOBhCmARIsADDuFTCHdJCpcdBZdFDm5dB8RMQ2vtx7P6EIrL8MtIbTG4bLDl9F4YVlo-saAisjEALw_wcB HTTP/1.1" 200 19562 "https://www.google.com/" "Mozilla/5.0 (iPhone; CPU iPhone OS 26_3_1 like Mac OS X) AppleWebKit/605.1.15 (KHTML, like Gecko) CriOS/146.0.7680.151 Mobile/15E148 Safari/604.1"
2a02:9b0:ec:5ea3:f8dc:aac7:d52a:ec04 - - [28/Mar/2026:15:50:46 +0000] "GET / HTTP/1.1" 200 16212 "https://hondasaudi.com/" "Mozilla/5.0 (iPhone; CPU iPhone OS 26_4_0 like Mac OS X) AppleWebKit/605.1.15 (KHTML, like Gecko) CriOS/147.0.7727.22 Mobile/15E148 Safari/604.1"
172.105.42.26 - - [28/Mar/2026:15:50:47 +0000] "POST /wp-cron.php?doing_wp_cron=1774713047.1642930507659912109375 HTTP/1.1" 200 20 "-" "WordPress/6.9.4; https://hondasaudi.com"
2001:16a4:b4:bcb1:2078:b39d:fa7e:9690 - - [28/Mar/2026:15:50:47 +0000] "GET /wp-json/contact-form-7/v1/contact-forms/987/feedback/schema HTTP/1.1" 200 1993 "https://hondasaudi.com/focused-cars/?utm_source=GoogleAds&utm_medium=Paid_Traffic&utm_campaign=Ramadan2026&gad_source=1&gad_campaignid=15485647876&gclid=Cj0KCQjw1ZjOBhCmARIsADDuFTCHdJCpcdBZdFDm5dB8RMQ2vtx7P6EIrL8MtIbTG4bLDl9F4YVlo-saAisjEALw_wcB" "Mozilla/5.0 (iPhone; CPU iPhone OS 26_3_1 like Mac OS X) AppleWebKit/605.1.15 (KHTML, like Gecko) CriOS/146.0.7680.151 Mobile/15E148 Safari/604.1"
74.7.227.6 - - [28/Mar/2026:15:51:17 +0000] "GET /admin.php?dir=CwhomeCwbalubaidCwnissan-test-driveFwcore3FwagencyCwtestCwassets HTTP/1.1" 200 3364 "https://hondasaudi.com/admin.php?dir=CwhomeCwbalubaidCwnissan-test-driveFwcore3FwagencyCwtest" "Mozilla/5.0 AppleWebKit/537.36 (KHTML, like Gecko; compatible; GPTBot/1.3; +https://openai.com/gptbot)"
172.105.42.26 - - [28/Mar/2026:15:51:22 +0000] "POST /wp-cron.php?doing_wp_cron=1774713082.3319659233093261718750 HTTP/1.1" 200 20 "-" "WordPress/6.9.4; https://hondasaudi.com"
2001:16a3:d31:9400:714e:8ec:ed54:ab30 - - [28/Mar/2026:15:51:22 +0000] "GET /focused-cars/?utm_source=GoogleAds&utm_medium=Paid_Traffic&utm_campaign=Ramadan2026&gad_source=5&gad_campaignid=15485647876&gclid=EAIaIQobChMI3b32rPnCkwMVevZ5BB35HztfEAAYAiAAEgJOIfD_BwE HTTP/1.1" 200 19614 "https://syndicatedsearch.goog/" "Mozilla/5.0 (Linux; Android 9; SM-A305F Build/PPR1.180610.011; wv) AppleWebKit/537.36 (KHTML, like Gecko) Version/4.0 Chrome/138.0.7204.179 Mobile Safari/537.36 [FB_IAB/FB4A;FBAV/553.0.0.56.58;IABMV/1;]"
2a02:9b0:ec:5ea3:f8dc:aac7:d52a:ec04 - - [28/Mar/2026:15:51:22 +0000] "GET /honda-pilot/ HTTP/1.1" 200 18413 "https://hondasaudi.com/" "Mozilla/5.0 (iPhone; CPU iPhone OS 26_4_0 like Mac OS X) AppleWebKit/605.1.15 (KHTML, like Gecko) CriOS/147.0.7727.22 Mobile/15E148 Safari/604.1"
2a02:9b0:ec:5ea3:f8dc:aac7:d52a:ec04 - - [28/Mar/2026:15:51:23 +0000] "GET /wp-json/contact-form-7/v1/contact-forms/357589/feedback/schema HTTP/1.1" 200 1816 "https://hondasaudi.com/honda-pilot/" "Mozilla/5.0 (iPhone; CPU iPhone OS 26_4_0 like Mac OS X) AppleWebKit/605.1.15 (KHTML, like Gecko) CriOS/147.0.7727.22 Mobile/15E148 Safari/604.1"
2001:16a3:d31:9400:714e:8ec:ed54:ab30 - - [28/Mar/2026:15:51:27 +0000] "GET /wp-json/contact-form-7/v1/contact-forms/987/feedback/schema HTTP/1.1" 200 1993 "https://hondasaudi.com/focused-cars/?utm_source=GoogleAds&utm_medium=Paid_Traffic&utm_campaign=Ramadan2026&gad_source=5&gad_campaignid=15485647876&gclid=EAIaIQobChMI3b32rPnCkwMVevZ5BB35HztfEAAYAiAAEgJOIfD_BwE" "Mozilla/5.0 (Linux; Android 9; SM-A305F Build/PPR1.180610.011; wv) AppleWebKit/537.36 (KHTML, like Gecko) Version/4.0 Chrome/138.0.7204.179 Mobile Safari/537.36 [FB_IAB/FB4A;FBAV/553.0.0.56.58;IABMV/1;]"
172.105.42.26 - - [28/Mar/2026:15:51:31 +0000] "POST /wp-cron.php?doing_wp_cron=1774713091.3623940944671630859375 HTTP/1.1" 200 20 "-" "WordPress/6.9.4; https://hondasaudi.com"
2001:16a2:f2ba:ea00:6d97:4e46:bff4:ce1b - - [28/Mar/2026:15:51:31 +0000] "GET / HTTP/1.1" 200 16212 "https://www.google.com/" "Mozilla/5.0 (Macintosh; Intel Mac OS X 10_15_7) AppleWebKit/605.1.15 (KHTML, like Gecko) Version/18.6 Safari/605.1.15"
172.105.42.26 - - [28/Mar/2026:15:51:31 +0000] "POST /service_request/ai_integration/ HTTP/1.1" 200 724 "-" "-"
172.105.42.26 - - [28/Mar/2026:15:51:49 +0000] "POST /wp-cron.php?doing_wp_cron=1774713109.4119980335235595703125 HTTP/1.1" 200 20 "-" "WordPress/6.9.4; https://hondasaudi.com"
2a02:9b0:ec:5ea3:f8dc:aac7:d52a:ec04 - - [28/Mar/2026:15:51:49 +0000] "GET / HTTP/1.1" 200 16090 "https://hondasaudi.com/" "Mozilla/5.0 (iPhone; CPU iPhone OS 26_4_0 like Mac OS X) AppleWebKit/605.1.15 (KHTML, like Gecko) CriOS/147.0.7727.22 Mobile/15E148 Safari/604.1"
78.46.215.1 - - [28/Mar/2026:15:51:51 +0000] "HEAD / HTTP/1.1" 200 - "https://hondasaudi.com" "Mozilla/5.0+(compatible; UptimeRobot/2.0; http://www.uptimerobot.com/)"
2001:16a3:d31:9400:714e:8ec:ed54:ab30 - - [28/Mar/2026:15:51:53 +0000] "GET /privacy-policy/ HTTP/1.1" 200 34833 "https://hondasaudi.com/focused-cars/?utm_source=GoogleAds&utm_medium=Paid_Traffic&utm_campaign=Ramadan2026&gad_source=5&gad_campaignid=15485647876&gclid=EAIaIQobChMI3b32rPnCkwMVevZ5BB35HztfEAAYAiAAEgJOIfD_BwE" "Mozilla/5.0 (Linux; Android 9; SM-A305F Build/PPR1.180610.011; wv) AppleWebKit/537.36 (KHTML, like Gecko) Version/4.0 Chrome/138.0.7204.179 Mobile Safari/537.36"
74.7.227.6 - - [28/Mar/2026:15:52:00 +0000] "GET /admin.php?dir=CwhomeCwbalubaidCwmgbFwcore3Fwagency&view=readme.html HTTP/1.1" 200 3066 "https://hondasaudi.com/admin.php?dir=CwhomeCwbalubaidCwmgbFwcore3Fwagency" "Mozilla/5.0 AppleWebKit/537.36 (KHTML, like Gecko; compatible; GPTBot/1.3; +https://openai.com/gptbot)"
172.105.42.26 - - [28/Mar/2026:15:52:21 +0000] "POST /wp-cron.php?doing_wp_cron=1774713141.8353350162506103515625 HTTP/1.1" 200 20 "-" "WordPress/6.9.4; https://hondasaudi.com"
2a02:9b0:ec:5ea3:f8dc:aac7:d52a:ec04 - - [28/Mar/2026:15:52:21 +0000] "GET / HTTP/1.1" 200 16089 "https://hondasaudi.com/focused-cars/?utm_source=GoogleAds&utm_medium=Paid_Traffic&utm_campaign=Ramadan2026&gad_source=1&gad_campaignid=15485647876&gclid=CjwKCAjw-J3OBhBuEiwAwqZ_h21CPiqKUzP4J9HSWli8xzXvVBxJ13zHU-UsFQ_myjnVsXfMjqYc2BoC5EgQAvD_BwE" "Mozilla/5.0 (iPhone; CPU iPhone OS 26_4_0 like Mac OS X) AppleWebKit/605.1.15 (KHTML, like Gecko) CriOS/147.0.7727.22 Mobile/15E148 Safari/604.1"
74.7.227.6 - - [28/Mar/2026:15:52:42 +0000] "GET /admin.php?dir=CwhomeCwbalubaidCwmgbFwcore3Fwagency&view=xmlrpc.php HTTP/1.1" 200 1486 "https://hondasaudi.com/admin.php?dir=CwhomeCwbalubaidCwmgbFwcore3Fwagency" "Mozilla/5.0 AppleWebKit/537.36 (KHTML, like Gecko; compatible; GPTBot/1.3; +https://openai.com/gptbot)"
172.105.42.26 - - [28/Mar/2026:15:53:03 +0000] "POST /wp-cron.php?doing_wp_cron=1774713183.9506330490112304687500 HTTP/1.1" 200 20 "-" "WordPress/6.9.4; https://hondasaudi.com"
2001:16a2:c164:433f:456a:f0a2:90b5:c47a - - [28/Mar/2026:15:53:03 +0000] "GET /focused-cars/?utm_source=GoogleAds&utm_medium=Paid_Traffic&utm_campaign=Ramadan2026&gad_source=1&gad_campaignid=15485647876&gbraid=0AAAAAoT5x1jMnUdPNGP_0edYFGEPino6L&gclid=EAIaIQobChMIo--t5vnCkwMV35JQBh05kywxEAAYASAAEgLzzPD_BwE HTTP/1.1" 200 19687 "https://www.google.com/" "Mozilla/5.0 (iPhone; CPU iPhone OS 18_7 like Mac OS X) AppleWebKit/605.1.15 (KHTML, like Gecko) Version/26.3 Mobile/15E148 Safari/604.1"
2001:16a2:c164:433f:456a:f0a2:90b5:c47a - - [28/Mar/2026:15:53:05 +0000] "GET /wp-json/contact-form-7/v1/contact-forms/987/feedback/schema HTTP/1.1" 200 1993 "https://hondasaudi.com/focused-cars/?utm_source=GoogleAds&utm_medium=Paid_Traffic&utm_campaign=Ramadan2026&gad_source=1&gad_campaignid=15485647876&gbraid=0AAAAAoT5x1jMnUdPNGP_0edYFGEPino6L&gclid=EAIaIQobChMIo--t5vnCkwMV35JQBh05kywxEAAYASAAEgLzzPD_BwE" "Mozilla/5.0 (iPhone; CPU iPhone OS 18_7 like Mac OS X) AppleWebKit/605.1.15 (KHTML, like Gecko) Version/26.3 Mobile/15E148 Safari/604.1"
51.39.102.146 - - [28/Mar/2026:15:53:13 +0000] "GET /focused-cars/?utm_source=GoogleAds&utm_medium=Paid_Traffic&utm_campaign=Ramadan2026&gad_source=1&gad_campaignid=15485647876&gclid=CjwKCAjw-J3OBhBuEiwAwqZ_h26_keOv1WRnrQHRWXpge8Ked_BXUcmgmNxMm5LOFghHGcy3J_hddRoCVe8QAvD_BwE HTTP/1.1" 200 19564 "https://www.google.com/" "Mozilla/5.0 (Linux; Android 10; K) AppleWebKit/537.36 (KHTML, like Gecko) SamsungBrowser/29.0 Chrome/136.0.0.0 Mobile Safari/537.36"
51.39.102.146 - - [28/Mar/2026:15:53:17 +0000] "GET /wp-json/contact-form-7/v1/contact-forms/987/feedback/schema HTTP/1.1" 200 1993 "https://hondasaudi.com/focused-cars/?utm_source=GoogleAds&utm_medium=Paid_Traffic&utm_campaign=Ramadan2026&gad_source=1&gad_campaignid=15485647876&gclid=CjwKCAjw-J3OBhBuEiwAwqZ_h26_keOv1WRnrQHRWXpge8Ked_BXUcmgmNxMm5LOFghHGcy3J_hddRoCVe8QAvD_BwE" "Mozilla/5.0 (Linux; Android 10; K) AppleWebKit/537.36 (KHTML, like Gecko) SamsungBrowser/29.0 Chrome/136.0.0.0 Mobile Safari/537.36"
172.105.42.26 - - [28/Mar/2026:15:53:24 +0000] "POST /wp-cron.php?doing_wp_cron=1774713204.2578549385070800781250 HTTP/1.1" 200 20 "-" "WordPress/6.9.4; https://hondasaudi.com"
94.98.236.171 - - [28/Mar/2026:15:53:23 +0000] "POST /wp-json/contact-form-7/v1/contact-forms/987/feedback HTTP/1.1" 200 408 "https://hondasaudi.com/focused-cars/?utm_source=GoogleAds&utm_medium=Paid_Traffic&utm_campaign=Ramadan2026&gad_source=5&gad_campaignid=15485647876&gclid=EAIaIQobChMI3b32rPnCkwMVevZ5BB35HztfEAAYAiAAEgJOIfD_BwE" "Mozilla/5.0 (Linux; Android 9; SM-A305F Build/PPR1.180610.011; wv) AppleWebKit/537.36 (KHTML, like Gecko) Version/4.0 Chrome/138.0.7204.179 Mobile Safari/537.36 [FB_IAB/FB4A;FBAV/553.0.0.56.58;IABMV/1;]"
74.7.227.6 - - [28/Mar/2026:15:53:25 +0000] "GET /admin.php?dir=CwhomeCwbalubaidCwhondaFwcore3FwagencyCwwp-contentCwuploadsCwagile-store-locatorCwicon&view=boat+tour.png HTTP/1.1" 200 4045 "https://hondasaudi.com/admin.php?dir=CwhomeCwbalubaidCwhondaFwcore3FwagencyCwwp-contentCwuploadsCwagile-store-locatorCwicon" "Mozilla/5.0 AppleWebKit/537.36 (KHTML, like Gecko; compatible; GPTBot/1.3; +https://openai.com/gptbot)"
74.7.227.6 - - [28/Mar/2026:15:53:47 +0000] "GET /admin.php?dir=CwhomeCwbalubaidCwhondaFwcore3FwagencyCwwp-contentCwuploadsCwagile-store-locatorCwicon&view=movie+rental.png HTTP/1.1" 200 3808 "https://hondasaudi.com/admin.php?dir=CwhomeCwbalubaidCwhondaFwcore3FwagencyCwwp-contentCwuploadsCwagile-store-locatorCwicon" "Mozilla/5.0 AppleWebKit/537.36 (KHTML, like Gecko; compatible; GPTBot/1.3; +https://openai.com/gptbot)"
172.105.42.26 - - [28/Mar/2026:15:54:19 +0000] "POST /wp-cron.php?doing_wp_cron=1774713259.7481720447540283203125 HTTP/1.1" 200 20 "-" "WordPress/6.9.4; https://hondasaudi.com"
2001:16a4:a2:7eaf:5d5:b326:1607:c681 - - [28/Mar/2026:15:54:19 +0000] "GET /focused-cars/?utm_source=GoogleAds&utm_medium=Paid_Traffic&utm_campaign=Ramadan2026&gad_source=1&gad_campaignid=15485647876&gclid=CjwKCAjw-J3OBhBuEiwAwqZ_h5FLBYiOV1NrYaAUuVwZKe46uYfLkSOMuGTdJaN5Enk7HZuJV9MQrhoCe44QAvD_BwE HTTP/1.1" 200 19693 "https://www.google.com/" "Mozilla/5.0 (iPhone; CPU iPhone OS 16_7_15 like Mac OS X) AppleWebKit/605.1.15 (KHTML, like Gecko) CriOS/137.0.7151.107 Mobile/15E148 Safari/604.1"
2001:16a4:a2:7eaf:5d5:b326:1607:c681 - - [28/Mar/2026:15:54:24 +0000] "GET /wp-json/contact-form-7/v1/contact-forms/987/feedback/schema HTTP/1.1" 200 1993 "https://hondasaudi.com/focused-cars/?utm_source=GoogleAds&utm_medium=Paid_Traffic&utm_campaign=Ramadan2026&gad_source=1&gad_campaignid=15485647876&gclid=CjwKCAjw-J3OBhBuEiwAwqZ_h5FLBYiOV1NrYaAUuVwZKe46uYfLkSOMuGTdJaN5Enk7HZuJV9MQrhoCe44QAvD_BwE" "Mozilla/5.0 (iPhone; CPU iPhone OS 16_7_15 like Mac OS X) AppleWebKit/605.1.15 (KHTML, like Gecko) CriOS/137.0.7151.107 Mobile/15E148 Safari/604.1"
74.7.227.6 - - [28/Mar/2026:15:54:28 +0000] "GET /admin.php?dir=CwhomeCwbalubaidCwmgbFwcore3FwagencyCwwp-contentCwplugins HTTP/1.1" 200 4183 "https://hondasaudi.com/admin.php?dir=CwhomeCwbalubaidCwmgbFwcore3FwagencyCwwp-content" "Mozilla/5.0 AppleWebKit/537.36 (KHTML, like Gecko; compatible; GPTBot/1.3; +https://openai.com/gptbot)"
20.215.220.185 - - [28/Mar/2026:15:54:29 +0000] "GET / HTTP/1.1" 200 16212 "-" "Mozilla/5.0 AppleWebKit/537.36 (KHTML, like Gecko); compatible; ChatGPT-User/1.0; +https://openai.com/bot"
172.105.42.26 - - [28/Mar/2026:15:54:38 +0000] "POST /wp-cron.php?doing_wp_cron=1774713278.0560169219970703125000 HTTP/1.1" 200 20 "-" "WordPress/6.9.4; https://hondasaudi.com"
2001:16a4:a2:7eaf:5d5:b326:1607:c681 - - [28/Mar/2026:15:54:37 +0000] "GET /service-price-list/?utm_source=GoogleAds&utm_medium=Paid_Traffic&utm_campaign=Ramadan2026&gad_source=1&gad_campaignid=15485647876&gclid=CjwKCAjw-J3OBhBuEiwAwqZ_h5FLBYiOV1NrYaAUuVwZKe46uYfLkSOMuGTdJaN5Enk7HZuJV9MQrhoCe44QAvD_BwE HTTP/1.1" 200 12731 "https://hondasaudi.com/focused-cars/?utm_source=GoogleAds&utm_medium=Paid_Traffic&utm_campaign=Ramadan2026&gad_source=1&gad_campaignid=15485647876&gclid=CjwKCAjw-J3OBhBuEiwAwqZ_h5FLBYiOV1NrYaAUuVwZKe46uYfLkSOMuGTdJaN5Enk7HZuJV9MQrhoCe44QAvD_BwE" "Mozilla/5.0 (iPhone; CPU iPhone OS 16_7_15 like Mac OS X) AppleWebKit/605.1.15 (KHTML, like Gecko) CriOS/137.0.7151.107 Mobile/15E148 Safari/604.1"
2001:16a4:a2:7eaf:5d5:b326:1607:c681 - - [28/Mar/2026:15:54:43 +0000] "GET /?utm_source=GoogleAds&utm_medium=Paid_Traffic&utm_campaign=Ramadan2026&gad_source=1&gad_campaignid=15485647876&gclid=CjwKCAjw-J3OBhBuEiwAwqZ_h5FLBYiOV1NrYaAUuVwZKe46uYfLkSOMuGTdJaN5Enk7HZuJV9MQrhoCe44QAvD_BwE HTTP/1.1" 200 16383 "https://hondasaudi.com/service-price-list/?utm_source=GoogleAds&utm_medium=Paid_Traffic&utm_campaign=Ramadan2026&gad_source=1&gad_campaignid=15485647876&gclid=CjwKCAjw-J3OBhBuEiwAwqZ_h5FLBYiOV1NrYaAUuVwZKe46uYfLkSOMuGTdJaN5Enk7HZuJV9MQrhoCe44QAvD_BwE" "Mozilla/5.0 (iPhone; CPU iPhone OS 16_7_15 like Mac OS X) AppleWebKit/605.1.15 (KHTML, like Gecko) CriOS/137.0.7151.107 Mobile/15E148 Safari/604.1"
2001:16a4:a2:7eaf:5d5:b326:1607:c681 - - [28/Mar/2026:15:54:44 +0000] "GET /?utm_source=GoogleAds&utm_medium=Paid_Traffic&utm_campaign=Ramadan2026&gad_source=1&gad_campaignid=15485647876&gclid=CjwKCAjw-J3OBhBuEiwAwqZ_h5FLBYiOV1NrYaAUuVwZKe46uYfLkSOMuGTdJaN5Enk7HZuJV9MQrhoCe44QAvD_BwE HTTP/1.1" 200 16382 "https://hondasaudi.com/service-price-list/?utm_source=GoogleAds&utm_medium=Paid_Traffic&utm_campaign=Ramadan2026&gad_source=1&gad_campaignid=15485647876&gclid=CjwKCAjw-J3OBhBuEiwAwqZ_h5FLBYiOV1NrYaAUuVwZKe46uYfLkSOMuGTdJaN5Enk7HZuJV9MQrhoCe44QAvD_BwE" "Mozilla/5.0 (iPhone; CPU iPhone OS 16_7_15 like Mac OS X) AppleWebKit/605.1.15 (KHTML, like Gecko) CriOS/137.0.7151.107 Mobile/15E148 Safari/604.1"
74.7.227.6 - - [28/Mar/2026:15:54:49 +0000] "GET /admin.php?dir=CwhomeCwbalubaidCwmgbFwcore3FwagencyCwwp-content&view=index.php HTTP/1.1" 200 82 "https://hondasaudi.com/admin.php?dir=CwhomeCwbalubaidCwmgbFwcore3FwagencyCwwp-content" "Mozilla/5.0 AppleWebKit/537.36 (KHTML, like Gecko; compatible; GPTBot/1.3; +https://openai.com/gptbot)"
74.7.227.6 - - [28/Mar/2026:15:55:10 +0000] "GET /admin.php?dir=CwhomeCwbalubaidCwnissan-test-driveFwcore3FwagencyCwtestCwassets&view=center-pointer3.png HTTP/1.1" 200 3437 "https://hondasaudi.com/admin.php?dir=CwhomeCwbalubaidCwnissan-test-driveFwcore3FwagencyCwtestCwassets" "Mozilla/5.0 AppleWebKit/537.36 (KHTML, like Gecko; compatible; GPTBot/1.3; +https://openai.com/gptbot)"
172.105.42.26 - - [28/Mar/2026:15:55:15 +0000] "POST /wp-cron.php?doing_wp_cron=1774713314.9836959838867187500000 HTTP/1.1" 200 20 "-" "WordPress/6.9.4; https://hondasaudi.com"
178.170.41.154 - - [28/Mar/2026:15:55:14 +0000] "GET /focused-cars/?utm_source=GoogleAds&utm_medium=Paid_Traffic&utm_campaign=Ramadan2026&gad_source=5&gad_campaignid=15485647876&gclid=EAIaIQobChMIpYermPrCkwMVBnZBAh3OYQ_YEAEYASAAEgLT2fD_BwE HTTP/1.1" 200 19615 "-" "python-httpx/0.28.1"
172.105.42.26 - - [28/Mar/2026:15:55:22 +0000] "POST /wp-cron.php?doing_wp_cron=1774713322.2583100795745849609375 HTTP/1.1" 200 20 "-" "WordPress/6.9.4; https://hondasaudi.com"
2001:16a4:a2:7eaf:5d5:b326:1607:c681 - - [28/Mar/2026:15:55:22 +0000] "GET /honda-pilot/?utm_source=GoogleAds&utm_medium=Paid_Traffic&utm_campaign=Ramadan2026&gad_source=1&gad_campaignid=15485647876&gclid=CjwKCAjw-J3OBhBuEiwAwqZ_h5FLBYiOV1NrYaAUuVwZKe46uYfLkSOMuGTdJaN5Enk7HZuJV9MQrhoCe44QAvD_BwE HTTP/1.1" 200 18758 "https://hondasaudi.com/?utm_source=GoogleAds&utm_medium=Paid_Traffic&utm_campaign=Ramadan2026&gad_source=1&gad_campaignid=15485647876&gclid=CjwKCAjw-J3OBhBuEiwAwqZ_h5FLBYiOV1NrYaAUuVwZKe46uYfLkSOMuGTdJaN5Enk7HZuJV9MQrhoCe44QAvD_BwE" "Mozilla/5.0 (iPhone; CPU iPhone OS 16_7_15 like Mac OS X) AppleWebKit/605.1.15 (KHTML, like Gecko) CriOS/137.0.7151.107 Mobile/15E148 Safari/604.1"
2001:16a4:a2:7eaf:5d5:b326:1607:c681 - - [28/Mar/2026:15:55:22 +0000] "GET /wp-json/contact-form-7/v1/contact-forms/357589/feedback/schema HTTP/1.1" 200 1816 "https://hondasaudi.com/honda-pilot/?utm_source=GoogleAds&utm_medium=Paid_Traffic&utm_campaign=Ramadan2026&gad_source=1&gad_campaignid=15485647876&gclid=CjwKCAjw-J3OBhBuEiwAwqZ_h5FLBYiOV1NrYaAUuVwZKe46uYfLkSOMuGTdJaN5Enk7HZuJV9MQrhoCe44QAvD_BwE" "Mozilla/5.0 (iPhone; CPU iPhone OS 16_7_15 like Mac OS X) AppleWebKit/605.1.15 (KHTML, like Gecko) CriOS/137.0.7151.107 Mobile/15E148 Safari/604.1"
172.105.42.26 - - [28/Mar/2026:15:55:32 +0000] "POST /wp-cron.php?doing_wp_cron=1774713332.6108629703521728515625 HTTP/1.1" 200 20 "-" "WordPress/6.9.4; https://hondasaudi.com"
2001:16a2:c079:bbc9:e033:6418:aa1f:e633 - - [28/Mar/2026:15:55:32 +0000] "GET /focused-cars/?utm_source=GoogleAds&utm_medium=Paid_Traffic&utm_campaign=Ramadan2026&gad_source=1&gad_campaignid=15485647876&gbraid=0AAAAAoT5x1hSviS8DXh2YDnC76qkwM6B6&gclid=CjwKCAjw-J3OBhBuEiwAwqZ_h7W_QqIhlRwQ_EBi-F2IHaHwamhoCDo35J7_i39BbezfNmL0uctkGxoCYYwQAvD_BwE HTTP/1.1" 200 19760 "https://www.google.com/" "Mozilla/5.0 (iPhone; CPU iPhone OS 18_7 like Mac OS X) AppleWebKit/605.1.15 (KHTML, like Gecko) Version/26.4 Mobile/15E148 Safari/604.1"
2001:16a2:c079:bbc9:e033:6418:aa1f:e633 - - [28/Mar/2026:15:55:35 +0000] "GET /wp-json/contact-form-7/v1/contact-forms/987/feedback/schema HTTP/1.1" 200 1993 "https://hondasaudi.com/focused-cars/?utm_source=GoogleAds&utm_medium=Paid_Traffic&utm_campaign=Ramadan2026&gad_source=1&gad_campaignid=15485647876&gbraid=0AAAAAoT5x1hSviS8DXh2YDnC76qkwM6B6&gclid=CjwKCAjw-J3OBhBuEiwAwqZ_h7W_QqIhlRwQ_EBi-F2IHaHwamhoCDo35J7_i39BbezfNmL0uctkGxoCYYwQAvD_BwE" "Mozilla/5.0 (iPhone; CPU iPhone OS 18_7 like Mac OS X) AppleWebKit/605.1.15 (KHTML, like Gecko) Version/26.4 Mobile/15E148 Safari/604.1"
172.105.42.26 - - [28/Mar/2026:15:55:56 +0000] "POST /wp-cron.php?doing_wp_cron=1774713356.0953869819641113281250 HTTP/1.1" 200 20 "-" "WordPress/6.9.4; https://hondasaudi.com"
45.3.48.177 - - [28/Mar/2026:15:55:55 +0000] "GET /admin622 HTTP/1.1" 404 12241 "-" "Mozilla/5.0 (Windows NT 10.0; Win64; x64) AppleWebKit/537.36 (KHTML, like Gecko) Chrome/119.0.0.0 Safari/537.36"
2a02:9b0:e7:b5fc:c4c7:9c6d:f18:7eb5 - - [28/Mar/2026:15:56:02 +0000] "GET /focused-cars/?utm_source=GoogleAds&utm_medium=Paid_Traffic&utm_campaign=Ramadan2026&gad_source=5&gad_campaignid=15485647876&gclid=EAIaIQobChMI4-LHuvrCkwMV-5NQBh20KwGAEAAYASAAEgJPkPD_BwE HTTP/1.1" 200 19616 "https://syndicatedsearch.goog/" "Mozilla/5.0 (iPhone; CPU iPhone OS 15_4 like Mac OS X) AppleWebKit/605.1.15 (KHTML, like Gecko) Mobile/19E241 Safari/604.1 [FBAN/FBIOS;FBAV/554.0.0.38.78;FBBV/917646558;FBDV/iPhone10,3;FBMD/iPhone;FBSN/iOS;FBSV/15.4;FBSS/3;FBID/phone;FBLC/en_US;FBOP/5;FBRV/922025732;IABMV/1]"
2a02:9b0:e7:b5fc:c4c7:9c6d:f18:7eb5 - - [28/Mar/2026:15:56:06 +0000] "GET /wp-json/contact-form-7/v1/contact-forms/987/feedback/schema HTTP/1.1" 200 1993 "https://hondasaudi.com/focused-cars/?utm_source=GoogleAds&utm_medium=Paid_Traffic&utm_campaign=Ramadan2026&gad_source=5&gad_campaignid=15485647876&gclid=EAIaIQobChMI4-LHuvrCkwMV-5NQBh20KwGAEAAYASAAEgJPkPD_BwE" "Mozilla/5.0 (iPhone; CPU iPhone OS 15_4 like Mac OS X) AppleWebKit/605.1.15 (KHTML, like Gecko) Mobile/19E241 Safari/604.1 [FBAN/FBIOS;FBAV/554.0.0.38.78;FBBV/917646558;FBDV/iPhone10,3;FBMD/iPhone;FBSN/iOS;FBSV/15.4;FBSS/3;FBID/phone;FBLC/en_US;FBOP/5;FBRV/922025732;IABMV/1]"
2001:16a4:a2:7eaf:5d5:b326:1607:c681 - - [28/Mar/2026:15:56:14 +0000] "GET /?utm_source=GoogleAds&utm_medium=Paid_Traffic&utm_campaign=Ramadan2026&gad_source=1&gad_campaignid=15485647876&gclid=CjwKCAjw-J3OBhBuEiwAwqZ_h5FLBYiOV1NrYaAUuVwZKe46uYfLkSOMuGTdJaN5Enk7HZuJV9MQrhoCe44QAvD_BwE HTTP/1.1" 200 16383 "https://hondasaudi.com/honda-pilot/?utm_source=GoogleAds&utm_medium=Paid_Traffic&utm_campaign=Ramadan2026&gad_source=1&gad_campaignid=15485647876&gclid=CjwKCAjw-J3OBhBuEiwAwqZ_h5FLBYiOV1NrYaAUuVwZKe46uYfLkSOMuGTdJaN5Enk7HZuJV9MQrhoCe44QAvD_BwE" "Mozilla/5.0 (iPhone; CPU iPhone OS 16_7_15 like Mac OS X) AppleWebKit/605.1.15 (KHTML, like Gecko) CriOS/137.0.7151.107 Mobile/15E148 Safari/604.1"
74.7.227.6 - - [28/Mar/2026:15:56:15 +0000] "GET /admin.php?dir=CwhomeCwbalubaidCwnissan-test-driveFwcore3FwagencyCwtestCwassets&view=center-pointer2.png HTTP/1.1" 200 7590 "https://hondasaudi.com/admin.php?dir=CwhomeCwbalubaidCwnissan-test-driveFwcore3FwagencyCwtestCwassets" "Mozilla/5.0 AppleWebKit/537.36 (KHTML, like Gecko; compatible; GPTBot/1.3; +https://openai.com/gptbot)"
2001:16a4:261:a3b8:18a0:66bd:3dce:60f8 - - [28/Mar/2026:15:56:16 +0000] "GET /focused-cars/?utm_source=GoogleAds&utm_medium=Paid_Traffic&utm_campaign=Ramadan2026&gad_source=5&gad_campaignid=15485647876&gclid=EAIaIQobChMI1qyMv_rCkwMVDvV5BB3Yfg7cEAAYASAAEgIh6vD_BwE HTTP/1.1" 200 19615 "https://syndicatedsearch.goog/" "Mozilla/5.0 (Linux; Android 13; SM-M127F Build/TP1A.220624.014; wv) AppleWebKit/537.36 (KHTML, like Gecko) Version/4.0 Chrome/146.0.7680.141 Mobile Safari/537.36 [FB_IAB/FB4A;FBAV/552.1.0.45.68;IABMV/1;]"
172.105.42.26 - - [28/Mar/2026:15:56:20 +0000] "POST /wp-cron.php?doing_wp_cron=1774713380.5191669464111328125000 HTTP/1.1" 200 20 "-" "WordPress/6.9.4; https://hondasaudi.com"
2001:16a4:a2:7eaf:5d5:b326:1607:c681 - - [28/Mar/2026:15:56:20 +0000] "GET /focused-cars/?utm_source=GoogleAds&utm_medium=Paid_Traffic&utm_campaign=Ramadan2026&gad_source=1&gad_campaignid=15485647876&gclid=CjwKCAjw-J3OBhBuEiwAwqZ_h5FLBYiOV1NrYaAUuVwZKe46uYfLkSOMuGTdJaN5Enk7HZuJV9MQrhoCe44QAvD_BwE HTTP/1.1" 200 19692 "https://www.google.com/" "Mozilla/5.0 (iPhone; CPU iPhone OS 16_7_15 like Mac OS X) AppleWebKit/605.1.15 (KHTML, like Gecko) CriOS/137.0.7151.107 Mobile/15E148 Safari/604.1"
2001:16a4:a2:7eaf:5d5:b326:1607:c681 - - [28/Mar/2026:15:56:21 +0000] "GET /wp-json/contact-form-7/v1/contact-forms/987/feedback/schema HTTP/1.1" 200 1993 "https://hondasaudi.com/focused-cars/?utm_source=GoogleAds&utm_medium=Paid_Traffic&utm_campaign=Ramadan2026&gad_source=1&gad_campaignid=15485647876&gclid=CjwKCAjw-J3OBhBuEiwAwqZ_h5FLBYiOV1NrYaAUuVwZKe46uYfLkSOMuGTdJaN5Enk7HZuJV9MQrhoCe44QAvD_BwE" "Mozilla/5.0 (iPhone; CPU iPhone OS 16_7_15 like Mac OS X) AppleWebKit/605.1.15 (KHTML, like Gecko) CriOS/137.0.7151.107 Mobile/15E148 Safari/604.1"
2a03:2880:31ff:5:: - - [28/Mar/2026:15:56:22 +0000] "GET /meta.json?utm_source=Instagram&utm_campaign=Mar2025 HTTP/1.1" 404 12272 "-" "facebookexternalhit/1.1 (+http://www.facebook.com/externalhit_uatext.php)"
74.7.227.6 - - [28/Mar/2026:15:56:35 +0000] "GET /admin.php?dir=CwhomeCwbalubaidCwhondaFwcore3FwagencyCwwp-contentCwuploadsCwagile-store-locatorCwicon&view=me-pin.png HTTP/1.1" 200 1957 "https://hondasaudi.com/admin.php?dir=CwhomeCwbalubaidCwhondaFwcore3FwagencyCwwp-contentCwuploadsCwagile-store-locatorCwicon" "Mozilla/5.0 AppleWebKit/537.36 (KHTML, like Gecko; compatible; GPTBot/1.3; +https://openai.com/gptbot)"
172.105.42.26 - - [28/Mar/2026:15:56:42 +0000] "POST /wp-cron.php?doing_wp_cron=1774713402.3465409278869628906250 HTTP/1.1" 200 20 "-" "WordPress/6.9.4; https://hondasaudi.com"
172.105.42.26 - - [28/Mar/2026:15:56:56 +0000] "POST /wp-cron.php?doing_wp_cron=1774713416.0451469421386718750000 HTTP/1.1" 200 20 "-" "WordPress/6.9.4; https://hondasaudi.com"
157.90.155.240 - - [28/Mar/2026:15:56:55 +0000] "HEAD / HTTP/1.1" 200 - "https://hondasaudi.com" "Mozilla/5.0+(compatible; UptimeRobot/2.0; http://www.uptimerobot.com/)"
2a02:9b0:e7:b5fc:c4c7:9c6d:f18:7eb5 - - [28/Mar/2026:15:57:03 +0000] "GET /?utm_source=GoogleAds&utm_medium=Paid_Traffic&utm_campaign=Ramadan2026&gad_source=5&gad_campaignid=15485647876&gclid=EAIaIQobChMI4-LHuvrCkwMV-5NQBh20KwGAEAAYASAAEgJPkPD_BwE HTTP/1.1" 200 16345 "https://hondasaudi.com/focused-cars/?utm_source=GoogleAds&utm_medium=Paid_Traffic&utm_campaign=Ramadan2026&gad_source=5&gad_campaignid=15485647876&gclid=EAIaIQobChMI4-LHuvrCkwMV-5NQBh20KwGAEAAYASAAEgJPkPD_BwE" "Mozilla/5.0 (iPhone; CPU iPhone OS 15_4 like Mac OS X) AppleWebKit/605.1.15 (KHTML, like Gecko) Mobile/19E241 Safari/604.1 [FBAN/FBIOS;FBAV/554.0.0.38.78;FBBV/917646558;FBDV/iPhone10,3;FBMD/iPhone;FBSN/iOS;FBSV/15.4;FBSS/3;FBID/phone;FBLC/en_US;FBOP/5;FBRV/922025732;IABMV/1]"
172.105.42.26 - - [28/Mar/2026:15:57:27 +0000] "POST /wp-cron.php?doing_wp_cron=1774713447.9019908905029296875000 HTTP/1.1" 200 20 "-" "WordPress/6.9.4; https://hondasaudi.com"
2001:16a3:d31:9400:714e:8ec:ed54:ab30 - - [28/Mar/2026:15:57:27 +0000] "POST /wp-json/contact-form-7/v1/contact-forms/987/feedback HTTP/1.1" 200 331 "https://hondasaudi.com/focused-cars/?utm_source=GoogleAds&utm_medium=Paid_Traffic&utm_campaign=Ramadan2026&gad_source=5&gad_campaignid=15485647876&gclid=EAIaIQobChMI3b32rPnCkwMVevZ5BB35HztfEAAYAiAAEgJOIfD_BwE" "Mozilla/5.0 (Linux; Android 9; SM-A305F Build/PPR1.180610.011; wv) AppleWebKit/537.36 (KHTML, like Gecko) Version/4.0 Chrome/138.0.7204.179 Mobile Safari/537.36 [FB_IAB/FB4A;FBAV/553.0.0.56.58;IABMV/1;]"
74.7.227.6 - - [28/Mar/2026:15:57:39 +0000] "GET /admin.php?dir=CwhomeCwbalubaidCwhondaFwcore3FwagencyCwwp-contentCwuploadsCwagile-store-locatorCwicon&view=gas+station.png HTTP/1.1" 200 3766 "https://hondasaudi.com/admin.php?dir=CwhomeCwbalubaidCwhondaFwcore3FwagencyCwwp-contentCwuploadsCwagile-store-locatorCwicon" "Mozilla/5.0 AppleWebKit/537.36 (KHTML, like Gecko; compatible; GPTBot/1.3; +https://openai.com/gptbot)"
178.170.41.154 - - [28/Mar/2026:15:58:05 +0000] "GET /focused-cars/?utm_source=GoogleAds&utm_medium=Paid_Traffic&utm_campaign=Ramadan2026&gad_source=5&gad_campaignid=15485647876&gclid=EAIaIQobChMImYaS8vrCkwMVfacnAh3gAB2nEAEYASAAEgKVJfD_BwE HTTP/1.1" 200 19614 "-" "python-httpx/0.28.1"
178.170.41.154 - - [28/Mar/2026:15:58:08 +0000] "GET /focused-cars/?utm_source=GoogleAds&utm_medium=Paid_Traffic&utm_campaign=Ramadan2026&gad_source=5&gad_campaignid=15485647876&gclid=EAIaIQobChMImoaS8vrCkwMVfacnAh3gAB2nEAEYASAAEgJhU_D_BwE HTTP/1.1" 200 19611 "-" "python-httpx/0.28.1"
178.170.41.154 - - [28/Mar/2026:15:58:11 +0000] "GET /focused-cars/?utm_source=GoogleAds&utm_medium=Paid_Traffic&utm_campaign=Ramadan2026&gad_source=5&gad_campaignid=15485647876&gclid=EAIaIQobChMIidf-8vrCkwMV3WpBAh3NqjZLEAEYASAAEgIKRfD_BwE HTTP/1.1" 200 19616 "-" "python-httpx/0.28.1"
178.170.41.154 - - [28/Mar/2026:15:58:14 +0000] "GET /focused-cars/?utm_source=GoogleAds&utm_medium=Paid_Traffic&utm_campaign=Ramadan2026&gad_source=5&gad_campaignid=15485647876&gclid=EAIaIQobChMI-sTt8_rCkwMVWOUNCR3CwwwXEAEYASAAEgKKlPD_BwE HTTP/1.1" 200 19619 "-" "python-httpx/0.28.1"
74.7.227.6 - - [28/Mar/2026:15:58:22 +0000] "GET /admin.php?dir=CwhomeCwbalubaidCwmgbFwcore3FwagencyCwwp-contentCwpluginsCwcustom-post-type-ui HTTP/1.1" 200 3614 "https://hondasaudi.com/admin.php?dir=CwhomeCwbalubaidCwmgbFwcore3FwagencyCwwp-contentCwplugins" "Mozilla/5.0 AppleWebKit/537.36 (KHTML, like Gecko; compatible; GPTBot/1.3; +https://openai.com/gptbot)"
2001:16a2:c530:b100:b101:d7a4:4b5b:8d1c - - [28/Mar/2026:15:58:27 +0000] "GET /focused-cars/?utm_source=GoogleAds&utm_medium=Paid_Traffic&utm_campaign=Ramadan2026&gad_source=1&gad_campaignid=15485647876&gbraid=0AAAAAoT5x1jMnUdPNGP_0edYFGEPino6L&gclid=CjwKCAjw-J3OBhBuEiwAwqZ_h6xOra2ouFY_hqNGOuKSw8RkSuJatXsQuPJhCVmHSv_Rivhg8GKlsxoCLRwQAvD_BwE HTTP/1.1" 200 19765 "https://www.google.com/" "Mozilla/5.0 (iPhone; CPU iPhone OS 17_5_1 like Mac OS X) AppleWebKit/605.1.15 (KHTML, like Gecko) Version/17.5 Mobile/15E148 Safari/604.1"
2001:16a2:c530:b100:b101:d7a4:4b5b:8d1c - - [28/Mar/2026:15:58:29 +0000] "GET /wp-json/contact-form-7/v1/contact-forms/987/feedback/schema HTTP/1.1" 200 1993 "https://hondasaudi.com/focused-cars/?utm_source=GoogleAds&utm_medium=Paid_Traffic&utm_campaign=Ramadan2026&gad_source=1&gad_campaignid=15485647876&gbraid=0AAAAAoT5x1jMnUdPNGP_0edYFGEPino6L&gclid=CjwKCAjw-J3OBhBuEiwAwqZ_h6xOra2ouFY_hqNGOuKSw8RkSuJatXsQuPJhCVmHSv_Rivhg8GKlsxoCLRwQAvD_BwE" "Mozilla/5.0 (iPhone; CPU iPhone OS 17_5_1 like Mac OS X) AppleWebKit/605.1.15 (KHTML, like Gecko) Version/17.5 Mobile/15E148 Safari/604.1"
74.7.227.6 - - [28/Mar/2026:15:58:44 +0000] "GET /admin.php?dir=CwhomeCwbalubaidCwmgbFwcore3FwagencyCwwp-contentCwpluginsCwus-core HTTP/1.1" 200 3737 "https://hondasaudi.com/admin.php?dir=CwhomeCwbalubaidCwmgbFwcore3FwagencyCwwp-contentCwplugins" "Mozilla/5.0 AppleWebKit/537.36 (KHTML, like Gecko; compatible; GPTBot/1.3; +https://openai.com/gptbot)"
172.105.42.26 - - [28/Mar/2026:15:59:03 +0000] "POST /wp-cron.php?doing_wp_cron=1774713543.9257369041442871093750 HTTP/1.1" 200 20 "-" "WordPress/6.9.4; https://hondasaudi.com"
113.172.150.81 - - [28/Mar/2026:15:59:03 +0000] "GET /comments/feed/ HTTP/1.1" 301 20 "-" "Mozilla/5.0 (compatible; MSIE 7.0; Windows NT 10.0; Trident/4.0)"
74.7.227.6 - - [28/Mar/2026:15:59:04 +0000] "GET /admin.php?dir=CwhomeCwbalubaidCwmgbFwcore3FwagencyCwwp-contentCwpluginsCwpost-views-counter HTTP/1.1" 200 3582 "https://hondasaudi.com/admin.php?dir=CwhomeCwbalubaidCwmgbFwcore3FwagencyCwwp-contentCwplugins" "Mozilla/5.0 AppleWebKit/537.36 (KHTML, like Gecko; compatible; GPTBot/1.3; +https://openai.com/gptbot)"
172.105.42.26 - - [28/Mar/2026:15:59:21 +0000] "POST /wp-cron.php?doing_wp_cron=1774713560.6714398860931396484375 HTTP/1.1" 200 20 "-" "WordPress/6.9.4; https://hondasaudi.com"
176.105.200.46 - - [28/Mar/2026:15:59:20 +0000] "GET / HTTP/1.1" 200 16212 "-" "Mozilla/5.0 (Macintosh; U; PPC Mac OS X 10_7_5) AppleWebKit/535.1 (KHTML, like Gecko) Chrome/27.0.815.0 Safari/535.1"
