2a02:9b0:8024:580b:5006:4ad3:48bd:e33b - - [28/Mar/2026:18:18:13 +0000] "GET /?utm_source=GoogleAds&utm_medium=Paid_Traffic&utm_campaign=Ramadan2026&gad_source=1&gad_campaignid=15485647876&gbraid=0AAAAAoT5x1jMnUdPNGP_0edYFGEPino6L&gclid=CjwKCAjw-J3OBhBuEiwAwqZ_h7kgt4n6Pdo2xgyacUqBWAOT7qWW0H8V1VJqHF7hfHX-eqBvfE0ckhoC0rEQAvD_BwE HTTP/1.1" 200 16418 "https://hondasaudi.com/focused-cars/?utm_source=GoogleAds&utm_medium=Paid_Traffic&utm_campaign=Ramadan2026&gad_source=1&gad_campaignid=15485647876&gbraid=0AAAAAoT5x1jMnUdPNGP_0edYFGEPino6L&gclid=CjwKCAjw-J3OBhBuEiwAwqZ_h7kgt4n6Pdo2xgyacUqBWAOT7qWW0H8V1VJqHF7hfHX-eqBvfE0ckhoC0rEQAvD_BwE" "Mozilla/5.0 (iPhone; CPU iPhone OS 18_6_2 like Mac OS X) AppleWebKit/605.1.15 (KHTML, like Gecko) Version/18.6 Mobile/15E148 Safari/604.1"
2a02:9b0:8024:580b:5006:4ad3:48bd:e33b - - [28/Mar/2026:18:18:14 +0000] "GET /?utm_source=GoogleAds&utm_medium=Paid_Traffic&utm_campaign=Ramadan2026&gad_source=1&gad_campaignid=15485647876&gbraid=0AAAAAoT5x1jMnUdPNGP_0edYFGEPino6L&gclid=CjwKCAjw-J3OBhBuEiwAwqZ_h7kgt4n6Pdo2xgyacUqBWAOT7qWW0H8V1VJqHF7hfHX-eqBvfE0ckhoC0rEQAvD_BwE HTTP/1.1" 200 16413 "https://hondasaudi.com/focused-cars/?utm_source=GoogleAds&utm_medium=Paid_Traffic&utm_campaign=Ramadan2026&gad_source=1&gad_campaignid=15485647876&gbraid=0AAAAAoT5x1jMnUdPNGP_0edYFGEPino6L&gclid=CjwKCAjw-J3OBhBuEiwAwqZ_h7kgt4n6Pdo2xgyacUqBWAOT7qWW0H8V1VJqHF7hfHX-eqBvfE0ckhoC0rEQAvD_BwE" "Mozilla/5.0 (iPhone; CPU iPhone OS 18_6_2 like Mac OS X) AppleWebKit/605.1.15 (KHTML, like Gecko) Version/18.6 Mobile/15E148 Safari/604.1"
172.105.42.26 - - [28/Mar/2026:18:18:27 +0000] "POST /wp-cron.php?doing_wp_cron=1774721907.5494630336761474609375 HTTP/1.1" 200 20 "-" "WordPress/6.9.4; https://hondasaudi.com"
2001:16a2:c174:ab7f:6177:9e32:d0c5:5f78 - - [28/Mar/2026:18:18:27 +0000] "GET /focused-cars/?utm_source=GoogleAds&utm_medium=Paid_Traffic&utm_campaign=Ramadan2026&gad_source=5&gad_campaignid=15485647876&gclid=EAIaIQobChMIptnGo5rDkwMVunVBAh2rnyOmEAAYASAAEgKPePD_BwE HTTP/1.1" 200 19613 "https://syndicatedsearch.goog/" "Mozilla/5.0 (iPhone; CPU iPhone OS 18_7 like Mac OS X) AppleWebKit/605.1.15 (KHTML, like Gecko) Mobile/23D8133 Instagram 421.1.6.39.52 (iPhone16,2; iOS 26_3_1; en_US; en; scale=3.00; 1290x2796; IABMV/1; 910922286) Safari/604.1"
2a03:2880:7ff:42:: - - [28/Mar/2026:18:18:28 +0000] "GET /meta.json HTTP/1.1" 404 12239 "-" "facebookexternalhit/1.1 (+http://www.facebook.com/externalhit_uatext.php)"
2a02:9b0:8024:580b:5006:4ad3:48bd:e33b - - [28/Mar/2026:18:18:28 +0000] "GET /?utm_source=GoogleAds&utm_medium=Paid_Traffic&utm_campaign=Ramadan2026&gad_source=1&gad_campaignid=15485647876&gbraid=0AAAAAoT5x1jMnUdPNGP_0edYFGEPino6L&gclid=CjwKCAjw-J3OBhBuEiwAwqZ_h7kgt4n6Pdo2xgyacUqBWAOT7qWW0H8V1VJqHF7hfHX-eqBvfE0ckhoC0rEQAvD_BwE HTTP/1.1" 200 16415 "https://hondasaudi.com/?utm_source=GoogleAds&utm_medium=Paid_Traffic&utm_campaign=Ramadan2026&gad_source=1&gad_campaignid=15485647876&gbraid=0AAAAAoT5x1jMnUdPNGP_0edYFGEPino6L&gclid=CjwKCAjw-J3OBhBuEiwAwqZ_h7kgt4n6Pdo2xgyacUqBWAOT7qWW0H8V1VJqHF7hfHX-eqBvfE0ckhoC0rEQAvD_BwE" "Mozilla/5.0 (iPhone; CPU iPhone OS 18_6_2 like Mac OS X) AppleWebKit/605.1.15 (KHTML, like Gecko) Version/18.6 Mobile/15E148 Safari/604.1"
74.7.227.6 - - [28/Mar/2026:18:18:29 +0000] "GET /admin.php?dir=CwusrCwlib64Cwxtables&view=libxt_ipvs.so HTTP/1.1" 200 5096 "https://hondasaudi.com/admin.php?dir=CwusrCwlib64Cwxtables" "Mozilla/5.0 AppleWebKit/537.36 (KHTML, like Gecko; compatible; GPTBot/1.3; +https://openai.com/gptbot)"
172.105.42.26 - - [28/Mar/2026:18:18:31 +0000] "POST /wp-cron.php?doing_wp_cron=1774721911.2618150711059570312500 HTTP/1.1" 200 20 "-" "WordPress/6.9.4; https://hondasaudi.com"
2001:16a2:c174:ab7f:6177:9e32:d0c5:5f78 - - [28/Mar/2026:18:18:31 +0000] "GET /wp-json/contact-form-7/v1/contact-forms/987/feedback/schema HTTP/1.1" 200 1993 "https://hondasaudi.com/focused-cars/?utm_source=GoogleAds&utm_medium=Paid_Traffic&utm_campaign=Ramadan2026&gad_source=5&gad_campaignid=15485647876&gclid=EAIaIQobChMIptnGo5rDkwMVunVBAh2rnyOmEAAYASAAEgKPePD_BwE" "Mozilla/5.0 (iPhone; CPU iPhone OS 18_7 like Mac OS X) AppleWebKit/605.1.15 (KHTML, like Gecko) Mobile/23D8133 Instagram 421.1.6.39.52 (iPhone16,2; iOS 26_3_1; en_US; en; scale=3.00; 1290x2796; IABMV/1; 910922286) Safari/604.1"
2a02:9b0:8024:580b:5006:4ad3:48bd:e33b - - [28/Mar/2026:18:18:32 +0000] "GET /?utm_source=GoogleAds&utm_medium=Paid_Traffic&utm_campaign=Ramadan2026&gad_source=1&gad_campaignid=15485647876&gbraid=0AAAAAoT5x1jMnUdPNGP_0edYFGEPino6L&gclid=CjwKCAjw-J3OBhBuEiwAwqZ_h7kgt4n6Pdo2xgyacUqBWAOT7qWW0H8V1VJqHF7hfHX-eqBvfE0ckhoC0rEQAvD_BwE HTTP/1.1" 200 16415 "https://hondasaudi.com/?utm_source=GoogleAds&utm_medium=Paid_Traffic&utm_campaign=Ramadan2026&gad_source=1&gad_campaignid=15485647876&gbraid=0AAAAAoT5x1jMnUdPNGP_0edYFGEPino6L&gclid=CjwKCAjw-J3OBhBuEiwAwqZ_h7kgt4n6Pdo2xgyacUqBWAOT7qWW0H8V1VJqHF7hfHX-eqBvfE0ckhoC0rEQAvD_BwE" "Mozilla/5.0 (iPhone; CPU iPhone OS 18_6_2 like Mac OS X) AppleWebKit/605.1.15 (KHTML, like Gecko) Version/18.6 Mobile/15E148 Safari/604.1"
142.154.76.103 - - [28/Mar/2026:18:18:40 +0000] "GET /focused-cars/?utm_source=GoogleAds&utm_medium=Paid_Traffic&utm_campaign=Ramadan2026&gad_source=1&gad_campaignid=15485647876&gbraid=0AAAAAoT5x1jMnUdPNGP_0edYFGEPino6L&gclid=EAIaIQobChMI8b7aq5rDkwMV9xoGAB3YtjGhEAAYASAAEgKDFfD_BwE HTTP/1.1" 200 19687 "https://www.google.com/" "Mozilla/5.0 (iPhone; CPU iPhone OS 18_7 like Mac OS X) AppleWebKit/605.1.15 (KHTML, like Gecko) Version/26.4 Mobile/15E148 Safari/604.1"
142.154.76.103 - - [28/Mar/2026:18:18:41 +0000] "GET /wp-json/contact-form-7/v1/contact-forms/987/feedback/schema HTTP/1.1" 200 1993 "https://hondasaudi.com/focused-cars/?utm_source=GoogleAds&utm_medium=Paid_Traffic&utm_campaign=Ramadan2026&gad_source=1&gad_campaignid=15485647876&gbraid=0AAAAAoT5x1jMnUdPNGP_0edYFGEPino6L&gclid=EAIaIQobChMI8b7aq5rDkwMV9xoGAB3YtjGhEAAYASAAEgKDFfD_BwE" "Mozilla/5.0 (iPhone; CPU iPhone OS 18_7 like Mac OS X) AppleWebKit/605.1.15 (KHTML, like Gecko) Version/26.4 Mobile/15E148 Safari/604.1"
74.7.227.6 - - [28/Mar/2026:18:18:50 +0000] "GET /admin.php?dir=CwusrCwlib64Cwxtables&edit=libxt_SECMARK.so HTTP/1.1" 200 2472 "https://hondasaudi.com/admin.php?dir=CwusrCwlib64Cwxtables" "Mozilla/5.0 AppleWebKit/537.36 (KHTML, like Gecko; compatible; GPTBot/1.3; +https://openai.com/gptbot)"
172.105.42.26 - - [28/Mar/2026:18:18:53 +0000] "POST /wp-cron.php?doing_wp_cron=1774721933.0753839015960693359375 HTTP/1.1" 200 20 "-" "WordPress/6.9.4; https://hondasaudi.com"
66.249.93.199 - - [28/Mar/2026:18:18:52 +0000] "GET /.well-known/traffic-advice HTTP/1.1" 404 12255 "-" "Chrome Privacy Preserving Prefetch Proxy"
2001:4860:7:1428::ff - - [28/Mar/2026:18:18:53 +0000] "GET /focused-cars/?utm_source=GoogleAds&utm_medium=Paid_Traffic&utm_campaign=Ramadan2026&gad_source=1&gad_campaignid=15485647876&gbraid=0AAAAAoT5x1hSviS8DXh2YDnC76qkwM6B6&gclid=CjwKCAjw-J3OBhBuEiwAwqZ_h9AQAY_k7e7M4EKe8o-FkBNt3polytmTpNXUnxKOoMJlFALhegR24hoCXhoQAvD_BwE HTTP/1.1" 200 19758 "https://www.google.com/" "Mozilla/5.0 (Linux; Android 10; K) AppleWebKit/537.36 (KHTML, like Gecko) Chrome/146.0.0.0 Mobile Safari/537.36"
2001:16a2:cc69:ef00:7d67:91cb:943d:4388 - - [28/Mar/2026:18:18:53 +0000] "GET /focused-cars/?utm_source=GoogleAds&utm_medium=Paid_Traffic&utm_campaign=Ramadan2026&gad_source=1&gad_campaignid=15485647876&gclid=CjwKCAjw-J3OBhBuEiwAwqZ_h8vucPxkKK0j4PhpPG2rZTI_J7jWyAs0vZcgnrRh-GUy1HYPnuF4rxoCIcQQAvD_BwE HTTP/1.1" 200 19687 "https://www.google.com/" "Mozilla/5.0 (iPhone; CPU iPhone OS 26_3_1 like Mac OS X) AppleWebKit/605.1.15 (KHTML, like Gecko) CriOS/146.0.7680.40 Mobile/15E148 Safari/604.1"
2001:16a2:cc69:ef00:7d67:91cb:943d:4388 - - [28/Mar/2026:18:18:54 +0000] "GET /wp-json/contact-form-7/v1/contact-forms/987/feedback/schema HTTP/1.1" 200 1993 "https://hondasaudi.com/focused-cars/?utm_source=GoogleAds&utm_medium=Paid_Traffic&utm_campaign=Ramadan2026&gad_source=1&gad_campaignid=15485647876&gclid=CjwKCAjw-J3OBhBuEiwAwqZ_h8vucPxkKK0j4PhpPG2rZTI_J7jWyAs0vZcgnrRh-GUy1HYPnuF4rxoCIcQQAvD_BwE" "Mozilla/5.0 (iPhone; CPU iPhone OS 26_3_1 like Mac OS X) AppleWebKit/605.1.15 (KHTML, like Gecko) CriOS/146.0.7680.40 Mobile/15E148 Safari/604.1"
3.79.134.69 - - [28/Mar/2026:18:19:10 +0000] "HEAD / HTTP/1.1" 200 - "https://hondasaudi.com" "Mozilla/5.0+(compatible; UptimeRobot/2.0; http://www.uptimerobot.com/)"
2a02:9b0:4055:9ed0:9c6e:1a19:4d43:c5b9 - - [28/Mar/2026:18:19:13 +0000] "GET /focused-cars/?utm_source=GoogleAds&utm_medium=Paid_Traffic&utm_campaign=Ramadan2026&gad_source=1&gad_campaignid=15485647876&gclid=CjwKCAjw-J3OBhBuEiwAwqZ_h1pU6tL67nUedjRId35BUE8NrXwtoyrcXqO-8831Akx0G1yM-Ng2wRoCjikQAvD_BwE HTTP/1.1" 200 19685 "https://www.google.com/" "Mozilla/5.0 (Linux; Android 10; K) AppleWebKit/537.36 (KHTML, like Gecko) Chrome/146.0.0.0 Mobile Safari/537.36"
2001:16a2:c14e:35aa:60c1:f8e8:4d19:db88 - - [28/Mar/2026:18:19:15 +0000] "GET /focused-cars/?utm_source=GoogleAds&utm_medium=Paid_Traffic&utm_campaign=Ramadan2026&gad_source=5&gad_campaignid=15485647876&gclid=EAIaIQobChMIsoPLuprDkwMVVUNBAh1IDSYNEAAYASAAEgIm1PD_BwE HTTP/1.1" 200 19619 "https://syndicatedsearch.goog/" "Mozilla/5.0 (iPhone; CPU iPhone OS 26_4 like Mac OS X) AppleWebKit/605.1.15 (KHTML, like Gecko) Mobile/23E246 Safari/604.1 [FBAN/FBIOS;FBAV/554.0.0.38.78;FBBV/917646558;FBDV/iPhone16,2;FBMD/iPhone;FBSN/iOS;FBSV/26.4;FBSS/3;FBID/phone;FBLC/ar_AR;FBOP/5;FBRV/922025732;IABMV/1]"
2001:16a2:c14e:35aa:60c1:f8e8:4d19:db88 - - [28/Mar/2026:18:19:17 +0000] "GET /wp-json/contact-form-7/v1/contact-forms/987/feedback/schema HTTP/1.1" 200 1993 "https://hondasaudi.com/focused-cars/?utm_source=GoogleAds&utm_medium=Paid_Traffic&utm_campaign=Ramadan2026&gad_source=5&gad_campaignid=15485647876&gclid=EAIaIQobChMIsoPLuprDkwMVVUNBAh1IDSYNEAAYASAAEgIm1PD_BwE" "Mozilla/5.0 (iPhone; CPU iPhone OS 26_4 like Mac OS X) AppleWebKit/605.1.15 (KHTML, like Gecko) Mobile/23E246 Safari/604.1 [FBAN/FBIOS;FBAV/554.0.0.38.78;FBBV/917646558;FBDV/iPhone16,2;FBMD/iPhone;FBSN/iOS;FBSV/26.4;FBSS/3;FBID/phone;FBLC/ar_AR;FBOP/5;FBRV/922025732;IABMV/1]"
66.249.93.192 - - [28/Mar/2026:18:19:17 +0000] "GET /focused-cars/?utm_source=GoogleAds&utm_medium=Paid_Traffic&utm_campaign=Ramadan2026&gad_source=1&gad_campaignid=15485647876&gclid=CjwKCAjw-J3OBhBuEiwAwqZ_h1pU6tL67nUedjRId35BUE8NrXwtoyrcXqO-8831Akx0G1yM-Ng2wRoCjikQAvD_BwE HTTP/1.1" 200 19687 "-" "Mozilla/5.0 (Linux; Android 10; K) AppleWebKit/537.36 (KHTML, like Gecko) Chrome/138.0.0.0 Mobile Safari/537.36 (compatible; Google-Read-Aloud; +https://support.google.com/webmasters/answer/1061943)"
172.105.42.26 - - [28/Mar/2026:18:19:18 +0000] "POST /wp-cron.php?doing_wp_cron=1774721958.1821289062500000000000 HTTP/1.1" 200 20 "-" "WordPress/6.9.4; https://hondasaudi.com"
66.102.8.225 - - [28/Mar/2026:18:19:17 +0000] "GET /focused-cars/ HTTP/1.1" 200 19349 "-" "Mozilla/5.0 (Linux; Android 10; K) AppleWebKit/537.36 (KHTML, like Gecko) Chrome/138.0.0.0 Mobile Safari/537.36 (compatible; Google-Read-Aloud; +https://support.google.com/webmasters/answer/1061943)"
2001:16a4:71:2521:d441:5a74:18e7:69fc - - [28/Mar/2026:18:19:19 +0000] "GET /focused-cars/?utm_source=GoogleAds&utm_medium=Paid_Traffic&utm_campaign=Ramadan2026&gad_source=5&gad_campaignid=15485647876&gclid=EAIaIQobChMI__aqvJrDkwMVpVJBAh0IbjBkEAAYASAAEgJPDPD_BwE HTTP/1.1" 200 19619 "https://syndicatedsearch.goog/" "Mozilla/5.0 (iPhone; CPU iPhone OS 26_4 like Mac OS X) AppleWebKit/605.1.15 (KHTML, like Gecko) Version/26.4 Mobile/15E148 Safari/604.1 musical_ly_44.4.0 JsSdk/2.0 NetType/4G Channel/App Store ByteLocale/ar Region/SA isDarkMode/0 WKWebView/1 RevealType/Dialog performVal/1"
2001:16a3:fc8:cc00:297b:be89:90d6:6dd0 - - [28/Mar/2026:18:19:19 +0000] "GET /focused-cars/?utm_source=GoogleAds&utm_medium=Paid_Traffic&utm_campaign=Ramadan2026&gad_source=1&gad_campaignid=15485647876&gclid=CjwKCAjw-J3OBhBuEiwAwqZ_hzHrZEQEQTE9ukRcPEC9wpwMiICUOzRGnscbihH8o_SxBd580DP_VxoCNdsQAvD_BwE HTTP/1.1" 200 19563 "https://www.google.com/" "Mozilla/5.0 (iPhone; CPU iPhone OS 26_3_1 like Mac OS X) AppleWebKit/605.1.15 (KHTML, like Gecko) CriOS/146.0.7680.151 Mobile/15E148 Safari/604.1"
2001:16a3:fc8:cc00:297b:be89:90d6:6dd0 - - [28/Mar/2026:18:19:21 +0000] "GET /wp-json/contact-form-7/v1/contact-forms/987/feedback/schema HTTP/1.1" 200 1993 "https://hondasaudi.com/focused-cars/?utm_source=GoogleAds&utm_medium=Paid_Traffic&utm_campaign=Ramadan2026&gad_source=1&gad_campaignid=15485647876&gclid=CjwKCAjw-J3OBhBuEiwAwqZ_hzHrZEQEQTE9ukRcPEC9wpwMiICUOzRGnscbihH8o_SxBd580DP_VxoCNdsQAvD_BwE" "Mozilla/5.0 (iPhone; CPU iPhone OS 26_3_1 like Mac OS X) AppleWebKit/605.1.15 (KHTML, like Gecko) CriOS/146.0.7680.151 Mobile/15E148 Safari/604.1"
2a02:9b0:4055:9ed0:9c6e:1a19:4d43:c5b9 - - [28/Mar/2026:18:19:21 +0000] "GET /wp-json/contact-form-7/v1/contact-forms/987/feedback/schema HTTP/1.1" 200 1993 "https://hondasaudi.com/focused-cars/?utm_source=GoogleAds&utm_medium=Paid_Traffic&utm_campaign=Ramadan2026&gad_source=1&gad_campaignid=15485647876&gclid=CjwKCAjw-J3OBhBuEiwAwqZ_h1pU6tL67nUedjRId35BUE8NrXwtoyrcXqO-8831Akx0G1yM-Ng2wRoCjikQAvD_BwE" "Mozilla/5.0 (Linux; Android 10; K) AppleWebKit/537.36 (KHTML, like Gecko) Chrome/146.0.0.0 Mobile Safari/537.36"
2001:16a4:71:2521:d441:5a74:18e7:69fc - - [28/Mar/2026:18:19:22 +0000] "GET /wp-json/contact-form-7/v1/contact-forms/987/feedback/schema HTTP/1.1" 200 1993 "https://hondasaudi.com/focused-cars/?utm_source=GoogleAds&utm_medium=Paid_Traffic&utm_campaign=Ramadan2026&gad_source=5&gad_campaignid=15485647876&gclid=EAIaIQobChMI__aqvJrDkwMVpVJBAh0IbjBkEAAYASAAEgJPDPD_BwE" "Mozilla/5.0 (iPhone; CPU iPhone OS 26_4 like Mac OS X) AppleWebKit/605.1.15 (KHTML, like Gecko) Version/26.4 Mobile/15E148 Safari/604.1 musical_ly_44.4.0 JsSdk/2.0 NetType/4G Channel/App Store ByteLocale/ar Region/SA isDarkMode/0 WKWebView/1 RevealType/Dialog performVal/1"
142.154.76.103 - - [28/Mar/2026:18:19:37 +0000] "GET /service-price-list/?utm_source=GoogleAds&utm_medium=Paid_Traffic&utm_campaign=Ramadan2026&gad_source=1&gad_campaignid=15485647876&gbraid=0AAAAAoT5x1jMnUdPNGP_0edYFGEPino6L&gclid=EAIaIQobChMI8b7aq5rDkwMV9xoGAB3YtjGhEAAYASAAEgKDFfD_BwE HTTP/1.1" 200 12731 "https://hondasaudi.com/focused-cars/?utm_source=GoogleAds&utm_medium=Paid_Traffic&utm_campaign=Ramadan2026&gad_source=1&gad_campaignid=15485647876&gbraid=0AAAAAoT5x1jMnUdPNGP_0edYFGEPino6L&gclid=EAIaIQobChMI8b7aq5rDkwMV9xoGAB3YtjGhEAAYASAAEgKDFfD_BwE" "Mozilla/5.0 (iPhone; CPU iPhone OS 18_7 like Mac OS X) AppleWebKit/605.1.15 (KHTML, like Gecko) Version/26.4 Mobile/15E148 Safari/604.1"
172.105.42.26 - - [28/Mar/2026:18:19:37 +0000] "POST /wp-cron.php?doing_wp_cron=1774721977.0079040527343750000000 HTTP/1.1" 200 20 "-" "WordPress/6.9.4; https://hondasaudi.com"
142.154.76.103 - - [28/Mar/2026:18:19:36 +0000] "GET /?utm_source=GoogleAds&utm_medium=Paid_Traffic&utm_campaign=Ramadan2026&gad_source=1&gad_campaignid=15485647876&gbraid=0AAAAAoT5x1jMnUdPNGP_0edYFGEPino6L&gclid=EAIaIQobChMI8b7aq5rDkwMV9xoGAB3YtjGhEAAYASAAEgKDFfD_BwE HTTP/1.1" 200 16385 "https://hondasaudi.com/focused-cars/?utm_source=GoogleAds&utm_medium=Paid_Traffic&utm_campaign=Ramadan2026&gad_source=1&gad_campaignid=15485647876&gbraid=0AAAAAoT5x1jMnUdPNGP_0edYFGEPino6L&gclid=EAIaIQobChMI8b7aq5rDkwMV9xoGAB3YtjGhEAAYASAAEgKDFfD_BwE" "Mozilla/5.0 (iPhone; CPU iPhone OS 18_7 like Mac OS X) AppleWebKit/605.1.15 (KHTML, like Gecko) Version/26.4 Mobile/15E148 Safari/604.1"
172.105.42.26 - - [28/Mar/2026:18:19:48 +0000] "POST /wp-cron.php?doing_wp_cron=1774721988.8705000877380371093750 HTTP/1.1" 200 20 "-" "WordPress/6.9.4; https://hondasaudi.com"
2001:16a2:cc69:ef00:7d67:91cb:943d:4388 - - [28/Mar/2026:18:19:48 +0000] "GET /focused-cars/?utm_source=GoogleAds&utm_medium=Paid_Traffic&utm_campaign=Ramadan2026&gad_source=1&gad_campaignid=15485647876&gclid=CjwKCAjw-J3OBhBuEiwAwqZ_h8vucPxkKK0j4PhpPG2rZTI_J7jWyAs0vZcgnrRh-GUy1HYPnuF4rxoCIcQQAvD_BwE HTTP/1.1" 200 19688 "https://www.google.com/" "Mozilla/5.0 (iPhone; CPU iPhone OS 26_3_1 like Mac OS X) AppleWebKit/605.1.15 (KHTML, like Gecko) CriOS/146.0.7680.40 Mobile/15E148 Safari/604.1"
2001:16a2:cc69:ef00:7d67:91cb:943d:4388 - - [28/Mar/2026:18:19:49 +0000] "GET /wp-json/contact-form-7/v1/contact-forms/987/feedback/schema HTTP/1.1" 200 1993 "https://hondasaudi.com/focused-cars/?utm_source=GoogleAds&utm_medium=Paid_Traffic&utm_campaign=Ramadan2026&gad_source=1&gad_campaignid=15485647876&gclid=CjwKCAjw-J3OBhBuEiwAwqZ_h8vucPxkKK0j4PhpPG2rZTI_J7jWyAs0vZcgnrRh-GUy1HYPnuF4rxoCIcQQAvD_BwE" "Mozilla/5.0 (iPhone; CPU iPhone OS 26_3_1 like Mac OS X) AppleWebKit/605.1.15 (KHTML, like Gecko) CriOS/146.0.7680.40 Mobile/15E148 Safari/604.1"
74.7.227.6 - - [28/Mar/2026:18:19:54 +0000] "GET /admin.php?dir=CwusrCwincludeCwwebp HTTP/1.1" 200 3413 "https://hondasaudi.com/admin.php?dir=CwusrCwinclude" "Mozilla/5.0 AppleWebKit/537.36 (KHTML, like Gecko; compatible; GPTBot/1.3; +https://openai.com/gptbot)"
2a02:9b0:e7:269f:3113:9a42:5843:f52f - - [28/Mar/2026:18:20:07 +0000] "GET /focused-cars/?utm_source=GoogleAds&utm_medium=Paid_Traffic&utm_campaign=Ramadan2026&gad_source=1&gad_campaignid=15485647876&gbraid=0AAAAAoT5x1hSviS8DXh2YDnC76qkwM6B6&gclid=CjwKCAjw-J3OBhBuEiwAwqZ_h2C9-miAKx2TfZWg0GER6_5HVVy4r7Lkf8wetxXmyZ5Sk4p3GpiTKhoCtkEQAvD_BwE HTTP/1.1" 200 19762 "https://www.google.com/" "Mozilla/5.0 (iPhone; CPU iPhone OS 18_7 like Mac OS X) AppleWebKit/605.1.15 (KHTML, like Gecko) Version/26.3 Mobile/15E148 Safari/604.1"
2a02:9b0:e7:269f:3113:9a42:5843:f52f - - [28/Mar/2026:18:20:14 +0000] "GET /focused-cars/?utm_source=GoogleAds&utm_medium=Paid_Traffic&utm_campaign=Ramadan2026&gad_source=1&gad_campaignid=15485647876&gbraid=0AAAAAoT5x1hSviS8DXh2YDnC76qkwM6B6&gclid=CjwKCAjw-J3OBhBuEiwAwqZ_h-js9GG1lbEXuj9Qi0Pxh9JYwfTFwz3CL_R7HXV8pYepj7emeYXCIRoC4f0QAvD_BwE HTTP/1.1" 200 19762 "https://www.google.com/" "Mozilla/5.0 (iPhone; CPU iPhone OS 18_7 like Mac OS X) AppleWebKit/605.1.15 (KHTML, like Gecko) Version/26.3 Mobile/15E148 Safari/604.1"
74.7.227.6 - - [28/Mar/2026:18:20:15 +0000] "GET /admin.php?dir=CwusrCwinclude&view=error.h HTTP/1.1" 200 1095 "https://hondasaudi.com/admin.php?dir=CwusrCwinclude" "Mozilla/5.0 AppleWebKit/537.36 (KHTML, like Gecko; compatible; GPTBot/1.3; +https://openai.com/gptbot)"
172.105.42.26 - - [28/Mar/2026:18:20:19 +0000] "POST /wp-cron.php?doing_wp_cron=1774722019.0433559417724609375000 HTTP/1.1" 200 20 "-" "WordPress/6.9.4; https://hondasaudi.com"
2a02:9b0:e7:269f:3113:9a42:5843:f52f - - [28/Mar/2026:18:20:18 +0000] "GET /wp-json/contact-form-7/v1/contact-forms/987/feedback/schema HTTP/1.1" 200 1993 "https://hondasaudi.com/focused-cars/?utm_source=GoogleAds&utm_medium=Paid_Traffic&utm_campaign=Ramadan2026&gad_source=1&gad_campaignid=15485647876&gbraid=0AAAAAoT5x1hSviS8DXh2YDnC76qkwM6B6&gclid=CjwKCAjw-J3OBhBuEiwAwqZ_h-js9GG1lbEXuj9Qi0Pxh9JYwfTFwz3CL_R7HXV8pYepj7emeYXCIRoC4f0QAvD_BwE" "Mozilla/5.0 (iPhone; CPU iPhone OS 18_7 like Mac OS X) AppleWebKit/605.1.15 (KHTML, like Gecko) Version/26.3 Mobile/15E148 Safari/604.1"
2a02:cb80:4200:a90e:acdd:ce54:80a1:b07a - - [28/Mar/2026:18:20:19 +0000] "GET /focused-cars/?utm_source=GoogleAds&utm_medium=Paid_Traffic&utm_campaign=Ramadan2026&gad_source=1&gad_campaignid=15485647876&gclid=CjwKCAjw-J3OBhBuEiwAwqZ_h-iiQOmWFMBOVwXUBKXspHYIC3OWe6gUmjPRzK7jZu8ERCSDhGfZvRoC9y0QAvD_BwE HTTP/1.1" 200 19696 "https://www.google.com/" "Mozilla/5.0 (iPhone; CPU iPhone OS 26_0_1 like Mac OS X) AppleWebKit/605.1.15 (KHTML, like Gecko) GSA/406.0.862495628 Mobile/15E148 Safari/604.1"
2a02:cb80:4200:a90e:acdd:ce54:80a1:b07a - - [28/Mar/2026:18:20:21 +0000] "GET /wp-json/contact-form-7/v1/contact-forms/987/feedback/schema HTTP/1.1" 200 1993 "https://hondasaudi.com/focused-cars/?utm_source=GoogleAds&utm_medium=Paid_Traffic&utm_campaign=Ramadan2026&gad_source=1&gad_campaignid=15485647876&gclid=CjwKCAjw-J3OBhBuEiwAwqZ_h-iiQOmWFMBOVwXUBKXspHYIC3OWe6gUmjPRzK7jZu8ERCSDhGfZvRoC9y0QAvD_BwE" "Mozilla/5.0 (iPhone; CPU iPhone OS 26_0_1 like Mac OS X) AppleWebKit/605.1.15 (KHTML, like Gecko) GSA/406.0.862495628 Mobile/15E148 Safari/604.1"
2a02:cb80:4078:93e8:8d38:8141:5514:9136 - - [28/Mar/2026:18:20:25 +0000] "GET /focused-cars/?utm_source=GoogleAds&utm_medium=Paid_Traffic&utm_campaign=Ramadan2026&gad_source=1&gad_campaignid=15485647876&gbraid=0AAAAAoT5x1jMnUdPNGP_0edYFGEPino6L&gclid=CjwKCAjw-J3OBhBuEiwAwqZ_hx3Jc2VTbW7n9pteJ21AeE5xEs66S9Jg2kv_ue3LoLGhTOQ4UeAGmhoCXZsQAvD_BwE HTTP/1.1" 200 19757 "https://www.google.com/" "Mozilla/5.0 (iPhone; CPU iPhone OS 18_7 like Mac OS X) AppleWebKit/605.1.15 (KHTML, like Gecko) Version/26.3 Mobile/15E148 Safari/604.1"
2a02:cb80:4078:93e8:8d38:8141:5514:9136 - - [28/Mar/2026:18:20:28 +0000] "GET /wp-json/contact-form-7/v1/contact-forms/987/feedback/schema HTTP/1.1" 200 1993 "https://hondasaudi.com/focused-cars/?utm_source=GoogleAds&utm_medium=Paid_Traffic&utm_campaign=Ramadan2026&gad_source=1&gad_campaignid=15485647876&gbraid=0AAAAAoT5x1jMnUdPNGP_0edYFGEPino6L&gclid=CjwKCAjw-J3OBhBuEiwAwqZ_hx3Jc2VTbW7n9pteJ21AeE5xEs66S9Jg2kv_ue3LoLGhTOQ4UeAGmhoCXZsQAvD_BwE" "Mozilla/5.0 (iPhone; CPU iPhone OS 18_7 like Mac OS X) AppleWebKit/605.1.15 (KHTML, like Gecko) Version/26.3 Mobile/15E148 Safari/604.1"
172.105.42.26 - - [28/Mar/2026:18:20:41 +0000] "POST /wp-cron.php?doing_wp_cron=1774722041.1850070953369140625000 HTTP/1.1" 200 20 "-" "WordPress/6.9.4; https://hondasaudi.com"
2001:16a2:c061:971a:ec39:9376:ab70:52a2 - - [28/Mar/2026:18:20:40 +0000] "GET /focused-cars/?utm_source=GoogleAds&utm_medium=Paid_Traffic&utm_campaign=Ramadan2026&gad_source=5&gad_campaignid=15485647876&gclid=EAIaIQobChMImIib5ZrDkwMV0fJ5BB23QxyGEAAYASAAEgKkPPD_BwE HTTP/1.1" 200 19616 "https://syndicatedsearch.goog/" "Mozilla/5.0 (iPhone; CPU iPhone OS 18_7 like Mac OS X) AppleWebKit/605.1.15 (KHTML, like Gecko) Version/26.4 Mobile/15E148 Safari/604.1"
2001:16a2:c061:971a:ec39:9376:ab70:52a2 - - [28/Mar/2026:18:20:43 +0000] "GET /wp-json/contact-form-7/v1/contact-forms/987/feedback/schema HTTP/1.1" 200 1993 "https://hondasaudi.com/focused-cars/?utm_source=GoogleAds&utm_medium=Paid_Traffic&utm_campaign=Ramadan2026&gad_source=5&gad_campaignid=15485647876&gclid=EAIaIQobChMImIib5ZrDkwMV0fJ5BB23QxyGEAAYASAAEgKkPPD_BwE" "Mozilla/5.0 (iPhone; CPU iPhone OS 18_7 like Mac OS X) AppleWebKit/605.1.15 (KHTML, like Gecko) Version/26.4 Mobile/15E148 Safari/604.1"
172.105.42.26 - - [28/Mar/2026:18:20:51 +0000] "POST /wp-cron.php?doing_wp_cron=1774722051.7723290920257568359375 HTTP/1.1" 200 20 "-" "WordPress/6.9.4; https://hondasaudi.com"
2a02:9b0:4055:9ed0:9c6e:1a19:4d43:c5b9 - - [28/Mar/2026:18:20:51 +0000] "GET /focused-cars/?utm_source=GoogleAds&utm_medium=Paid_Traffic&utm_campaign=Ramadan2026&gad_source=1&gad_campaignid=15485647876&gclid=CjwKCAjw-J3OBhBuEiwAwqZ_h3TYUV19j4Dkm-RwBWc8FHohEzrY5AKc1D3cqicDqKFpA4wfLi3QVRoC14kQAvD_BwE HTTP/1.1" 200 19689 "https://www.google.com/" "Mozilla/5.0 (Linux; Android 10; K) AppleWebKit/537.36 (KHTML, like Gecko) Chrome/146.0.0.0 Mobile Safari/537.36"
2a02:9b0:4055:9ed0:9c6e:1a19:4d43:c5b9 - - [28/Mar/2026:18:20:53 +0000] "GET /wp-json/contact-form-7/v1/contact-forms/987/feedback/schema HTTP/1.1" 200 1993 "https://hondasaudi.com/focused-cars/?utm_source=GoogleAds&utm_medium=Paid_Traffic&utm_campaign=Ramadan2026&gad_source=1&gad_campaignid=15485647876&gclid=CjwKCAjw-J3OBhBuEiwAwqZ_h3TYUV19j4Dkm-RwBWc8FHohEzrY5AKc1D3cqicDqKFpA4wfLi3QVRoC14kQAvD_BwE" "Mozilla/5.0 (Linux; Android 10; K) AppleWebKit/537.36 (KHTML, like Gecko) Chrome/146.0.0.0 Mobile Safari/537.36"
66.249.93.204 - - [28/Mar/2026:18:20:55 +0000] "GET /focused-cars/?utm_source=GoogleAds&utm_medium=Paid_Traffic&utm_campaign=Ramadan2026&gad_source=1&gad_campaignid=15485647876&gclid=CjwKCAjw-J3OBhBuEiwAwqZ_h3TYUV19j4Dkm-RwBWc8FHohEzrY5AKc1D3cqicDqKFpA4wfLi3QVRoC14kQAvD_BwE HTTP/1.1" 200 19690 "-" "Mozilla/5.0 (Linux; Android 10; K) AppleWebKit/537.36 (KHTML, like Gecko) Chrome/138.0.0.0 Mobile Safari/537.36 (compatible; Google-Read-Aloud; +https://support.google.com/webmasters/answer/1061943)"
2001:16a2:c21e:11c:7878:c446:97a4:5b7b - - [28/Mar/2026:18:20:58 +0000] "GET /focused-cars/?utm_source=GoogleAds&utm_medium=Paid_Traffic&utm_campaign=Ramadan2026&gad_source=1&gad_campaignid=15485647876&gbraid=0AAAAAoT5x1jMnUdPNGP_0edYFGEPino6L&gclid=EAIaIQobChMIj-L865rDkwMVLqn9BR3INRjQEAAYASABEgIJePD_BwE HTTP/1.1" 200 19690 "https://www.google.com/" "Mozilla/5.0 (iPhone; CPU iPhone OS 18_7 like Mac OS X) AppleWebKit/605.1.15 (KHTML, like Gecko) Version/26.3 Mobile/15E148 Safari/604.1"
74.7.227.6 - - [28/Mar/2026:18:20:58 +0000] "GET /admin.php?dir=CwusrCwinclude&edit=pcre.h HTTP/1.1" 200 9183 "https://hondasaudi.com/admin.php?dir=CwusrCwinclude" "Mozilla/5.0 AppleWebKit/537.36 (KHTML, like Gecko; compatible; GPTBot/1.3; +https://openai.com/gptbot)"
2a02:cb80:4078:93e8:8d38:8141:5514:9136 - - [28/Mar/2026:18:21:00 +0000] "GET /?utm_source=GoogleAds&utm_medium=Paid_Traffic&utm_campaign=Ramadan2026&gad_source=1&gad_campaignid=15485647876&gbraid=0AAAAAoT5x1jMnUdPNGP_0edYFGEPino6L&gclid=CjwKCAjw-J3OBhBuEiwAwqZ_hx3Jc2VTbW7n9pteJ21AeE5xEs66S9Jg2kv_ue3LoLGhTOQ4UeAGmhoCXZsQAvD_BwE HTTP/1.1" 200 16292 "https://hondasaudi.com/focused-cars/?utm_source=GoogleAds&utm_medium=Paid_Traffic&utm_campaign=Ramadan2026&gad_source=1&gad_campaignid=15485647876&gbraid=0AAAAAoT5x1jMnUdPNGP_0edYFGEPino6L&gclid=CjwKCAjw-J3OBhBuEiwAwqZ_hx3Jc2VTbW7n9pteJ21AeE5xEs66S9Jg2kv_ue3LoLGhTOQ4UeAGmhoCXZsQAvD_BwE" "Mozilla/5.0 (iPhone; CPU iPhone OS 18_7 like Mac OS X) AppleWebKit/605.1.15 (KHTML, like Gecko) Version/26.3 Mobile/15E148 Safari/604.1"
2001:16a2:c21e:11c:7878:c446:97a4:5b7b - - [28/Mar/2026:18:21:01 +0000] "GET /wp-json/contact-form-7/v1/contact-forms/987/feedback/schema HTTP/1.1" 200 1993 "https://hondasaudi.com/focused-cars/?utm_source=GoogleAds&utm_medium=Paid_Traffic&utm_campaign=Ramadan2026&gad_source=1&gad_campaignid=15485647876&gbraid=0AAAAAoT5x1jMnUdPNGP_0edYFGEPino6L&gclid=EAIaIQobChMIj-L865rDkwMVLqn9BR3INRjQEAAYASABEgIJePD_BwE" "Mozilla/5.0 (iPhone; CPU iPhone OS 18_7 like Mac OS X) AppleWebKit/605.1.15 (KHTML, like Gecko) Version/26.3 Mobile/15E148 Safari/604.1"
2a02:cb80:4078:93e8:8d38:8141:5514:9136 - - [28/Mar/2026:18:21:06 +0000] "GET /focused-cars/?utm_source=GoogleAds&utm_medium=Paid_Traffic&utm_campaign=Ramadan2026&gad_source=1&gad_campaignid=15485647876&gbraid=0AAAAAoT5x1jMnUdPNGP_0edYFGEPino6L&gclid=CjwKCAjw-J3OBhBuEiwAwqZ_hwXDoAhU9p4Xm9BW2IxiIMOzk9FPEttteKIVp6mm1Hc-fPDCV7UOWRoCm8gQAvD_BwE HTTP/1.1" 200 19639 "https://www.google.com/" "Mozilla/5.0 (iPhone; CPU iPhone OS 18_7 like Mac OS X) AppleWebKit/605.1.15 (KHTML, like Gecko) Version/26.3 Mobile/15E148 Safari/604.1"
2001:16a2:c21e:11c:7878:c446:97a4:5b7b - - [28/Mar/2026:18:21:06 +0000] "GET /focused-cars/?utm_source=GoogleAds&utm_medium=Paid_Traffic&utm_campaign=Ramadan2026&gad_source=1&gad_campaignid=15485647876&gbraid=0AAAAAoT5x1jMnUdPNGP_0edYFGEPino6L&gclid=EAIaIQobChMIj-L865rDkwMVLqn9BR3INRjQEAAYASAAEgJYhPD_BwE HTTP/1.1" 200 19693 "https://www.google.com/" "Mozilla/5.0 (iPhone; CPU iPhone OS 18_7 like Mac OS X) AppleWebKit/605.1.15 (KHTML, like Gecko) Version/26.3 Mobile/15E148 Safari/604.1"
2a02:cb80:4078:93e8:8d38:8141:5514:9136 - - [28/Mar/2026:18:21:08 +0000] "GET /wp-json/contact-form-7/v1/contact-forms/987/feedback/schema HTTP/1.1" 200 1993 "https://hondasaudi.com/focused-cars/?utm_source=GoogleAds&utm_medium=Paid_Traffic&utm_campaign=Ramadan2026&gad_source=1&gad_campaignid=15485647876&gbraid=0AAAAAoT5x1jMnUdPNGP_0edYFGEPino6L&gclid=CjwKCAjw-J3OBhBuEiwAwqZ_hwXDoAhU9p4Xm9BW2IxiIMOzk9FPEttteKIVp6mm1Hc-fPDCV7UOWRoCm8gQAvD_BwE" "Mozilla/5.0 (iPhone; CPU iPhone OS 18_7 like Mac OS X) AppleWebKit/605.1.15 (KHTML, like Gecko) Version/26.3 Mobile/15E148 Safari/604.1"
2001:16a2:c21e:11c:7878:c446:97a4:5b7b - - [28/Mar/2026:18:21:08 +0000] "GET /wp-json/contact-form-7/v1/contact-forms/987/feedback/schema HTTP/1.1" 200 1993 "https://hondasaudi.com/focused-cars/?utm_source=GoogleAds&utm_medium=Paid_Traffic&utm_campaign=Ramadan2026&gad_source=1&gad_campaignid=15485647876&gbraid=0AAAAAoT5x1jMnUdPNGP_0edYFGEPino6L&gclid=EAIaIQobChMIj-L865rDkwMVLqn9BR3INRjQEAAYASAAEgJYhPD_BwE" "Mozilla/5.0 (iPhone; CPU iPhone OS 18_7 like Mac OS X) AppleWebKit/605.1.15 (KHTML, like Gecko) Version/26.3 Mobile/15E148 Safari/604.1"
172.105.42.26 - - [28/Mar/2026:18:21:36 +0000] "POST /wp-cron.php?doing_wp_cron=1774722096.0185039043426513671875 HTTP/1.1" 200 20 "-" "WordPress/6.9.4; https://hondasaudi.com"
2001:16a4:207:8006:1816:48ff:fe4d:4157 - - [28/Mar/2026:18:21:35 +0000] "GET /wp-json/contact-form-7/v1/contact-forms/987/feedback/schema HTTP/1.1" 200 1993 "https://hondasaudi.com/focused-cars/?utm_source=GoogleAds&utm_medium=Paid_Traffic&utm_campaign=Ramadan2026&gad_source=2&gad_campaignid=15485647876&gclid=EAIaIQobChMIvL-FpYfDkwMVHP55BB2YDBS3EAAYASAAEgL7IvD_BwE" "Mozilla/5.0 (Linux; Android 10; K) AppleWebKit/537.36 (KHTML, like Gecko) Chrome/145.0.0.0 Mobile Safari/537.36 OPR/96.0.0.0"
74.7.227.6 - - [28/Mar/2026:18:21:39 +0000] "GET /admin.php?dir=CwusrCwinclude&edit=search.h HTTP/1.1" 200 4524 "https://hondasaudi.com/admin.php?dir=CwusrCwinclude" "Mozilla/5.0 AppleWebKit/537.36 (KHTML, like Gecko; compatible; GPTBot/1.3; +https://openai.com/gptbot)"
172.105.42.26 - - [28/Mar/2026:18:21:59 +0000] "POST /wp-cron.php?doing_wp_cron=1774722119.5644369125366210937500 HTTP/1.1" 200 20 "-" "WordPress/6.9.4; https://hondasaudi.com"
2001:16a4:15:5d23:ce09:b41d:a272:9d6e - - [28/Mar/2026:18:21:59 +0000] "GET /honda-zrv/ HTTP/1.1" 200 18512 "https://hondasaudi.com/?utm_medium=paid&utm_source=fb&utm_id=120242753459850023&utm_content=120242753459970023&utm_term=120242753459900023&utm_campaign=120242753459850023" "Mozilla/5.0 (Linux; Android 16; SM-S908E Build/BP2A.250605.031.A3; wv) AppleWebKit/537.36 (KHTML, like Gecko) Version/4.0 Chrome/146.0.7680.148 Mobile Safari/537.36"
2001:16a4:15:5d23:ce09:b41d:a272:9d6e - - [28/Mar/2026:18:22:04 +0000] "GET /honda-hrv/ HTTP/1.1" 200 18483 "https://hondasaudi.com/?utm_medium=paid&utm_source=fb&utm_id=120242753459850023&utm_content=120242753459970023&utm_term=120242753459900023&utm_campaign=120242753459850023" "Mozilla/5.0 (Linux; Android 16; SM-S908E Build/BP2A.250605.031.A3; wv) AppleWebKit/537.36 (KHTML, like Gecko) Version/4.0 Chrome/146.0.7680.148 Mobile Safari/537.36"
2001:16a4:15:5d23:ce09:b41d:a272:9d6e - - [28/Mar/2026:18:22:15 +0000] "GET /honda-pilot/ HTTP/1.1" 200 18412 "https://hondasaudi.com/?utm_medium=paid&utm_source=fb&utm_id=120242753459850023&utm_content=120242753459970023&utm_term=120242753459900023&utm_campaign=120242753459850023" "Mozilla/5.0 (Linux; Android 16; SM-S908E Build/BP2A.250605.031.A3; wv) AppleWebKit/537.36 (KHTML, like Gecko) Version/4.0 Chrome/146.0.7680.148 Mobile Safari/537.36"
2a02:9b0:4055:9ed0:9c6e:1a19:4d43:c5b9 - - [28/Mar/2026:18:22:15 +0000] "GET /focused-cars/?utm_source=GoogleAds&utm_medium=Paid_Traffic&utm_campaign=Ramadan2026&gad_source=1&gad_campaignid=15485647876&gclid=CjwKCAjw-J3OBhBuEiwAwqZ_h8rvRnBM4C9Vm9HM6xv80RpsEeda8X0jgWojd6Z-JvAzm0WVaawjqhoCb6sQAvD_BwE HTTP/1.1" 200 19684 "https://www.google.com/" "Mozilla/5.0 (Linux; Android 10; K) AppleWebKit/537.36 (KHTML, like Gecko) Chrome/146.0.0.0 Mobile Safari/537.36"
66.249.93.202 - - [28/Mar/2026:18:22:17 +0000] "GET /focused-cars/?utm_source=GoogleAds&utm_medium=Paid_Traffic&utm_campaign=Ramadan2026&gad_source=1&gad_campaignid=15485647876&gclid=CjwKCAjw-J3OBhBuEiwAwqZ_h8rvRnBM4C9Vm9HM6xv80RpsEeda8X0jgWojd6Z-JvAzm0WVaawjqhoCb6sQAvD_BwE HTTP/1.1" 200 19684 "-" "Mozilla/5.0 (Linux; Android 10; K) AppleWebKit/537.36 (KHTML, like Gecko) Chrome/138.0.0.0 Mobile Safari/537.36 (compatible; Google-Read-Aloud; +https://support.google.com/webmasters/answer/1061943)"
172.105.42.26 - - [28/Mar/2026:18:22:18 +0000] "POST /wp-cron.php?doing_wp_cron=1774722138.6636779308319091796875 HTTP/1.1" 200 20 "-" "WordPress/6.9.4; https://hondasaudi.com"
2a02:9b0:4055:9ed0:9c6e:1a19:4d43:c5b9 - - [28/Mar/2026:18:22:18 +0000] "GET /wp-json/contact-form-7/v1/contact-forms/987/feedback/schema HTTP/1.1" 200 1993 "https://hondasaudi.com/focused-cars/?utm_source=GoogleAds&utm_medium=Paid_Traffic&utm_campaign=Ramadan2026&gad_source=1&gad_campaignid=15485647876&gclid=CjwKCAjw-J3OBhBuEiwAwqZ_h8rvRnBM4C9Vm9HM6xv80RpsEeda8X0jgWojd6Z-JvAzm0WVaawjqhoCb6sQAvD_BwE" "Mozilla/5.0 (Linux; Android 10; K) AppleWebKit/537.36 (KHTML, like Gecko) Chrome/146.0.0.0 Mobile Safari/537.36"
2001:16a4:15:5d23:ce09:b41d:a272:9d6e - - [28/Mar/2026:18:22:24 +0000] "GET /honda-city/ HTTP/1.1" 200 18394 "https://hondasaudi.com/?utm_medium=paid&utm_source=fb&utm_id=120242753459850023&utm_content=120242753459970023&utm_term=120242753459900023&utm_campaign=120242753459850023" "Mozilla/5.0 (Linux; Android 16; SM-S908E Build/BP2A.250605.031.A3; wv) AppleWebKit/537.36 (KHTML, like Gecko) Version/4.0 Chrome/146.0.7680.148 Mobile Safari/537.36"
2001:16a4:15:5d23:ce09:b41d:a272:9d6e - - [28/Mar/2026:18:22:28 +0000] "GET /type-r/ HTTP/1.1" 200 18438 "https://hondasaudi.com/?utm_medium=paid&utm_source=fb&utm_id=120242753459850023&utm_content=120242753459970023&utm_term=120242753459900023&utm_campaign=120242753459850023" "Mozilla/5.0 (Linux; Android 16; SM-S908E Build/BP2A.250605.031.A3; wv) AppleWebKit/537.36 (KHTML, like Gecko) Version/4.0 Chrome/146.0.7680.148 Mobile Safari/537.36"
2001:16a4:15:5d23:ce09:b41d:a272:9d6e - - [28/Mar/2026:18:22:30 +0000] "GET /odyssey/ HTTP/1.1" 200 18424 "https://hondasaudi.com/?utm_medium=paid&utm_source=fb&utm_id=120242753459850023&utm_content=120242753459970023&utm_term=120242753459900023&utm_campaign=120242753459850023" "Mozilla/5.0 (Linux; Android 16; SM-S908E Build/BP2A.250605.031.A3; wv) AppleWebKit/537.36 (KHTML, like Gecko) Version/4.0 Chrome/146.0.7680.148 Mobile Safari/537.36"
172.105.42.26 - - [28/Mar/2026:18:22:36 +0000] "POST /wp-cron.php?doing_wp_cron=1774722156.3160490989685058593750 HTTP/1.1" 200 20 "-" "WordPress/6.9.4; https://hondasaudi.com"
151.80.133.55 - - [28/Mar/2026:18:22:36 +0000] "GET / HTTP/1.1" 200 16212 "-" "Mozilla/5.0 (Windows NT 10.0; Win64; x64) AppleWebKit/537.36 (KHTML, like Gecko) Chrome/139.0.0.0 Safari/537.36"
2001:16a4:15:5d23:ce09:b41d:a272:9d6e - - [28/Mar/2026:18:22:37 +0000] "GET /honda-city/ HTTP/1.1" 200 18395 "https://hondasaudi.com/?utm_medium=paid&utm_source=fb&utm_id=120242753459850023&utm_content=120242753459970023&utm_term=120242753459900023&utm_campaign=120242753459850023" "Mozilla/5.0 (Linux; Android 16; SM-S908E Build/BP2A.250605.031.A3; wv) AppleWebKit/537.36 (KHTML, like Gecko) Version/4.0 Chrome/146.0.7680.148 Mobile Safari/537.36"
74.7.227.6 - - [28/Mar/2026:18:22:44 +0000] "GET /admin.php?dir=CwusrCwincludeCwbind9 HTTP/1.1" 200 3493 "https://hondasaudi.com/admin.php?dir=CwusrCwinclude" "Mozilla/5.0 AppleWebKit/537.36 (KHTML, like Gecko; compatible; GPTBot/1.3; +https://openai.com/gptbot)"
2001:16a2:c0bf:ea0a:2:1:2a76:ead2 - - [28/Mar/2026:18:22:45 +0000] "GET /privacy-policy/?utm_source=GoogleAds&utm_medium=Paid_Traffic&utm_campaign=Ramadan2026&gad_source=5&gad_campaignid=15485647876&gclid=EAIaIQobChMI_oGOppjDkwMV6EZBAh2XaDyhEAAYAiAAEgK38fD_BwE HTTP/1.1" 200 34864 "https://hondasaudi.com/focused-cars/?utm_source=GoogleAds&utm_medium=Paid_Traffic&utm_campaign=Ramadan2026&gad_source=5&gad_campaignid=15485647876&gclid=EAIaIQobChMI_oGOppjDkwMV6EZBAh2XaDyhEAAYAiAAEgK38fD_BwE" "Mozilla/5.0 (Linux; Android 12; V2204 Build/SP1A.210812.003; wv) AppleWebKit/537.36 (KHTML, like Gecko) Version/4.0 Chrome/146.0.7680.141 Mobile Safari/537.36 [FB_IAB/FB4A;FBAV/552.1.0.45.68;IABMV/1;]"
2001:16a2:c0bf:ea0a:2:1:2a76:ead2 - - [28/Mar/2026:18:22:45 +0000] "GET /privacy-policy/ HTTP/1.1" 200 34737 "https://hondasaudi.com/focused-cars/?utm_source=GoogleAds&utm_medium=Paid_Traffic&utm_campaign=Ramadan2026&gad_source=5&gad_campaignid=15485647876&gclid=EAIaIQobChMI_oGOppjDkwMV6EZBAh2XaDyhEAAYAiAAEgK38fD_BwE" "Mozilla/5.0 (Linux; Android 12; V2204 Build/SP1A.210812.003; wv) AppleWebKit/537.36 (KHTML, like Gecko) Version/4.0 Chrome/146.0.7680.141 Mobile Safari/537.36"
2001:16a4:75:d99b:18a1:13f0:fad1:30b8 - - [28/Mar/2026:18:22:45 +0000] "GET /?utm_medium=paid&utm_source=fb&utm_id=120242754296780023&utm_content=120242754296810023&utm_term=120242754296790023&utm_campaign=120242754296780023 HTTP/1.1" 200 16277 "http://m.facebook.com/" "Mozilla/5.0 (Linux; Android 16; SM-A165F Build/BP2A.250605.031.A3; wv) AppleWebKit/537.36 (KHTML, like Gecko) Version/4.0 Chrome/146.0.7680.148 Mobile Safari/537.36 [FB_IAB/FB4A;FBAV/553.0.0.56.58;IABMV/1;]"
172.105.42.26 - - [28/Mar/2026:18:22:45 +0000] "POST /service_request/ai_integration/ HTTP/1.1" 200 726 "-" "-"
2001:16a4:75:d99b:18a1:13f0:fad1:30b8 - - [28/Mar/2026:18:22:46 +0000] "GET /?utm_medium=paid&utm_source=fb&utm_id=120242754296780023&utm_content=120242754296810023&utm_term=120242754296790023&utm_campaign=120242754296780023 HTTP/1.1" 200 16277 "http://m.facebook.com" "Mozilla/5.0 (Linux; Android 16; SM-A165F Build/BP2A.250605.031.A3; wv) AppleWebKit/537.36 (KHTML, like Gecko) Version/4.0 Chrome/146.0.7680.148 Mobile Safari/537.36 [FB_IAB/FB4A;FBAV/553.0.0.56.58;IABMV/1;]"
172.105.42.26 - - [28/Mar/2026:18:22:50 +0000] "POST /wp-cron.php?doing_wp_cron=1774722170.2591578960418701171875 HTTP/1.1" 200 20 "-" "WordPress/6.9.4; https://hondasaudi.com"
2001:16a2:c0bf:ea0a:2:1:2a76:ead2 - - [28/Mar/2026:18:22:50 +0000] "GET /wp-json/contact-form-7/v1/contact-forms/987/feedback/schema HTTP/1.1" 200 1993 "https://hondasaudi.com/focused-cars/?utm_source=GoogleAds&utm_medium=Paid_Traffic&utm_campaign=Ramadan2026&gad_source=5&gad_campaignid=15485647876&gclid=EAIaIQobChMI_oGOppjDkwMV6EZBAh2XaDyhEAAYAiAAEgK38fD_BwE" "Mozilla/5.0 (Linux; Android 12; V2204 Build/SP1A.210812.003; wv) AppleWebKit/537.36 (KHTML, like Gecko) Version/4.0 Chrome/146.0.7680.141 Mobile Safari/537.36 [FB_IAB/FB4A;FBAV/552.1.0.45.68;IABMV/1;]"
2001:16a2:c14e:35aa:60c1:f8e8:4d19:db88 - - [28/Mar/2026:18:22:57 +0000] "POST /wp-json/contact-form-7/v1/contact-forms/987/feedback HTTP/1.1" 200 284 "https://hondasaudi.com/focused-cars/?utm_source=GoogleAds&utm_medium=Paid_Traffic&utm_campaign=Ramadan2026&gad_source=5&gad_campaignid=15485647876&gclid=EAIaIQobChMIsoPLuprDkwMVVUNBAh1IDSYNEAAYASAAEgIm1PD_BwE" "Mozilla/5.0 (iPhone; CPU iPhone OS 26_4 like Mac OS X) AppleWebKit/605.1.15 (KHTML, like Gecko) Mobile/23E246 Safari/604.1 [FBAN/FBIOS;FBAV/554.0.0.38.78;FBBV/917646558;FBDV/iPhone16,2;FBMD/iPhone;FBSN/iOS;FBSV/26.4;FBSS/3;FBID/phone;FBLC/ar_AR;FBOP/5;FBRV/922025732;IABMV/1]"
74.7.227.6 - - [28/Mar/2026:18:23:03 +0000] "GET /admin.php?dir=CwusrCwincludeCwkrb5 HTTP/1.1" 200 3809 "https://hondasaudi.com/admin.php?dir=CwusrCwinclude" "Mozilla/5.0 AppleWebKit/537.36 (KHTML, like Gecko; compatible; GPTBot/1.3; +https://openai.com/gptbot)"
2a02:9b0:8014:3988:356e:197d:dcd8:e21 - - [28/Mar/2026:18:23:05 +0000] "GET /focused-cars/?utm_source=GoogleAds&utm_medium=Paid_Traffic&utm_campaign=Ramadan2026&gad_source=1&gad_campaignid=15485647876&gbraid=0AAAAAoT5x1hSviS8DXh2YDnC76qkwM6B6&gclid=CjwKCAjw-J3OBhBuEiwAwqZ_h_s0Lvr_8tKNqsKA3-5zMqe_QBUMPhcFW8wIz4yhbsUMpRTv_32j9BoCk18QAvD_BwE HTTP/1.1" 200 19762 "https://www.google.com/" "Mozilla/5.0 (Linux; Android 10; K) AppleWebKit/537.36 (KHTML, like Gecko) Chrome/146.0.0.0 Mobile Safari/537.36"
2a02:9b0:8014:3988:356e:197d:dcd8:e21 - - [28/Mar/2026:18:23:08 +0000] "GET /wp-json/contact-form-7/v1/contact-forms/987/feedback/schema HTTP/1.1" 200 1993 "https://hondasaudi.com/focused-cars/?utm_source=GoogleAds&utm_medium=Paid_Traffic&utm_campaign=Ramadan2026&gad_source=1&gad_campaignid=15485647876&gbraid=0AAAAAoT5x1hSviS8DXh2YDnC76qkwM6B6&gclid=CjwKCAjw-J3OBhBuEiwAwqZ_h_s0Lvr_8tKNqsKA3-5zMqe_QBUMPhcFW8wIz4yhbsUMpRTv_32j9BoCk18QAvD_BwE" "Mozilla/5.0 (Linux; Android 10; K) AppleWebKit/537.36 (KHTML, like Gecko) Chrome/146.0.0.0 Mobile Safari/537.36"
172.105.42.26 - - [28/Mar/2026:18:23:18 +0000] "POST /wp-cron.php?doing_wp_cron=1774722198.5513648986816406250000 HTTP/1.1" 200 20 "-" "WordPress/6.9.4; https://hondasaudi.com"
2a02:9b0:8014:3988:356e:197d:dcd8:e21 - - [28/Mar/2026:18:23:17 +0000] "GET /?utm_source=GoogleAds&utm_medium=Paid_Traffic&utm_campaign=Ramadan2026&gad_source=1&gad_campaignid=15485647876&gbraid=0AAAAAoT5x1hSviS8DXh2YDnC76qkwM6B6&gclid=CjwKCAjw-J3OBhBuEiwAwqZ_h_s0Lvr_8tKNqsKA3-5zMqe_QBUMPhcFW8wIz4yhbsUMpRTv_32j9BoCk18QAvD_BwE HTTP/1.1" 200 16416 "https://hondasaudi.com/focused-cars/?utm_source=GoogleAds&utm_medium=Paid_Traffic&utm_campaign=Ramadan2026&gad_source=1&gad_campaignid=15485647876&gbraid=0AAAAAoT5x1hSviS8DXh2YDnC76qkwM6B6&gclid=CjwKCAjw-J3OBhBuEiwAwqZ_h_s0Lvr_8tKNqsKA3-5zMqe_QBUMPhcFW8wIz4yhbsUMpRTv_32j9BoCk18QAvD_BwE" "Mozilla/5.0 (Linux; Android 10; K) AppleWebKit/537.36 (KHTML, like Gecko) Chrome/146.0.0.0 Mobile Safari/537.36"
2a02:9b0:4055:9ed0:9c6e:1a19:4d43:c5b9 - - [28/Mar/2026:18:23:21 +0000] "GET / HTTP/1.1" 200 16212 "https://www.google.com/" "Mozilla/5.0 (Linux; Android 10; K) AppleWebKit/537.36 (KHTML, like Gecko) Chrome/146.0.0.0 Mobile Safari/537.36"
172.105.42.26 - - [28/Mar/2026:18:23:21 +0000] "POST /service_request/ai_integration/ HTTP/1.1" 200 663 "-" "-"
2001:16a2:c14e:35aa:60c1:f8e8:4d19:db88 - - [28/Mar/2026:18:23:20 +0000] "POST /wp-json/contact-form-7/v1/contact-forms/987/feedback HTTP/1.1" 200 286 "https://hondasaudi.com/focused-cars/?utm_source=GoogleAds&utm_medium=Paid_Traffic&utm_campaign=Ramadan2026&gad_source=5&gad_campaignid=15485647876&gclid=EAIaIQobChMIsoPLuprDkwMVVUNBAh1IDSYNEAAYASAAEgIm1PD_BwE" "Mozilla/5.0 (iPhone; CPU iPhone OS 26_4 like Mac OS X) AppleWebKit/605.1.15 (KHTML, like Gecko) Mobile/23E246 Safari/604.1 [FBAN/FBIOS;FBAV/554.0.0.38.78;FBBV/917646558;FBDV/iPhone16,2;FBMD/iPhone;FBSN/iOS;FBSV/26.4;FBSS/3;FBID/phone;FBLC/ar_AR;FBOP/5;FBRV/922025732;IABMV/1]"
2001:16a2:c14e:35aa:60c1:f8e8:4d19:db88 - - [28/Mar/2026:18:23:24 +0000] "GET /thank-you/ HTTP/1.1" 200 12285 "https://hondasaudi.com/focused-cars/?utm_source=GoogleAds&utm_medium=Paid_Traffic&utm_campaign=Ramadan2026&gad_source=5&gad_campaignid=15485647876&gclid=EAIaIQobChMIsoPLuprDkwMVVUNBAh1IDSYNEAAYASAAEgIm1PD_BwE" "Mozilla/5.0 (iPhone; CPU iPhone OS 26_4 like Mac OS X) AppleWebKit/605.1.15 (KHTML, like Gecko) Mobile/23E246 Safari/604.1 [FBAN/FBIOS;FBAV/554.0.0.38.78;FBBV/917646558;FBDV/iPhone16,2;FBMD/iPhone;FBSN/iOS;FBSV/26.4;FBSS/3;FBID/phone;FBLC/ar_AR;FBOP/5;FBRV/922025732;IABMV/1]"