172.105.42.26 - - [28/Mar/2026:12:35:11 +0000] "POST /wp-cron.php?doing_wp_cron=1774701311.6164050102233886718750 HTTP/1.1" 200 20 "-" "WordPress/6.9.4; https://hondasaudi.com"
2a02:cb80:4108:dd9:6c64:c84d:7aaa:c8e - - [28/Mar/2026:12:35:11 +0000] "GET /accord/?utm_source=GoogleAds&utm_medium=Paid_Traffic&utm_campaign=Ramadan2026&gad_source=1&gad_campaignid=15485647876&gbraid=0AAAAAoT5x1jMnUdPNGP_0edYFGEPino6L&gclid=CjwKCAjw-J3OBhBuEiwAwqZ_h1bppaJto2y4LLz038n57RBKVeZB_0ouOjab7tGNWHXBCFIgGXFtWxoCMSQQAvD_BwE HTTP/1.1" 200 18774 "https://hondasaudi.com/?utm_source=GoogleAds&utm_medium=Paid_Traffic&utm_campaign=Ramadan2026&gad_source=1&gad_campaignid=15485647876&gbraid=0AAAAAoT5x1jMnUdPNGP_0edYFGEPino6L&gclid=CjwKCAjw-J3OBhBuEiwAwqZ_h1bppaJto2y4LLz038n57RBKVeZB_0ouOjab7tGNWHXBCFIgGXFtWxoCMSQQAvD_BwE" "Mozilla/5.0 (iPhone; CPU iPhone OS 18_7 like Mac OS X) AppleWebKit/605.1.15 (KHTML, like Gecko) Version/26.4 Mobile/15E148 Safari/604.1"
172.105.42.26 - - [28/Mar/2026:12:35:13 +0000] "POST /wp-cron.php?doing_wp_cron=1774701313.0623750686645507812500 HTTP/1.1" 200 20 "-" "WordPress/6.9.4; https://hondasaudi.com"
2a02:cb80:4108:dd9:6c64:c84d:7aaa:c8e - - [28/Mar/2026:12:35:12 +0000] "GET /wp-json/contact-form-7/v1/contact-forms/442769/feedback/schema HTTP/1.1" 200 1816 "https://hondasaudi.com/accord/?utm_source=GoogleAds&utm_medium=Paid_Traffic&utm_campaign=Ramadan2026&gad_source=1&gad_campaignid=15485647876&gbraid=0AAAAAoT5x1jMnUdPNGP_0edYFGEPino6L&gclid=CjwKCAjw-J3OBhBuEiwAwqZ_h1bppaJto2y4LLz038n57RBKVeZB_0ouOjab7tGNWHXBCFIgGXFtWxoCMSQQAvD_BwE" "Mozilla/5.0 (iPhone; CPU iPhone OS 18_7 like Mac OS X) AppleWebKit/605.1.15 (KHTML, like Gecko) Version/26.4 Mobile/15E148 Safari/604.1"
74.7.227.6 - - [28/Mar/2026:12:35:23 +0000] "GET /admin.php?dir=CwhomeCwbalubaidCwFwsitepad HTTP/1.1" 200 3324 "https://hondasaudi.com/admin.php?dir=CwhomeCwbalubaid" "Mozilla/5.0 AppleWebKit/537.36 (KHTML, like Gecko; compatible; GPTBot/1.3; +https://openai.com/gptbot)"
74.7.227.6 - - [28/Mar/2026:12:35:43 +0000] "GET /admin.php?dir=CwhomeCwbalubaidCwFwhtpasswds HTTP/1.1" 200 5144 "https://hondasaudi.com/admin.php?dir=CwhomeCwbalubaid" "Mozilla/5.0 AppleWebKit/537.36 (KHTML, like Gecko; compatible; GPTBot/1.3; +https://openai.com/gptbot)"
172.105.42.26 - - [28/Mar/2026:12:35:52 +0000] "POST /wp-cron.php?doing_wp_cron=1774701352.3655340671539306640625 HTTP/1.1" 200 20 "-" "WordPress/6.9.4; https://hondasaudi.com"
2a02:9b0:8079:c34e:286f:380f:b369:346f - - [28/Mar/2026:12:35:52 +0000] "GET /focused-cars/?utm_source=GoogleAds&utm_medium=Paid_Traffic&utm_campaign=Ramadan2026&gad_source=1&gad_campaignid=15485647876&gclid=CjwKCAjw-J3OBhBuEiwAwqZ_h6ljW7M_NGMkLd-pr9zhZ8-p5kzJgayCMhUZ1j521OVHjGT-KbYSXBoCQswQAvD_BwE HTTP/1.1" 200 19690 "https://www.google.com/" "Mozilla/5.0 (iPhone; CPU iPhone OS 26_3_1 like Mac OS X) AppleWebKit/605.1.15 (KHTML, like Gecko) CriOS/146.0.7680.151 Mobile/15E148 Safari/604.1"
2a02:9b0:8079:c34e:286f:380f:b369:346f - - [28/Mar/2026:12:35:55 +0000] "GET /wp-json/contact-form-7/v1/contact-forms/987/feedback/schema HTTP/1.1" 200 1993 "https://hondasaudi.com/focused-cars/?utm_source=GoogleAds&utm_medium=Paid_Traffic&utm_campaign=Ramadan2026&gad_source=1&gad_campaignid=15485647876&gclid=CjwKCAjw-J3OBhBuEiwAwqZ_h6ljW7M_NGMkLd-pr9zhZ8-p5kzJgayCMhUZ1j521OVHjGT-KbYSXBoCQswQAvD_BwE" "Mozilla/5.0 (iPhone; CPU iPhone OS 26_3_1 like Mac OS X) AppleWebKit/605.1.15 (KHTML, like Gecko) CriOS/146.0.7680.151 Mobile/15E148 Safari/604.1"
2a02:cb80:4108:dd9:6c64:c84d:7aaa:c8e - - [28/Mar/2026:12:36:01 +0000] "GET /?utm_source=GoogleAds&utm_medium=Paid_Traffic&utm_campaign=Ramadan2026&gad_source=1&gad_campaignid=15485647876&gbraid=0AAAAAoT5x1jMnUdPNGP_0edYFGEPino6L&gclid=CjwKCAjw-J3OBhBuEiwAwqZ_h1bppaJto2y4LLz038n57RBKVeZB_0ouOjab7tGNWHXBCFIgGXFtWxoCMSQQAvD_BwE HTTP/1.1" 200 16294 "https://hondasaudi.com/accord/?utm_source=GoogleAds&utm_medium=Paid_Traffic&utm_campaign=Ramadan2026&gad_source=1&gad_campaignid=15485647876&gbraid=0AAAAAoT5x1jMnUdPNGP_0edYFGEPino6L&gclid=CjwKCAjw-J3OBhBuEiwAwqZ_h1bppaJto2y4LLz038n57RBKVeZB_0ouOjab7tGNWHXBCFIgGXFtWxoCMSQQAvD_BwE" "Mozilla/5.0 (iPhone; CPU iPhone OS 18_7 like Mac OS X) AppleWebKit/605.1.15 (KHTML, like Gecko) Version/26.4 Mobile/15E148 Safari/604.1"
74.7.227.6 - - [28/Mar/2026:12:36:04 +0000] "GET /admin.php?dir=CwhomeCwbalubaidCwsslCwcsrs HTTP/1.1" 200 3194 "https://hondasaudi.com/admin.php?dir=CwhomeCwbalubaidCwssl" "Mozilla/5.0 AppleWebKit/537.36 (KHTML, like Gecko; compatible; GPTBot/1.3; +https://openai.com/gptbot)"
2a02:cb80:4108:dd9:6c64:c84d:7aaa:c8e - - [28/Mar/2026:12:36:06 +0000] "GET /wp-json/contact-form-7/v1/contact-forms/987/feedback/schema HTTP/1.1" 200 1993 "https://hondasaudi.com/focused-cars/?utm_source=GoogleAds&utm_medium=Paid_Traffic&utm_campaign=Ramadan2026&gad_source=1&gad_campaignid=15485647876&gbraid=0AAAAAoT5x1jMnUdPNGP_0edYFGEPino6L&gclid=CjwKCAjw-J3OBhBuEiwAwqZ_h1bppaJto2y4LLz038n57RBKVeZB_0ouOjab7tGNWHXBCFIgGXFtWxoCMSQQAvD_BwE" "Mozilla/5.0 (iPhone; CPU iPhone OS 18_7 like Mac OS X) AppleWebKit/605.1.15 (KHTML, like Gecko) Version/26.4 Mobile/15E148 Safari/604.1"
172.105.42.26 - - [28/Mar/2026:12:36:17 +0000] "POST /wp-cron.php?doing_wp_cron=1774701377.0173170566558837890625 HTTP/1.1" 200 20 "-" "WordPress/6.9.4; https://hondasaudi.com"
2a02:cb80:4108:dd9:6c64:c84d:7aaa:c8e - - [28/Mar/2026:12:36:16 +0000] "GET /focused-cars/?utm_source=GoogleAds&utm_medium=Paid_Traffic&utm_campaign=Ramadan2026&gad_source=1&gad_campaignid=15485647876&gbraid=0AAAAAoT5x1jMnUdPNGP_0edYFGEPino6L&gclid=CjwKCAjw-J3OBhBuEiwAwqZ_h13fe1GGhjU4OLTeaeRFk37h7dQ1jz4dLfRB8lr_R66iqFQrxjKwJRoCaCsQAvD_BwE HTTP/1.1" 200 19637 "https://www.google.com/" "Mozilla/5.0 (iPhone; CPU iPhone OS 18_7 like Mac OS X) AppleWebKit/605.1.15 (KHTML, like Gecko) Version/26.4 Mobile/15E148 Safari/604.1"
172.105.42.26 - - [28/Mar/2026:12:36:18 +0000] "POST /wp-cron.php?doing_wp_cron=1774701378.6771669387817382812500 HTTP/1.1" 200 20 "-" "WordPress/6.9.4; https://hondasaudi.com"
2a02:cb80:4108:dd9:6c64:c84d:7aaa:c8e - - [28/Mar/2026:12:36:18 +0000] "GET /wp-json/contact-form-7/v1/contact-forms/987/feedback/schema HTTP/1.1" 200 1993 "https://hondasaudi.com/focused-cars/?utm_source=GoogleAds&utm_medium=Paid_Traffic&utm_campaign=Ramadan2026&gad_source=1&gad_campaignid=15485647876&gbraid=0AAAAAoT5x1jMnUdPNGP_0edYFGEPino6L&gclid=CjwKCAjw-J3OBhBuEiwAwqZ_h13fe1GGhjU4OLTeaeRFk37h7dQ1jz4dLfRB8lr_R66iqFQrxjKwJRoCaCsQAvD_BwE" "Mozilla/5.0 (iPhone; CPU iPhone OS 18_7 like Mac OS X) AppleWebKit/605.1.15 (KHTML, like Gecko) Version/26.4 Mobile/15E148 Safari/604.1"
172.105.42.26 - - [28/Mar/2026:12:36:26 +0000] "POST /wp-cron.php?doing_wp_cron=1774701386.1606299877166748046875 HTTP/1.1" 200 20 "-" "WordPress/6.9.4; https://hondasaudi.com"
2001:4860:7:1528::ff - - [28/Mar/2026:12:36:25 +0000] "GET /focused-cars/?utm_source=GoogleAds&utm_medium=Paid_Traffic&utm_campaign=Ramadan2026&gad_source=1&gad_campaignid=15485647876&gbraid=0AAAAAoT5x1jtcKcz0KH1ZB-HWl_bZxRet&gclid=EAIaIQobChMIktbY7M3CkwMVApKDBx1jjxmGEAAYAiAAEgKDV_D_BwE HTTP/1.1" 200 19690 "https://www.google.com/" "Mozilla/5.0 (Windows NT 10.0; Win64; x64) AppleWebKit/537.36 (KHTML, like Gecko) Chrome/146.0.0.0 Safari/537.36"
176.224.241.60 - - [28/Mar/2026:12:36:28 +0000] "GET /wp-json/contact-form-7/v1/contact-forms/987/feedback/schema HTTP/1.1" 200 1993 "https://hondasaudi.com/focused-cars/?utm_source=GoogleAds&utm_medium=Paid_Traffic&utm_campaign=Ramadan2026&gad_source=1&gad_campaignid=15485647876&gbraid=0AAAAAoT5x1jtcKcz0KH1ZB-HWl_bZxRet&gclid=EAIaIQobChMIktbY7M3CkwMVApKDBx1jjxmGEAAYAiAAEgKDV_D_BwE" "Mozilla/5.0 (Windows NT 10.0; Win64; x64) AppleWebKit/537.36 (KHTML, like Gecko) Chrome/146.0.0.0 Safari/537.36"
172.105.42.26 - - [28/Mar/2026:12:36:37 +0000] "POST /wp-cron.php?doing_wp_cron=1774701397.0282220840454101562500 HTTP/1.1" 200 20 "-" "WordPress/6.9.4; https://hondasaudi.com"
2001:4860:7:1428::ff - - [28/Mar/2026:12:36:36 +0000] "GET / HTTP/1.1" 200 16212 "https://www.google.com/" "Mozilla/5.0 (Windows NT 10.0; Win64; x64) AppleWebKit/537.36 (KHTML, like Gecko) Chrome/146.0.0.0 Safari/537.36"
74.7.227.6 - - [28/Mar/2026:12:36:46 +0000] "GET /admin.php?dir=CwhomeCwbalubaidCwFwcphorde HTTP/1.1" 200 3487 "https://hondasaudi.com/admin.php?dir=CwhomeCwbalubaid" "Mozilla/5.0 AppleWebKit/537.36 (KHTML, like Gecko; compatible; GPTBot/1.3; +https://openai.com/gptbot)"
172.105.42.26 - - [28/Mar/2026:12:37:07 +0000] "POST /wp-cron.php?doing_wp_cron=1774701427.4024949073791503906250 HTTP/1.1" 200 20 "-" "WordPress/6.9.4; https://hondasaudi.com"
2001:4860:7:628::fa - - [28/Mar/2026:12:37:07 +0000] "GET /focused-cars/?utm_source=GoogleAds&utm_medium=Paid_Traffic&utm_campaign=Ramadan2026&gad_source=1&gad_campaignid=15485647876&gbraid=0AAAAAoT5x1jMnUdPNGP_0edYFGEPino6L&gclid=CjwKCAjw-J3OBhBuEiwAwqZ_h-oPdChFrG-vZHFFIyXayJZEklEwaceRvoH5wH_O60F-tF2BM-T1_hoCMpsQAvD_BwE HTTP/1.1" 200 19758 "https://www.google.com/" "Mozilla/5.0 (Linux; Android 10; K) AppleWebKit/537.36 (KHTML, like Gecko) Chrome/146.0.0.0 Safari/537.36"
2001:4860:7:628::fb - - [28/Mar/2026:12:37:08 +0000] "GET / HTTP/1.1" 200 16212 "https://www.google.com/" "Mozilla/5.0 (Linux; Android 10; K) AppleWebKit/537.36 (KHTML, like Gecko) Chrome/146.0.0.0 Safari/537.36"
5.109.43.120 - - [28/Mar/2026:12:37:13 +0000] "GET /wp-json/contact-form-7/v1/contact-forms/987/feedback/schema HTTP/1.1" 200 1993 "https://hondasaudi.com/focused-cars/?utm_source=GoogleAds&utm_medium=Paid_Traffic&utm_campaign=Ramadan2026&gad_source=1&gad_campaignid=15485647876&gbraid=0AAAAAoT5x1jMnUdPNGP_0edYFGEPino6L&gclid=CjwKCAjw-J3OBhBuEiwAwqZ_h-oPdChFrG-vZHFFIyXayJZEklEwaceRvoH5wH_O60F-tF2BM-T1_hoCMpsQAvD_BwE" "Mozilla/5.0 (Linux; Android 10; K) AppleWebKit/537.36 (KHTML, like Gecko) Chrome/146.0.0.0 Safari/537.36"
172.105.42.26 - - [28/Mar/2026:12:37:42 +0000] "POST /wp-cron.php?doing_wp_cron=1774701462.8130249977111816406250 HTTP/1.1" 200 20 "-" "WordPress/6.9.4; https://hondasaudi.com"
2001:4860:7:1428::ff - - [28/Mar/2026:12:37:42 +0000] "GET /focused-cars/?utm_source=GoogleAds&utm_medium=Paid_Traffic&utm_campaign=Ramadan2026&gad_source=1&gad_campaignid=15485647876&gbraid=0AAAAAoT5x1jtcKcz0KH1ZB-HWl_bZxRet&gclid=CjwKCAjw-J3OBhBuEiwAwqZ_h9edclEx3iA_PW2GP2Zc9VbeDy-yBNxCGiemtUzZFZu3N4UbNXj3yRoCyd8QAvD_BwE HTTP/1.1" 200 19759 "https://www.google.com/" "Mozilla/5.0 (Windows NT 10.0; Win64; x64) AppleWebKit/537.36 (KHTML, like Gecko) Chrome/146.0.0.0 Safari/537.36"
172.105.42.26 - - [28/Mar/2026:12:37:54 +0000] "POST /wp-cron.php?doing_wp_cron=1774701474.6524720191955566406250 HTTP/1.1" 200 20 "-" "WordPress/6.9.4; https://hondasaudi.com"
5.109.43.120 - - [28/Mar/2026:12:37:54 +0000] "GET /focused-cars/?utm_source=GoogleAds&utm_medium=Paid_Traffic&utm_campaign=Ramadan2026&gad_source=1&gad_campaignid=15485647876&gbraid=0AAAAAoT5x1jMnUdPNGP_0edYFGEPino6L&gclid=CjwKCAjw-J3OBhBuEiwAwqZ_h-ZeK-zlAe4wZB77f2A7JVzQGXJI6QwHkZv93KJQD3TnImM7qA0L7xoCnHQQAvD_BwE HTTP/1.1" 200 19767 "https://www.google.com/" "Mozilla/5.0 (Linux; Android 10; K) AppleWebKit/537.36 (KHTML, like Gecko) Chrome/146.0.0.0 Safari/537.36"
5.109.43.120 - - [28/Mar/2026:12:37:56 +0000] "GET /wp-json/contact-form-7/v1/contact-forms/987/feedback/schema HTTP/1.1" 200 1993 "https://hondasaudi.com/focused-cars/?utm_source=GoogleAds&utm_medium=Paid_Traffic&utm_campaign=Ramadan2026&gad_source=1&gad_campaignid=15485647876&gbraid=0AAAAAoT5x1jMnUdPNGP_0edYFGEPino6L&gclid=CjwKCAjw-J3OBhBuEiwAwqZ_h-ZeK-zlAe4wZB77f2A7JVzQGXJI6QwHkZv93KJQD3TnImM7qA0L7xoCnHQQAvD_BwE" "Mozilla/5.0 (Linux; Android 10; K) AppleWebKit/537.36 (KHTML, like Gecko) Chrome/146.0.0.0 Safari/537.36"
74.7.227.6 - - [28/Mar/2026:12:38:32 +0000] "GET /admin.php?dir=CwhomeCwbalubaidCwhondaFwcore3FwagencyCwwp-contentCwuploadsCwwc-logs&view=index.html HTTP/1.1" 200 55 "https://hondasaudi.com/admin.php?dir=CwhomeCwbalubaidCwhondaFwcore3FwagencyCwwp-contentCwuploadsCwwc-logs" "Mozilla/5.0 AppleWebKit/537.36 (KHTML, like Gecko; compatible; GPTBot/1.3; +https://openai.com/gptbot)"
172.105.42.26 - - [28/Mar/2026:12:38:51 +0000] "POST /wp-cron.php?doing_wp_cron=1774701531.5857069492340087890625 HTTP/1.1" 200 20 "-" "WordPress/6.9.4; https://hondasaudi.com"
168.119.53.160 - - [28/Mar/2026:12:38:51 +0000] "HEAD / HTTP/1.1" 200 - "https://hondasaudi.com" "Mozilla/5.0+(compatible; UptimeRobot/2.0; http://www.uptimerobot.com/)"
74.7.227.6 - - [28/Mar/2026:12:39:35 +0000] "GET /admin.php?dir=CwhomeCwbalubaidCwFwhtpasswdsCwcpanel3-skel HTTP/1.1" 200 3209 "https://hondasaudi.com/admin.php?dir=CwhomeCwbalubaidCwFwhtpasswds" "Mozilla/5.0 AppleWebKit/537.36 (KHTML, like Gecko; compatible; GPTBot/1.3; +https://openai.com/gptbot)"
172.105.42.26 - - [28/Mar/2026:12:39:39 +0000] "POST /wp-cron.php?doing_wp_cron=1774701579.7104780673980712890625 HTTP/1.1" 200 20 "-" "WordPress/6.9.4; https://hondasaudi.com"
2001:16a2:69a7:c400:c900:b768:dd87:4bb9 - - [28/Mar/2026:12:39:39 +0000] "GET /focused-cars/?utm_source=GoogleAds&utm_medium=Paid_Traffic&utm_campaign=Ramadan2026&gad_source=1&gad_campaignid=15485647876&gbraid=0AAAAAoT5x1jMnUdPNGP_0edYFGEPino6L&gclid=CjwKCAjw-J3OBhBuEiwAwqZ_h8hqgUHPf19PCoHf2G-vpHXJxGrr_iUKU3_VAQ3YC2AVmzj8TeWrWBoCb7sQAvD_BwE HTTP/1.1" 200 19763 "https://www.google.com/" "Mozilla/5.0 (iPhone; CPU iPhone OS 18_5 like Mac OS X) AppleWebKit/605.1.15 (KHTML, like Gecko) Version/18.5 Mobile/15E148 Safari/604.1"
2001:16a2:69a7:c400:c900:b768:dd87:4bb9 - - [28/Mar/2026:12:39:42 +0000] "GET /wp-json/contact-form-7/v1/contact-forms/987/feedback/schema HTTP/1.1" 200 1993 "https://hondasaudi.com/focused-cars/?utm_source=GoogleAds&utm_medium=Paid_Traffic&utm_campaign=Ramadan2026&gad_source=1&gad_campaignid=15485647876&gbraid=0AAAAAoT5x1jMnUdPNGP_0edYFGEPino6L&gclid=CjwKCAjw-J3OBhBuEiwAwqZ_h8hqgUHPf19PCoHf2G-vpHXJxGrr_iUKU3_VAQ3YC2AVmzj8TeWrWBoCb7sQAvD_BwE" "Mozilla/5.0 (iPhone; CPU iPhone OS 18_5 like Mac OS X) AppleWebKit/605.1.15 (KHTML, like Gecko) Version/18.5 Mobile/15E148 Safari/604.1"
74.7.227.6 - - [28/Mar/2026:12:39:55 +0000] "GET /admin.php?dir=CwhomeCwbalubaidCwFwhtpasswdsCwperl5 HTTP/1.1" 200 3203 "https://hondasaudi.com/admin.php?dir=CwhomeCwbalubaidCwFwhtpasswds" "Mozilla/5.0 AppleWebKit/537.36 (KHTML, like Gecko; compatible; GPTBot/1.3; +https://openai.com/gptbot)"
172.105.42.26 - - [28/Mar/2026:12:40:10 +0000] "POST /wp-cron.php?doing_wp_cron=1774701610.5973420143127441406250 HTTP/1.1" 200 20 "-" "WordPress/6.9.4; https://hondasaudi.com"
20.64.153.170 - - [28/Mar/2026:12:40:10 +0000] "GET / HTTP/1.1" 200 16212 "-" "Mozilla/5.0 (HeadOnlyScraper)"
74.7.227.6 - - [28/Mar/2026:12:40:36 +0000] "GET /admin.php?dir=CwhomeCwbalubaidCwFwcphordeCwmeta HTTP/1.1" 200 3350 "https://hondasaudi.com/admin.php?dir=CwhomeCwbalubaidCwFwcphorde" "Mozilla/5.0 AppleWebKit/537.36 (KHTML, like Gecko; compatible; GPTBot/1.3; +https://openai.com/gptbot)"
172.105.42.26 - - [28/Mar/2026:12:40:35 +0000] "POST /service_request/ai_integration/ HTTP/1.1" 200 728 "-" "-"
172.105.42.26 - - [28/Mar/2026:12:40:36 +0000] "POST /wp-cron.php?doing_wp_cron=1774701636.5031919479370117187500 HTTP/1.1" 200 20 "-" "WordPress/6.9.4; https://hondasaudi.com"
2001:16a4:a3:cf0f:e4dc:4f04:fd30:9428 - - [28/Mar/2026:12:40:36 +0000] "GET /?utm_medium=paid&utm_source=fb&utm_id=120242754212250023&utm_content=120242754212280023&utm_term=120242754212310023&utm_campaign=120242754212250023 HTTP/1.1" 200 16276 "http://m.facebook.com" "Mozilla/5.0 (Linux; Android 14; RMX3472 Build/UKQ1.230924.001; wv) AppleWebKit/537.36 (KHTML, like Gecko) Version/4.0 Chrome/146.0.7680.148 Mobile Safari/537.36 [FB_IAB/FB4A;FBAV/554.0.0.57.70;IABMV/1;]"
2001:16a4:a3:cf0f:e4dc:4f04:fd30:9428 - - [28/Mar/2026:12:40:36 +0000] "GET /?utm_medium=paid&utm_source=fb&utm_id=120242754212250023&utm_content=120242754212280023&utm_term=120242754212310023&utm_campaign=120242754212250023 HTTP/1.1" 200 16276 "http://m.facebook.com/" "Mozilla/5.0 (Linux; Android 14; RMX3472 Build/UKQ1.230924.001; wv) AppleWebKit/537.36 (KHTML, like Gecko) Version/4.0 Chrome/146.0.7680.168 Mobile Safari/537.36 [FB_IAB/FB4A;FBAV/554.0.0.57.70;IABMV/1;]"
74.7.227.6 - - [28/Mar/2026:12:40:56 +0000] "GET /admin.php?dir=CwhomeCwbalubaidCwFwhtpasswdsCwpublic_html HTTP/1.1" 200 3210 "https://hondasaudi.com/admin.php?dir=CwhomeCwbalubaidCwFwhtpasswds" "Mozilla/5.0 AppleWebKit/537.36 (KHTML, like Gecko; compatible; GPTBot/1.3; +https://openai.com/gptbot)"
172.105.42.26 - - [28/Mar/2026:12:40:58 +0000] "POST /wp-cron.php?doing_wp_cron=1774701658.2026040554046630859375 HTTP/1.1" 200 20 "-" "WordPress/6.9.4; https://hondasaudi.com"
2001:16a2:c181:50d1:80b5:7cf2:571c:1a5c - - [28/Mar/2026:12:40:57 +0000] "GET /focused-cars/?utm_source=GoogleAds&utm_medium=Paid_Traffic&utm_campaign=Ramadan2026&gad_source=1&gad_campaignid=15485647876&gclid=CjwKCAjw-J3OBhBuEiwAwqZ_hztybVAEaPUaylf-MTpMAGh45qTQqOSQ6Rnw1PUjxCS7c2F5ScNyvBoC_MoQAvD_BwE HTTP/1.1" 200 19688 "https://www.google.com/" "Mozilla/5.0 (iPhone; CPU iPhone OS 16_7_14 like Mac OS X) AppleWebKit/605.1.15 (KHTML, like Gecko) GSA/406.0.862495628 Mobile/15E148 Safari/604.1"
2001:16a2:c181:50d1:80b5:7cf2:571c:1a5c - - [28/Mar/2026:12:41:01 +0000] "GET /wp-json/contact-form-7/v1/contact-forms/987/feedback/schema HTTP/1.1" 200 1993 "https://hondasaudi.com/focused-cars/?utm_source=GoogleAds&utm_medium=Paid_Traffic&utm_campaign=Ramadan2026&gad_source=1&gad_campaignid=15485647876&gclid=CjwKCAjw-J3OBhBuEiwAwqZ_hztybVAEaPUaylf-MTpMAGh45qTQqOSQ6Rnw1PUjxCS7c2F5ScNyvBoC_MoQAvD_BwE" "Mozilla/5.0 (iPhone; CPU iPhone OS 16_7_14 like Mac OS X) AppleWebKit/605.1.15 (KHTML, like Gecko) GSA/406.0.862495628 Mobile/15E148 Safari/604.1"
2001:4860:7:1428::ff - - [28/Mar/2026:12:41:05 +0000] "GET /focused-cars/?utm_source=GoogleAds&utm_medium=Paid_Traffic&utm_campaign=Ramadan2026&gad_source=1&gad_campaignid=15485647876&gbraid=0AAAAAoT5x1jtcKcz0KH1ZB-HWl_bZxRet&gclid=CjwKCAjw-J3OBhBuEiwAwqZ_h5sxsmNeJXelEgucwF1DZWnADhMYP5helrXc5ylDzdPZyMl4dNr6kBoCaFoQAvD_BwE HTTP/1.1" 200 19758 "https://www.google.com/" "Mozilla/5.0 (Windows NT 10.0; Win64; x64) AppleWebKit/537.36 (KHTML, like Gecko) Chrome/146.0.0.0 Safari/537.36"
2001:16a2:69a7:c400:c900:b768:dd87:4bb9 - - [28/Mar/2026:12:41:07 +0000] "POST /wp-json/contact-form-7/v1/contact-forms/987/feedback HTTP/1.1" 200 307 "https://hondasaudi.com/focused-cars/?utm_source=GoogleAds&utm_medium=Paid_Traffic&utm_campaign=Ramadan2026&gad_source=1&gad_campaignid=15485647876&gbraid=0AAAAAoT5x1jMnUdPNGP_0edYFGEPino6L&gclid=CjwKCAjw-J3OBhBuEiwAwqZ_h8hqgUHPf19PCoHf2G-vpHXJxGrr_iUKU3_VAQ3YC2AVmzj8TeWrWBoCb7sQAvD_BwE" "Mozilla/5.0 (iPhone; CPU iPhone OS 18_5 like Mac OS X) AppleWebKit/605.1.15 (KHTML, like Gecko) Version/18.5 Mobile/15E148 Safari/604.1"
2001:16a2:c174:f08d:f12b:2b77:6a44:7d9f - - [28/Mar/2026:12:41:16 +0000] "GET /focused-cars/?utm_source=GoogleAds&utm_medium=Paid_Traffic&utm_campaign=Ramadan2026&gad_source=1&gad_campaignid=15485647876&gclid=CjwKCAjw-J3OBhBuEiwAwqZ_h-YnfRjutTN3dtvBlvggUvWn_qprpsxh6YjqjivoismZAXECA4GFfxoCX6UQAvD_BwE HTTP/1.1" 200 19686 "https://www.google.com/" "Mozilla/5.0 (Linux; Android 10; K) AppleWebKit/537.36 (KHTML, like Gecko) Chrome/134.0.0.0 Mobile Safari/537.36"
2001:16a2:c18e:d4c9:6d8c:98aa:e0e3:99e1 - - [28/Mar/2026:12:41:17 +0000] "GET /focused-cars/?utm_source=GoogleAds&utm_medium=Paid_Traffic&utm_campaign=Ramadan2026&gad_source=5&gad_campaignid=15485647876&gclid=EAIaIQobChMIyfKY787CkwMV50hBAh0zJBS-EAAYAiAAEgIW_PD_BwE HTTP/1.1" 200 19612 "https://syndicatedsearch.goog/" "Mozilla/5.0 (iPhone; CPU iPhone OS 26_0_1 like Mac OS X) AppleWebKit/605.1.15 (KHTML, like Gecko) Version/26.0.1 Mobile/15E148 Safari/604.1 musical_ly_43.7.0 JsSdk/2.0 NetType/4G Channel/App Store ByteLocale/ar Region/SA isDarkMode/1 WKWebView/1 RevealType/Dialog performVal/1"
172.105.42.26 - - [28/Mar/2026:12:41:19 +0000] "POST /wp-cron.php?doing_wp_cron=1774701679.4322540760040283203125 HTTP/1.1" 200 20 "-" "WordPress/6.9.4; https://hondasaudi.com"
2001:16a2:c174:f08d:f12b:2b77:6a44:7d9f - - [28/Mar/2026:12:41:19 +0000] "GET /wp-json/contact-form-7/v1/contact-forms/987/feedback/schema HTTP/1.1" 200 1993 "https://hondasaudi.com/focused-cars/?utm_source=GoogleAds&utm_medium=Paid_Traffic&utm_campaign=Ramadan2026&gad_source=1&gad_campaignid=15485647876&gclid=CjwKCAjw-J3OBhBuEiwAwqZ_h-YnfRjutTN3dtvBlvggUvWn_qprpsxh6YjqjivoismZAXECA4GFfxoCX6UQAvD_BwE" "Mozilla/5.0 (Linux; Android 10; K) AppleWebKit/537.36 (KHTML, like Gecko) Chrome/134.0.0.0 Mobile Safari/537.36"
2001:16a2:69a7:c400:c900:b768:dd87:4bb9 - - [28/Mar/2026:12:41:20 +0000] "POST /wp-json/contact-form-7/v1/contact-forms/987/feedback HTTP/1.1" 200 289 "https://hondasaudi.com/focused-cars/?utm_source=GoogleAds&utm_medium=Paid_Traffic&utm_campaign=Ramadan2026&gad_source=1&gad_campaignid=15485647876&gbraid=0AAAAAoT5x1jMnUdPNGP_0edYFGEPino6L&gclid=CjwKCAjw-J3OBhBuEiwAwqZ_h8hqgUHPf19PCoHf2G-vpHXJxGrr_iUKU3_VAQ3YC2AVmzj8TeWrWBoCb7sQAvD_BwE" "Mozilla/5.0 (iPhone; CPU iPhone OS 18_5 like Mac OS X) AppleWebKit/605.1.15 (KHTML, like Gecko) Version/18.5 Mobile/15E148 Safari/604.1"
2001:16a2:c18e:d4c9:6d8c:98aa:e0e3:99e1 - - [28/Mar/2026:12:41:20 +0000] "GET /wp-json/contact-form-7/v1/contact-forms/987/feedback/schema HTTP/1.1" 200 1993 "https://hondasaudi.com/focused-cars/?utm_source=GoogleAds&utm_medium=Paid_Traffic&utm_campaign=Ramadan2026&gad_source=5&gad_campaignid=15485647876&gclid=EAIaIQobChMIyfKY787CkwMV50hBAh0zJBS-EAAYAiAAEgIW_PD_BwE" "Mozilla/5.0 (iPhone; CPU iPhone OS 26_0_1 like Mac OS X) AppleWebKit/605.1.15 (KHTML, like Gecko) Version/26.0.1 Mobile/15E148 Safari/604.1 musical_ly_43.7.0 JsSdk/2.0 NetType/4G Channel/App Store ByteLocale/ar Region/SA isDarkMode/1 WKWebView/1 RevealType/Dialog performVal/1"
2620:121:5042:52:9e00:: - - [28/Mar/2026:12:41:28 +0000] "GET /?utm_source=MoraSMS&utm_campaign=Lineup_RamadanMoraSMS HTTP/1.1" 200 16252 "https://www.shorturl.at/PcZwo" "Snap URL Preview Service; bot; snapchat; https://developers.snap.com/robots"
3.250.105.170 - - [28/Mar/2026:12:41:29 +0000] "GET /?utm_source=MoraSMS&utm_campaign=Lineup_RamadanMoraSMS HTTP/1.1" 200 16253 "https://www.shorturl.at/PcZwo" "Mozilla/5.0 (iPhone; CPU iPhone OS 14_3_1 like Mac OS X) AppleWebKit/540.2.2 (KHTML, like Gecko) Version/14.3 Mobile/15E148 Snapchat/12.1.0.24 (like Safari/540.2, panda)"
172.105.42.26 - - [28/Mar/2026:12:41:39 +0000] "POST /wp-cron.php?doing_wp_cron=1774701699.1037819385528564453125 HTTP/1.1" 200 20 "-" "WordPress/6.9.4; https://hondasaudi.com"
2001:16a2:c181:50d1:80b5:7cf2:571c:1a5c - - [28/Mar/2026:12:41:38 +0000] "GET /focused-cars/?utm_source=GoogleAds&utm_medium=Paid_Traffic&utm_campaign=Ramadan2026&gad_source=1&gad_campaignid=15485647876&gclid=CjwKCAjw-J3OBhBuEiwAwqZ_hztybVAEaPUaylf-MTpMAGh45qTQqOSQ6Rnw1PUjxCS7c2F5ScNyvBoC_MoQAvD_BwE HTTP/1.1" 200 19688 "https://www.google.com/" "Mozilla/5.0 (iPhone; CPU iPhone OS 16_7_14 like Mac OS X) AppleWebKit/605.1.15 (KHTML, like Gecko) GSA/406.0.862495628 Mobile/15E148 Safari/604.1"
2001:16a2:c181:50d1:80b5:7cf2:571c:1a5c - - [28/Mar/2026:12:41:40 +0000] "GET /wp-json/contact-form-7/v1/contact-forms/987/feedback/schema HTTP/1.1" 200 1993 "https://hondasaudi.com/focused-cars/?utm_source=GoogleAds&utm_medium=Paid_Traffic&utm_campaign=Ramadan2026&gad_source=1&gad_campaignid=15485647876&gclid=CjwKCAjw-J3OBhBuEiwAwqZ_hztybVAEaPUaylf-MTpMAGh45qTQqOSQ6Rnw1PUjxCS7c2F5ScNyvBoC_MoQAvD_BwE" "Mozilla/5.0 (iPhone; CPU iPhone OS 16_7_14 like Mac OS X) AppleWebKit/605.1.15 (KHTML, like Gecko) GSA/406.0.862495628 Mobile/15E148 Safari/604.1"
148.251.123.10 - - [28/Mar/2026:12:41:42 +0000] "GET /focused-cars/?utm_source=GoogleAds&utm_medium=Paid_Traffic&utm_campaign=Ramadan2026&gad_source=5&gad_campaignid=15485647876&gclid=EAIaIQobChMIusCw_87CkwMVeWr2CB0-zyC8EAEYASAAEgIGdfD_BwE HTTP/1.1" 200 19612 "-" "python-httpx/0.28.1"
148.251.123.10 - - [28/Mar/2026:12:41:44 +0000] "GET /focused-cars/?utm_source=GoogleAds&utm_medium=Paid_Traffic&utm_campaign=Ramadan2026&gad_source=5&gad_campaignid=15485647876&gclid=EAIaIQobChMIu8Cw_87CkwMVeWr2CB0-zyC8EAEYASAAEgKOOPD_BwE HTTP/1.1" 200 19615 "-" "python-httpx/0.28.1"
172.105.42.26 - - [28/Mar/2026:12:42:19 +0000] "POST /wp-cron.php?doing_wp_cron=1774701739.9582469463348388671875 HTTP/1.1" 200 20 "-" "WordPress/6.9.4; https://hondasaudi.com"
2001:16a2:c18e:d4c9:6d8c:98aa:e0e3:99e1 - - [28/Mar/2026:12:42:19 +0000] "POST /wp-json/contact-form-7/v1/contact-forms/987/feedback HTTP/1.1" 200 284 "https://hondasaudi.com/focused-cars/?utm_source=GoogleAds&utm_medium=Paid_Traffic&utm_campaign=Ramadan2026&gad_source=5&gad_campaignid=15485647876&gclid=EAIaIQobChMIyfKY787CkwMV50hBAh0zJBS-EAAYAiAAEgIW_PD_BwE" "Mozilla/5.0 (iPhone; CPU iPhone OS 26_0_1 like Mac OS X) AppleWebKit/605.1.15 (KHTML, like Gecko) Version/26.0.1 Mobile/15E148 Safari/604.1 musical_ly_43.7.0 JsSdk/2.0 NetType/4G Channel/App Store ByteLocale/ar Region/SA isDarkMode/1 WKWebView/1 RevealType/Dialog performVal/1"
2001:16a2:c18e:d4c9:6d8c:98aa:e0e3:99e1 - - [28/Mar/2026:12:42:24 +0000] "POST /wp-json/contact-form-7/v1/contact-forms/987/feedback HTTP/1.1" 200 284 "https://hondasaudi.com/focused-cars/?utm_source=GoogleAds&utm_medium=Paid_Traffic&utm_campaign=Ramadan2026&gad_source=5&gad_campaignid=15485647876&gclid=EAIaIQobChMIyfKY787CkwMV50hBAh0zJBS-EAAYAiAAEgIW_PD_BwE" "Mozilla/5.0 (iPhone; CPU iPhone OS 26_0_1 like Mac OS X) AppleWebKit/605.1.15 (KHTML, like Gecko) Version/26.0.1 Mobile/15E148 Safari/604.1 musical_ly_43.7.0 JsSdk/2.0 NetType/4G Channel/App Store ByteLocale/ar Region/SA isDarkMode/1 WKWebView/1 RevealType/Dialog performVal/1"
2001:16a2:c054:9a50:38f7:a05d:8c2:d5e6 - - [28/Mar/2026:12:42:29 +0000] "GET /focused-cars/?utm_source=GoogleAds&utm_medium=Paid_Traffic&utm_campaign=Ramadan2026&gad_source=1&gad_campaignid=15485647876&gbraid=0AAAAAoT5x1hSviS8DXh2YDnC76qkwM6B6&gclid=CjwKCAjw-J3OBhBuEiwAwqZ_hxDn2W3zYSjBJ3BAarFndQWollBF-QxwwMfLcXcJXcUAZqBW3tb2oBoCbiQQAvD_BwE HTTP/1.1" 200 19762 "https://www.google.com/" "Mozilla/5.0 (iPhone; CPU iPhone OS 18_3_2 like Mac OS X) AppleWebKit/605.1.15 (KHTML, like Gecko) Version/18.3.1 Mobile/15E148 Safari/604.1"
172.105.42.26 - - [28/Mar/2026:12:42:32 +0000] "POST /wp-cron.php?doing_wp_cron=1774701752.0851991176605224609375 HTTP/1.1" 200 20 "-" "WordPress/6.9.4; https://hondasaudi.com"
2001:16a2:c054:9a50:38f7:a05d:8c2:d5e6 - - [28/Mar/2026:12:42:31 +0000] "GET /wp-json/contact-form-7/v1/contact-forms/987/feedback/schema HTTP/1.1" 200 1993 "https://hondasaudi.com/focused-cars/?utm_source=GoogleAds&utm_medium=Paid_Traffic&utm_campaign=Ramadan2026&gad_source=1&gad_campaignid=15485647876&gbraid=0AAAAAoT5x1hSviS8DXh2YDnC76qkwM6B6&gclid=CjwKCAjw-J3OBhBuEiwAwqZ_hxDn2W3zYSjBJ3BAarFndQWollBF-QxwwMfLcXcJXcUAZqBW3tb2oBoCbiQQAvD_BwE" "Mozilla/5.0 (iPhone; CPU iPhone OS 18_3_2 like Mac OS X) AppleWebKit/605.1.15 (KHTML, like Gecko) Version/18.3.1 Mobile/15E148 Safari/604.1"
216.26.236.65 - - [28/Mar/2026:12:42:35 +0000] "GET /admin647 HTTP/1.1" 404 12242 "-" "Mozilla/5.0 (Windows NT 10.0; Win64; x64) AppleWebKit/537.36 (KHTML, like Gecko) Chrome/119.0.0.0 Safari/537.36"
2001:16a2:c18e:d4c9:6d8c:98aa:e0e3:99e1 - - [28/Mar/2026:12:42:36 +0000] "POST /wp-json/contact-form-7/v1/contact-forms/987/feedback HTTP/1.1" 200 284 "https://hondasaudi.com/focused-cars/?utm_source=GoogleAds&utm_medium=Paid_Traffic&utm_campaign=Ramadan2026&gad_source=5&gad_campaignid=15485647876&gclid=EAIaIQobChMIyfKY787CkwMV50hBAh0zJBS-EAAYAiAAEgIW_PD_BwE" "Mozilla/5.0 (iPhone; CPU iPhone OS 26_0_1 like Mac OS X) AppleWebKit/605.1.15 (KHTML, like Gecko) Version/26.0.1 Mobile/15E148 Safari/604.1 musical_ly_43.7.0 JsSdk/2.0 NetType/4G Channel/App Store ByteLocale/ar Region/SA isDarkMode/1 WKWebView/1 RevealType/Dialog performVal/1"
2001:16a2:69a7:c400:c900:b768:dd87:4bb9 - - [28/Mar/2026:12:42:37 +0000] "GET /service-price-list/?utm_source=GoogleAds&utm_medium=Paid_Traffic&utm_campaign=Ramadan2026&gad_source=1&gad_campaignid=15485647876&gbraid=0AAAAAoT5x1jMnUdPNGP_0edYFGEPino6L&gclid=CjwKCAjw-J3OBhBuEiwAwqZ_h8hqgUHPf19PCoHf2G-vpHXJxGrr_iUKU3_VAQ3YC2AVmzj8TeWrWBoCb7sQAvD_BwE HTTP/1.1" 200 12767 "https://hondasaudi.com/focused-cars/?utm_source=GoogleAds&utm_medium=Paid_Traffic&utm_campaign=Ramadan2026&gad_source=1&gad_campaignid=15485647876&gbraid=0AAAAAoT5x1jMnUdPNGP_0edYFGEPino6L&gclid=CjwKCAjw-J3OBhBuEiwAwqZ_h8hqgUHPf19PCoHf2G-vpHXJxGrr_iUKU3_VAQ3YC2AVmzj8TeWrWBoCb7sQAvD_BwE" "Mozilla/5.0 (iPhone; CPU iPhone OS 18_5 like Mac OS X) AppleWebKit/605.1.15 (KHTML, like Gecko) Version/18.5 Mobile/15E148 Safari/604.1"
172.105.42.26 - - [28/Mar/2026:12:42:52 +0000] "POST /service_request/ai_integration/ HTTP/1.1" 200 716 "-" "-"
172.105.42.26 - - [28/Mar/2026:12:42:54 +0000] "POST /wp-cron.php?doing_wp_cron=1774701774.9517979621887207031250 HTTP/1.1" 200 20 "-" "WordPress/6.9.4; https://hondasaudi.com"
2001:16a2:c18e:d4c9:6d8c:98aa:e0e3:99e1 - - [28/Mar/2026:12:42:52 +0000] "POST /wp-json/contact-form-7/v1/contact-forms/987/feedback HTTP/1.1" 200 285 "https://hondasaudi.com/focused-cars/?utm_source=GoogleAds&utm_medium=Paid_Traffic&utm_campaign=Ramadan2026&gad_source=5&gad_campaignid=15485647876&gclid=EAIaIQobChMIyfKY787CkwMV50hBAh0zJBS-EAAYAiAAEgIW_PD_BwE" "Mozilla/5.0 (iPhone; CPU iPhone OS 26_0_1 like Mac OS X) AppleWebKit/605.1.15 (KHTML, like Gecko) Version/26.0.1 Mobile/15E148 Safari/604.1 musical_ly_43.7.0 JsSdk/2.0 NetType/4G Channel/App Store ByteLocale/ar Region/SA isDarkMode/1 WKWebView/1 RevealType/Dialog performVal/1"
2001:16a2:c18e:d4c9:6d8c:98aa:e0e3:99e1 - - [28/Mar/2026:12:42:55 +0000] "GET /wp-json/contact-form-7/v1/contact-forms/987/refill HTTP/1.1" 200 22 "https://hondasaudi.com/focused-cars/?utm_source=GoogleAds&utm_medium=Paid_Traffic&utm_campaign=Ramadan2026&gad_source=5&gad_campaignid=15485647876&gclid=EAIaIQobChMIyfKY787CkwMV50hBAh0zJBS-EAAYAiAAEgIW_PD_BwE" "Mozilla/5.0 (iPhone; CPU iPhone OS 26_0_1 like Mac OS X) AppleWebKit/605.1.15 (KHTML, like Gecko) Version/26.0.1 Mobile/15E148 Safari/604.1 musical_ly_43.7.0 JsSdk/2.0 NetType/4G Channel/App Store ByteLocale/ar Region/SA isDarkMode/1 WKWebView/1 RevealType/Dialog performVal/1"
2001:16a2:c18e:d4c9:6d8c:98aa:e0e3:99e1 - - [28/Mar/2026:12:42:55 +0000] "GET /thank-you/ HTTP/1.1" 200 12285 "https://hondasaudi.com/focused-cars/?utm_source=GoogleAds&utm_medium=Paid_Traffic&utm_campaign=Ramadan2026&gad_source=5&gad_campaignid=15485647876&gclid=EAIaIQobChMIyfKY787CkwMV50hBAh0zJBS-EAAYAiAAEgIW_PD_BwE" "Mozilla/5.0 (iPhone; CPU iPhone OS 26_0_1 like Mac OS X) AppleWebKit/605.1.15 (KHTML, like Gecko) Version/26.0.1 Mobile/15E148 Safari/604.1 musical_ly_43.7.0 JsSdk/2.0 NetType/4G Channel/App Store ByteLocale/ar Region/SA isDarkMode/1 WKWebView/1 RevealType/Dialog performVal/1"
147.161.160.107 - - [28/Mar/2026:12:43:00 +0000] "GET /focused-cars/?utm_source=GoogleAds&utm_medium=Paid_Traffic&utm_campaign=Ramadan2026&gad_source=1&gad_campaignid=15485647876&gbraid=0AAAAAoT5x1jtcKcz0KH1ZB-HWl_bZxRet&gclid=CjwKCAjw-J3OBhBuEiwAwqZ_h2l9lxv7nTfucw0W-awKegYQ_u1JEQHa4bk1sw5wvSyIW2Dp6qIRSxoCXcQQAvD_BwE HTTP/1.1" 200 19759 "https://www.google.com/" "Mozilla/5.0 (Windows NT 10.0; Win64; x64) AppleWebKit/537.36 (KHTML, like Gecko) Chrome/146.0.0.0 Safari/537.36"
147.161.160.107 - - [28/Mar/2026:12:43:06 +0000] "GET /wp-json/contact-form-7/v1/contact-forms/987/feedback/schema HTTP/1.1" 200 1993 "https://hondasaudi.com/focused-cars/?utm_source=GoogleAds&utm_medium=Paid_Traffic&utm_campaign=Ramadan2026&gad_source=1&gad_campaignid=15485647876&gbraid=0AAAAAoT5x1jtcKcz0KH1ZB-HWl_bZxRet&gclid=CjwKCAjw-J3OBhBuEiwAwqZ_h2l9lxv7nTfucw0W-awKegYQ_u1JEQHa4bk1sw5wvSyIW2Dp6qIRSxoCXcQQAvD_BwE" "Mozilla/5.0 (Windows NT 10.0; Win64; x64) AppleWebKit/537.36 (KHTML, like Gecko) Chrome/146.0.0.0 Safari/537.36"
147.161.160.107 - - [28/Mar/2026:12:43:12 +0000] "GET /?utm_source=GoogleAds&utm_medium=Paid_Traffic&utm_campaign=Ramadan2026&gad_source=1&gad_campaignid=15485647876&gbraid=0AAAAAoT5x1jtcKcz0KH1ZB-HWl_bZxRet&gclid=CjwKCAjw-J3OBhBuEiwAwqZ_h2l9lxv7nTfucw0W-awKegYQ_u1JEQHa4bk1sw5wvSyIW2Dp6qIRSxoCXcQQAvD_BwE HTTP/1.1" 200 16414 "https://hondasaudi.com/focused-cars/?utm_source=GoogleAds&utm_medium=Paid_Traffic&utm_campaign=Ramadan2026&gad_source=1&gad_campaignid=15485647876&gbraid=0AAAAAoT5x1jtcKcz0KH1ZB-HWl_bZxRet&gclid=CjwKCAjw-J3OBhBuEiwAwqZ_h2l9lxv7nTfucw0W-awKegYQ_u1JEQHa4bk1sw5wvSyIW2Dp6qIRSxoCXcQQAvD_BwE" "Mozilla/5.0 (Windows NT 10.0; Win64; x64) AppleWebKit/537.36 (KHTML, like Gecko) Chrome/146.0.0.0 Safari/537.36"
172.105.42.26 - - [28/Mar/2026:12:43:55 +0000] "POST /wp-cron.php?doing_wp_cron=1774701835.7584071159362792968750 HTTP/1.1" 200 20 "-" "WordPress/6.9.4; https://hondasaudi.com"
128.140.106.114 - - [28/Mar/2026:12:43:55 +0000] "HEAD / HTTP/1.1" 200 - "https://hondasaudi.com" "Mozilla/5.0+(compatible; UptimeRobot/2.0; http://www.uptimerobot.com/)"
172.105.42.26 - - [28/Mar/2026:12:44:18 +0000] "POST /service_request/ai_integration/ HTTP/1.1" 200 717 "-" "-"
172.105.42.26 - - [28/Mar/2026:12:44:20 +0000] "POST /wp-cron.php?doing_wp_cron=1774701860.5797200202941894531250 HTTP/1.1" 200 20 "-" "WordPress/6.9.4; https://hondasaudi.com"
2001:16a4:56:ca4:a439:bfee:83b8:ecb8 - - [28/Mar/2026:12:44:20 +0000] "GET /?utm_medium=paid&utm_source=fb&utm_id=120242753459850023&utm_content=120242753459890023&utm_term=120242753459950023&utm_campaign=120242753459850023 HTTP/1.1" 200 16275 "https://l.facebook.com/" "Mozilla/5.0 (iPhone; CPU iPhone OS 26_3_1 like Mac OS X) AppleWebKit/605.1.15 (KHTML, like Gecko) Mobile/23D8133 Safari/604.1 [FBAN/FBIOS;FBAV/524.1.0.47.100;FBBV/771349287;FBDV/iPhone14,8;FBMD/iPhone;FBSN/iOS;FBSV/26.3.1;FBSS/3;FBID/phone;FBLC/en_US;FBOP/5;FBRV/774983782;IABMV/1]"
178.86.29.255 - - [28/Mar/2026:12:44:30 +0000] "GET /focused-cars/?utm_source=GoogleAds&utm_medium=Paid_Traffic&utm_campaign=Ramadan2026&gad_source=5&gad_campaignid=15485647876&gclid=EAIaIQobChMI67vQzs_CkwMVeKn9BR2cmwYcEAAYASAAEgLAw_D_BwE HTTP/1.1" 200 19615 "https://syndicatedsearch.goog/" "Mozilla/5.0 (Linux; Android 13; RMO-NX1 Build/HONORRMO-N21; wv) AppleWebKit/537.36 (KHTML, like Gecko) Version/4.0 Chrome/145.0.7632.104 Mobile Safari/537.36 [FB_IAB/FB4A;FBAV/549.0.0.61.62;IABMV/1;]"
172.105.42.26 - - [28/Mar/2026:12:44:33 +0000] "POST /wp-cron.php?doing_wp_cron=1774701873.8794140815734863281250 HTTP/1.1" 200 20 "-" "WordPress/6.9.4; https://hondasaudi.com"
178.86.29.255 - - [28/Mar/2026:12:44:33 +0000] "GET /wp-json/contact-form-7/v1/contact-forms/987/feedback/schema HTTP/1.1" 200 1993 "https://hondasaudi.com/focused-cars/?utm_source=GoogleAds&utm_medium=Paid_Traffic&utm_campaign=Ramadan2026&gad_source=5&gad_campaignid=15485647876&gclid=EAIaIQobChMI67vQzs_CkwMVeKn9BR2cmwYcEAAYASAAEgLAw_D_BwE" "Mozilla/5.0 (Linux; Android 13; RMO-NX1 Build/HONORRMO-N21; wv) AppleWebKit/537.36 (KHTML, like Gecko) Version/4.0 Chrome/145.0.7632.104 Mobile Safari/537.36 [FB_IAB/FB4A;FBAV/549.0.0.61.62;IABMV/1;]"
172.105.42.26 - - [28/Mar/2026:12:45:36 +0000] "POST /wp-cron.php?doing_wp_cron=1774701936.5982689857482910156250 HTTP/1.1" 200 20 "-" "WordPress/6.9.4; https://hondasaudi.com"
178.86.29.255 - - [28/Mar/2026:12:45:36 +0000] "GET /privacy-policy/ HTTP/1.1" 200 34737 "https://hondasaudi.com/focused-cars/?utm_source=GoogleAds&utm_medium=Paid_Traffic&utm_campaign=Ramadan2026&gad_source=5&gad_campaignid=15485647876&gclid=EAIaIQobChMI67vQzs_CkwMVeKn9BR2cmwYcEAAYASAAEgLAw_D_BwE" "Mozilla/5.0 (Linux; Android 13; RMO-NX1 Build/HONORRMO-N21; wv) AppleWebKit/537.36 (KHTML, like Gecko) Version/4.0 Chrome/145.0.7632.104 Mobile Safari/537.36"
178.86.29.255 - - [28/Mar/2026:12:45:37 +0000] "POST /wp-json/contact-form-7/v1/contact-forms/987/feedback HTTP/1.1" 200 354 "https://hondasaudi.com/focused-cars/?utm_source=GoogleAds&utm_medium=Paid_Traffic&utm_campaign=Ramadan2026&gad_source=5&gad_campaignid=15485647876&gclid=EAIaIQobChMI67vQzs_CkwMVeKn9BR2cmwYcEAAYASAAEgLAw_D_BwE" "Mozilla/5.0 (Linux; Android 13; RMO-NX1 Build/HONORRMO-N21; wv) AppleWebKit/537.36 (KHTML, like Gecko) Version/4.0 Chrome/145.0.7632.104 Mobile Safari/537.36 [FB_IAB/FB4A;FBAV/549.0.0.61.62;IABMV/1;]"
172.105.42.26 - - [28/Mar/2026:12:45:56 +0000] "POST /wp-cron.php?doing_wp_cron=1774701956.4108600616455078125000 HTTP/1.1" 200 20 "-" "WordPress/6.9.4; https://hondasaudi.com"
2001:16a2:c18e:d4c9:6d8c:98aa:e0e3:99e1 - - [28/Mar/2026:12:45:56 +0000] "GET /service-price-list/ HTTP/1.1" 200 12560 "https://hondasaudi.com/thank-you/" "Mozilla/5.0 (iPhone; CPU iPhone OS 26_0_1 like Mac OS X) AppleWebKit/605.1.15 (KHTML, like Gecko) Version/26.0.1 Mobile/15E148 Safari/604.1 musical_ly_43.7.0 JsSdk/2.0 NetType/4G Channel/App Store ByteLocale/ar Region/SA isDarkMode/1 WKWebView/1 RevealType/Dialog performVal/1"
2001:16a2:c18e:d4c9:6d8c:98aa:e0e3:99e1 - - [28/Mar/2026:12:45:56 +0000] "GET /service-price-list/ HTTP/1.1" 200 12560 "https://hondasaudi.com/thank-you/" "Mozilla/5.0 (iPhone; CPU iPhone OS 26_0_1 like Mac OS X) AppleWebKit/605.1.15 (KHTML, like Gecko) Version/26.0.1 Mobile/15E148 Safari/604.1 musical_ly_43.7.0 JsSdk/2.0 NetType/4G Channel/App Store ByteLocale/ar Region/SA isDarkMode/1 WKWebView/1 RevealType/Dialog performVal/1"
2001:16a2:c18e:d4c9:6d8c:98aa:e0e3:99e1 - - [28/Mar/2026:12:45:56 +0000] "GET /service-price-list/ HTTP/1.1" 200 12560 "https://hondasaudi.com/thank-you/" "Mozilla/5.0 (iPhone; CPU iPhone OS 26_0_1 like Mac OS X) AppleWebKit/605.1.15 (KHTML, like Gecko) Version/26.0.1 Mobile/15E148 Safari/604.1 musical_ly_43.7.0 JsSdk/2.0 NetType/4G Channel/App Store ByteLocale/ar Region/SA isDarkMode/1 WKWebView/1 RevealType/Dialog performVal/1"
172.105.42.26 - - [28/Mar/2026:12:46:32 +0000] "POST /wp-cron.php?doing_wp_cron=1774701991.9797089099884033203125 HTTP/1.1" 200 20 "-" "WordPress/6.9.4; https://hondasaudi.com"
178.86.29.255 - - [28/Mar/2026:12:46:31 +0000] "POST /wp-json/contact-form-7/v1/contact-forms/987/feedback HTTP/1.1" 200 303 "https://hondasaudi.com/focused-cars/?utm_source=GoogleAds&utm_medium=Paid_Traffic&utm_campaign=Ramadan2026&gad_source=5&gad_campaignid=15485647876&gclid=EAIaIQobChMI67vQzs_CkwMVeKn9BR2cmwYcEAAYASAAEgLAw_D_BwE" "Mozilla/5.0 (Linux; Android 13; RMO-NX1 Build/HONORRMO-N21; wv) AppleWebKit/537.36 (KHTML, like Gecko) Version/4.0 Chrome/145.0.7632.104 Mobile Safari/537.36 [FB_IAB/FB4A;FBAV/549.0.0.61.62;IABMV/1;]"
172.105.42.26 - - [28/Mar/2026:12:46:53 +0000] "POST /wp-cron.php?doing_wp_cron=1774702013.0447700023651123046875 HTTP/1.1" 200 20 "-" "WordPress/6.9.4; https://hondasaudi.com"
178.86.29.255 - - [28/Mar/2026:12:46:52 +0000] "POST /wp-json/contact-form-7/v1/contact-forms/987/feedback HTTP/1.1" 200 288 "https://hondasaudi.com/focused-cars/?utm_source=GoogleAds&utm_medium=Paid_Traffic&utm_campaign=Ramadan2026&gad_source=5&gad_campaignid=15485647876&gclid=EAIaIQobChMI67vQzs_CkwMVeKn9BR2cmwYcEAAYASAAEgLAw_D_BwE" "Mozilla/5.0 (Linux; Android 13; RMO-NX1 Build/HONORRMO-N21; wv) AppleWebKit/537.36 (KHTML, like Gecko) Version/4.0 Chrome/145.0.7632.104 Mobile Safari/537.36 [FB_IAB/FB4A;FBAV/549.0.0.61.62;IABMV/1;]"
172.105.42.26 - - [28/Mar/2026:12:47:02 +0000] "POST /service_request/ai_integration/ HTTP/1.1" 200 710 "-" "-"
178.86.29.255 - - [28/Mar/2026:12:47:01 +0000] "POST /wp-json/contact-form-7/v1/contact-forms/987/feedback HTTP/1.1" 200 288 "https://hondasaudi.com/focused-cars/?utm_source=GoogleAds&utm_medium=Paid_Traffic&utm_campaign=Ramadan2026&gad_source=5&gad_campaignid=15485647876&gclid=EAIaIQobChMI67vQzs_CkwMVeKn9BR2cmwYcEAAYASAAEgLAw_D_BwE" "Mozilla/5.0 (Linux; Android 13; RMO-NX1 Build/HONORRMO-N21; wv) AppleWebKit/537.36 (KHTML, like Gecko) Version/4.0 Chrome/145.0.7632.104 Mobile Safari/537.36 [FB_IAB/FB4A;FBAV/549.0.0.61.62;IABMV/1;]"
178.86.29.255 - - [28/Mar/2026:12:47:05 +0000] "GET /wp-json/contact-form-7/v1/contact-forms/987/refill HTTP/1.1" 200 22 "https://hondasaudi.com/focused-cars/?utm_source=GoogleAds&utm_medium=Paid_Traffic&utm_campaign=Ramadan2026&gad_source=5&gad_campaignid=15485647876&gclid=EAIaIQobChMI67vQzs_CkwMVeKn9BR2cmwYcEAAYASAAEgLAw_D_BwE" "Mozilla/5.0 (Linux; Android 13; RMO-NX1 Build/HONORRMO-N21; wv) AppleWebKit/537.36 (KHTML, like Gecko) Version/4.0 Chrome/145.0.7632.104 Mobile Safari/537.36 [FB_IAB/FB4A;FBAV/549.0.0.61.62;IABMV/1;]"
178.86.29.255 - - [28/Mar/2026:12:47:05 +0000] "GET /thank-you/ HTTP/1.1" 200 12180 "https://hondasaudi.com/focused-cars/?utm_source=GoogleAds&utm_medium=Paid_Traffic&utm_campaign=Ramadan2026&gad_source=5&gad_campaignid=15485647876&gclid=EAIaIQobChMI67vQzs_CkwMVeKn9BR2cmwYcEAAYASAAEgLAw_D_BwE" "Mozilla/5.0 (Linux; Android 13; RMO-NX1 Build/HONORRMO-N21; wv) AppleWebKit/537.36 (KHTML, like Gecko) Version/4.0 Chrome/145.0.7632.104 Mobile Safari/537.36 [FB_IAB/FB4A;FBAV/549.0.0.61.62;IABMV/1;]"
172.105.42.26 - - [28/Mar/2026:12:47:25 +0000] "POST /wp-cron.php?doing_wp_cron=1774702045.4259049892425537109375 HTTP/1.1" 200 20 "-" "WordPress/6.9.4; https://hondasaudi.com"
178.86.29.255 - - [28/Mar/2026:12:47:25 +0000] "GET /wp-json/contact-form-7/v1/contact-forms/987/feedback/schema HTTP/1.1" 200 1993 "https://hondasaudi.com/focused-cars/?utm_source=GoogleAds&utm_medium=Paid_Traffic&utm_campaign=Ramadan2026&gad_source=5&gad_campaignid=15485647876&gclid=EAIaIQobChMI67vQzs_CkwMVeKn9BR2cmwYcEAAYASAAEgLAw_D_BwE" "Mozilla/5.0 (Linux; Android 13; RMO-NX1 Build/HONORRMO-N21; wv) AppleWebKit/537.36 (KHTML, like Gecko) Version/4.0 Chrome/145.0.7632.104 Mobile Safari/537.36 [FB_IAB/FB4A;FBAV/549.0.0.61.62;IABMV/1;]"
172.105.42.26 - - [28/Mar/2026:12:47:43 +0000] "POST /wp-cron.php?doing_wp_cron=1774702063.3278260231018066406250 HTTP/1.1" 200 20 "-" "WordPress/6.9.4; https://hondasaudi.com"
178.86.29.255 - - [28/Mar/2026:12:47:44 +0000] "GET /focused-cars/?utm_source=GoogleAds&utm_medium=Paid_Traffic&utm_campaign=Ramadan2026&gad_source=5&gad_campaignid=15485647876&gclid=EAIaIQobChMIirCmr9DCkwMVrfF5BB09GQWgEAAYASAAEgJjd_D_BwE HTTP/1.1" 200 19491 "https://syndicatedsearch.goog/" "Mozilla/5.0 (Linux; Android 13; RMO-NX1 Build/HONORRMO-N21; wv) AppleWebKit/537.36 (KHTML, like Gecko) Version/4.0 Chrome/145.0.7632.104 Mobile Safari/537.36 [FB_IAB/FB4A;FBAV/549.0.0.61.62;IABMV/1;]"
178.86.29.255 - - [28/Mar/2026:12:47:46 +0000] "GET /wp-json/contact-form-7/v1/contact-forms/987/feedback/schema HTTP/1.1" 200 1993 "https://hondasaudi.com/focused-cars/?utm_source=GoogleAds&utm_medium=Paid_Traffic&utm_campaign=Ramadan2026&gad_source=5&gad_campaignid=15485647876&gclid=EAIaIQobChMIirCmr9DCkwMVrfF5BB09GQWgEAAYASAAEgJjd_D_BwE" "Mozilla/5.0 (Linux; Android 13; RMO-NX1 Build/HONORRMO-N21; wv) AppleWebKit/537.36 (KHTML, like Gecko) Version/4.0 Chrome/145.0.7632.104 Mobile Safari/537.36 [FB_IAB/FB4A;FBAV/549.0.0.61.62;IABMV/1;]"
172.105.42.26 - - [28/Mar/2026:12:48:09 +0000] "POST /wp-cron.php?doing_wp_cron=1774702089.1711208820343017578125 HTTP/1.1" 200 20 "-" "WordPress/6.9.4; https://hondasaudi.com"
5.245.155.99 - - [28/Mar/2026:12:48:08 +0000] "GET /focused-cars/?utm_source=GoogleAds&utm_medium=Paid_Traffic&utm_campaign=Ramadan2026&gad_source=1&gad_campaignid=15485647876&gclid=CjwKCAjw-J3OBhBuEiwAwqZ_h-4IBi1bco1vNYPgQm6R9251hbtS6GSnXIHg9aRWbhtTFPu2gM4t4xoCVP0QAvD_BwE HTTP/1.1" 200 19685 "https://www.google.com/" "Mozilla/5.0 (iPhone; CPU iPhone OS 26_3_1 like Mac OS X) AppleWebKit/605.1.15 (KHTML, like Gecko) GSA/413.1.887139264 Mobile/15E148 Safari/604.1"
5.245.155.99 - - [28/Mar/2026:12:48:11 +0000] "GET /focused-cars/?utm_source=GoogleAds&utm_medium=Paid_Traffic&utm_campaign=Ramadan2026&gad_source=1&gad_campaignid=15485647876&gclid=CjwKCAjw-J3OBhBuEiwAwqZ_h5oDMzi-wGMOAbcV6iWmBYMTuNF5C7MdWsIshTqRE2v1KzXmECQQoBoCoRgQAvD_BwE HTTP/1.1" 200 19691 "https://www.google.com/" "Mozilla/5.0 (iPhone; CPU iPhone OS 26_3_1 like Mac OS X) AppleWebKit/605.1.15 (KHTML, like Gecko) GSA/413.1.887139264 Mobile/15E148 Safari/604.1"
5.245.155.99 - - [28/Mar/2026:12:48:11 +0000] "GET /wp-json/contact-form-7/v1/contact-forms/987/feedback/schema HTTP/1.1" 200 1993 "https://hondasaudi.com/focused-cars/?utm_source=GoogleAds&utm_medium=Paid_Traffic&utm_campaign=Ramadan2026&gad_source=1&gad_campaignid=15485647876&gclid=CjwKCAjw-J3OBhBuEiwAwqZ_h-4IBi1bco1vNYPgQm6R9251hbtS6GSnXIHg9aRWbhtTFPu2gM4t4xoCVP0QAvD_BwE" "Mozilla/5.0 (iPhone; CPU iPhone OS 26_3_1 like Mac OS X) AppleWebKit/605.1.15 (KHTML, like Gecko) GSA/413.1.887139264 Mobile/15E148 Safari/604.1"
5.245.155.99 - - [28/Mar/2026:12:48:12 +0000] "GET /wp-json/contact-form-7/v1/contact-forms/987/feedback/schema HTTP/1.1" 200 1993 "https://hondasaudi.com/focused-cars/?utm_source=GoogleAds&utm_medium=Paid_Traffic&utm_campaign=Ramadan2026&gad_source=1&gad_campaignid=15485647876&gclid=CjwKCAjw-J3OBhBuEiwAwqZ_h5oDMzi-wGMOAbcV6iWmBYMTuNF5C7MdWsIshTqRE2v1KzXmECQQoBoCoRgQAvD_BwE" "Mozilla/5.0 (iPhone; CPU iPhone OS 26_3_1 like Mac OS X) AppleWebKit/605.1.15 (KHTML, like Gecko) GSA/413.1.887139264 Mobile/15E148 Safari/604.1"
172.105.42.26 - - [28/Mar/2026:12:48:38 +0000] "POST /wp-cron.php?doing_wp_cron=1774702118.3667619228363037109375 HTTP/1.1" 200 20 "-" "WordPress/6.9.4; https://hondasaudi.com"
2.90.102.246 - - [28/Mar/2026:12:48:38 +0000] "GET /focused-cars/?utm_source=GoogleAds&utm_medium=Paid_Traffic&utm_campaign=Ramadan2026&gad_source=5&gad_campaignid=15485647876&gclid=EAIaIQobChMIwuCDyNDCkwMVOTcGAB1GLCp1EAAYASAAEgJEM_D_BwE HTTP/1.1" 200 19617 "https://syndicatedsearch.goog/" "Mozilla/5.0 (Linux; Android 16; SM-A065F Build/BP2A.250605.031.A3; wv) AppleWebKit/537.36 (KHTML, like Gecko) Version/4.0 Chrome/145.0.7632.159 Mobile Safari/537.36 [FB_IAB/FB4A;FBAV/553.0.0.56.58;IABMV/1;]"
101.33.55.204 - - [28/Mar/2026:12:48:40 +0000] "GET / HTTP/1.1" 200 16212 "http://hondasaudi.com" "Mozilla/5.0 (iPhone; CPU iPhone OS 13_2_3 like Mac OS X) AppleWebKit/605.1.15 (KHTML, like Gecko) Version/13.0.3 Mobile/15E148 Safari/604.1"
2.90.102.246 - - [28/Mar/2026:12:48:44 +0000] "GET /wp-json/contact-form-7/v1/contact-forms/987/feedback/schema HTTP/1.1" 200 1993 "https://hondasaudi.com/focused-cars/?utm_source=GoogleAds&utm_medium=Paid_Traffic&utm_campaign=Ramadan2026&gad_source=5&gad_campaignid=15485647876&gclid=EAIaIQobChMIwuCDyNDCkwMVOTcGAB1GLCp1EAAYASAAEgJEM_D_BwE" "Mozilla/5.0 (Linux; Android 16; SM-A065F Build/BP2A.250605.031.A3; wv) AppleWebKit/537.36 (KHTML, like Gecko) Version/4.0 Chrome/145.0.7632.159 Mobile Safari/537.36 [FB_IAB/FB4A;FBAV/553.0.0.56.58;IABMV/1;]"
172.105.42.26 - - [28/Mar/2026:12:48:59 +0000] "POST /wp-cron.php?doing_wp_cron=1774702139.6307549476623535156250 HTTP/1.1" 200 20 "-" "WordPress/6.9.4; https://hondasaudi.com"
167.235.143.113 - - [28/Mar/2026:12:48:59 +0000] "HEAD / HTTP/1.1" 200 - "https://hondasaudi.com" "Mozilla/5.0+(compatible; UptimeRobot/2.0; http://www.uptimerobot.com/)"
20.120.170.126 - - [28/Mar/2026:12:49:25 +0000] "GET / HTTP/1.1" 200 16212 "-" "Mozilla/5.0 (HeadOnlyScraper)"
172.105.42.26 - - [28/Mar/2026:12:49:31 +0000] "POST /wp-cron.php?doing_wp_cron=1774702171.9648768901824951171875 HTTP/1.1" 200 20 "-" "WordPress/6.9.4; https://hondasaudi.com"
148.251.123.10 - - [28/Mar/2026:12:49:31 +0000] "GET /focused-cars/?utm_source=GoogleAds&utm_medium=Paid_Traffic&utm_campaign=Ramadan2026&gad_source=5&gad_campaignid=15485647876&gclid=EAIaIQobChMIpOb22NDCkwMV5isGAB1cbD2GEAEYASAAEgI6QfD_BwE HTTP/1.1" 200 19615 "-" "python-httpx/0.28.1"
2a02:9b0:8009:e896:fd76:990:5f8:b49c - - [28/Mar/2026:12:49:40 +0000] "GET /focused-cars/?utm_source=GoogleAds&utm_medium=Paid_Traffic&utm_campaign=Ramadan2026&gad_source=1&gad_campaignid=15485647876&gbraid=0AAAAAoT5x1hSviS8DXh2YDnC76qkwM6B6&gclid=CjwKCAjw-J3OBhBuEiwAwqZ_hykQNaSnFf6vBVPS7jzKpO_VRe4lE8qTT_lhKGQQdg6jsEjMdfpseRoCKjUQAvD_BwE HTTP/1.1" 200 19765 "https://www.google.com/" "Mozilla/5.0 (iPhone; CPU iPhone OS 18_2 like Mac OS X) AppleWebKit/605.1.15 (KHTML, like Gecko) Version/18.2 Mobile/15E148 Safari/604.1"
148.251.123.10 - - [28/Mar/2026:12:49:41 +0000] "GET /focused-cars/?utm_source=GoogleAds&utm_medium=Paid_Traffic&utm_campaign=Ramadan2026&gad_source=5&gad_campaignid=15485647876&gclid=EAIaIQobChMIp-b22NDCkwMV5isGAB1cbD2GEAEYASAAEgJE4vD_BwE HTTP/1.1" 200 19614 "-" "python-httpx/0.28.1"
2a02:9b0:8009:e896:fd76:990:5f8:b49c - - [28/Mar/2026:12:49:42 +0000] "GET /wp-json/contact-form-7/v1/contact-forms/987/feedback/schema HTTP/1.1" 200 1993 "https://hondasaudi.com/focused-cars/?utm_source=GoogleAds&utm_medium=Paid_Traffic&utm_campaign=Ramadan2026&gad_source=1&gad_campaignid=15485647876&gbraid=0AAAAAoT5x1hSviS8DXh2YDnC76qkwM6B6&gclid=CjwKCAjw-J3OBhBuEiwAwqZ_hykQNaSnFf6vBVPS7jzKpO_VRe4lE8qTT_lhKGQQdg6jsEjMdfpseRoCKjUQAvD_BwE" "Mozilla/5.0 (iPhone; CPU iPhone OS 18_2 like Mac OS X) AppleWebKit/605.1.15 (KHTML, like Gecko) Version/18.2 Mobile/15E148 Safari/604.1"
172.105.42.26 - - [28/Mar/2026:12:50:12 +0000] "POST /wp-cron.php?doing_wp_cron=1774702212.7032010555267333984375 HTTP/1.1" 200 20 "-" "WordPress/6.9.4; https://hondasaudi.com"
144.76.91.190 - - [28/Mar/2026:12:50:12 +0000] "GET /focused-cars/?utm_source=GoogleAds&utm_medium=Paid_Traffic&utm_campaign=Ramadan2026&gad_source=5&gad_campaignid=15485647876&gclid=EAIaIQobChMIg93R9dDCkwMVlMoNCR1hHB2vEAEYASAAEgJUYPD_BwE HTTP/1.1" 200 19616 "-" "python-httpx/0.28.1"
2001:16a2:ca0c:1700:d928:532d:aade:abbf - - [28/Mar/2026:12:50:42 +0000] "GET /focused-cars/?utm_source=GoogleAds&utm_medium=Paid_Traffic&utm_campaign=Ramadan2026&gad_source=1&gad_campaignid=15485647876&gclid=CjwKCAjw-J3OBhBuEiwAwqZ_h66oBVfveaNBFvbeFgI5PmW8GpeD2j0KYH4x3uhW9slhRonA7oZ7ihoCOGUQAvD_BwE HTTP/1.1" 200 19685 "https://www.google.com/" "Mozilla/5.0 (iPhone; CPU iPhone OS 26_3_1 like Mac OS X) AppleWebKit/605.1.15 (KHTML, like Gecko) CriOS/146.0.7680.151 Mobile/15E148 Safari/604.1"
2001:16a2:ca0c:1700:d928:532d:aade:abbf - - [28/Mar/2026:12:50:44 +0000] "GET /wp-json/contact-form-7/v1/contact-forms/987/feedback/schema HTTP/1.1" 200 1993 "https://hondasaudi.com/focused-cars/?utm_source=GoogleAds&utm_medium=Paid_Traffic&utm_campaign=Ramadan2026&gad_source=1&gad_campaignid=15485647876&gclid=CjwKCAjw-J3OBhBuEiwAwqZ_h66oBVfveaNBFvbeFgI5PmW8GpeD2j0KYH4x3uhW9slhRonA7oZ7ihoCOGUQAvD_BwE" "Mozilla/5.0 (iPhone; CPU iPhone OS 26_3_1 like Mac OS X) AppleWebKit/605.1.15 (KHTML, like Gecko) CriOS/146.0.7680.151 Mobile/15E148 Safari/604.1"
172.105.42.26 - - [28/Mar/2026:12:50:45 +0000] "POST /service_request/ai_integration/ HTTP/1.1" 200 727 "-" "-"
