74.7.227.6 - - [28/Mar/2026:13:21:26 +0000] "GET /admin.php?dir=CwhomeCwbalubaidCwFwhtpasswdsCwpublic_ftp HTTP/1.1" 200 3209 "https://hondasaudi.com/admin.php?dir=CwhomeCwbalubaidCwFwhtpasswds" "Mozilla/5.0 AppleWebKit/537.36 (KHTML, like Gecko; compatible; GPTBot/1.3; +https://openai.com/gptbot)"
172.105.42.26 - - [28/Mar/2026:13:21:38 +0000] "POST /wp-cron.php?doing_wp_cron=1774704098.4073839187622070312500 HTTP/1.1" 200 20 "-" "WordPress/6.9.4; https://hondasaudi.com"
2001:16a2:6906:a500:208c:cf6a:5322:895b - - [28/Mar/2026:13:21:37 +0000] "POST /wp-json/contact-form-7/v1/contact-forms/987/feedback HTTP/1.1" 200 324 "https://hondasaudi.com/focused-cars/?utm_source=GoogleAds&utm_medium=Paid_Traffic&utm_campaign=Ramadan2026&gad_source=5&gad_campaignid=15485647876&gclid=EAIaIQobChMIy_nls9bCkwMVDHJBAh3IDTrMEAAYASAAEgLo2PD_BwE" "Mozilla/5.0 (iPhone; CPU iPhone OS 18_7 like Mac OS X) AppleWebKit/605.1.15 (KHTML, like Gecko) Mobile/23E246 Instagram 422.1.0.44.67 (iPhone12,1; iOS 26_4; en_GB; en-GB; scale=2.00; 828x1792; IABMV/1; 918355888) Safari/604.1"
45.94.31.119 - - [28/Mar/2026:13:21:44 +0000] "GET / HTTP/1.1" 200 16212 "-" "Mozilla/5.0 (Windows NT 10.0; Win64; x64) AppleWebKit/537.36 (KHTML, like Gecko) Chrome/78.0.3904.108 Safari/537.36"
74.7.227.6 - - [28/Mar/2026:13:21:47 +0000] "GET /admin.php?dir=CwhomeCwbalubaidCwFwsqmailattach HTTP/1.1" 200 3257 "https://hondasaudi.com/admin.php?dir=CwhomeCwbalubaid" "Mozilla/5.0 AppleWebKit/537.36 (KHTML, like Gecko; compatible; GPTBot/1.3; +https://openai.com/gptbot)"
45.94.31.119 - - [28/Mar/2026:13:21:48 +0000] "GET //wp-includes/wlwmanifest.xml HTTP/1.1" 403 1660 "-" "Mozilla/5.0 (Windows NT 10.0; Win64; x64) AppleWebKit/537.36 (KHTML, like Gecko) Chrome/78.0.3904.108 Safari/537.36"
172.105.42.26 - - [28/Mar/2026:13:21:48 +0000] "POST /wp-cron.php?doing_wp_cron=1774704108.9092159271240234375000 HTTP/1.1" 200 20 "-" "WordPress/6.9.4; https://hondasaudi.com"
45.94.31.119 - - [28/Mar/2026:13:21:48 +0000] "GET //xmlrpc.php?rsd HTTP/1.1" 301 20 "-" "Mozilla/5.0 (Windows NT 10.0; Win64; x64) AppleWebKit/537.36 (KHTML, like Gecko) Chrome/78.0.3904.108 Safari/537.36"
45.94.31.119 - - [28/Mar/2026:13:21:49 +0000] "GET / HTTP/1.1" 200 16212 "-" "Mozilla/5.0 (Windows NT 10.0; Win64; x64) AppleWebKit/537.36 (KHTML, like Gecko) Chrome/78.0.3904.108 Safari/537.36"
45.94.31.119 - - [28/Mar/2026:13:21:51 +0000] "GET //?author=1 HTTP/1.1" 404 9728 "-" "Mozilla/5.0 (Windows NT 10.0; Win64; x64) AppleWebKit/537.36 (KHTML, like Gecko) Chrome/78.0.3904.108 Safari/537.36"
45.94.31.119 - - [28/Mar/2026:13:21:52 +0000] "GET //?author=2 HTTP/1.1" 404 9728 "-" "Mozilla/5.0 (Windows NT 10.0; Win64; x64) AppleWebKit/537.36 (KHTML, like Gecko) Chrome/78.0.3904.108 Safari/537.36"
45.94.31.119 - - [28/Mar/2026:13:21:53 +0000] "GET //wp-json/wp/v2/users/ HTTP/1.1" 401 110 "-" "Mozilla/5.0 (Windows NT 10.0; Win64; x64) AppleWebKit/537.36 (KHTML, like Gecko) Chrome/78.0.3904.108 Safari/537.36"
45.94.31.119 - - [28/Mar/2026:13:21:53 +0000] "GET //wp-json/oembed/1.0/embed?url=https://hondasaudi.com/ HTTP/1.1" 200 1098 "-" "Mozilla/5.0 (Windows NT 10.0; Win64; x64) AppleWebKit/537.36 (KHTML, like Gecko) Chrome/78.0.3904.108 Safari/537.36"
45.94.31.119 - - [28/Mar/2026:13:21:54 +0000] "POST //xmlrpc.php HTTP/1.1" 301 20 "-" "Mozilla/5.0 (Windows NT 10.0; Win64; x64) AppleWebKit/537.36 (KHTML, like Gecko) Chrome/78.0.3904.108 Safari/537.36"
74.7.227.6 - - [28/Mar/2026:13:22:09 +0000] "GET /admin.php?dir=CwhomeCwbalubaidCwmailCwFwDrafts HTTP/1.1" 200 3544 "https://hondasaudi.com/admin.php?dir=CwhomeCwbalubaidCwmail" "Mozilla/5.0 AppleWebKit/537.36 (KHTML, like Gecko; compatible; GPTBot/1.3; +https://openai.com/gptbot)"
172.105.42.26 - - [28/Mar/2026:13:22:30 +0000] "POST /wp-cron.php?doing_wp_cron=1774704150.8957810401916503906250 HTTP/1.1" 200 20 "-" "WordPress/6.9.4; https://hondasaudi.com"
2001:16a2:c149:8a3a:c97f:a82d:76e5:bb9e - - [28/Mar/2026:13:22:30 +0000] "GET /focused-cars/?utm_source=GoogleAds&utm_medium=Paid_Traffic&utm_campaign=Ramadan2026&gad_source=1&gad_campaignid=15485647876&gclid=CjwKCAjw-J3OBhBuEiwAwqZ_h_6qDqUaIZydBkymHKrA3mupTMdOE7VsuKkcVEr5WJoGwfsQFJIyRRoCPgMQAvD_BwE HTTP/1.1" 200 19692 "https://www.google.com/" "Mozilla/5.0 (iPhone; CPU iPhone OS 26_0_1 like Mac OS X) AppleWebKit/605.1.15 (KHTML, like Gecko) GSA/411.0.879111500 Mobile/15E148 Safari/604.1"
66.249.93.204 - - [28/Mar/2026:13:22:32 +0000] "GET /focused-cars/?utm_source=GoogleAds&utm_medium=Paid_Traffic&utm_campaign=Ramadan2026&gad_source=1&gad_campaignid=15485647876&gclid=CjwKCAjw-J3OBhBuEiwAwqZ_h_6qDqUaIZydBkymHKrA3mupTMdOE7VsuKkcVEr5WJoGwfsQFJIyRRoCPgMQAvD_BwE HTTP/1.1" 200 19693 "-" "Mozilla/5.0 (Linux; Android 10; K) AppleWebKit/537.36 (KHTML, like Gecko) Chrome/138.0.0.0 Mobile Safari/537.36 (compatible; Google-Read-Aloud; +https://support.google.com/webmasters/answer/1061943)"
2001:16a2:c149:8a3a:c97f:a82d:76e5:bb9e - - [28/Mar/2026:13:22:32 +0000] "GET /wp-json/contact-form-7/v1/contact-forms/987/feedback/schema HTTP/1.1" 200 1993 "https://hondasaudi.com/focused-cars/?utm_source=GoogleAds&utm_medium=Paid_Traffic&utm_campaign=Ramadan2026&gad_source=1&gad_campaignid=15485647876&gclid=CjwKCAjw-J3OBhBuEiwAwqZ_h_6qDqUaIZydBkymHKrA3mupTMdOE7VsuKkcVEr5WJoGwfsQFJIyRRoCPgMQAvD_BwE" "Mozilla/5.0 (iPhone; CPU iPhone OS 26_0_1 like Mac OS X) AppleWebKit/605.1.15 (KHTML, like Gecko) GSA/411.0.879111500 Mobile/15E148 Safari/604.1"
66.249.83.78 - - [28/Mar/2026:13:22:33 +0000] "GET /wp-json/contact-form-7/v1/contact-forms/987/feedback/schema HTTP/1.1" 200 1993 "https://hondasaudi.com/focused-cars/" "Mozilla/5.0 (Linux; Android 10; K) AppleWebKit/537.36 (KHTML, like Gecko) Chrome/138.0.0.0 Mobile Safari/537.36 (compatible; Google-Read-Aloud; +https://support.google.com/webmasters/answer/1061943)"
129.226.93.214 - - [28/Mar/2026:13:22:44 +0000] "GET / HTTP/1.1" 200 16212 "http://www.hondasaudi.com" "Mozilla/5.0 (iPhone; CPU iPhone OS 13_2_3 like Mac OS X) AppleWebKit/605.1.15 (KHTML, like Gecko) Version/13.0.3 Mobile/15E148 Safari/604.1"
172.105.42.26 - - [28/Mar/2026:13:22:48 +0000] "POST /wp-cron.php?doing_wp_cron=1774704168.7955770492553710937500 HTTP/1.1" 200 20 "-" "WordPress/6.9.4; https://hondasaudi.com"
2001:16a4:16:e3c1:c1b2:49b6:120e:1e8a - - [28/Mar/2026:13:22:48 +0000] "GET /focused-cars/?utm_source=GoogleAds&utm_medium=Paid_Traffic&utm_campaign=Ramadan2026&gad_source=1&gad_campaignid=15485647876&gclid=CjwKCAjw-J3OBhBuEiwAwqZ_h_db7F1uedXmCqV0TZt8F2AakzxVvZFhVp47aP9KmGG58UBLoKQrdRoClzwQAvD_BwE HTTP/1.1" 200 19690 "https://www.google.com/" "Mozilla/5.0 (iPhone; CPU iPhone OS 18_1_1 like Mac OS X) AppleWebKit/605.1.15 (KHTML, like Gecko) GSA/413.1.887139264 Mobile/15E148 Safari/604.1"
66.249.93.203 - - [28/Mar/2026:13:22:48 +0000] "GET /focused-cars/?utm_source=GoogleAds&utm_medium=Paid_Traffic&utm_campaign=Ramadan2026&gad_source=1&gad_campaignid=15485647876&gclid=CjwKCAjw-J3OBhBuEiwAwqZ_h_db7F1uedXmCqV0TZt8F2AakzxVvZFhVp47aP9KmGG58UBLoKQrdRoClzwQAvD_BwE HTTP/1.1" 200 19690 "-" "Mozilla/5.0 (Linux; Android 10; K) AppleWebKit/537.36 (KHTML, like Gecko) Chrome/138.0.0.0 Mobile Safari/537.36 (compatible; Google-Read-Aloud; +https://support.google.com/webmasters/answer/1061943)"
2001:16a4:16:e3c1:c1b2:49b6:120e:1e8a - - [28/Mar/2026:13:22:53 +0000] "GET /wp-json/contact-form-7/v1/contact-forms/987/feedback/schema HTTP/1.1" 200 1993 "https://hondasaudi.com/focused-cars/?utm_source=GoogleAds&utm_medium=Paid_Traffic&utm_campaign=Ramadan2026&gad_source=1&gad_campaignid=15485647876&gclid=CjwKCAjw-J3OBhBuEiwAwqZ_h_db7F1uedXmCqV0TZt8F2AakzxVvZFhVp47aP9KmGG58UBLoKQrdRoClzwQAvD_BwE" "Mozilla/5.0 (iPhone; CPU iPhone OS 18_1_1 like Mac OS X) AppleWebKit/605.1.15 (KHTML, like Gecko) GSA/413.1.887139264 Mobile/15E148 Safari/604.1"
172.105.42.26 - - [28/Mar/2026:13:23:30 +0000] "POST /service_request/ai_integration/ HTTP/1.1" 200 651 "-" "-"
74.7.227.6 - - [28/Mar/2026:13:23:32 +0000] "GET /admin.php?dir=CwhomeCwbalubaidCwhondaFwcore3FwagencyCwwp-includesCwsodium_compat&view=autoload-php7.php HTTP/1.1" 200 507 "https://hondasaudi.com/admin.php?dir=CwhomeCwbalubaidCwhondaFwcore3FwagencyCwwp-includesCwsodium_compat" "Mozilla/5.0 AppleWebKit/537.36 (KHTML, like Gecko; compatible; GPTBot/1.3; +https://openai.com/gptbot)"
172.105.42.26 - - [28/Mar/2026:13:23:33 +0000] "POST /wp-cron.php?doing_wp_cron=1774704213.2362830638885498046875 HTTP/1.1" 200 20 "-" "WordPress/6.9.4; https://hondasaudi.com"
2001:16a2:6906:a500:208c:cf6a:5322:895b - - [28/Mar/2026:13:23:29 +0000] "POST /wp-json/contact-form-7/v1/contact-forms/987/feedback HTTP/1.1" 200 286 "https://hondasaudi.com/focused-cars/?utm_source=GoogleAds&utm_medium=Paid_Traffic&utm_campaign=Ramadan2026&gad_source=5&gad_campaignid=15485647876&gclid=EAIaIQobChMIy_nls9bCkwMVDHJBAh3IDTrMEAAYASAAEgLo2PD_BwE" "Mozilla/5.0 (iPhone; CPU iPhone OS 18_7 like Mac OS X) AppleWebKit/605.1.15 (KHTML, like Gecko) Mobile/23E246 Instagram 422.1.0.44.67 (iPhone12,1; iOS 26_4; en_GB; en-GB; scale=2.00; 828x1792; IABMV/1; 918355888) Safari/604.1"
2001:16a2:6906:a500:208c:cf6a:5322:895b - - [28/Mar/2026:13:23:33 +0000] "GET /wp-json/contact-form-7/v1/contact-forms/987/refill HTTP/1.1" 200 22 "https://hondasaudi.com/focused-cars/?utm_source=GoogleAds&utm_medium=Paid_Traffic&utm_campaign=Ramadan2026&gad_source=5&gad_campaignid=15485647876&gclid=EAIaIQobChMIy_nls9bCkwMVDHJBAh3IDTrMEAAYASAAEgLo2PD_BwE" "Mozilla/5.0 (iPhone; CPU iPhone OS 18_7 like Mac OS X) AppleWebKit/605.1.15 (KHTML, like Gecko) Mobile/23E246 Instagram 422.1.0.44.67 (iPhone12,1; iOS 26_4; en_GB; en-GB; scale=2.00; 828x1792; IABMV/1; 918355888) Safari/604.1"
2001:16a2:6906:a500:208c:cf6a:5322:895b - - [28/Mar/2026:13:23:33 +0000] "GET /thank-you/ HTTP/1.1" 200 12285 "https://hondasaudi.com/focused-cars/?utm_source=GoogleAds&utm_medium=Paid_Traffic&utm_campaign=Ramadan2026&gad_source=5&gad_campaignid=15485647876&gclid=EAIaIQobChMIy_nls9bCkwMVDHJBAh3IDTrMEAAYASAAEgLo2PD_BwE" "Mozilla/5.0 (iPhone; CPU iPhone OS 18_7 like Mac OS X) AppleWebKit/605.1.15 (KHTML, like Gecko) Mobile/23E246 Instagram 422.1.0.44.67 (iPhone12,1; iOS 26_4; en_GB; en-GB; scale=2.00; 828x1792; IABMV/1; 918355888) Safari/604.1"
172.105.42.26 - - [28/Mar/2026:13:23:47 +0000] "POST /wp-cron.php?doing_wp_cron=1774704227.3010389804840087890625 HTTP/1.1" 200 20 "-" "WordPress/6.9.4; https://hondasaudi.com"
2001:16a2:c0bb:9383:ec23:e74:d26b:3d8 - - [28/Mar/2026:13:23:47 +0000] "GET /focused-cars/?utm_source=GoogleAds&utm_medium=Paid_Traffic&utm_campaign=Ramadan2026&gad_source=1&gad_campaignid=15485647876&gbraid=0AAAAAoT5x1jMnUdPNGP_0edYFGEPino6L&gclid=CjwKCAjw-J3OBhBuEiwAwqZ_hzUW2SSzY6IsJRmnjFYVwaTpgVRy4yhI-kByqz5aWLe_h7CD-eLUoRoCpN0QAvD_BwE HTTP/1.1" 200 19763 "https://www.google.com/" "Mozilla/5.0 (iPhone; CPU iPhone OS 18_7 like Mac OS X) AppleWebKit/605.1.15 (KHTML, like Gecko) Version/26.3 Mobile/15E148 Safari/604.1"
2001:16a2:c0bb:9383:ec23:e74:d26b:3d8 - - [28/Mar/2026:13:23:50 +0000] "GET /wp-json/contact-form-7/v1/contact-forms/987/feedback/schema HTTP/1.1" 200 1993 "https://hondasaudi.com/focused-cars/?utm_source=GoogleAds&utm_medium=Paid_Traffic&utm_campaign=Ramadan2026&gad_source=1&gad_campaignid=15485647876&gbraid=0AAAAAoT5x1jMnUdPNGP_0edYFGEPino6L&gclid=CjwKCAjw-J3OBhBuEiwAwqZ_hzUW2SSzY6IsJRmnjFYVwaTpgVRy4yhI-kByqz5aWLe_h7CD-eLUoRoCpN0QAvD_BwE" "Mozilla/5.0 (iPhone; CPU iPhone OS 18_7 like Mac OS X) AppleWebKit/605.1.15 (KHTML, like Gecko) Version/26.3 Mobile/15E148 Safari/604.1"
74.7.227.6 - - [28/Mar/2026:13:23:53 +0000] "GET /admin.php?dir=CwhomeCwbalubaidCwFwcphorde&edit=horde.log HTTP/1.1" 200 2686 "https://hondasaudi.com/admin.php?dir=CwhomeCwbalubaidCwFwcphorde" "Mozilla/5.0 AppleWebKit/537.36 (KHTML, like Gecko; compatible; GPTBot/1.3; +https://openai.com/gptbot)"
2a02:ce0:2002:9b56:6971:155f:c764:6b29 - - [28/Mar/2026:13:24:04 +0000] "GET /?utm_medium=paid&utm_source=ig&utm_id=120242753253200023&utm_content=120242753253210023&utm_term=120242753253250023&utm_campaign=120242753253200023 HTTP/1.1" 200 16274 "https://l.facebook.com/" "Mozilla/5.0 (iPhone; CPU iPhone OS 18_7 like Mac OS X) AppleWebKit/605.1.15 (KHTML, like Gecko) Mobile/23E246 Instagram 422.1.0.44.67 (iPhone18,2; iOS 26_4; en_US; en; scale=3.00; 1320x2868; IABMV/1; 918355888) Safari/604.1"
172.105.42.26 - - [28/Mar/2026:13:24:06 +0000] "POST /service_request/ai_integration/ HTTP/1.1" 200 705 "-" "-"
2001:16a2:c0bb:9383:ec23:e74:d26b:3d8 - - [28/Mar/2026:13:24:17 +0000] "GET /focused-cars/?utm_source=GoogleAds&utm_medium=Paid_Traffic&utm_campaign=Ramadan2026&gad_source=1&gad_campaignid=15485647876&gbraid=0AAAAAoT5x1jMnUdPNGP_0edYFGEPino6L&gclid=CjwKCAjw-J3OBhBuEiwAwqZ_h4DyH58JcpaC2L5VnMh5on6giS8XOnIXMMvz97yjjoDMlzEaEWzPrRoCCwcQAvD_BwE HTTP/1.1" 200 19762 "https://www.google.com/" "Mozilla/5.0 (iPhone; CPU iPhone OS 18_7 like Mac OS X) AppleWebKit/605.1.15 (KHTML, like Gecko) Version/26.3 Mobile/15E148 Safari/604.1"
172.105.42.26 - - [28/Mar/2026:13:24:19 +0000] "POST /wp-cron.php?doing_wp_cron=1774704259.0064659118652343750000 HTTP/1.1" 200 20 "-" "WordPress/6.9.4; https://hondasaudi.com"
2001:16a2:c0bb:9383:ec23:e74:d26b:3d8 - - [28/Mar/2026:13:24:18 +0000] "GET /wp-json/contact-form-7/v1/contact-forms/987/feedback/schema HTTP/1.1" 200 1993 "https://hondasaudi.com/focused-cars/?utm_source=GoogleAds&utm_medium=Paid_Traffic&utm_campaign=Ramadan2026&gad_source=1&gad_campaignid=15485647876&gbraid=0AAAAAoT5x1jMnUdPNGP_0edYFGEPino6L&gclid=CjwKCAjw-J3OBhBuEiwAwqZ_h4DyH58JcpaC2L5VnMh5on6giS8XOnIXMMvz97yjjoDMlzEaEWzPrRoCCwcQAvD_BwE" "Mozilla/5.0 (iPhone; CPU iPhone OS 18_7 like Mac OS X) AppleWebKit/605.1.15 (KHTML, like Gecko) Version/26.3 Mobile/15E148 Safari/604.1"
172.105.42.26 - - [28/Mar/2026:13:24:33 +0000] "POST /wp-cron.php?doing_wp_cron=1774704273.1091880798339843750000 HTTP/1.1" 200 20 "-" "WordPress/6.9.4; https://hondasaudi.com"
159.69.158.189 - - [28/Mar/2026:13:24:32 +0000] "HEAD / HTTP/1.1" 200 - "https://hondasaudi.com" "Mozilla/5.0+(compatible; UptimeRobot/2.0; http://www.uptimerobot.com/)"
2001:16a4:16:e3c1:c1b2:49b6:120e:1e8a - - [28/Mar/2026:13:24:33 +0000] "GET /focused-cars/?utm_source=GoogleAds&utm_medium=Paid_Traffic&utm_campaign=Ramadan2026&gad_source=1&gad_campaignid=15485647876&gclid=CjwKCAjw-J3OBhBuEiwAwqZ_hzty5Mbb__P-HpD189MCwfZf_MyeW9yO5WjJrB7ufK9WBuBzx0hx4BoCOigQAvD_BwE HTTP/1.1" 200 19688 "https://www.google.com/" "Mozilla/5.0 (iPhone; CPU iPhone OS 18_1_1 like Mac OS X) AppleWebKit/605.1.15 (KHTML, like Gecko) GSA/413.1.887139264 Mobile/15E148 Safari/604.1"
2001:16a4:16:e3c1:c1b2:49b6:120e:1e8a - - [28/Mar/2026:13:24:34 +0000] "GET /wp-json/contact-form-7/v1/contact-forms/987/feedback/schema HTTP/1.1" 200 1993 "https://hondasaudi.com/focused-cars/?utm_source=GoogleAds&utm_medium=Paid_Traffic&utm_campaign=Ramadan2026&gad_source=1&gad_campaignid=15485647876&gclid=CjwKCAjw-J3OBhBuEiwAwqZ_hzty5Mbb__P-HpD189MCwfZf_MyeW9yO5WjJrB7ufK9WBuBzx0hx4BoCOigQAvD_BwE" "Mozilla/5.0 (iPhone; CPU iPhone OS 18_1_1 like Mac OS X) AppleWebKit/605.1.15 (KHTML, like Gecko) GSA/413.1.887139264 Mobile/15E148 Safari/604.1"
74.7.227.6 - - [28/Mar/2026:13:24:36 +0000] "GET /admin.php?dir=CwhomeCwbalubaidCwsslCwkeys&edit=bdb20_c4829_53eb070ab72db4cd682a495e8bcef320.key HTTP/1.1" 200 3953 "https://hondasaudi.com/admin.php?dir=CwhomeCwbalubaidCwsslCwkeys" "Mozilla/5.0 AppleWebKit/537.36 (KHTML, like Gecko; compatible; GPTBot/1.3; +https://openai.com/gptbot)"
74.7.227.6 - - [28/Mar/2026:13:24:57 +0000] "GET /admin.php?dir=CwhomeCwbalubaidCwsslCwkeys&view=adc3b_93d11_893bf5c2db9eb22f289d56ac206d5e0d.key HTTP/1.1" 200 1359 "https://hondasaudi.com/admin.php?dir=CwhomeCwbalubaidCwsslCwkeys" "Mozilla/5.0 AppleWebKit/537.36 (KHTML, like Gecko; compatible; GPTBot/1.3; +https://openai.com/gptbot)"
74.7.227.6 - - [28/Mar/2026:13:25:17 +0000] "GET /admin.php?dir=CwhomeCwbalubaidCwsslCwkeys&view=85eaa_9eecb_cc79998755353639f365502301c4ce79.key HTTP/1.1" 200 1355 "https://hondasaudi.com/admin.php?dir=CwhomeCwbalubaidCwsslCwkeys" "Mozilla/5.0 AppleWebKit/537.36 (KHTML, like Gecko; compatible; GPTBot/1.3; +https://openai.com/gptbot)"
172.105.42.26 - - [28/Mar/2026:13:25:28 +0000] "POST /wp-cron.php?doing_wp_cron=1774704328.2067000865936279296875 HTTP/1.1" 200 20 "-" "WordPress/6.9.4; https://hondasaudi.com"
45.3.34.165 - - [28/Mar/2026:13:25:28 +0000] "GET /admin640 HTTP/1.1" 404 12240 "-" "Mozilla/5.0 (Windows NT 10.0; Win64; x64) AppleWebKit/537.36 (KHTML, like Gecko) Chrome/119.0.0.0 Safari/537.36"
172.105.42.26 - - [28/Mar/2026:13:25:33 +0000] "POST /wp-cron.php?doing_wp_cron=1774704333.9049420356750488281250 HTTP/1.1" 200 20 "-" "WordPress/6.9.4; https://hondasaudi.com"
2a03:2880:18ff:72:: - - [28/Mar/2026:13:25:33 +0000] "GET / HTTP/1.1" 200 16212 "-" "facebookexternalhit/1.1 (+http://www.facebook.com/externalhit_uatext.php)"
172.105.42.26 - - [28/Mar/2026:13:25:36 +0000] "POST /service_request/ai_integration/ HTTP/1.1" 200 719 "-" "-"
74.7.227.6 - - [28/Mar/2026:13:25:59 +0000] "GET /admin.php?dir=CwhomeCwbalubaidCwsslCwkeys&view=e229e_f5a9f_8492592bdfe3ab581963c25ef633f056.key HTTP/1.1" 200 1362 "https://hondasaudi.com/admin.php?dir=CwhomeCwbalubaidCwsslCwkeys" "Mozilla/5.0 AppleWebKit/537.36 (KHTML, like Gecko; compatible; GPTBot/1.3; +https://openai.com/gptbot)"
172.105.42.26 - - [28/Mar/2026:13:26:16 +0000] "POST /wp-cron.php?doing_wp_cron=1774704376.1873919963836669921875 HTTP/1.1" 200 20 "-" "WordPress/6.9.4; https://hondasaudi.com"
93.112.166.175 - - [28/Mar/2026:13:26:15 +0000] "GET /focused-cars/?utm_source=GoogleAds&utm_medium=Paid_Traffic&utm_campaign=Ramadan2026&gad_source=1&gad_campaignid=15485647876&gclid=CjwKCAjw-J3OBhBuEiwAwqZ_h3_FN99RHh4F2UlUMycogNDHu6oWSkJHFs8ZntjY3iLrUhSokJS6exoCpiEQAvD_BwE HTTP/1.1" 200 19686 "https://www.google.com/" "Mozilla/5.0 (Linux; Android 10; K) AppleWebKit/537.36 (KHTML, like Gecko) Chrome/146.0.0.0 Mobile Safari/537.36"
172.105.42.26 - - [28/Mar/2026:13:26:18 +0000] "POST /wp-cron.php?doing_wp_cron=1774704378.2318971157073974609375 HTTP/1.1" 200 20 "-" "WordPress/6.9.4; https://hondasaudi.com"
93.112.166.175 - - [28/Mar/2026:13:26:18 +0000] "GET /wp-json/contact-form-7/v1/contact-forms/987/feedback/schema HTTP/1.1" 200 1993 "https://hondasaudi.com/focused-cars/?utm_source=GoogleAds&utm_medium=Paid_Traffic&utm_campaign=Ramadan2026&gad_source=1&gad_campaignid=15485647876&gclid=CjwKCAjw-J3OBhBuEiwAwqZ_h3_FN99RHh4F2UlUMycogNDHu6oWSkJHFs8ZntjY3iLrUhSokJS6exoCpiEQAvD_BwE" "Mozilla/5.0 (Linux; Android 10; K) AppleWebKit/537.36 (KHTML, like Gecko) Chrome/146.0.0.0 Mobile Safari/537.36"
74.7.227.6 - - [28/Mar/2026:13:26:41 +0000] "GET /admin.php?dir=CwhomeCwbalubaidCwsslCwkeys&view=b97ab_59603_bea2b4fb3cbf64dc37bfbcab9aacc3f4.key HTTP/1.1" 200 1361 "https://hondasaudi.com/admin.php?dir=CwhomeCwbalubaidCwsslCwkeys" "Mozilla/5.0 AppleWebKit/537.36 (KHTML, like Gecko; compatible; GPTBot/1.3; +https://openai.com/gptbot)"
172.105.42.26 - - [28/Mar/2026:13:27:07 +0000] "POST /wp-cron.php?doing_wp_cron=1774704427.0584590435028076171875 HTTP/1.1" 200 20 "-" "WordPress/6.9.4; https://hondasaudi.com"
2001:16a2:c0c5:9207:cd02:fdb6:e879:2b2f - - [28/Mar/2026:13:27:06 +0000] "GET /focused-cars/?utm_source=GoogleAds&utm_medium=Paid_Traffic&utm_campaign=Ramadan2026&gad_source=5&gad_campaignid=15485647876&gclid=EAIaIQobChMI0MvRk9nCkwMVbG1BAh0RbTVlEAAYASAAEgKWC_D_BwE HTTP/1.1" 200 19615 "https://syndicatedsearch.goog/" "Mozilla/5.0 (iPhone; CPU iPhone OS 18_5 like Mac OS X) AppleWebKit/605.1.15 (KHTML, like Gecko) CriOS/126.0.6478.35 Mobile/15E148 Safari/604.1"
2001:16a2:c0c5:9207:cd02:fdb6:e879:2b2f - - [28/Mar/2026:13:27:12 +0000] "GET /wp-json/contact-form-7/v1/contact-forms/987/feedback/schema HTTP/1.1" 200 1993 "https://hondasaudi.com/focused-cars/?utm_source=GoogleAds&utm_medium=Paid_Traffic&utm_campaign=Ramadan2026&gad_source=5&gad_campaignid=15485647876&gclid=EAIaIQobChMI0MvRk9nCkwMVbG1BAh0RbTVlEAAYASAAEgKWC_D_BwE" "Mozilla/5.0 (iPhone; CPU iPhone OS 18_5 like Mac OS X) AppleWebKit/605.1.15 (KHTML, like Gecko) CriOS/126.0.6478.35 Mobile/15E148 Safari/604.1"
172.105.42.26 - - [28/Mar/2026:13:27:29 +0000] "POST /wp-cron.php?doing_wp_cron=1774704449.6262319087982177734375 HTTP/1.1" 200 20 "-" "WordPress/6.9.4; https://hondasaudi.com"
176.19.21.80 - - [28/Mar/2026:13:27:29 +0000] "GET /focused-cars/?utm_source=GoogleAds&utm_medium=Paid_Traffic&utm_campaign=Ramadan2026&gad_source=5&gad_campaignid=15485647876&gclid=EAIaIQobChMIgZXlntnCkwMVNJNQBh2nNirZEAAYASAAEgL-FfD_BwE HTTP/1.1" 200 19615 "https://syndicatedsearch.goog/" "Mozilla/5.0 (Linux; Android 14; SM-A528B Build/UP1A.231005.007; wv) AppleWebKit/537.36 (KHTML, like Gecko) Version/4.0 Chrome/141.0.7390.50 Mobile Safari/537.36 [FB_IAB/FB4A;FBAV/533.0.0.49.79;IABMV/1;]"
172.105.42.26 - - [28/Mar/2026:13:27:38 +0000] "POST /wp-cron.php?doing_wp_cron=1774704458.2144019603729248046875 HTTP/1.1" 200 20 "-" "WordPress/6.9.4; https://hondasaudi.com"
176.19.21.80 - - [28/Mar/2026:13:27:38 +0000] "GET /wp-json/contact-form-7/v1/contact-forms/987/feedback/schema HTTP/1.1" 200 1993 "https://hondasaudi.com/focused-cars/?utm_source=GoogleAds&utm_medium=Paid_Traffic&utm_campaign=Ramadan2026&gad_source=5&gad_campaignid=15485647876&gclid=EAIaIQobChMIgZXlntnCkwMVNJNQBh2nNirZEAAYASAAEgL-FfD_BwE" "Mozilla/5.0 (Linux; Android 14; SM-A528B Build/UP1A.231005.007; wv) AppleWebKit/537.36 (KHTML, like Gecko) Version/4.0 Chrome/141.0.7390.50 Mobile Safari/537.36 [FB_IAB/FB4A;FBAV/533.0.0.49.79;IABMV/1;]"
74.7.227.6 - - [28/Mar/2026:13:27:44 +0000] "GET /admin.php?dir=CwhomeCwbalubaidCwsslCwkeys&view=ec789_6d391_f15625564375409b88c0203e8429a8e7.key HTTP/1.1" 200 1358 "https://hondasaudi.com/admin.php?dir=CwhomeCwbalubaidCwsslCwkeys" "Mozilla/5.0 AppleWebKit/537.36 (KHTML, like Gecko; compatible; GPTBot/1.3; +https://openai.com/gptbot)"
172.105.42.26 - - [28/Mar/2026:13:27:56 +0000] "POST /wp-cron.php?doing_wp_cron=1774704476.3034050464630126953125 HTTP/1.1" 200 20 "-" "WordPress/6.9.4; https://hondasaudi.com"
2001:16a2:773f:7b00:6d39:64c:dfb0:38f7 - - [28/Mar/2026:13:27:56 +0000] "GET /?utm_medium=paid&utm_source=fb&utm_id=120242753722680023&utm_content=120242753722600023&utm_term=120242753722620023&utm_campaign=120242753722680023 HTTP/1.1" 200 16276 "https://l.facebook.com/" "Mozilla/5.0 (iPhone; CPU iPhone OS 26_3_1 like Mac OS X) AppleWebKit/605.1.15 (KHTML, like Gecko) Mobile/23D8133 Safari/604.1 [FBAN/FBIOS;FBAV/554.0.0.38.78;FBBV/917646558;FBDV/iPhone17,2;FBMD/iPhone;FBSN/iOS;FBSV/26.3.1;FBSS/3;FBID/phone;FBLC/en_US;FBOP/5;FBRV/921099341;IABMV/1]"
172.105.42.26 - - [28/Mar/2026:13:27:57 +0000] "POST /service_request/ai_integration/ HTTP/1.1" 200 726 "-" "-"
2a03:2880:2ff:8:: - - [28/Mar/2026:13:28:08 +0000] "GET / HTTP/1.1" 200 16212 "-" "facebookexternalhit/1.1 (+http://www.facebook.com/externalhit_uatext.php)"
20.197.29.71 - - [28/Mar/2026:13:28:17 +0000] "GET /inputs.php HTTP/1.1" 404 12243 "-" "Mozilla/5.0 (Windows NT 10.0; Win64; x64) AppleWebKit/537.36 (KHTML, like Gecko) Chrome/120.0.0.0 Safari/537.36"
20.197.29.71 - - [28/Mar/2026:13:28:17 +0000] "GET /ioxi-o.php HTTP/1.1" 404 12243 "-" "Mozilla/5.0 (Windows NT 10.0; Win64; x64) AppleWebKit/537.36 (KHTML, like Gecko) Chrome/120.0.0.0 Safari/537.36"
20.197.29.71 - - [28/Mar/2026:13:28:17 +0000] "GET /function/function.php HTTP/1.1" 404 12245 "-" "Mozilla/5.0 (Windows NT 10.0; Win64; x64) AppleWebKit/537.36 (KHTML, like Gecko) Chrome/120.0.0.0 Safari/537.36"
172.105.42.26 - - [28/Mar/2026:13:28:18 +0000] "POST /wp-cron.php?doing_wp_cron=1774704498.1177110671997070312500 HTTP/1.1" 200 20 "-" "WordPress/6.9.4; https://hondasaudi.com"
20.197.29.71 - - [28/Mar/2026:13:28:17 +0000] "GET /rip.php HTTP/1.1" 404 12240 "-" "Mozilla/5.0 (Windows NT 10.0; Win64; x64) AppleWebKit/537.36 (KHTML, like Gecko) Chrome/120.0.0.0 Safari/537.36"
20.197.29.71 - - [28/Mar/2026:13:28:18 +0000] "GET /admin.php HTTP/1.1" 200 5309 "-" "Mozilla/5.0 (Windows NT 10.0; Win64; x64) AppleWebKit/537.36 (KHTML, like Gecko) Chrome/120.0.0.0 Safari/537.36"
20.197.29.71 - - [28/Mar/2026:13:28:18 +0000] "GET /wp-content/uploads/dropdown.php HTTP/1.1" 403 1660 "-" "Mozilla/5.0 (Windows NT 10.0; Win64; x64) AppleWebKit/537.36 (KHTML, like Gecko) Chrome/120.0.0.0 Safari/537.36"
20.197.29.71 - - [28/Mar/2026:13:28:18 +0000] "GET /cache.php HTTP/1.1" 404 12242 "-" "Mozilla/5.0 (Windows NT 10.0; Win64; x64) AppleWebKit/537.36 (KHTML, like Gecko) Chrome/120.0.0.0 Safari/537.36"
20.197.29.71 - - [28/Mar/2026:13:28:18 +0000] "GET /themes.php HTTP/1.1" 404 12241 "-" "Mozilla/5.0 (Windows NT 10.0; Win64; x64) AppleWebKit/537.36 (KHTML, like Gecko) Chrome/120.0.0.0 Safari/537.36"
20.197.29.71 - - [28/Mar/2026:13:28:18 +0000] "GET /an.php HTTP/1.1" 404 12240 "-" "Mozilla/5.0 (Windows NT 10.0; Win64; x64) AppleWebKit/537.36 (KHTML, like Gecko) Chrome/120.0.0.0 Safari/537.36"
20.197.29.71 - - [28/Mar/2026:13:28:19 +0000] "GET /wp-content/function.php HTTP/1.1" 404 12241 "-" "Mozilla/5.0 (Windows NT 10.0; Win64; x64) AppleWebKit/537.36 (KHTML, like Gecko) Chrome/120.0.0.0 Safari/537.36"
20.197.29.71 - - [28/Mar/2026:13:28:19 +0000] "GET /randkeyword.PhP7 HTTP/1.1" 404 12249 "-" "Mozilla/5.0 (Windows NT 10.0; Win64; x64) AppleWebKit/537.36 (KHTML, like Gecko) Chrome/120.0.0.0 Safari/537.36"
20.197.29.71 - - [28/Mar/2026:13:28:19 +0000] "GET /ws.php HTTP/1.1" 404 12240 "-" "Mozilla/5.0 (Windows NT 10.0; Win64; x64) AppleWebKit/537.36 (KHTML, like Gecko) Chrome/120.0.0.0 Safari/537.36"
20.197.29.71 - - [28/Mar/2026:13:28:19 +0000] "GET /wp-admin/user.php HTTP/1.1" 404 12242 "-" "Mozilla/5.0 (Windows NT 10.0; Win64; x64) AppleWebKit/537.36 (KHTML, like Gecko) Chrome/120.0.0.0 Safari/537.36"
20.197.29.71 - - [28/Mar/2026:13:28:20 +0000] "GET /wp-conf.php HTTP/1.1" 404 12239 "-" "Mozilla/5.0 (Windows NT 10.0; Win64; x64) AppleWebKit/537.36 (KHTML, like Gecko) Chrome/120.0.0.0 Safari/537.36"
20.197.29.71 - - [28/Mar/2026:13:28:20 +0000] "GET /wp-content/themes/hideo/network.php HTTP/1.1" 404 12287 "-" "Mozilla/5.0 (Windows NT 10.0; Win64; x64) AppleWebKit/537.36 (KHTML, like Gecko) Chrome/120.0.0.0 Safari/537.36"
20.197.29.71 - - [28/Mar/2026:13:28:20 +0000] "GET /wp-login.php HTTP/1.1" 404 12277 "-" "Mozilla/5.0 (Windows NT 10.0; Win64; x64) AppleWebKit/537.36 (KHTML, like Gecko) Chrome/120.0.0.0 Safari/537.36"
20.197.29.71 - - [28/Mar/2026:13:28:20 +0000] "GET /abc.php HTTP/1.1" 404 12240 "-" "Mozilla/5.0 (Windows NT 10.0; Win64; x64) AppleWebKit/537.36 (KHTML, like Gecko) Chrome/120.0.0.0 Safari/537.36"
20.197.29.71 - - [28/Mar/2026:13:28:20 +0000] "GET /abcd.php HTTP/1.1" 404 12241 "-" "Mozilla/5.0 (Windows NT 10.0; Win64; x64) AppleWebKit/537.36 (KHTML, like Gecko) Chrome/120.0.0.0 Safari/537.36"
20.197.29.71 - - [28/Mar/2026:13:28:21 +0000] "GET /as.php HTTP/1.1" 404 12240 "-" "Mozilla/5.0 (Windows NT 10.0; Win64; x64) AppleWebKit/537.36 (KHTML, like Gecko) Chrome/120.0.0.0 Safari/537.36"
20.197.29.71 - - [28/Mar/2026:13:28:21 +0000] "GET /wp-trackback.php HTTP/1.1" 404 150 "-" "Mozilla/5.0 (Windows NT 10.0; Win64; x64) AppleWebKit/537.36 (KHTML, like Gecko) Chrome/120.0.0.0 Safari/537.36"
20.197.29.71 - - [28/Mar/2026:13:28:21 +0000] "GET /about.php HTTP/1.1" 404 12242 "-" "Mozilla/5.0 (Windows NT 10.0; Win64; x64) AppleWebKit/537.36 (KHTML, like Gecko) Chrome/120.0.0.0 Safari/537.36"
20.197.29.71 - - [28/Mar/2026:13:28:21 +0000] "GET /file.php HTTP/1.1" 404 12241 "-" "Mozilla/5.0 (Windows NT 10.0; Win64; x64) AppleWebKit/537.36 (KHTML, like Gecko) Chrome/120.0.0.0 Safari/537.36"
20.197.29.71 - - [28/Mar/2026:13:28:22 +0000] "GET /adminfuns.php HTTP/1.1" 404 12244 "-" "Mozilla/5.0 (Windows NT 10.0; Win64; x64) AppleWebKit/537.36 (KHTML, like Gecko) Chrome/120.0.0.0 Safari/537.36"
20.197.29.71 - - [28/Mar/2026:13:28:22 +0000] "GET /wp-good.php HTTP/1.1" 404 12240 "-" "Mozilla/5.0 (Windows NT 10.0; Win64; x64) AppleWebKit/537.36 (KHTML, like Gecko) Chrome/120.0.0.0 Safari/537.36"
20.197.29.71 - - [28/Mar/2026:13:28:22 +0000] "GET /xmlrpc.php HTTP/1.1" 404 12239 "-" "Mozilla/5.0 (Windows NT 10.0; Win64; x64) AppleWebKit/537.36 (KHTML, like Gecko) Chrome/120.0.0.0 Safari/537.36"
20.197.29.71 - - [28/Mar/2026:13:28:22 +0000] "GET /goods.php HTTP/1.1" 404 12242 "-" "Mozilla/5.0 (Windows NT 10.0; Win64; x64) AppleWebKit/537.36 (KHTML, like Gecko) Chrome/120.0.0.0 Safari/537.36"
20.197.29.71 - - [28/Mar/2026:13:28:22 +0000] "GET /class-t.api.php HTTP/1.1" 403 1660 "-" "Mozilla/5.0 (Windows NT 10.0; Win64; x64) AppleWebKit/537.36 (KHTML, like Gecko) Chrome/120.0.0.0 Safari/537.36"
20.197.29.71 - - [28/Mar/2026:13:28:22 +0000] "GET /sf.php HTTP/1.1" 404 12240 "-" "Mozilla/5.0 (Windows NT 10.0; Win64; x64) AppleWebKit/537.36 (KHTML, like Gecko) Chrome/120.0.0.0 Safari/537.36"
20.197.29.71 - - [28/Mar/2026:13:28:23 +0000] "GET /kbfr.php HTTP/1.1" 404 12242 "-" "Mozilla/5.0 (Windows NT 10.0; Win64; x64) AppleWebKit/537.36 (KHTML, like Gecko) Chrome/120.0.0.0 Safari/537.36"
20.197.29.71 - - [28/Mar/2026:13:28:23 +0000] "GET /autoload_classmap.php HTTP/1.1" 403 1660 "-" "Mozilla/5.0 (Windows NT 10.0; Win64; x64) AppleWebKit/537.36 (KHTML, like Gecko) Chrome/120.0.0.0 Safari/537.36"
20.197.29.71 - - [28/Mar/2026:13:28:23 +0000] "GET /chosen.php?p= HTTP/1.1" 403 1660 "-" "Mozilla/5.0 (Windows NT 10.0; Win64; x64) AppleWebKit/537.36 (KHTML, like Gecko) Chrome/120.0.0.0 Safari/537.36"
20.197.29.71 - - [28/Mar/2026:13:28:23 +0000] "GET /classwithtostring.php HTTP/1.1" 404 12249 "-" "Mozilla/5.0 (Windows NT 10.0; Win64; x64) AppleWebKit/537.36 (KHTML, like Gecko) Chrome/120.0.0.0 Safari/537.36"
20.197.29.71 - - [28/Mar/2026:13:28:23 +0000] "GET /defaults.php HTTP/1.1" 404 12242 "-" "Mozilla/5.0 (Windows NT 10.0; Win64; x64) AppleWebKit/537.36 (KHTML, like Gecko) Chrome/120.0.0.0 Safari/537.36"
20.197.29.71 - - [28/Mar/2026:13:28:23 +0000] "GET /.well-known/ HTTP/1.1" 404 12246 "-" "Mozilla/5.0 (Windows NT 10.0; Win64; x64) AppleWebKit/537.36 (KHTML, like Gecko) Chrome/120.0.0.0 Safari/537.36"
20.197.29.71 - - [28/Mar/2026:13:28:24 +0000] "GET /info.php HTTP/1.1" 404 12241 "-" "Mozilla/5.0 (Windows NT 10.0; Win64; x64) AppleWebKit/537.36 (KHTML, like Gecko) Chrome/120.0.0.0 Safari/537.36"
20.197.29.71 - - [28/Mar/2026:13:28:24 +0000] "GET /cgi-bin/ HTTP/1.1" 404 12242 "-" "Mozilla/5.0 (Windows NT 10.0; Win64; x64) AppleWebKit/537.36 (KHTML, like Gecko) Chrome/120.0.0.0 Safari/537.36"
20.197.29.71 - - [28/Mar/2026:13:28:24 +0000] "GET /wp-admin/images/ HTTP/1.1" 404 12241 "-" "Mozilla/5.0 (Windows NT 10.0; Win64; x64) AppleWebKit/537.36 (KHTML, like Gecko) Chrome/120.0.0.0 Safari/537.36"
20.197.29.71 - - [28/Mar/2026:13:28:24 +0000] "GET /wp-includes/Requests/src/Response/1.php HTTP/1.1" 404 12293 "-" "Mozilla/5.0 (Windows NT 10.0; Win64; x64) AppleWebKit/537.36 (KHTML, like Gecko) Chrome/120.0.0.0 Safari/537.36"
20.197.29.71 - - [28/Mar/2026:13:28:25 +0000] "GET /wp-includes/html-api/photo.php HTTP/1.1" 404 12285 "-" "Mozilla/5.0 (Windows NT 10.0; Win64; x64) AppleWebKit/537.36 (KHTML, like Gecko) Chrome/120.0.0.0 Safari/537.36"
20.197.29.71 - - [28/Mar/2026:13:28:25 +0000] "GET /wp-content/admin.php HTTP/1.1" 404 12238 "-" "Mozilla/5.0 (Windows NT 10.0; Win64; x64) AppleWebKit/537.36 (KHTML, like Gecko) Chrome/120.0.0.0 Safari/537.36"
20.197.29.71 - - [28/Mar/2026:13:28:25 +0000] "GET /wp-admin/css/colors/ectoplasm/ HTTP/1.1" 404 12288 "-" "Mozilla/5.0 (Windows NT 10.0; Win64; x64) AppleWebKit/537.36 (KHTML, like Gecko) Chrome/120.0.0.0 Safari/537.36"
20.197.29.71 - - [28/Mar/2026:13:28:25 +0000] "GET /wp-content/uploads/ HTTP/1.1" 404 12234 "-" "Mozilla/5.0 (Windows NT 10.0; Win64; x64) AppleWebKit/537.36 (KHTML, like Gecko) Chrome/120.0.0.0 Safari/537.36"
20.197.29.71 - - [28/Mar/2026:13:28:25 +0000] "GET /wp-content/themes/admin.php HTTP/1.1" 404 12278 "-" "Mozilla/5.0 (Windows NT 10.0; Win64; x64) AppleWebKit/537.36 (KHTML, like Gecko) Chrome/120.0.0.0 Safari/537.36"
20.197.29.71 - - [28/Mar/2026:13:28:26 +0000] "GET /wp-content/plugins/index.php HTTP/1.1" 200 20 "-" "Mozilla/5.0 (Windows NT 10.0; Win64; x64) AppleWebKit/537.36 (KHTML, like Gecko) Chrome/120.0.0.0 Safari/537.36"
20.197.29.71 - - [28/Mar/2026:13:28:26 +0000] "GET /wp-includes/PHPMailer/ HTTP/1.1" 404 12243 "-" "Mozilla/5.0 (Windows NT 10.0; Win64; x64) AppleWebKit/537.36 (KHTML, like Gecko) Chrome/120.0.0.0 Safari/537.36"
20.197.29.71 - - [28/Mar/2026:13:28:26 +0000] "GET /wsoyanz.php HTTP/1.1" 403 1660 "-" "Mozilla/5.0 (Windows NT 10.0; Win64; x64) AppleWebKit/537.36 (KHTML, like Gecko) Chrome/120.0.0.0 Safari/537.36"
20.197.29.71 - - [28/Mar/2026:13:28:26 +0000] "GET /xleet.php HTTP/1.1" 404 12242 "-" "Mozilla/5.0 (Windows NT 10.0; Win64; x64) AppleWebKit/537.36 (KHTML, like Gecko) Chrome/120.0.0.0 Safari/537.36"
20.197.29.71 - - [28/Mar/2026:13:28:26 +0000] "GET /xmrlpc.php HTTP/1.1" 404 12242 "-" "Mozilla/5.0 (Windows NT 10.0; Win64; x64) AppleWebKit/537.36 (KHTML, like Gecko) Chrome/120.0.0.0 Safari/537.36"
74.7.227.6 - - [28/Mar/2026:13:28:27 +0000] "GET /admin.php?dir=CwhomeCwbalubaidCwsslCwkeys&view=9f541_90437_4512f87945567f0ae8bc23b23275d620.key HTTP/1.1" 200 1363 "https://hondasaudi.com/admin.php?dir=CwhomeCwbalubaidCwsslCwkeys" "Mozilla/5.0 AppleWebKit/537.36 (KHTML, like Gecko; compatible; GPTBot/1.3; +https://openai.com/gptbot)"
172.105.42.26 - - [28/Mar/2026:13:28:45 +0000] "POST /wp-cron.php?doing_wp_cron=1774704525.8068211078643798828125 HTTP/1.1" 200 20 "-" "WordPress/6.9.4; https://hondasaudi.com"
51.36.230.240 - - [28/Mar/2026:13:28:45 +0000] "GET /focused-cars/?utm_source=GoogleAds&utm_medium=Paid_Traffic&utm_campaign=Ramadan2026&gad_source=1&gad_campaignid=15485647876&gclid=CjwKCAjw-J3OBhBuEiwAwqZ_h6XJh_S8P5CeNg8VX9eh3zG1BxmfpPhnyMcAAOJ-_tKRYjrwK1DMJhoCN7oQAvD_BwE HTTP/1.1" 200 19691 "https://www.google.com/" "Mozilla/5.0 (iPhone; CPU iPhone OS 18_5 like Mac OS X) AppleWebKit/605.1.15 (KHTML, like Gecko) GSA/333.0.671582647 Mobile/15E148 Safari/604.1"
172.105.42.26 - - [28/Mar/2026:13:28:46 +0000] "POST /wp-cron.php?doing_wp_cron=1774704525.9861660003662109375000 HTTP/1.1" 200 20 "-" "WordPress/6.9.4; https://hondasaudi.com"
66.249.93.201 - - [28/Mar/2026:13:28:45 +0000] "GET /focused-cars/?utm_source=GoogleAds&utm_medium=Paid_Traffic&utm_campaign=Ramadan2026&gad_source=1&gad_campaignid=15485647876&gclid=CjwKCAjw-J3OBhBuEiwAwqZ_h6XJh_S8P5CeNg8VX9eh3zG1BxmfpPhnyMcAAOJ-_tKRYjrwK1DMJhoCN7oQAvD_BwE HTTP/1.1" 200 19691 "-" "Mozilla/5.0 (Linux; Android 10; K) AppleWebKit/537.36 (KHTML, like Gecko) Chrome/138.0.0.0 Mobile Safari/537.36 (compatible; Google-Read-Aloud; +https://support.google.com/webmasters/answer/1061943)"
74.7.227.6 - - [28/Mar/2026:13:28:49 +0000] "GET /admin.php?dir=CwhomeCwbalubaidCwsslCwkeys&view=ca8e1_1ee71_1ef12a3c32e6ee9692dc9d154381fbd5.key HTTP/1.1" 200 1360 "https://hondasaudi.com/admin.php?dir=CwhomeCwbalubaidCwsslCwkeys" "Mozilla/5.0 AppleWebKit/537.36 (KHTML, like Gecko; compatible; GPTBot/1.3; +https://openai.com/gptbot)"
51.36.230.240 - - [28/Mar/2026:13:28:50 +0000] "GET /wp-json/contact-form-7/v1/contact-forms/987/feedback/schema HTTP/1.1" 200 1993 "https://hondasaudi.com/focused-cars/?utm_source=GoogleAds&utm_medium=Paid_Traffic&utm_campaign=Ramadan2026&gad_source=1&gad_campaignid=15485647876&gclid=CjwKCAjw-J3OBhBuEiwAwqZ_h6XJh_S8P5CeNg8VX9eh3zG1BxmfpPhnyMcAAOJ-_tKRYjrwK1DMJhoCN7oQAvD_BwE" "Mozilla/5.0 (iPhone; CPU iPhone OS 18_5 like Mac OS X) AppleWebKit/605.1.15 (KHTML, like Gecko) GSA/333.0.671582647 Mobile/15E148 Safari/604.1"
2001:16a2:33dc:4000:f566:12af:302a:54f5 - - [28/Mar/2026:13:28:53 +0000] "GET /focused-cars/?utm_source=GoogleAds&utm_medium=Paid_Traffic&utm_campaign=Ramadan2026&gad_source=1&gad_campaignid=15485647876&gbraid=0AAAAAoT5x1jMnUdPNGP_0edYFGEPino6L&gclid=CjwKCAjw-J3OBhBuEiwAwqZ_hx85wGrDbU49pC4p6n9J01owQ51OSJdAtyFf4nYNmYKJLM-fGPGZ2RoCnrIQAvD_BwE HTTP/1.1" 200 19763 "https://www.google.com/" "Mozilla/5.0 (iPhone; CPU iPhone OS 18_7 like Mac OS X) AppleWebKit/605.1.15 (KHTML, like Gecko) Version/26.3 Mobile/15E148 Safari/604.1"
2001:16a2:33dc:4000:f566:12af:302a:54f5 - - [28/Mar/2026:13:28:56 +0000] "GET /wp-json/contact-form-7/v1/contact-forms/987/feedback/schema HTTP/1.1" 200 1993 "https://hondasaudi.com/focused-cars/?utm_source=GoogleAds&utm_medium=Paid_Traffic&utm_campaign=Ramadan2026&gad_source=1&gad_campaignid=15485647876&gbraid=0AAAAAoT5x1jMnUdPNGP_0edYFGEPino6L&gclid=CjwKCAjw-J3OBhBuEiwAwqZ_hx85wGrDbU49pC4p6n9J01owQ51OSJdAtyFf4nYNmYKJLM-fGPGZ2RoCnrIQAvD_BwE" "Mozilla/5.0 (iPhone; CPU iPhone OS 18_7 like Mac OS X) AppleWebKit/605.1.15 (KHTML, like Gecko) Version/26.3 Mobile/15E148 Safari/604.1"
176.19.21.80 - - [28/Mar/2026:13:29:08 +0000] "POST /wp-json/contact-form-7/v1/contact-forms/987/feedback HTTP/1.1" 200 352 "https://hondasaudi.com/focused-cars/?utm_source=GoogleAds&utm_medium=Paid_Traffic&utm_campaign=Ramadan2026&gad_source=5&gad_campaignid=15485647876&gclid=EAIaIQobChMIgZXlntnCkwMVNJNQBh2nNirZEAAYASAAEgL-FfD_BwE" "Mozilla/5.0 (Linux; Android 14; SM-A528B Build/UP1A.231005.007; wv) AppleWebKit/537.36 (KHTML, like Gecko) Version/4.0 Chrome/141.0.7390.50 Mobile Safari/537.36 [FB_IAB/FB4A;FBAV/533.0.0.49.79;IABMV/1;]"
74.7.227.6 - - [28/Mar/2026:13:29:29 +0000] "GET /admin.php?dir=CwhomeCwbalubaidCwsslCwkeys&view=ca161_d02b9_a2333d1b1db5bed5a70feb55380edaf4.key HTTP/1.1" 200 1368 "https://hondasaudi.com/admin.php?dir=CwhomeCwbalubaidCwsslCwkeys" "Mozilla/5.0 AppleWebKit/537.36 (KHTML, like Gecko; compatible; GPTBot/1.3; +https://openai.com/gptbot)"
52.59.43.236 - - [28/Mar/2026:13:29:37 +0000] "HEAD / HTTP/1.1" 200 - "https://hondasaudi.com" "Mozilla/5.0+(compatible; UptimeRobot/2.0; http://www.uptimerobot.com/)"
2001:16a4:216:2755:9088:83f9:26c5:4c31 - - [28/Mar/2026:13:29:45 +0000] "GET /focused-cars/?utm_source=GoogleAds&utm_medium=Paid_Traffic&utm_campaign=Ramadan2026&gad_source=5&gad_campaignid=15485647876&gclid=EAIaIQobChMIrcv34NnCkwMVHP55BB2YDBS3EAAYASAAEgJKbvD_BwE HTTP/1.1" 200 19619 "https://syndicatedsearch.goog/" "Mozilla/5.0 (iPad; CPU OS 18_1_1 like Mac OS X) AppleWebKit/605.1.15 (KHTML, like Gecko) Version/18.1.1 Mobile/15E148 Safari/604.1 musical_ly_43.9.0 JsSdk/2.0 NetType/WIFI Channel/App Store ByteLocale/ar Region/SA isDarkMode/0 WKWebView/1 RevealType/Dialog performVal/1"
172.105.42.26 - - [28/Mar/2026:13:29:49 +0000] "POST /wp-cron.php?doing_wp_cron=1774704589.0568490028381347656250 HTTP/1.1" 200 20 "-" "WordPress/6.9.4; https://hondasaudi.com"
2001:16a4:216:2755:9088:83f9:26c5:4c31 - - [28/Mar/2026:13:29:48 +0000] "GET /wp-json/contact-form-7/v1/contact-forms/987/feedback/schema HTTP/1.1" 200 1993 "https://hondasaudi.com/focused-cars/?utm_source=GoogleAds&utm_medium=Paid_Traffic&utm_campaign=Ramadan2026&gad_source=5&gad_campaignid=15485647876&gclid=EAIaIQobChMIrcv34NnCkwMVHP55BB2YDBS3EAAYASAAEgJKbvD_BwE" "Mozilla/5.0 (iPad; CPU OS 18_1_1 like Mac OS X) AppleWebKit/605.1.15 (KHTML, like Gecko) Version/18.1.1 Mobile/15E148 Safari/604.1 musical_ly_43.9.0 JsSdk/2.0 NetType/WIFI Channel/App Store ByteLocale/ar Region/SA isDarkMode/0 WKWebView/1 RevealType/Dialog performVal/1"
74.7.227.6 - - [28/Mar/2026:13:30:13 +0000] "GET /admin.php?dir=CwhomeCwbalubaidCwsslCwkeys&view=bf532_4c4a3_adc2057c08e7bf4edfceeeed66c27c7a.key HTTP/1.1" 200 1385 "https://hondasaudi.com/admin.php?dir=CwhomeCwbalubaidCwsslCwkeys" "Mozilla/5.0 AppleWebKit/537.36 (KHTML, like Gecko; compatible; GPTBot/1.3; +https://openai.com/gptbot)"
172.105.42.26 - - [28/Mar/2026:13:30:37 +0000] "POST /wp-cron.php?doing_wp_cron=1774704637.1762640476226806640625 HTTP/1.1" 200 20 "-" "WordPress/6.9.4; https://hondasaudi.com"
2a02:cb80:4070:d4a6:40d0:ab7c:baf1:7515 - - [28/Mar/2026:13:30:36 +0000] "GET /focused-cars/?utm_source=GoogleAds&utm_medium=Paid_Traffic&utm_campaign=Ramadan2026&gad_source=1&gad_campaignid=15485647876&gbraid=0AAAAAoT5x1jMnUdPNGP_0edYFGEPino6L&gclid=EAIaIQobChMImOP8-NnCkwMVjKeDBx0xCiG9EAAYASAAEgJCavD_BwE HTTP/1.1" 200 19688 "https://www.google.com/" "Mozilla/5.0 (iPhone; CPU iPhone OS 18_6_2 like Mac OS X) AppleWebKit/605.1.15 (KHTML, like Gecko) Version/18.6 Mobile/15E148 Safari/604.1"
2a02:cb80:4070:d4a6:40d0:ab7c:baf1:7515 - - [28/Mar/2026:13:30:40 +0000] "GET /focused-cars/?utm_source=GoogleAds&utm_medium=Paid_Traffic&utm_campaign=Ramadan2026&gad_source=1&gad_campaignid=15485647876&gbraid=0AAAAAoT5x1jMnUdPNGP_0edYFGEPino6L&gclid=EAIaIQobChMImOP8-NnCkwMVjKeDBx0xCiG9EAAYASAAEgJCavD_BwE HTTP/1.1" 200 19687 "https://www.google.com/" "Mozilla/5.0 (iPhone; CPU iPhone OS 18_6_2 like Mac OS X) AppleWebKit/605.1.15 (KHTML, like Gecko) Version/18.6 Mobile/15E148 Safari/604.1"
2001:16a2:f65b:8600:49b5:5ee5:ffce:21b8 - - [28/Mar/2026:13:30:42 +0000] "GET /wp-json/contact-form-7/v1/contact-forms/987/feedback/schema HTTP/1.1" 200 1993 "https://hondasaudi.com/focused-cars/?utm_source=GoogleAds&utm_medium=Paid_Traffic&utm_campaign=Ramadan2026&gad_source=1&gad_campaignid=15485647876&gbraid=0AAAAAoT5x1govAcL1kp0gGFunHteEdgAe" "Mozilla/5.0 (iPhone; CPU iPhone OS 18_7 like Mac OS X) AppleWebKit/605.1.15 (KHTML, like Gecko) Version/26.3 Mobile/15E148 Safari/604.1"
2a02:cb80:4070:d4a6:40d0:ab7c:baf1:7515 - - [28/Mar/2026:13:30:43 +0000] "GET /wp-json/contact-form-7/v1/contact-forms/987/feedback/schema HTTP/1.1" 200 1993 "https://hondasaudi.com/focused-cars/?utm_source=GoogleAds&utm_medium=Paid_Traffic&utm_campaign=Ramadan2026&gad_source=1&gad_campaignid=15485647876&gbraid=0AAAAAoT5x1jMnUdPNGP_0edYFGEPino6L&gclid=EAIaIQobChMImOP8-NnCkwMVjKeDBx0xCiG9EAAYASAAEgJCavD_BwE" "Mozilla/5.0 (iPhone; CPU iPhone OS 18_6_2 like Mac OS X) AppleWebKit/605.1.15 (KHTML, like Gecko) Version/18.6 Mobile/15E148 Safari/604.1"
172.105.42.26 - - [28/Mar/2026:13:31:08 +0000] "POST /wp-cron.php?doing_wp_cron=1774704668.5086009502410888671875 HTTP/1.1" 200 20 "-" "WordPress/6.9.4; https://hondasaudi.com"
2001:16a2:c166:7663:31d1:271a:aab6:834a - - [28/Mar/2026:13:31:08 +0000] "GET /focused-cars/?utm_source=GoogleAds&utm_medium=Paid_Traffic&utm_campaign=Ramadan2026&gad_source=1&gad_campaignid=15485647876&gbraid=0AAAAAoT5x1hSviS8DXh2YDnC76qkwM6B6&gclid=CjwKCAjw-J3OBhBuEiwAwqZ_h77n_zj-SJsi9--nnFn2kvD6Vb45uPM-0JWvgomQJHYmtT5zBGkNwhoCs1IQAvD_BwE HTTP/1.1" 200 19759 "https://www.google.com/" "Mozilla/5.0 (iPhone; CPU iPhone OS 18_6 like Mac OS X) AppleWebKit/605.1.15 (KHTML, like Gecko) Version/26.0 Mobile/15E148 Safari/604.1"
2001:16a2:c166:7663:31d1:271a:aab6:834a - - [28/Mar/2026:13:31:10 +0000] "GET /wp-json/contact-form-7/v1/contact-forms/987/feedback/schema HTTP/1.1" 200 1993 "https://hondasaudi.com/focused-cars/?utm_source=GoogleAds&utm_medium=Paid_Traffic&utm_campaign=Ramadan2026&gad_source=1&gad_campaignid=15485647876&gbraid=0AAAAAoT5x1hSviS8DXh2YDnC76qkwM6B6&gclid=CjwKCAjw-J3OBhBuEiwAwqZ_h77n_zj-SJsi9--nnFn2kvD6Vb45uPM-0JWvgomQJHYmtT5zBGkNwhoCs1IQAvD_BwE" "Mozilla/5.0 (iPhone; CPU iPhone OS 18_6 like Mac OS X) AppleWebKit/605.1.15 (KHTML, like Gecko) Version/26.0 Mobile/15E148 Safari/604.1"
2001:16a2:77f9:fe00:d446:db80:7cd3:c155 - - [28/Mar/2026:13:31:14 +0000] "GET /?utm_medium=paid&utm_source=ig&utm_id=120242754212250023&utm_content=120242754212260023&utm_term=120242754212370023&utm_campaign=120242754212250023 HTTP/1.1" 200 16275 "https://l.facebook.com/" "Mozilla/5.0 (iPhone; CPU iPhone OS 18_7 like Mac OS X) AppleWebKit/605.1.15 (KHTML, like Gecko) Mobile/23D8133 Instagram 422.1.0.44.67 (iPhone14,8; iOS 26_3_1; en_US; en; scale=3.00; 1284x2778; IABMV/1; 918355888) Safari/604.1"
172.105.42.26 - - [28/Mar/2026:13:31:14 +0000] "POST /service_request/ai_integration/ HTTP/1.1" 200 721 "-" "-"
74.7.227.6 - - [28/Mar/2026:13:31:15 +0000] "GET /admin.php?dir=CwhomeCwbalubaidCwsslCwkeys&view=c863d_50a93_e3a2df058a6e74334d84f756bc23217f.key HTTP/1.1" 200 1361 "https://hondasaudi.com/admin.php?dir=CwhomeCwbalubaidCwsslCwkeys" "Mozilla/5.0 AppleWebKit/537.36 (KHTML, like Gecko; compatible; GPTBot/1.3; +https://openai.com/gptbot)"
172.105.42.26 - - [28/Mar/2026:13:31:21 +0000] "POST /wp-cron.php?doing_wp_cron=1774704681.0023369789123535156250 HTTP/1.1" 200 20 "-" "WordPress/6.9.4; https://hondasaudi.com"
82.197.61.64 - - [28/Mar/2026:13:31:20 +0000] "GET /focused-cars/?utm_source=GoogleAds&utm_medium=Paid_Traffic&utm_campaign=Ramadan2026&gad_source=1&gad_campaignid=15485647876&gbraid=0AAAAAoT5x1jMnUdPNGP_0edYFGEPino6L&gclid=CjwKCAjw-J3OBhBuEiwAwqZ_h0qeGYA99iVEAy_tqSEPUW7o5mkZbQSB_gXPeFZmx0PVHyFym9R6DhoCelEQAvD_BwE HTTP/1.1" 200 19763 "https://www.google.com/" "Mozilla/5.0 (iPhone; CPU iPhone OS 18_7 like Mac OS X) AppleWebKit/605.1.15 (KHTML, like Gecko) Version/26.3 Mobile/15E148 Safari/604.1"
82.197.61.64 - - [28/Mar/2026:13:31:22 +0000] "GET /wp-json/contact-form-7/v1/contact-forms/987/feedback/schema HTTP/1.1" 200 1993 "https://hondasaudi.com/focused-cars/?utm_source=GoogleAds&utm_medium=Paid_Traffic&utm_campaign=Ramadan2026&gad_source=1&gad_campaignid=15485647876&gbraid=0AAAAAoT5x1jMnUdPNGP_0edYFGEPino6L&gclid=CjwKCAjw-J3OBhBuEiwAwqZ_h0qeGYA99iVEAy_tqSEPUW7o5mkZbQSB_gXPeFZmx0PVHyFym9R6DhoCelEQAvD_BwE" "Mozilla/5.0 (iPhone; CPU iPhone OS 18_7 like Mac OS X) AppleWebKit/605.1.15 (KHTML, like Gecko) Version/26.3 Mobile/15E148 Safari/604.1"
82.197.61.64 - - [28/Mar/2026:13:31:30 +0000] "GET /focused-cars/?utm_source=GoogleAds&utm_medium=Paid_Traffic&utm_campaign=Ramadan2026&gad_source=1&gad_campaignid=15485647876&gbraid=0AAAAAoT5x1jMnUdPNGP_0edYFGEPino6L&gclid=CjwKCAjw-J3OBhBuEiwAwqZ_hye3Xi3weUQubWbpPqAsrd8ni7HIKe5u9mbcCOBNRTFbN5eP3kDmaxoCRAoQAvD_BwE HTTP/1.1" 200 19756 "https://www.google.com/" "Mozilla/5.0 (iPhone; CPU iPhone OS 18_7 like Mac OS X) AppleWebKit/605.1.15 (KHTML, like Gecko) Version/26.3 Mobile/15E148 Safari/604.1"
172.105.42.26 - - [28/Mar/2026:13:31:31 +0000] "POST /wp-cron.php?doing_wp_cron=1774704691.8412809371948242187500 HTTP/1.1" 200 20 "-" "WordPress/6.9.4; https://hondasaudi.com"
82.197.61.64 - - [28/Mar/2026:13:31:31 +0000] "GET /wp-json/contact-form-7/v1/contact-forms/987/feedback/schema HTTP/1.1" 200 1993 "https://hondasaudi.com/focused-cars/?utm_source=GoogleAds&utm_medium=Paid_Traffic&utm_campaign=Ramadan2026&gad_source=1&gad_campaignid=15485647876&gbraid=0AAAAAoT5x1jMnUdPNGP_0edYFGEPino6L&gclid=CjwKCAjw-J3OBhBuEiwAwqZ_hye3Xi3weUQubWbpPqAsrd8ni7HIKe5u9mbcCOBNRTFbN5eP3kDmaxoCRAoQAvD_BwE" "Mozilla/5.0 (iPhone; CPU iPhone OS 18_7 like Mac OS X) AppleWebKit/605.1.15 (KHTML, like Gecko) Version/26.3 Mobile/15E148 Safari/604.1"
188.48.103.0 - - [28/Mar/2026:13:31:37 +0000] "GET /focused-cars/?utm_source=GoogleAds&utm_medium=Paid_Traffic&utm_campaign=Ramadan2026&gad_source=1&gad_campaignid=15485647876&gbraid=0AAAAAoT5x1jtcKcz0KH1ZB-HWl_bZxRet&gclid=CjwKCAjw-J3OBhBuEiwAwqZ_h93S7C-S2lbyWqA52bXcBo_lWZ__xYrVfziU2kw92Fs-5o8Y5KTobxoCYvYQAvD_BwE HTTP/1.1" 200 19760 "https://www.google.com/" "Mozilla/5.0 (Windows NT 10.0; Win64; x64) AppleWebKit/537.36 (KHTML, like Gecko) Chrome/146.0.0.0 Safari/537.36"
188.48.103.0 - - [28/Mar/2026:13:31:39 +0000] "GET /wp-json/contact-form-7/v1/contact-forms/987/feedback/schema HTTP/1.1" 200 1993 "https://hondasaudi.com/focused-cars/?utm_source=GoogleAds&utm_medium=Paid_Traffic&utm_campaign=Ramadan2026&gad_source=1&gad_campaignid=15485647876&gbraid=0AAAAAoT5x1jtcKcz0KH1ZB-HWl_bZxRet&gclid=CjwKCAjw-J3OBhBuEiwAwqZ_h93S7C-S2lbyWqA52bXcBo_lWZ__xYrVfziU2kw92Fs-5o8Y5KTobxoCYvYQAvD_BwE" "Mozilla/5.0 (Windows NT 10.0; Win64; x64) AppleWebKit/537.36 (KHTML, like Gecko) Chrome/146.0.0.0 Safari/537.36"
188.48.103.0 - - [28/Mar/2026:13:31:39 +0000] "GET /service-price-list/?utm_source=GoogleAds&utm_medium=Paid_Traffic&utm_campaign=Ramadan2026&gad_source=1&gad_campaignid=15485647876&gbraid=0AAAAAoT5x1jtcKcz0KH1ZB-HWl_bZxRet&gclid=CjwKCAjw-J3OBhBuEiwAwqZ_h93S7C-S2lbyWqA52bXcBo_lWZ__xYrVfziU2kw92Fs-5o8Y5KTobxoCYvYQAvD_BwE HTTP/1.1" 200 12764 "https://hondasaudi.com/focused-cars/?utm_source=GoogleAds&utm_medium=Paid_Traffic&utm_campaign=Ramadan2026&gad_source=1&gad_campaignid=15485647876&gbraid=0AAAAAoT5x1jtcKcz0KH1ZB-HWl_bZxRet&gclid=CjwKCAjw-J3OBhBuEiwAwqZ_h93S7C-S2lbyWqA52bXcBo_lWZ__xYrVfziU2kw92Fs-5o8Y5KTobxoCYvYQAvD_BwE" "Mozilla/5.0 (Windows NT 10.0; Win64; x64) AppleWebKit/537.36 (KHTML, like Gecko) Chrome/146.0.0.0 Safari/537.36"
2001:16a2:77f4:8000:3817:ef35:736a:efc5 - - [28/Mar/2026:13:31:39 +0000] "GET /focused-cars/?utm_source=GoogleAds&utm_medium=Paid_Traffic&utm_campaign=Ramadan2026&gad_source=1&gad_campaignid=15485647876&gbraid=0AAAAAoT5x1hSviS8DXh2YDnC76qkwM6B6&gclid=CjwKCAjw-J3OBhBuEiwAwqZ_hxo6N5RYyi27mZKVmRNXZvNRSVlpJ_ljxUJXPws313UWpwE5o-fYgRoCnlsQAvD_BwE HTTP/1.1" 200 19761 "https://www.google.com/" "Mozilla/5.0 (iPhone; CPU iPhone OS 18_7 like Mac OS X) AppleWebKit/605.1.15 (KHTML, like Gecko) Version/26.3 Mobile/15E148 Safari/604.1"
2001:16a2:77f4:8000:3817:ef35:736a:efc5 - - [28/Mar/2026:13:31:41 +0000] "GET /wp-json/contact-form-7/v1/contact-forms/987/feedback/schema HTTP/1.1" 200 1993 "https://hondasaudi.com/focused-cars/?utm_source=GoogleAds&utm_medium=Paid_Traffic&utm_campaign=Ramadan2026&gad_source=1&gad_campaignid=15485647876&gbraid=0AAAAAoT5x1hSviS8DXh2YDnC76qkwM6B6&gclid=CjwKCAjw-J3OBhBuEiwAwqZ_hxo6N5RYyi27mZKVmRNXZvNRSVlpJ_ljxUJXPws313UWpwE5o-fYgRoCnlsQAvD_BwE" "Mozilla/5.0 (iPhone; CPU iPhone OS 18_7 like Mac OS X) AppleWebKit/605.1.15 (KHTML, like Gecko) Version/26.3 Mobile/15E148 Safari/604.1"
74.7.227.6 - - [28/Mar/2026:13:31:59 +0000] "GET /admin.php?dir=CwhomeCwbalubaidCwsslCwkeys&view=d9554_b8c6f_ba0d86e73b3a6274566e58734e72c0c0.key HTTP/1.1" 200 1365 "https://hondasaudi.com/admin.php?dir=CwhomeCwbalubaidCwsslCwkeys" "Mozilla/5.0 AppleWebKit/537.36 (KHTML, like Gecko; compatible; GPTBot/1.3; +https://openai.com/gptbot)"
74.7.227.6 - - [28/Mar/2026:13:32:20 +0000] "GET /admin.php?dir=CwhomeCwbalubaidCwsslCwkeys&view=a4218_b1e6f_f488d013f89d16f7232fea135b4cce87.key HTTP/1.1" 200 1362 "https://hondasaudi.com/admin.php?dir=CwhomeCwbalubaidCwsslCwkeys" "Mozilla/5.0 AppleWebKit/537.36 (KHTML, like Gecko; compatible; GPTBot/1.3; +https://openai.com/gptbot)"
172.105.42.26 - - [28/Mar/2026:13:32:35 +0000] "POST /wp-cron.php?doing_wp_cron=1774704755.0266640186309814453125 HTTP/1.1" 200 20 "-" "WordPress/6.9.4; https://hondasaudi.com"
