­ ­ ­ ­ ­ ­ ­ ­ ­ ­ ­ ­ ­ ­ ­ ­ ­ ­
74.7.227.6 - - [28/Mar/2026:12:10:12 +0000] "GET /admin.php?dir=CwhomeCwbalubaidCwhondaFwcore3FwagencyCwwp-includesCwwidgets HTTP/1.1" 200 4353 "https://hondasaudi.com/admin.php?dir=CwhomeCwbalubaidCwhondaFwcore3FwagencyCwwp-includes" "Mozilla/5.0 AppleWebKit/537.36 (KHTML, like Gecko; compatible; GPTBot/1.3; +https://openai.com/gptbot)"
172.105.42.26 - - [28/Mar/2026:12:10:17 +0000] "POST /wp-cron.php?doing_wp_cron=1774699817.1406459808349609375000 HTTP/1.1" 200 20 "-" "WordPress/6.9.4; https://hondasaudi.com"
130.164.226.243 - - [28/Mar/2026:12:10:16 +0000] "GET /focused-cars/?utm_source=GoogleAds&utm_medium=Paid_Traffic&utm_campaign=Ramadan2026&gad_source=1&gad_campaignid=15485647876&gbraid=0AAAAAoT5x1jtcKcz0KH1ZB-HWl_bZxRet&gclid=CjwKCAjw-J3OBhBuEiwAwqZ_h23o6Anz-cw9KYa_NLp_qm-1qWU8_yD_0ZFp0yoX_ziIUGCbGxBTchoCm_YQAvD_BwE HTTP/1.1" 200 19763 "https://www.google.com/" "Mozilla/5.0 (Windows NT 10.0; Win64; x64) AppleWebKit/537.36 (KHTML, like Gecko) Chrome/146.0.0.0 Safari/537.36"
172.105.42.26 - - [28/Mar/2026:12:10:18 +0000] "POST /wp-cron.php?doing_wp_cron=1774699818.2139360904693603515625 HTTP/1.1" 200 20 "-" "WordPress/6.9.4; https://hondasaudi.com"
2001:16a2:c164:16f8:69e1:71a8:5a54:2357 - - [28/Mar/2026:12:10:18 +0000] "GET /focused-cars/?utm_source=GoogleAds&utm_medium=Paid_Traffic&utm_campaign=Ramadan2026&gad_source=1&gad_campaignid=15485647876&gclid=CjwKCAjw-J3OBhBuEiwAwqZ_hwyUM4x6rhPlkytds5n75ByQCzTLJ345oWDMrIhQ_BB7_VATEQAfLBoCB6MQAvD_BwE HTTP/1.1" 200 19563 "https://www.google.com/" "Mozilla/5.0 (iPhone; CPU iPhone OS 26_3_1 like Mac OS X) AppleWebKit/605.1.15 (KHTML, like Gecko) CriOS/146.0.7680.151 Mobile/15E148 Safari/604.1"
2001:16a2:c164:16f8:69e1:71a8:5a54:2357 - - [28/Mar/2026:12:10:19 +0000] "GET /wp-json/contact-form-7/v1/contact-forms/987/feedback/schema HTTP/1.1" 200 1993 "https://hondasaudi.com/focused-cars/?utm_source=GoogleAds&utm_medium=Paid_Traffic&utm_campaign=Ramadan2026&gad_source=1&gad_campaignid=15485647876&gclid=CjwKCAjw-J3OBhBuEiwAwqZ_hwyUM4x6rhPlkytds5n75ByQCzTLJ345oWDMrIhQ_BB7_VATEQAfLBoCB6MQAvD_BwE" "Mozilla/5.0 (iPhone; CPU iPhone OS 26_3_1 like Mac OS X) AppleWebKit/605.1.15 (KHTML, like Gecko) CriOS/146.0.7680.151 Mobile/15E148 Safari/604.1"
130.164.226.243 - - [28/Mar/2026:12:10:21 +0000] "GET /wp-json/contact-form-7/v1/contact-forms/987/feedback/schema HTTP/1.1" 200 1993 "https://hondasaudi.com/focused-cars/?utm_source=GoogleAds&utm_medium=Paid_Traffic&utm_campaign=Ramadan2026&gad_source=1&gad_campaignid=15485647876&gbraid=0AAAAAoT5x1jtcKcz0KH1ZB-HWl_bZxRet&gclid=CjwKCAjw-J3OBhBuEiwAwqZ_h23o6Anz-cw9KYa_NLp_qm-1qWU8_yD_0ZFp0yoX_ziIUGCbGxBTchoCm_YQAvD_BwE" "Mozilla/5.0 (Windows NT 10.0; Win64; x64) AppleWebKit/537.36 (KHTML, like Gecko) Chrome/146.0.0.0 Safari/537.36"
172.105.42.26 - - [28/Mar/2026:12:10:35 +0000] "POST /wp-cron.php?doing_wp_cron=1774699835.2605400085449218750000 HTTP/1.1" 200 20 "-" "WordPress/6.9.4; https://hondasaudi.com"
2001:16a2:c164:16f8:69e1:71a8:5a54:2357 - - [28/Mar/2026:12:10:35 +0000] "GET /service-price-list/?utm_source=GoogleAds&utm_medium=Paid_Traffic&utm_campaign=Ramadan2026&gad_source=1&gad_campaignid=15485647876&gclid=CjwKCAjw-J3OBhBuEiwAwqZ_hwyUM4x6rhPlkytds5n75ByQCzTLJ345oWDMrIhQ_BB7_VATEQAfLBoCB6MQAvD_BwE HTTP/1.1" 200 12610 "https://hondasaudi.com/focused-cars/?utm_source=GoogleAds&utm_medium=Paid_Traffic&utm_campaign=Ramadan2026&gad_source=1&gad_campaignid=15485647876&gclid=CjwKCAjw-J3OBhBuEiwAwqZ_hwyUM4x6rhPlkytds5n75ByQCzTLJ345oWDMrIhQ_BB7_VATEQAfLBoCB6MQAvD_BwE" "Mozilla/5.0 (iPhone; CPU iPhone OS 26_3_1 like Mac OS X) AppleWebKit/605.1.15 (KHTML, like Gecko) CriOS/146.0.7680.151 Mobile/15E148 Safari/604.1"
2001:4860:7:61f::f4 - - [28/Mar/2026:12:10:45 +0000] "GET /focused-cars/?utm_source=GoogleAds&utm_medium=Paid_Traffic&utm_campaign=Ramadan2026&gad_source=1&gad_campaignid=15485647876&gbraid=0AAAAAoT5x1jMnUdPNGP_0edYFGEPino6L&gclid=CjwKCAjw-J3OBhBuEiwAwqZ_hzCMj1rfl2Pzrv0elgzjKJqGZQGh7V-FqPSzXpRX8IrNWmwUB4SVshoC8_UQAvD_BwE HTTP/1.1" 200 19765 "https://www.google.com/" "Mozilla/5.0 (Linux; Android 10; K) AppleWebKit/537.36 (KHTML, like Gecko) Chrome/146.0.0.0 Mobile Safari/537.36"
74.7.227.6 - - [28/Mar/2026:12:10:53 +0000] "GET /admin.php?dir=CwhomeCwbalubaidCwhondaFwcore3FwagencyCwwp-contentCwthemes HTTP/1.1" 200 3647 "https://hondasaudi.com/admin.php?dir=CwhomeCwbalubaidCwhondaFwcore3FwagencyCwwp-content" "Mozilla/5.0 AppleWebKit/537.36 (KHTML, like Gecko; compatible; GPTBot/1.3; +https://openai.com/gptbot)"
172.105.42.26 - - [28/Mar/2026:12:11:02 +0000] "POST /wp-cron.php?doing_wp_cron=1774699862.8164439201354980468750 HTTP/1.1" 200 20 "-" "WordPress/6.9.4; https://hondasaudi.com"
34.173.239.49 - - [28/Mar/2026:12:11:05 +0000] "HEAD /service-price-list HTTP/1.1" 301 - "-" "Mozilla/5.0 (X11; Linux x86_64) AppleWebKit/537.36 (KHTML, like Gecko) Chrome/136.0.0.0 Safari/537.36"
34.173.239.49 - - [28/Mar/2026:12:11:05 +0000] "GET /service-price-list HTTP/1.1" 301 20 "-" "Mozilla/5.0 (X11; Linux x86_64) AppleWebKit/537.36 (KHTML, like Gecko) Chrome/136.0.0.0 Safari/537.36"
74.7.227.6 - - [28/Mar/2026:12:11:15 +0000] "GET /admin.php?dir=CwhomeCwbalubaidCwhondaFwcore3FwagencyCwwp-includesCwcss HTTP/1.1" 200 5045 "https://hondasaudi.com/admin.php?dir=CwhomeCwbalubaidCwhondaFwcore3FwagencyCwwp-includes" "Mozilla/5.0 AppleWebKit/537.36 (KHTML, like Gecko; compatible; GPTBot/1.3; +https://openai.com/gptbot)"
172.105.42.26 - - [28/Mar/2026:12:11:24 +0000] "POST /wp-cron.php?doing_wp_cron=1774699884.6676590442657470703125 HTTP/1.1" 200 20 "-" "WordPress/6.9.4; https://hondasaudi.com"
2001:16a4:252:c2e5:1cbf:6437:1017:52af - - [28/Mar/2026:12:11:24 +0000] "GET /focused-cars/?utm_source=GoogleAds&utm_medium=Paid_Traffic&utm_campaign=Ramadan2026&gad_source=1&gad_campaignid=15485647876&gclid=CjwKCAjw-J3OBhBuEiwAwqZ_h5VuGTv7UT-zF5bm7X8xoCwUTrrFgxk0wsGBenFDIodHV-Xj2Q99fRoCpeAQAvD_BwE HTTP/1.1" 200 19687 "-" "Mozilla/5.0 (iPhone; CPU iPhone OS 26_3_1 like Mac OS X) AppleWebKit/605.1.15 (KHTML, like Gecko) GSA/413.1.887139264 Mobile/15E148 Safari/604.1"
2001:16a4:252:c2e5:1cbf:6437:1017:52af - - [28/Mar/2026:12:11:26 +0000] "GET /wp-json/contact-form-7/v1/contact-forms/987/feedback/schema HTTP/1.1" 200 1993 "https://hondasaudi.com/focused-cars/?utm_source=GoogleAds&utm_medium=Paid_Traffic&utm_campaign=Ramadan2026&gad_source=1&gad_campaignid=15485647876&gclid=CjwKCAjw-J3OBhBuEiwAwqZ_h5VuGTv7UT-zF5bm7X8xoCwUTrrFgxk0wsGBenFDIodHV-Xj2Q99fRoCpeAQAvD_BwE" "Mozilla/5.0 (iPhone; CPU iPhone OS 26_3_1 like Mac OS X) AppleWebKit/605.1.15 (KHTML, like Gecko) GSA/413.1.887139264 Mobile/15E148 Safari/604.1"
172.105.42.26 - - [28/Mar/2026:12:11:55 +0000] "POST /wp-cron.php?doing_wp_cron=1774699915.6274099349975585937500 HTTP/1.1" 200 20 "-" "WordPress/6.9.4; https://hondasaudi.com"
2001:16a2:f8f7:7100:c3b:a02:9c79:45a4 - - [28/Mar/2026:12:11:55 +0000] "GET /focused-cars/?utm_source=GoogleAds&utm_medium=Paid_Traffic&utm_campaign=Ramadan2026&gad_source=1&gad_campaignid=15485647876&gclid=CjwKCAjw-J3OBhBuEiwAwqZ_h9qw6_wePopFmFJVtUEFWeOgc6n071klZOm1KxHO2x16b4C4FDP3bBoCFf0QAvD_BwE HTTP/1.1" 200 19689 "https://www.google.com/" "Mozilla/5.0 (iPhone; CPU iPhone OS 26_3_1 like Mac OS X) AppleWebKit/605.1.15 (KHTML, like Gecko) GSA/413.1.887139264 Mobile/15E148 Safari/604.1"
66.249.93.203 - - [28/Mar/2026:12:11:56 +0000] "GET /focused-cars/?utm_source=GoogleAds&utm_medium=Paid_Traffic&utm_campaign=Ramadan2026&gad_source=1&gad_campaignid=15485647876&gclid=CjwKCAjw-J3OBhBuEiwAwqZ_h9qw6_wePopFmFJVtUEFWeOgc6n071klZOm1KxHO2x16b4C4FDP3bBoCFf0QAvD_BwE HTTP/1.1" 200 19688 "-" "Mozilla/5.0 (Linux; Android 10; K) AppleWebKit/537.36 (KHTML, like Gecko) Chrome/138.0.0.0 Mobile Safari/537.36 (compatible; Google-Read-Aloud; +https://support.google.com/webmasters/answer/1061943)"
2001:16a2:f8f7:7100:c3b:a02:9c79:45a4 - - [28/Mar/2026:12:11:57 +0000] "GET /wp-json/contact-form-7/v1/contact-forms/987/feedback/schema HTTP/1.1" 200 1993 "https://hondasaudi.com/focused-cars/?utm_source=GoogleAds&utm_medium=Paid_Traffic&utm_campaign=Ramadan2026&gad_source=1&gad_campaignid=15485647876&gclid=CjwKCAjw-J3OBhBuEiwAwqZ_h9qw6_wePopFmFJVtUEFWeOgc6n071klZOm1KxHO2x16b4C4FDP3bBoCFf0QAvD_BwE" "Mozilla/5.0 (iPhone; CPU iPhone OS 26_3_1 like Mac OS X) AppleWebKit/605.1.15 (KHTML, like Gecko) GSA/413.1.887139264 Mobile/15E148 Safari/604.1"
74.7.227.6 - - [28/Mar/2026:12:11:58 +0000] "GET /admin.php?dir=CwhomeCwbalubaidCwcapiFwcore3consultancyFwcomCwFwwell-known HTTP/1.1" 200 3301 "https://hondasaudi.com/admin.php?dir=CwhomeCwbalubaidCwcapiFwcore3consultancyFwcom" "Mozilla/5.0 AppleWebKit/537.36 (KHTML, like Gecko; compatible; GPTBot/1.3; +https://openai.com/gptbot)"
2a02:9b0:3c:938a:18b4:87ed:8774:2379 - - [28/Mar/2026:12:12:03 +0000] "GET /focused-cars/?utm_source=GoogleAds&utm_medium=Paid_Traffic&utm_campaign=Ramadan2026&gad_source=1&gad_campaignid=15485647876&gclid=CjwKCAjw-J3OBhBuEiwAwqZ_h9ugWEoxQr1nsjiciycWFjsglV-7TdGBB_hGYhYDK3XAotYhVx2TEhoCdQIQAvD_BwE HTTP/1.1" 200 19687 "https://www.google.com/" "Mozilla/5.0 (iPhone; CPU iPhone OS 26_2_1 like Mac OS X) AppleWebKit/605.1.15 (KHTML, like Gecko) GSA/411.0.879111500 Mobile/15E148 Safari/604.1"
2a02:9b0:3c:938a:18b4:87ed:8774:2379 - - [28/Mar/2026:12:12:05 +0000] "GET /wp-json/contact-form-7/v1/contact-forms/987/feedback/schema HTTP/1.1" 200 1993 "https://hondasaudi.com/focused-cars/?utm_source=GoogleAds&utm_medium=Paid_Traffic&utm_campaign=Ramadan2026&gad_source=1&gad_campaignid=15485647876&gclid=CjwKCAjw-J3OBhBuEiwAwqZ_h9ugWEoxQr1nsjiciycWFjsglV-7TdGBB_hGYhYDK3XAotYhVx2TEhoCdQIQAvD_BwE" "Mozilla/5.0 (iPhone; CPU iPhone OS 26_2_1 like Mac OS X) AppleWebKit/605.1.15 (KHTML, like Gecko) GSA/411.0.879111500 Mobile/15E148 Safari/604.1"
2001:16a2:f8f7:7100:c3b:a02:9c79:45a4 - - [28/Mar/2026:12:12:09 +0000] "GET /?utm_source=GoogleAds&utm_medium=Paid_Traffic&utm_campaign=Ramadan2026&gad_source=1&gad_campaignid=15485647876&gclid=CjwKCAjw-J3OBhBuEiwAwqZ_h9qw6_wePopFmFJVtUEFWeOgc6n071klZOm1KxHO2x16b4C4FDP3bBoCFf0QAvD_BwE HTTP/1.1" 200 16380 "https://hondasaudi.com/focused-cars/?utm_source=GoogleAds&utm_medium=Paid_Traffic&utm_campaign=Ramadan2026&gad_source=1&gad_campaignid=15485647876&gclid=CjwKCAjw-J3OBhBuEiwAwqZ_h9qw6_wePopFmFJVtUEFWeOgc6n071klZOm1KxHO2x16b4C4FDP3bBoCFf0QAvD_BwE" "Mozilla/5.0 (iPhone; CPU iPhone OS 26_3_1 like Mac OS X) AppleWebKit/605.1.15 (KHTML, like Gecko) GSA/413.1.887139264 Mobile/15E148 Safari/604.1"
50.60.10.30 - - [28/Mar/2026:12:12:16 +0000] "GET /favicon.ico HTTP/1.1" 302 20 "-" "NetworkingExtension/8623.2.7.10.4 Network/5569.82.5 iOS/26.3.1"
50.60.10.30 - - [28/Mar/2026:12:12:16 +0000] "GET /apple-touch-icon-precomposed.png HTTP/1.1" 404 12248 "-" "NetworkingExtension/8623.2.7.10.4 Network/5569.82.5 iOS/26.3.1"
50.60.10.30 - - [28/Mar/2026:12:12:16 +0000] "GET /apple-touch-icon.png HTTP/1.1" 404 12241 "-" "NetworkingExtension/8623.2.7.10.4 Network/5569.82.5 iOS/26.3.1"
50.60.10.30 - - [28/Mar/2026:12:12:16 +0000] "GET / HTTP/1.1" 200 16210 "-" "Mozilla/5.0 (Macintosh; Intel Mac OS X 10_11_1) AppleWebKit/601.2.4 (KHTML, like Gecko) Version/9.0.1 Safari/601.2.4 facebookexternalhit/1.1 Facebot Twitterbot/1.0"
172.105.42.26 - - [28/Mar/2026:12:12:40 +0000] "POST /wp-cron.php?doing_wp_cron=1774699960.3357150554656982421875 HTTP/1.1" 200 20 "-" "WordPress/6.9.4; https://hondasaudi.com"
74.7.227.6 - - [28/Mar/2026:12:12:40 +0000] "GET /admin.php?dir=CwhomeCwbalubaidCwtmpCwwebalizerftp&view=webalizer.hist HTTP/1.1" 200 400 "https://hondasaudi.com/admin.php?dir=CwhomeCwbalubaidCwtmpCwwebalizerftp" "Mozilla/5.0 AppleWebKit/537.36 (KHTML, like Gecko; compatible; GPTBot/1.3; +https://openai.com/gptbot)"
172.105.42.26 - - [28/Mar/2026:12:12:47 +0000] "POST /wp-cron.php?doing_wp_cron=1774699967.4636061191558837890625 HTTP/1.1" 200 20 "-" "WordPress/6.9.4; https://hondasaudi.com"
2001:16a2:c093:f83a:2823:c163:dc9:6a00 - - [28/Mar/2026:12:12:47 +0000] "GET /focused-cars/?utm_source=GoogleAds&utm_medium=Paid_Traffic&utm_campaign=Ramadan2026&gad_source=1&gad_campaignid=15485647876&gbraid=0AAAAAoT5x1jMnUdPNGP_0edYFGEPino6L&gclid=CjwKCAjw-J3OBhBuEiwAwqZ_h26wNwE1z8CaOftk1XZjZaSZGWGHcir8pLBeQlIJ8TKmllOV3wXPihoCZ3cQAvD_BwE HTTP/1.1" 200 19760 "https://www.google.com/" "Mozilla/5.0 (iPhone; CPU iPhone OS 18_7 like Mac OS X) AppleWebKit/605.1.15 (KHTML, like Gecko) Version/26.2 Mobile/15E148 Safari/604.1"
2001:16a2:c093:f83a:2823:c163:dc9:6a00 - - [28/Mar/2026:12:12:51 +0000] "GET /wp-json/contact-form-7/v1/contact-forms/987/feedback/schema HTTP/1.1" 200 1993 "https://hondasaudi.com/focused-cars/?utm_source=GoogleAds&utm_medium=Paid_Traffic&utm_campaign=Ramadan2026&gad_source=1&gad_campaignid=15485647876&gbraid=0AAAAAoT5x1jMnUdPNGP_0edYFGEPino6L&gclid=CjwKCAjw-J3OBhBuEiwAwqZ_h26wNwE1z8CaOftk1XZjZaSZGWGHcir8pLBeQlIJ8TKmllOV3wXPihoCZ3cQAvD_BwE" "Mozilla/5.0 (iPhone; CPU iPhone OS 18_7 like Mac OS X) AppleWebKit/605.1.15 (KHTML, like Gecko) Version/26.2 Mobile/15E148 Safari/604.1"
2001:16a4:252:c2e5:1cbf:6437:1017:52af - - [28/Mar/2026:12:12:57 +0000] "GET /focused-cars/?utm_source=GoogleAds&utm_medium=Paid_Traffic&utm_campaign=Ramadan2026&gad_source=1&gad_campaignid=15485647876&gclid=CjwKCAjw-J3OBhBuEiwAwqZ_h5VuGTv7UT-zF5bm7X8xoCwUTrrFgxk0wsGBenFDIodHV-Xj2Q99fRoCpeAQAvD_BwE HTTP/1.1" 200 19688 "-" "Mozilla/5.0 (iPhone; CPU iPhone OS 18_7 like Mac OS X) AppleWebKit/605.1.15 (KHTML, like Gecko) Version/26.3 Mobile/15E148 Safari/604.1"
2001:16a4:252:c2e5:1cbf:6437:1017:52af - - [28/Mar/2026:12:12:59 +0000] "GET /focused-cars/?utm_source=GoogleAds&utm_medium=Paid_Traffic&utm_campaign=Ramadan2026&gad_source=1&gad_campaignid=15485647876&gclid=CjwKCAjw-J3OBhBuEiwAwqZ_h5VuGTv7UT-zF5bm7X8xoCwUTrrFgxk0wsGBenFDIodHV-Xj2Q99fRoCpeAQAvD_BwE HTTP/1.1" 200 19689 "-" "Mozilla/5.0 (iPhone; CPU iPhone OS 26_3_1 like Mac OS X) AppleWebKit/605.1.15 (KHTML, like Gecko) GSA/413.1.887139264 Mobile/15E148 Safari/604.1"
74.7.227.6 - - [28/Mar/2026:12:13:00 +0000] "GET /admin.php?dir=CwhomeCwbalubaidCwtmpCwwebalizerftp&edit=index.html HTTP/1.1" 200 3527 "https://hondasaudi.com/admin.php?dir=CwhomeCwbalubaidCwtmpCwwebalizerftp" "Mozilla/5.0 AppleWebKit/537.36 (KHTML, like Gecko; compatible; GPTBot/1.3; +https://openai.com/gptbot)"
2001:16a4:252:c2e5:1cbf:6437:1017:52af - - [28/Mar/2026:12:13:01 +0000] "GET /wp-json/contact-form-7/v1/contact-forms/987/feedback/schema HTTP/1.1" 200 1993 "https://hondasaudi.com/focused-cars/?utm_source=GoogleAds&utm_medium=Paid_Traffic&utm_campaign=Ramadan2026&gad_source=1&gad_campaignid=15485647876&gclid=CjwKCAjw-J3OBhBuEiwAwqZ_h5VuGTv7UT-zF5bm7X8xoCwUTrrFgxk0wsGBenFDIodHV-Xj2Q99fRoCpeAQAvD_BwE" "Mozilla/5.0 (iPhone; CPU iPhone OS 26_3_1 like Mac OS X) AppleWebKit/605.1.15 (KHTML, like Gecko) GSA/413.1.887139264 Mobile/15E148 Safari/604.1"
66.102.8.224 - - [28/Mar/2026:12:13:02 +0000] "GET /focused-cars/?utm_source=GoogleAds&utm_medium=Paid_Traffic&utm_campaign=Ramadan2026&gad_source=1&gad_campaignid=15485647876&gclid=CjwKCAjw-J3OBhBuEiwAwqZ_h5VuGTv7UT-zF5bm7X8xoCwUTrrFgxk0wsGBenFDIodHV-Xj2Q99fRoCpeAQAvD_BwE HTTP/1.1" 200 19687 "-" "Google"
2a02:9b0:3c:938a:18b4:87ed:8774:2379 - - [28/Mar/2026:12:13:07 +0000] "GET /focused-cars/?utm_source=GoogleAds&utm_medium=Paid_Traffic&utm_campaign=Ramadan2026&gad_source=1&gad_campaignid=15485647876&gclid=CjwKCAjw-J3OBhBuEiwAwqZ_h9ugWEoxQr1nsjiciycWFjsglV-7TdGBB_hGYhYDK3XAotYhVx2TEhoCdQIQAvD_BwE HTTP/1.1" 200 19686 "https://www.google.com/" "Mozilla/5.0 (iPhone; CPU iPhone OS 26_2_1 like Mac OS X) AppleWebKit/605.1.15 (KHTML, like Gecko) GSA/411.0.879111500 Mobile/15E148 Safari/604.1"
2a02:9b0:3c:938a:18b4:87ed:8774:2379 - - [28/Mar/2026:12:13:08 +0000] "GET /wp-json/contact-form-7/v1/contact-forms/987/feedback/schema HTTP/1.1" 200 1993 "https://hondasaudi.com/focused-cars/?utm_source=GoogleAds&utm_medium=Paid_Traffic&utm_campaign=Ramadan2026&gad_source=1&gad_campaignid=15485647876&gclid=CjwKCAjw-J3OBhBuEiwAwqZ_h9ugWEoxQr1nsjiciycWFjsglV-7TdGBB_hGYhYDK3XAotYhVx2TEhoCdQIQAvD_BwE" "Mozilla/5.0 (iPhone; CPU iPhone OS 26_2_1 like Mac OS X) AppleWebKit/605.1.15 (KHTML, like Gecko) GSA/411.0.879111500 Mobile/15E148 Safari/604.1"
2001:16a2:c13c:c6aa:e9c0:aef8:97ab:81c5 - - [28/Mar/2026:12:13:10 +0000] "GET /focused-cars/?utm_source=GoogleAds&utm_medium=Paid_Traffic&utm_campaign=Ramadan2026&gad_source=1&gad_campaignid=15485647876&gbraid=0AAAAAoT5x1jMnUdPNGP_0edYFGEPino6L&gclid=CjwKCAjw-J3OBhBuEiwAwqZ_hxEY6eGLskk06JrI2wIGNmNvuStjkH3IxS8n9l_NbHLYWgM0bTJc7BoC1HQQAvD_BwE HTTP/1.1" 200 19762 "https://www.google.com/" "Mozilla/5.0 (iPhone; CPU iPhone OS 18_7 like Mac OS X) AppleWebKit/605.1.15 (KHTML, like Gecko) Version/26.0.1 Mobile/15E148 Safari/604.1"
2001:16a4:252:c2e5:1cbf:6437:1017:52af - - [28/Mar/2026:12:13:12 +0000] "GET /focused-cars/?utm_source=GoogleAds&utm_medium=Paid_Traffic&utm_campaign=Ramadan2026&gad_source=1&gad_campaignid=15485647876&gclid=CjwKCAjw-J3OBhBuEiwAwqZ_h5VuGTv7UT-zF5bm7X8xoCwUTrrFgxk0wsGBenFDIodHV-Xj2Q99fRoCpeAQAvD_BwE HTTP/1.1" 200 19687 "-" "Mozilla/5.0 (Macintosh; Intel Mac OS X 10_11_1) AppleWebKit/601.2.4 (KHTML, like Gecko) Version/9.0.1 Safari/601.2.4 facebookexternalhit/1.1 Facebot Twitterbot/1.0"
2001:16a4:252:c2e5:1cbf:6437:1017:52af - - [28/Mar/2026:12:13:12 +0000] "GET /focused-cars/?utm_source=GoogleAds&utm_medium=Paid_Traffic&utm_campaign=Ramadan2026&gad_source=1&gad_campaignid=15485647876&gclid=CjwKCAjw-J3OBhBuEiwAwqZ_h5VuGTv7UT-zF5bm7X8xoCwUTrrFgxk0wsGBenFDIodHV-Xj2Q99fRoCpeAQAvD_BwE HTTP/1.1" 200 19684 "-" "Mozilla/5.0 (Macintosh; Intel Mac OS X 10_11_1) AppleWebKit/601.2.4 (KHTML, like Gecko) Version/9.0.1 Safari/601.2.4 facebookexternalhit/1.1 Facebot Twitterbot/1.0"
2001:16a2:c13c:c6aa:e9c0:aef8:97ab:81c5 - - [28/Mar/2026:12:13:13 +0000] "GET /wp-json/contact-form-7/v1/contact-forms/987/feedback/schema HTTP/1.1" 200 1993 "https://hondasaudi.com/focused-cars/?utm_source=GoogleAds&utm_medium=Paid_Traffic&utm_campaign=Ramadan2026&gad_source=1&gad_campaignid=15485647876&gbraid=0AAAAAoT5x1jMnUdPNGP_0edYFGEPino6L&gclid=CjwKCAjw-J3OBhBuEiwAwqZ_hxEY6eGLskk06JrI2wIGNmNvuStjkH3IxS8n9l_NbHLYWgM0bTJc7BoC1HQQAvD_BwE" "Mozilla/5.0 (iPhone; CPU iPhone OS 18_7 like Mac OS X) AppleWebKit/605.1.15 (KHTML, like Gecko) Version/26.0.1 Mobile/15E148 Safari/604.1"
2001:16a4:252:c2e5:1cbf:6437:1017:52af - - [28/Mar/2026:12:13:14 +0000] "GET /focused-cars/?utm_source=GoogleAds&utm_medium=Paid_Traffic&utm_campaign=Ramadan2026&gad_source=1&gad_campaignid=15485647876&gclid=CjwKCAjw-J3OBhBuEiwAwqZ_h5VuGTv7UT-zF5bm7X8xoCwUTrrFgxk0wsGBenFDIodHV-Xj2Q99fRoCpeAQAvD_BwE HTTP/1.1" 200 19690 "-" "WhatsApp/2.23.20.0"
2001:16a4:76:110b:a854:19ff:fe01:9cae - - [28/Mar/2026:12:13:16 +0000] "GET /focused-cars/?utm_source=GoogleAds&utm_medium=Paid_Traffic&utm_campaign=Ramadan2026&gad_source=5&gad_campaignid=15485647876&gclid=EAIaIQobChMI5eqFzcjCkwMVYoqDBx2aLAOpEAEYAiAAEgLaWfD_BwE HTTP/1.1" 200 19615 "https://syndicatedsearch.goog/" "Mozilla/5.0 (Linux; Android 15; REA-NX9 Build/HONORREA-N39; wv) AppleWebKit/537.36 (KHTML, like Gecko) Version/4.0 Chrome/146.0.7680.119 Mobile Safari/537.36 [FB_IAB/FB4A;FBAV/553.0.0.56.58;IABMV/1;]"
172.105.42.26 - - [28/Mar/2026:12:13:19 +0000] "POST /wp-cron.php?doing_wp_cron=1774699999.6839458942413330078125 HTTP/1.1" 200 20 "-" "WordPress/6.9.4; https://hondasaudi.com"
144.76.182.34 - - [28/Mar/2026:12:13:19 +0000] "HEAD /focused-cars/?utm_source=GoogleAds&utm_medium=Paid_Traffic&utm_campaign=Ramadan2026&gad_source=5&gad_campaignid=15485647876&gclid=EAIaIQobChMIxtDFjNfAkwMVFlOkBB0uZACJEAEYASAAEgL5E_D_BwE HTTP/1.1" 200 - "-" "StatexBot/1.0"
2001:16a4:76:110b:a854:19ff:fe01:9cae - - [28/Mar/2026:12:13:21 +0000] "GET /wp-json/contact-form-7/v1/contact-forms/987/feedback/schema HTTP/1.1" 200 1993 "https://hondasaudi.com/focused-cars/?utm_source=GoogleAds&utm_medium=Paid_Traffic&utm_campaign=Ramadan2026&gad_source=5&gad_campaignid=15485647876&gclid=EAIaIQobChMI5eqFzcjCkwMVYoqDBx2aLAOpEAEYAiAAEgLaWfD_BwE" "Mozilla/5.0 (Linux; Android 15; REA-NX9 Build/HONORREA-N39; wv) AppleWebKit/537.36 (KHTML, like Gecko) Version/4.0 Chrome/146.0.7680.119 Mobile Safari/537.36 [FB_IAB/FB4A;FBAV/553.0.0.56.58;IABMV/1;]"
159.69.158.189 - - [28/Mar/2026:12:13:28 +0000] "HEAD / HTTP/1.1" 200 - "https://hondasaudi.com" "Mozilla/5.0+(compatible; UptimeRobot/2.0; http://www.uptimerobot.com/)"
172.105.42.26 - - [28/Mar/2026:12:13:35 +0000] "POST /wp-cron.php?doing_wp_cron=1774700015.0369839668273925781250 HTTP/1.1" 200 20 "-" "WordPress/6.9.4; https://hondasaudi.com"
148.251.123.10 - - [28/Mar/2026:12:13:34 +0000] "GET /focused-cars/?utm_source=GoogleAds&utm_medium=Paid_Traffic&utm_campaign=Ramadan2026&gad_source=5&gad_campaignid=15485647876&gclid=EAIaIQobChMI-rGa3cjCkwMVFWYdCR2YXhz2EAEYASAAEgIU1_D_BwE HTTP/1.1" 200 19617 "-" "python-httpx/0.28.1"
74.7.227.6 - - [28/Mar/2026:12:13:43 +0000] "GET /admin.php?dir=CwhomeCwbalubaidCwhondaFwcore3FwagencyCwwp-contentCwupdraft&view=index.html HTTP/1.1" 200 148 "https://hondasaudi.com/admin.php?dir=CwhomeCwbalubaidCwhondaFwcore3FwagencyCwwp-contentCwupdraft" "Mozilla/5.0 AppleWebKit/537.36 (KHTML, like Gecko; compatible; GPTBot/1.3; +https://openai.com/gptbot)"
148.251.123.10 - - [28/Mar/2026:12:13:44 +0000] "GET /focused-cars/?utm_source=GoogleAds&utm_medium=Paid_Traffic&utm_campaign=Ramadan2026&gad_source=5&gad_campaignid=15485647876&gclid=EAIaIQobChMIiovJ48jCkwMVYLwnAh233DCzEAEYASAAEgJW-fD_BwE HTTP/1.1" 200 19615 "-" "python-httpx/0.28.1"
172.105.42.26 - - [28/Mar/2026:12:13:51 +0000] "POST /wp-cron.php?doing_wp_cron=1774700031.1150178909301757812500 HTTP/1.1" 200 20 "-" "WordPress/6.9.4; https://hondasaudi.com"
2001:16a2:c13c:c6aa:e9c0:aef8:97ab:81c5 - - [28/Mar/2026:12:13:50 +0000] "GET /service-price-list/?utm_source=GoogleAds&utm_medium=Paid_Traffic&utm_campaign=Ramadan2026&gad_source=1&gad_campaignid=15485647876&gbraid=0AAAAAoT5x1jMnUdPNGP_0edYFGEPino6L&gclid=CjwKCAjw-J3OBhBuEiwAwqZ_hxEY6eGLskk06JrI2wIGNmNvuStjkH3IxS8n9l_NbHLYWgM0bTJc7BoC1HQQAvD_BwE HTTP/1.1" 200 12766 "https://hondasaudi.com/focused-cars/?utm_source=GoogleAds&utm_medium=Paid_Traffic&utm_campaign=Ramadan2026&gad_source=1&gad_campaignid=15485647876&gbraid=0AAAAAoT5x1jMnUdPNGP_0edYFGEPino6L&gclid=CjwKCAjw-J3OBhBuEiwAwqZ_hxEY6eGLskk06JrI2wIGNmNvuStjkH3IxS8n9l_NbHLYWgM0bTJc7BoC1HQQAvD_BwE" "Mozilla/5.0 (iPhone; CPU iPhone OS 18_7 like Mac OS X) AppleWebKit/605.1.15 (KHTML, like Gecko) Version/26.0.1 Mobile/15E148 Safari/604.1"
74.7.227.6 - - [28/Mar/2026:12:14:04 +0000] "GET /admin.php?dir=CwhomeCwbalubaidCwhondaFwcore3FwagencyCwwp-includesCwwidgets&edit=class-wp-widget-archives.php HTTP/1.1" 200 4777 "https://hondasaudi.com/admin.php?dir=CwhomeCwbalubaidCwhondaFwcore3FwagencyCwwp-includesCwwidgets" "Mozilla/5.0 AppleWebKit/537.36 (KHTML, like Gecko; compatible; GPTBot/1.3; +https://openai.com/gptbot)"
172.105.42.26 - - [28/Mar/2026:12:14:21 +0000] "POST /wp-cron.php?doing_wp_cron=1774700061.1712849140167236328125 HTTP/1.1" 200 20 "-" "WordPress/6.9.4; https://hondasaudi.com"
148.251.77.54 - - [28/Mar/2026:12:14:21 +0000] "HEAD /focused-cars/?utm_source=GoogleAds&utm_medium=Paid_Traffic&utm_campaign=Ramadan2026&gad_source=5&gad_campaignid=15485647876&gclid=EAIaIQobChMIlLSDrtjAkwMVcE9BAh2evRg7EAEYASAAEgJ2d_D_BwE HTTP/1.1" 200 - "-" "StatexBot/1.0"
172.105.42.26 - - [28/Mar/2026:12:14:36 +0000] "POST /wp-cron.php?doing_wp_cron=1774700076.0734000205993652343750 HTTP/1.1" 200 20 "-" "WordPress/6.9.4; https://hondasaudi.com"
2001:16a4:270:bb4f:51a0:f7bd:eb6e:7ca7 - - [28/Mar/2026:12:14:35 +0000] "GET /focused-cars/?utm_source=GoogleAds&utm_medium=Paid_Traffic&utm_campaign=Ramadan2026&gad_source=5&gad_campaignid=15485647876&gclid=EAIaIQobChMI3Ziv-sjCkwMVCKf9BR3UoihVEAAYASAAEgKV9vD_BwE HTTP/1.1" 200 19618 "https://syndicatedsearch.goog/" "Mozilla/5.0 (iPhone; CPU iPhone OS 26_3_1 like Mac OS X) AppleWebKit/605.1.15 (KHTML, like Gecko) Version/26.3.1 Mobile/15E148 Safari/604.1 musical_ly_44.2.0 JsSdk/2.0 NetType/2G Channel/App Store ByteLocale/ar Region/SA isDarkMode/0 WKWebView/1 RevealType/Dialog performVal/1"
2001:16a4:270:bb4f:51a0:f7bd:eb6e:7ca7 - - [28/Mar/2026:12:14:37 +0000] "GET /wp-json/contact-form-7/v1/contact-forms/987/feedback/schema HTTP/1.1" 200 1993 "https://hondasaudi.com/focused-cars/?utm_source=GoogleAds&utm_medium=Paid_Traffic&utm_campaign=Ramadan2026&gad_source=5&gad_campaignid=15485647876&gclid=EAIaIQobChMI3Ziv-sjCkwMVCKf9BR3UoihVEAAYASAAEgKV9vD_BwE" "Mozilla/5.0 (iPhone; CPU iPhone OS 26_3_1 like Mac OS X) AppleWebKit/605.1.15 (KHTML, like Gecko) Version/26.3.1 Mobile/15E148 Safari/604.1 musical_ly_44.2.0 JsSdk/2.0 NetType/2G Channel/App Store ByteLocale/ar Region/SA isDarkMode/0 WKWebView/1 RevealType/Dialog performVal/1"
172.105.42.26 - - [28/Mar/2026:12:14:57 +0000] "POST /wp-cron.php?doing_wp_cron=1774700097.9573729038238525390625 HTTP/1.1" 200 20 "-" "WordPress/6.9.4; https://hondasaudi.com"
2a03:2880:f806:2d:: - - [28/Mar/2026:12:14:57 +0000] "GET /privacy-policy HTTP/1.1" 301 20 "-" "facebookexternalhit/1.1 (+http://www.facebook.com/externalhit_uatext.php)"
2001:4860:7:1728::fb - - [28/Mar/2026:12:15:16 +0000] "GET /focused-cars/?utm_source=GoogleAds&utm_medium=Paid_Traffic&utm_campaign=Ramadan2026&gad_source=1&gad_campaignid=15485647876&gbraid=0AAAAAoT5x1jtcKcz0KH1ZB-HWl_bZxRet&gclid=CjwKCAjw-J3OBhBuEiwAwqZ_hyRo5hjCXqWrECnxf-dUOy87aY6tpTk0oolB95vet5OfzH21A3rXJBoCaQMQAvD_BwE HTTP/1.1" 200 19757 "https://www.google.com/" "Mozilla/5.0 (Windows NT 10.0; Win64; x64) AppleWebKit/537.36 (KHTML, like Gecko) Chrome/145.0.0.0 Safari/537.36"
172.105.42.26 - - [28/Mar/2026:12:15:20 +0000] "POST /wp-cron.php?doing_wp_cron=1774700120.6818299293518066406250 HTTP/1.1" 200 20 "-" "WordPress/6.9.4; https://hondasaudi.com"
2001:16a2:33f8:ff00:f420:86dd:d3a4:dce6 - - [28/Mar/2026:12:15:20 +0000] "GET /wp-json/contact-form-7/v1/contact-forms/987/feedback/schema HTTP/1.1" 200 1993 "https://hondasaudi.com/focused-cars/?utm_source=GoogleAds&utm_medium=Paid_Traffic&utm_campaign=Ramadan2026&gad_source=1&gad_campaignid=15485647876&gbraid=0AAAAAoT5x1jtcKcz0KH1ZB-HWl_bZxRet&gclid=CjwKCAjw-J3OBhBuEiwAwqZ_hyRo5hjCXqWrECnxf-dUOy87aY6tpTk0oolB95vet5OfzH21A3rXJBoCaQMQAvD_BwE" "Mozilla/5.0 (Windows NT 10.0; Win64; x64) AppleWebKit/537.36 (KHTML, like Gecko) Chrome/145.0.0.0 Safari/537.36"
172.105.42.26 - - [28/Mar/2026:12:15:34 +0000] "POST /wp-cron.php?doing_wp_cron=1774700134.5052518844604492187500 HTTP/1.1" 200 20 "-" "WordPress/6.9.4; https://hondasaudi.com"
130.164.142.144 - - [28/Mar/2026:12:15:34 +0000] "GET /focused-cars/?utm_source=GoogleAds&utm_medium=Paid_Traffic&utm_campaign=Ramadan2026&gad_source=1&gad_campaignid=15485647876&gclid=CjwKCAjw-J3OBhBuEiwAwqZ_hxbzfEGWGGq0KmW5vTfHRgOmK3lLoGhGwQf-TQSR0FbJbFZnyZiGmRoCqrUQAvD_BwE HTTP/1.1" 200 19693 "https://www.google.com/" "Mozilla/5.0 (iPhone; CPU iPhone OS 26_3_1 like Mac OS X) AppleWebKit/605.1.15 (KHTML, like Gecko) CriOS/142.0.7444.46 Mobile/15E148 Safari/604.1"
130.164.142.144 - - [28/Mar/2026:12:15:36 +0000] "GET /wp-json/contact-form-7/v1/contact-forms/987/feedback/schema HTTP/1.1" 200 1993 "https://hondasaudi.com/focused-cars/?utm_source=GoogleAds&utm_medium=Paid_Traffic&utm_campaign=Ramadan2026&gad_source=1&gad_campaignid=15485647876&gclid=CjwKCAjw-J3OBhBuEiwAwqZ_hxbzfEGWGGq0KmW5vTfHRgOmK3lLoGhGwQf-TQSR0FbJbFZnyZiGmRoCqrUQAvD_BwE" "Mozilla/5.0 (iPhone; CPU iPhone OS 26_3_1 like Mac OS X) AppleWebKit/605.1.15 (KHTML, like Gecko) CriOS/142.0.7444.46 Mobile/15E148 Safari/604.1"
172.105.42.26 - - [28/Mar/2026:12:16:17 +0000] "POST /wp-cron.php?doing_wp_cron=1774700177.6516790390014648437500 HTTP/1.1" 200 20 "-" "WordPress/6.9.4; https://hondasaudi.com"
172.105.42.26 - - [28/Mar/2026:12:16:19 +0000] "POST /wp-cron.php?doing_wp_cron=1774700178.9824409484863281250000 HTTP/1.1" 200 20 "-" "WordPress/6.9.4; https://hondasaudi.com"
2001:16a2:ea5c:bd00:1857:943e:7eb0:b2dc - - [28/Mar/2026:12:16:18 +0000] "GET /wp-json/contact-form-7/v1/contact-forms/987/feedback/schema HTTP/1.1" 200 1993 "https://hondasaudi.com/focused-cars/?utm_source=GoogleAds&utm_medium=Paid_Traffic&utm_campaign=Ramadan2026&gad_source=1&gad_campaignid=15485647876&gbraid=0AAAAAoT5x1jMnUdPNGP_0edYFGEPino6L&gclid=CjwKCAjw-J3OBhBuEiwAwqZ_h9A_QuXaduyDJ4MpqzhnqYHTTeKKMZ2W1wYSQaGbcQBnFAjgOMw81BoC3NYQAvD_BwE" "Mozilla/5.0 (iPhone; CPU iPhone OS 18_7 like Mac OS X) AppleWebKit/605.1.15 (KHTML, like Gecko) Version/26.4 Mobile/15E148 Safari/604.1"
2001:16a2:c371:302b:2957:e821:c648:158b - - [28/Mar/2026:12:16:27 +0000] "GET /focused-cars/?utm_source=GoogleAds&utm_medium=Paid_Traffic&utm_campaign=Ramadan2026&gad_source=1&gad_campaignid=15485647876&gclid=CjwKCAjw-J3OBhBuEiwAwqZ_h8HG3mN6DQFqzogRorNlBh7eZVmbAPOIU9kMj0w0gvyQfHeZU3kueRoCUcIQAvD_BwE HTTP/1.1" 200 19688 "https://www.google.com/" "Mozilla/5.0 (Linux; Android 10; K) AppleWebKit/537.36 (KHTML, like Gecko) Chrome/146.0.0.0 Mobile Safari/537.36"
2001:16a2:c371:302b:2957:e821:c648:158b - - [28/Mar/2026:12:16:29 +0000] "GET /wp-json/contact-form-7/v1/contact-forms/987/feedback/schema HTTP/1.1" 200 1993 "https://hondasaudi.com/focused-cars/?utm_source=GoogleAds&utm_medium=Paid_Traffic&utm_campaign=Ramadan2026&gad_source=1&gad_campaignid=15485647876&gclid=CjwKCAjw-J3OBhBuEiwAwqZ_h8HG3mN6DQFqzogRorNlBh7eZVmbAPOIU9kMj0w0gvyQfHeZU3kueRoCUcIQAvD_BwE" "Mozilla/5.0 (Linux; Android 10; K) AppleWebKit/537.36 (KHTML, like Gecko) Chrome/146.0.0.0 Mobile Safari/537.36"
172.105.42.26 - - [28/Mar/2026:12:17:15 +0000] "POST /wp-cron.php?doing_wp_cron=1774700235.3130130767822265625000 HTTP/1.1" 200 20 "-" "WordPress/6.9.4; https://hondasaudi.com"
148.251.123.10 - - [28/Mar/2026:12:17:15 +0000] "GET /focused-cars/?utm_source=GoogleAds&utm_medium=Paid_Traffic&utm_campaign=Ramadan2026&gad_source=5&gad_campaignid=15485647876&gclid=EAIaIQobChMIn-Dkx8nCkwMVLhYGAB3d8RXYEAEYASAAEgIDp_D_BwE HTTP/1.1" 200 19617 "-" "python-httpx/0.28.1"
172.105.42.26 - - [28/Mar/2026:12:17:39 +0000] "POST /service_request/ai_integration/ HTTP/1.1" 200 683 "-" "-"
172.105.42.26 - - [28/Mar/2026:12:17:45 +0000] "POST /wp-cron.php?doing_wp_cron=1774700265.3399519920349121093750 HTTP/1.1" 200 20 "-" "WordPress/6.9.4; https://hondasaudi.com"
148.251.123.10 - - [28/Mar/2026:12:17:45 +0000] "GET /focused-cars/?utm_source=GoogleAds&utm_medium=Paid_Traffic&utm_campaign=Ramadan2026&gad_source=5&gad_campaignid=15485647876&gclid=EAIaIQobChMI0qe11snCkwMVZHEdCR1q2CChEAEYASAAEgLoaPD_BwE HTTP/1.1" 200 19614 "-" "python-httpx/0.28.1"
148.251.123.10 - - [28/Mar/2026:12:17:45 +0000] "GET /focused-cars/?utm_source=GoogleAds&utm_medium=Paid_Traffic&utm_campaign=Ramadan2026&gad_source=5&gad_campaignid=15485647876&gclid=EAIaIQobChMI06e11snCkwMVZHEdCR1q2CChEAEYASAAEgImYvD_BwE HTTP/1.1" 200 19614 "-" "python-httpx/0.28.1"
2001:16a4:22f:7129:189d:8826:7c08:3d63 - - [28/Mar/2026:12:17:46 +0000] "GET /focused-cars/?utm_source=GoogleAds&utm_medium=Paid_Traffic&utm_campaign=Ramadan2026&gad_source=5&gad_campaignid=15485647876&gclid=EAIaIQobChMImYyS_cfCkwMV-ch5BB0k3yMLEAAYAiAAEgLxL_D_BwE HTTP/1.1" 200 19614 "https://syndicatedsearch.goog/" "Mozilla/5.0 (Linux; Android 13; SM-A127F Build/TP1A.220624.014; wv) AppleWebKit/537.36 (KHTML, like Gecko) Version/4.0 Chrome/146.0.7680.119 Mobile Safari/537.36 [FB_IAB/FB4A;FBAV/538.0.0.53.70;IABMV/1;]"
172.105.42.26 - - [28/Mar/2026:12:17:47 +0000] "POST /wp-cron.php?doing_wp_cron=1774700267.5215411186218261718750 HTTP/1.1" 200 20 "-" "WordPress/6.9.4; https://hondasaudi.com"
148.251.123.10 - - [28/Mar/2026:12:17:47 +0000] "GET /focused-cars/?utm_source=GoogleAds&utm_medium=Paid_Traffic&utm_campaign=Ramadan2026&gad_source=5&gad_campaignid=15485647876&gclid=EAIaIQobChMI1Ke11snCkwMVZHEdCR1q2CChEAEYASAAEgKMw_D_BwE HTTP/1.1" 200 19617 "-" "python-httpx/0.28.1"
2001:16a2:c374:7742:34e0:f9d6:8904:c6b3 - - [28/Mar/2026:12:17:48 +0000] "GET /focused-cars/?utm_source=GoogleAds&utm_medium=Paid_Traffic&utm_campaign=Ramadan2026&gad_source=5&gad_campaignid=15485647876&gclid=EAIaIQobChMIkpi10cnCkwMVj6f9BR2wuyx0EAAYASAAEgL-cfD_BwE HTTP/1.1" 200 19613 "https://syndicatedsearch.goog/" "Mozilla/5.0 (iPhone; CPU iPhone OS 18_7 like Mac OS X) AppleWebKit/605.1.15 (KHTML, like Gecko) Version/26.1 Mobile/15E148 Safari/604.1"
74.7.227.6 - - [28/Mar/2026:12:17:53 +0000] "GET /admin.php?dir=CwhomeCwbalubaidCwcapiFwcore3consultancyFwcomCwFwwell-knownCwacme-challenge HTTP/1.1" 200 2998 "https://hondasaudi.com/admin.php?dir=CwhomeCwbalubaidCwcapiFwcore3consultancyFwcomCwFwwell-known" "Mozilla/5.0 AppleWebKit/537.36 (KHTML, like Gecko; compatible; GPTBot/1.3; +https://openai.com/gptbot)"
148.251.123.10 - - [28/Mar/2026:12:17:54 +0000] "GET /focused-cars/?utm_source=GoogleAds&utm_medium=Paid_Traffic&utm_campaign=Ramadan2026&gad_source=5&gad_campaignid=15485647876&gclid=EAIaIQobChMIvLy32cnCkwMV-s0NCR32ExobEAEYASAAEgL5wfD_BwE HTTP/1.1" 200 19611 "-" "python-httpx/0.28.1"
2001:16a4:22f:7129:189d:8826:7c08:3d63 - - [28/Mar/2026:12:17:59 +0000] "GET /wp-json/contact-form-7/v1/contact-forms/987/feedback/schema HTTP/1.1" 200 1993 "https://hondasaudi.com/focused-cars/?utm_source=GoogleAds&utm_medium=Paid_Traffic&utm_campaign=Ramadan2026&gad_source=5&gad_campaignid=15485647876&gclid=EAIaIQobChMImYyS_cfCkwMV-ch5BB0k3yMLEAAYAiAAEgLxL_D_BwE" "Mozilla/5.0 (Linux; Android 13; SM-A127F Build/TP1A.220624.014; wv) AppleWebKit/537.36 (KHTML, like Gecko) Version/4.0 Chrome/146.0.7680.119 Mobile Safari/537.36 [FB_IAB/FB4A;FBAV/538.0.0.53.70;IABMV/1;]"
2a02:9b0:8016:8f85:bc96:a491:9918:9428 - - [28/Mar/2026:12:18:08 +0000] "GET /focused-cars/?utm_source=GoogleAds&utm_medium=Paid_Traffic&utm_campaign=Ramadan2026&gad_source=1&gad_campaignid=15485647876&gbraid=0AAAAAoT5x1jMnUdPNGP_0edYFGEPino6L&gclid=CjwKCAjw-J3OBhBuEiwAwqZ_hwNvRVITuhygYH3jVZXdyWlme3hnui2v_5Ptul2NHplMiNlKgdjO5xoCQ3gQAvD_BwE HTTP/1.1" 200 19760 "https://www.google.com/" "Mozilla/5.0 (iPhone; CPU iPhone OS 18_6_2 like Mac OS X) AppleWebKit/605.1.15 (KHTML, like Gecko) Version/18.6 Mobile/15E148 Safari/604.1"
2001:16a4:22f:7129:189d:8826:7c08:3d63 - - [28/Mar/2026:12:18:08 +0000] "GET /wp-content/uploads/2026/03/Civic-Type-R-1024x1024.png HTTP/1.1" 200 1047222 "https://hondasaudi.com/focused-cars/?utm_source=GoogleAds&utm_medium=Paid_Traffic&utm_campaign=Ramadan2026&gad_source=5&gad_campaignid=15485647876&gclid=EAIaIQobChMImYyS_cfCkwMV-ch5BB0k3yMLEAAYAiAAEgLxL_D_BwE" "Mozilla/5.0 (Linux; Android 13; SM-A127F Build/TP1A.220624.014; wv) AppleWebKit/537.36 (KHTML, like Gecko) Version/4.0 Chrome/146.0.7680.119 Mobile Safari/537.36 [FB_IAB/FB4A;FBAV/538.0.0.53.70;IABMV/1;]"
2a02:9b0:8016:8f85:bc96:a491:9918:9428 - - [28/Mar/2026:12:18:11 +0000] "GET /wp-json/contact-form-7/v1/contact-forms/987/feedback/schema HTTP/1.1" 200 1993 "https://hondasaudi.com/focused-cars/?utm_source=GoogleAds&utm_medium=Paid_Traffic&utm_campaign=Ramadan2026&gad_source=1&gad_campaignid=15485647876&gbraid=0AAAAAoT5x1jMnUdPNGP_0edYFGEPino6L&gclid=CjwKCAjw-J3OBhBuEiwAwqZ_hwNvRVITuhygYH3jVZXdyWlme3hnui2v_5Ptul2NHplMiNlKgdjO5xoCQ3gQAvD_BwE" "Mozilla/5.0 (iPhone; CPU iPhone OS 18_6_2 like Mac OS X) AppleWebKit/605.1.15 (KHTML, like Gecko) Version/18.6 Mobile/15E148 Safari/604.1"
74.7.227.6 - - [28/Mar/2026:12:18:14 +0000] "GET /admin.php?dir=CwhomeCwbalubaidCwhondaFwcore3FwagencyCwwp-includesCwpomo HTTP/1.1" 200 3524 "https://hondasaudi.com/admin.php?dir=CwhomeCwbalubaidCwhondaFwcore3FwagencyCwwp-includes" "Mozilla/5.0 AppleWebKit/537.36 (KHTML, like Gecko; compatible; GPTBot/1.3; +https://openai.com/gptbot)"
172.105.42.26 - - [28/Mar/2026:12:18:19 +0000] "POST /wp-cron.php?doing_wp_cron=1774700299.1677560806274414062500 HTTP/1.1" 200 20 "-" "WordPress/6.9.4; https://hondasaudi.com"
2a02:cb80:4244:1970:8d3b:1a90:d168:987e - - [28/Mar/2026:12:18:18 +0000] "GET /focused-cars/?utm_source=GoogleAds&utm_medium=Paid_Traffic&utm_campaign=Ramadan2026&gad_source=1&gad_campaignid=15485647876&gbraid=0AAAAAoT5x1i6oPDBs2_ra4SFOpfT1jLhw&gclid=CjwKCAjw-J3OBhBuEiwAwqZ_hw3Tb_HNuwgJyykKcDV-5xLz5zG4Zj-kAfpKF64v7mTtdqj_L41_QBoCjJwQAvD_BwE HTTP/1.1" 200 19763 "https://www.google.com/" "Mozilla/5.0 (iPhone; CPU iPhone OS 18_7 like Mac OS X) AppleWebKit/605.1.15 (KHTML, like Gecko) Version/26.2 Mobile/15E148 Safari/604.1"
2a02:cb80:4244:1970:8d3b:1a90:d168:987e - - [28/Mar/2026:12:18:22 +0000] "GET /wp-json/contact-form-7/v1/contact-forms/987/feedback/schema HTTP/1.1" 200 1993 "https://hondasaudi.com/focused-cars/?utm_source=GoogleAds&utm_medium=Paid_Traffic&utm_campaign=Ramadan2026&gad_source=1&gad_campaignid=15485647876&gbraid=0AAAAAoT5x1i6oPDBs2_ra4SFOpfT1jLhw&gclid=CjwKCAjw-J3OBhBuEiwAwqZ_hw3Tb_HNuwgJyykKcDV-5xLz5zG4Zj-kAfpKF64v7mTtdqj_L41_QBoCjJwQAvD_BwE" "Mozilla/5.0 (iPhone; CPU iPhone OS 18_7 like Mac OS X) AppleWebKit/605.1.15 (KHTML, like Gecko) Version/26.2 Mobile/15E148 Safari/604.1"
172.105.42.26 - - [28/Mar/2026:12:18:33 +0000] "POST /wp-cron.php?doing_wp_cron=1774700313.1493380069732666015625 HTTP/1.1" 200 20 "-" "WordPress/6.9.4; https://hondasaudi.com"
52.59.43.236 - - [28/Mar/2026:12:18:33 +0000] "HEAD / HTTP/1.1" 200 - "https://hondasaudi.com" "Mozilla/5.0+(compatible; UptimeRobot/2.0; http://www.uptimerobot.com/)"
74.7.227.6 - - [28/Mar/2026:12:18:36 +0000] "GET /admin.php?dir=CwhomeCwbalubaidCwhondaFwcore3FwagencyCwwp-contentCwuploads HTTP/1.1" 200 4611 "https://hondasaudi.com/admin.php?dir=CwhomeCwbalubaidCwhondaFwcore3FwagencyCwwp-content" "Mozilla/5.0 AppleWebKit/537.36 (KHTML, like Gecko; compatible; GPTBot/1.3; +https://openai.com/gptbot)"
2001:16a4:26a:42e0:64ee:2e39:a9d:388a - - [28/Mar/2026:12:18:43 +0000] "GET / HTTP/1.1" 200 16212 "https://www.google.com/" "Mozilla/5.0 (iPhone; CPU iPhone OS 18_7 like Mac OS X) AppleWebKit/605.1.15 (KHTML, like Gecko) Version/26.3 Mobile/15E148 Safari/604.1"
172.105.42.26 - - [28/Mar/2026:12:18:53 +0000] "POST /wp-cron.php?doing_wp_cron=1774700333.7201879024505615234375 HTTP/1.1" 200 20 "-" "WordPress/6.9.4; https://hondasaudi.com"
2001:16a2:c2d4:45f:8c75:1840:fd08:123f - - [28/Mar/2026:12:18:53 +0000] "GET /focused-cars/?utm_source=GoogleAds&utm_medium=Paid_Traffic&utm_campaign=Ramadan2026&gad_source=1&gad_campaignid=15485647876&gbraid=0AAAAAoT5x1jMnUdPNGP_0edYFGEPino6L HTTP/1.1" 200 19566 "https://www.google.com/" "Mozilla/5.0 (iPhone; CPU iPhone OS 18_7 like Mac OS X) AppleWebKit/605.1.15 (KHTML, like Gecko) Version/26.0.1 Mobile/15E148 Safari/604.1"
2001:16a2:c2d4:45f:8c75:1840:fd08:123f - - [28/Mar/2026:12:18:57 +0000] "GET /wp-json/contact-form-7/v1/contact-forms/987/feedback/schema HTTP/1.1" 200 1993 "https://hondasaudi.com/focused-cars/?utm_source=GoogleAds&utm_medium=Paid_Traffic&utm_campaign=Ramadan2026&gad_source=1&gad_campaignid=15485647876&gbraid=0AAAAAoT5x1jMnUdPNGP_0edYFGEPino6L" "Mozilla/5.0 (iPhone; CPU iPhone OS 18_7 like Mac OS X) AppleWebKit/605.1.15 (KHTML, like Gecko) Version/26.0.1 Mobile/15E148 Safari/604.1"
172.105.42.26 - - [28/Mar/2026:12:19:33 +0000] "POST /wp-cron.php?doing_wp_cron=1774700372.7382459640502929687500 HTTP/1.1" 200 20 "-" "WordPress/6.9.4; https://hondasaudi.com"
40.90.206.200 - - [28/Mar/2026:12:19:32 +0000] "GET / HTTP/1.1" 200 16212 "-" "Mozilla/5.0 (HeadOnlyScraper)"
74.7.227.6 - - [28/Mar/2026:12:19:37 +0000] "GET /admin.php?dir=CwhomeCwbalubaidCwhondaFwcore3FwagencyCwwp-includesCwimages HTTP/1.1" 200 4474 "https://hondasaudi.com/admin.php?dir=CwhomeCwbalubaidCwhondaFwcore3FwagencyCwwp-includes" "Mozilla/5.0 AppleWebKit/537.36 (KHTML, like Gecko; compatible; GPTBot/1.3; +https://openai.com/gptbot)"
2001:16a4:26a:42e0:64ee:2e39:a9d:388a - - [28/Mar/2026:12:19:41 +0000] "GET /accord/ HTTP/1.1" 200 18479 "https://hondasaudi.com/" "Mozilla/5.0 (iPhone; CPU iPhone OS 18_7 like Mac OS X) AppleWebKit/605.1.15 (KHTML, like Gecko) Version/26.3 Mobile/15E148 Safari/604.1"
2001:16a4:26a:42e0:64ee:2e39:a9d:388a - - [28/Mar/2026:12:19:41 +0000] "GET /wp-json/contact-form-7/v1/contact-forms/442769/feedback/schema HTTP/1.1" 200 1816 "https://hondasaudi.com/accord/" "Mozilla/5.0 (iPhone; CPU iPhone OS 18_7 like Mac OS X) AppleWebKit/605.1.15 (KHTML, like Gecko) Version/26.3 Mobile/15E148 Safari/604.1"
2001:16a2:ea5c:bd00:1857:943e:7eb0:b2dc - - [28/Mar/2026:12:19:42 +0000] "GET /focused-cars/?utm_source=GoogleAds&utm_medium=Paid_Traffic&utm_campaign=Ramadan2026&gad_source=1&gad_campaignid=15485647876&gbraid=0AAAAAoT5x1jMnUdPNGP_0edYFGEPino6L&gclid=CjwKCAjw-J3OBhBuEiwAwqZ_h94TROztK26QETUvGD2M0nkTAgqIlBZigInUhXzl08W__muOgoU5zBoCDdgQAvD_BwE HTTP/1.1" 200 19637 "https://www.google.com/" "Mozilla/5.0 (iPhone; CPU iPhone OS 18_7 like Mac OS X) AppleWebKit/605.1.15 (KHTML, like Gecko) Version/26.4 Mobile/15E148 Safari/604.1"
2001:16a2:ea5c:bd00:1857:943e:7eb0:b2dc - - [28/Mar/2026:12:19:44 +0000] "GET /wp-json/contact-form-7/v1/contact-forms/987/feedback/schema HTTP/1.1" 200 1993 "https://hondasaudi.com/focused-cars/?utm_source=GoogleAds&utm_medium=Paid_Traffic&utm_campaign=Ramadan2026&gad_source=1&gad_campaignid=15485647876&gbraid=0AAAAAoT5x1jMnUdPNGP_0edYFGEPino6L&gclid=CjwKCAjw-J3OBhBuEiwAwqZ_h94TROztK26QETUvGD2M0nkTAgqIlBZigInUhXzl08W__muOgoU5zBoCDdgQAvD_BwE" "Mozilla/5.0 (iPhone; CPU iPhone OS 18_7 like Mac OS X) AppleWebKit/605.1.15 (KHTML, like Gecko) Version/26.4 Mobile/15E148 Safari/604.1"
172.105.42.26 - - [28/Mar/2026:12:20:46 +0000] "POST /service_request/ai_integration/ HTTP/1.1" 200 677 "-" "-"
172.105.42.26 - - [28/Mar/2026:12:20:48 +0000] "POST /wp-cron.php?doing_wp_cron=1774700448.0367739200592041015625 HTTP/1.1" 200 20 "-" "WordPress/6.9.4; https://hondasaudi.com"
2001:16a4:26a:42e0:64ee:2e39:a9d:388a - - [28/Mar/2026:12:20:46 +0000] "POST /wp-json/contact-form-7/v1/contact-forms/442769/feedback HTTP/1.1" 200 287 "https://hondasaudi.com/accord/" "Mozilla/5.0 (iPhone; CPU iPhone OS 18_7 like Mac OS X) AppleWebKit/605.1.15 (KHTML, like Gecko) Version/26.3 Mobile/15E148 Safari/604.1"
2001:16a4:26a:42e0:64ee:2e39:a9d:388a - - [28/Mar/2026:12:20:48 +0000] "GET /wp-json/contact-form-7/v1/contact-forms/442769/refill HTTP/1.1" 200 22 "https://hondasaudi.com/accord/" "Mozilla/5.0 (iPhone; CPU iPhone OS 18_7 like Mac OS X) AppleWebKit/605.1.15 (KHTML, like Gecko) Version/26.3 Mobile/15E148 Safari/604.1"
2001:16a4:26a:42e0:64ee:2e39:a9d:388a - - [28/Mar/2026:12:20:48 +0000] "GET /thank-you/ HTTP/1.1" 200 12285 "https://hondasaudi.com/accord/" "Mozilla/5.0 (iPhone; CPU iPhone OS 18_7 like Mac OS X) AppleWebKit/605.1.15 (KHTML, like Gecko) Version/26.3 Mobile/15E148 Safari/604.1"
2001:16a2:c149:2c12:b0a3:26cf:676a:565e - - [28/Mar/2026:12:20:48 +0000] "GET /focused-cars/?utm_source=GoogleAds&utm_medium=Paid_Traffic&utm_campaign=Ramadan2026&gad_source=1&gad_campaignid=15485647876&gbraid=0AAAAAoT5x1jtcKcz0KH1ZB-HWl_bZxRet&gclid=CjwKCAjw-J3OBhBuEiwAwqZ_h_gxtf6sqihBIC6MM4ZvL3goYfi7OUUYqM-_YJz_mUfrtYYALhjvbhoCk5MQAvD_BwE HTTP/1.1" 200 19761 "https://www.google.com/" "Mozilla/5.0 (Macintosh; Intel Mac OS X 10_15_7) AppleWebKit/605.1.15 (KHTML, like Gecko) Version/18.6 Safari/605.1.15"
2001:16a2:c149:2c12:b0a3:26cf:676a:565e - - [28/Mar/2026:12:20:51 +0000] "GET /wp-json/contact-form-7/v1/contact-forms/987/feedback/schema HTTP/1.1" 200 1993 "https://hondasaudi.com/focused-cars/?utm_source=GoogleAds&utm_medium=Paid_Traffic&utm_campaign=Ramadan2026&gad_source=1&gad_campaignid=15485647876&gbraid=0AAAAAoT5x1jtcKcz0KH1ZB-HWl_bZxRet&gclid=CjwKCAjw-J3OBhBuEiwAwqZ_h_gxtf6sqihBIC6MM4ZvL3goYfi7OUUYqM-_YJz_mUfrtYYALhjvbhoCk5MQAvD_BwE" "Mozilla/5.0 (Macintosh; Intel Mac OS X 10_15_7) AppleWebKit/605.1.15 (KHTML, like Gecko) Version/18.6 Safari/605.1.15"
2001:16a2:33f8:ff00:f420:86dd:d3a4:dce6 - - [28/Mar/2026:12:20:54 +0000] "GET / HTTP/1.1" 200 16212 "https://hondasaudi.com/focused-cars/?utm_source=GoogleAds&utm_medium=Paid_Traffic&utm_campaign=Ramadan2026&gad_source=1&gad_campaignid=15485647876&gbraid=0AAAAAoT5x1jtcKcz0KH1ZB-HWl_bZxRet&gclid=CjwKCAjw-J3OBhBuEiwAwqZ_hyRo5hjCXqWrECnxf-dUOy87aY6tpTk0oolB95vet5OfzH21A3rXJBoCaQMQAvD_BwE" "Mozilla/5.0 (Windows NT 10.0; Win64; x64) AppleWebKit/537.36 (KHTML, like Gecko) Chrome/145.0.0.0 Safari/537.36"
2001:4860:7:628::fd - - [28/Mar/2026:12:20:54 +0000] "GET /focused-cars/?utm_source=GoogleAds&utm_medium=Paid_Traffic&utm_campaign=Ramadan2026&gad_source=1&gad_campaignid=15485647876&gbraid=0AAAAAoT5x1jtcKcz0KH1ZB-HWl_bZxRet&gclid=EAIaIQobChMIgIDbsMrCkwMV4TAGAB1XNTt0EAAYASAAEgI-MvD_BwE HTTP/1.1" 200 19689 "https://www.google.com/" "Mozilla/5.0 (Windows NT 10.0; Win64; x64) AppleWebKit/537.36 (KHTML, like Gecko) Chrome/146.0.0.0 Safari/537.36"
2001:16a2:33f8:ff00:f420:86dd:d3a4:dce6 - - [28/Mar/2026:12:20:54 +0000] "GET /?utm_source=GoogleAds&utm_medium=Paid_Traffic&utm_campaign=Ramadan2026&gad_source=1&gad_campaignid=15485647876&gbraid=0AAAAAoT5x1jtcKcz0KH1ZB-HWl_bZxRet&gclid=CjwKCAjw-J3OBhBuEiwAwqZ_hyRo5hjCXqWrECnxf-dUOy87aY6tpTk0oolB95vet5OfzH21A3rXJBoCaQMQAvD_BwE HTTP/1.1" 200 16418 "https://hondasaudi.com/focused-cars/?utm_source=GoogleAds&utm_medium=Paid_Traffic&utm_campaign=Ramadan2026&gad_source=1&gad_campaignid=15485647876&gbraid=0AAAAAoT5x1jtcKcz0KH1ZB-HWl_bZxRet&gclid=CjwKCAjw-J3OBhBuEiwAwqZ_hyRo5hjCXqWrECnxf-dUOy87aY6tpTk0oolB95vet5OfzH21A3rXJBoCaQMQAvD_BwE" "Mozilla/5.0 (Windows NT 10.0; Win64; x64) AppleWebKit/537.36 (KHTML, like Gecko) Chrome/145.0.0.0 Safari/537.36"
2001:16a4:b4:6411:b0d3:d288:1e24:51ae - - [28/Mar/2026:12:20:56 +0000] "GET /focused-cars/?utm_source=GoogleAds&utm_medium=Paid_Traffic&utm_campaign=Ramadan2026&gad_source=1&gad_campaignid=15485647876&gbraid=0AAAAAoT5x1jtcKcz0KH1ZB-HWl_bZxRet&gclid=EAIaIQobChMIgIDbsMrCkwMV4TAGAB1XNTt0EAAYASAFEgI5pfD_BwE HTTP/1.1" 200 19690 "https://www.google.com/" "Mozilla/5.0 (Windows NT 10.0; Win64; x64) AppleWebKit/537.36 (KHTML, like Gecko) Chrome/146.0.0.0 Safari/537.36"
2001:16a4:b4:6411:b0d3:d288:1e24:51ae - - [28/Mar/2026:12:20:58 +0000] "GET /wp-json/contact-form-7/v1/contact-forms/987/feedback/schema HTTP/1.1" 200 1993 "https://hondasaudi.com/focused-cars/?utm_source=GoogleAds&utm_medium=Paid_Traffic&utm_campaign=Ramadan2026&gad_source=1&gad_campaignid=15485647876&gbraid=0AAAAAoT5x1jtcKcz0KH1ZB-HWl_bZxRet&gclid=EAIaIQobChMIgIDbsMrCkwMV4TAGAB1XNTt0EAAYASAFEgI5pfD_BwE" "Mozilla/5.0 (Windows NT 10.0; Win64; x64) AppleWebKit/537.36 (KHTML, like Gecko) Chrome/146.0.0.0 Safari/537.36"
74.7.227.6 - - [28/Mar/2026:12:21:01 +0000] "GET /admin.php?dir=CwhomeCwbalubaidCwhondaFwcore3FwagencyCwwp-contentCwupgrade HTTP/1.1" 200 2980 "https://hondasaudi.com/admin.php?dir=CwhomeCwbalubaidCwhondaFwcore3FwagencyCwwp-content" "Mozilla/5.0 AppleWebKit/537.36 (KHTML, like Gecko; compatible; GPTBot/1.3; +https://openai.com/gptbot)"
2001:16a2:33f8:ff00:f420:86dd:d3a4:dce6 - - [28/Mar/2026:12:21:07 +0000] "GET /accord/ HTTP/1.1" 200 18479 "https://hondasaudi.com/?utm_source=GoogleAds&utm_medium=Paid_Traffic&utm_campaign=Ramadan2026&gad_source=1&gad_campaignid=15485647876&gbraid=0AAAAAoT5x1jtcKcz0KH1ZB-HWl_bZxRet&gclid=CjwKCAjw-J3OBhBuEiwAwqZ_hyRo5hjCXqWrECnxf-dUOy87aY6tpTk0oolB95vet5OfzH21A3rXJBoCaQMQAvD_BwE" "Mozilla/5.0 (Windows NT 10.0; Win64; x64) AppleWebKit/537.36 (KHTML, like Gecko) Chrome/145.0.0.0 Safari/537.36"
2001:16a2:33f8:ff00:f420:86dd:d3a4:dce6 - - [28/Mar/2026:12:21:07 +0000] "GET /accord/?utm_source=GoogleAds&utm_medium=Paid_Traffic&utm_campaign=Ramadan2026&gad_source=1&gad_campaignid=15485647876&gbraid=0AAAAAoT5x1jtcKcz0KH1ZB-HWl_bZxRet&gclid=CjwKCAjw-J3OBhBuEiwAwqZ_hyRo5hjCXqWrECnxf-dUOy87aY6tpTk0oolB95vet5OfzH21A3rXJBoCaQMQAvD_BwE HTTP/1.1" 200 18893 "https://hondasaudi.com/?utm_source=GoogleAds&utm_medium=Paid_Traffic&utm_campaign=Ramadan2026&gad_source=1&gad_campaignid=15485647876&gbraid=0AAAAAoT5x1jtcKcz0KH1ZB-HWl_bZxRet&gclid=CjwKCAjw-J3OBhBuEiwAwqZ_hyRo5hjCXqWrECnxf-dUOy87aY6tpTk0oolB95vet5OfzH21A3rXJBoCaQMQAvD_BwE" "Mozilla/5.0 (Windows NT 10.0; Win64; x64) AppleWebKit/537.36 (KHTML, like Gecko) Chrome/145.0.0.0 Safari/537.36"
209.50.165.60 - - [28/Mar/2026:12:21:09 +0000] "GET /admin668 HTTP/1.1" 404 12242 "-" "Mozilla/5.0 (Windows NT 10.0; Win64; x64) AppleWebKit/537.36 (KHTML, like Gecko) Chrome/119.0.0.0 Safari/537.36"
2001:16a2:33f8:ff00:f420:86dd:d3a4:dce6 - - [28/Mar/2026:12:21:09 +0000] "GET /wp-json/contact-form-7/v1/contact-forms/442769/feedback/schema HTTP/1.1" 200 1816 "https://hondasaudi.com/accord/?utm_source=GoogleAds&utm_medium=Paid_Traffic&utm_campaign=Ramadan2026&gad_source=1&gad_campaignid=15485647876&gbraid=0AAAAAoT5x1jtcKcz0KH1ZB-HWl_bZxRet&gclid=CjwKCAjw-J3OBhBuEiwAwqZ_hyRo5hjCXqWrECnxf-dUOy87aY6tpTk0oolB95vet5OfzH21A3rXJBoCaQMQAvD_BwE" "Mozilla/5.0 (Windows NT 10.0; Win64; x64) AppleWebKit/537.36 (KHTML, like Gecko) Chrome/145.0.0.0 Safari/537.36"
2001:16a2:ea5c:bd00:1857:943e:7eb0:b2dc - - [28/Mar/2026:12:21:14 +0000] "POST /wp-json/contact-form-7/v1/contact-forms/987/feedback HTTP/1.1" 200 308 "https://hondasaudi.com/focused-cars/?utm_source=GoogleAds&utm_medium=Paid_Traffic&utm_campaign=Ramadan2026&gad_source=1&gad_campaignid=15485647876&gbraid=0AAAAAoT5x1jMnUdPNGP_0edYFGEPino6L&gclid=CjwKCAjw-J3OBhBuEiwAwqZ_h94TROztK26QETUvGD2M0nkTAgqIlBZigInUhXzl08W__muOgoU5zBoCDdgQAvD_BwE" "Mozilla/5.0 (iPhone; CPU iPhone OS 18_7 like Mac OS X) AppleWebKit/605.1.15 (KHTML, like Gecko) Version/26.4 Mobile/15E148 Safari/604.1"
2001:16a2:ea5c:bd00:1857:943e:7eb0:b2dc - - [28/Mar/2026:12:21:15 +0000] "POST /wp-json/contact-form-7/v1/contact-forms/987/feedback HTTP/1.1" 200 308 "https://hondasaudi.com/focused-cars/?utm_source=GoogleAds&utm_medium=Paid_Traffic&utm_campaign=Ramadan2026&gad_source=1&gad_campaignid=15485647876&gbraid=0AAAAAoT5x1jMnUdPNGP_0edYFGEPino6L&gclid=CjwKCAjw-J3OBhBuEiwAwqZ_h94TROztK26QETUvGD2M0nkTAgqIlBZigInUhXzl08W__muOgoU5zBoCDdgQAvD_BwE" "Mozilla/5.0 (iPhone; CPU iPhone OS 18_7 like Mac OS X) AppleWebKit/605.1.15 (KHTML, like Gecko) Version/26.4 Mobile/15E148 Safari/604.1"
2001:16a2:33f8:ff00:f420:86dd:d3a4:dce6 - - [28/Mar/2026:12:21:17 +0000] "GET / HTTP/1.1" 200 16212 "https://hondasaudi.com/accord/?utm_source=GoogleAds&utm_medium=Paid_Traffic&utm_campaign=Ramadan2026&gad_source=1&gad_campaignid=15485647876&gbraid=0AAAAAoT5x1jtcKcz0KH1ZB-HWl_bZxRet&gclid=CjwKCAjw-J3OBhBuEiwAwqZ_hyRo5hjCXqWrECnxf-dUOy87aY6tpTk0oolB95vet5OfzH21A3rXJBoCaQMQAvD_BwE" "Mozilla/5.0 (Windows NT 10.0; Win64; x64) AppleWebKit/537.36 (KHTML, like Gecko) Chrome/145.0.0.0 Safari/537.36"
