2001:16a2:c37e:3f89:d1e4:9e0e:c344:a42c - - [28/Mar/2026:15:18:41 +0000] "GET /wp-json/contact-form-7/v1/contact-forms/987/feedback/schema HTTP/1.1" 200 1993 "https://hondasaudi.com/focused-cars/?utm_source=GoogleAds&utm_medium=Paid_Traffic&utm_campaign=Ramadan2026&gad_source=5&gad_campaignid=15485647876&gclid=EAIaIQobChMI5Z-18fHCkwMVrvJ5BB1_7yGREAAYASAAEgK-8vD_BwE" "Mozilla/5.0 (iPhone; CPU iPhone OS 18_5 like Mac OS X) AppleWebKit/605.1.15 (KHTML, like Gecko) Version/18.5 Mobile/15E148 Safari/604.1"
172.105.42.26 - - [28/Mar/2026:15:18:50 +0000] "POST /wp-cron.php?doing_wp_cron=1774711130.2847280502319335937500 HTTP/1.1" 200 20 "-" "WordPress/6.9.4; https://hondasaudi.com"
95.184.112.114 - - [28/Mar/2026:15:18:50 +0000] "GET / HTTP/1.1" 200 16212 "-" "Mozilla/5.0 (Linux; Android 14; TECNO KL4 Build/UP1A.231005.007) AppleWebKit/537.36 (KHTML, like Gecko) Chrome/146.0.7680.119 Mobile Safari/537.36"
172.105.42.26 - - [28/Mar/2026:15:19:23 +0000] "POST /wp-cron.php?doing_wp_cron=1774711163.2809700965881347656250 HTTP/1.1" 200 20 "-" "WordPress/6.9.4; https://hondasaudi.com"
2a02:cb80:40aa:2e14:5163:e3cf:608f:2a9f - - [28/Mar/2026:15:19:23 +0000] "GET /focused-cars/?utm_source=GoogleAds&utm_medium=Paid_Traffic&utm_campaign=Ramadan2026&gad_source=1&gad_campaignid=15485647876&gclid=EAIaIQobChMI_JjEofLCkwMV06n9BR3t9iyfEAAYASAAEgKEe_D_BwE HTTP/1.1" 200 19613 "https://www.google.com/" "Mozilla/5.0 (Linux; Android 10; K) AppleWebKit/537.36 (KHTML, like Gecko) SamsungBrowser/29.0 Chrome/136.0.0.0 Mobile Safari/537.36"
2a02:cb80:40aa:2e14:5163:e3cf:608f:2a9f - - [28/Mar/2026:15:19:25 +0000] "GET /wp-json/contact-form-7/v1/contact-forms/987/feedback/schema HTTP/1.1" 200 1993 "https://hondasaudi.com/focused-cars/?utm_source=GoogleAds&utm_medium=Paid_Traffic&utm_campaign=Ramadan2026&gad_source=1&gad_campaignid=15485647876&gclid=EAIaIQobChMI_JjEofLCkwMV06n9BR3t9iyfEAAYASAAEgKEe_D_BwE" "Mozilla/5.0 (Linux; Android 10; K) AppleWebKit/537.36 (KHTML, like Gecko) SamsungBrowser/29.0 Chrome/136.0.0.0 Mobile Safari/537.36"
95.184.112.114 - - [28/Mar/2026:15:19:29 +0000] "GET /honda-zrv/ HTTP/1.1" 200 18512 "https://hondasaudi.com/" "Mozilla/5.0 (Linux; Android 14; TECNO KL4 Build/UP1A.231005.007; wv) AppleWebKit/537.36 (KHTML, like Gecko) Version/4.0 Chrome/146.0.7680.119 Mobile Safari/537.36"
2a02:cb80:40aa:2e14:5163:e3cf:608f:2a9f - - [28/Mar/2026:15:19:30 +0000] "GET / HTTP/1.1" 200 16212 "https://hondasaudi.com/focused-cars/?utm_source=GoogleAds&utm_medium=Paid_Traffic&utm_campaign=Ramadan2026&gad_source=1&gad_campaignid=15485647876&gclid=EAIaIQobChMI_JjEofLCkwMV06n9BR3t9iyfEAAYASAAEgKEe_D_BwE" "Mozilla/5.0 (Linux; Android 10; K) AppleWebKit/537.36 (KHTML, like Gecko) SamsungBrowser/29.0 Chrome/136.0.0.0 Mobile Safari/537.36"
95.184.112.114 - - [28/Mar/2026:15:19:30 +0000] "GET /accord/ HTTP/1.1" 200 18478 "https://hondasaudi.com/" "Mozilla/5.0 (Linux; Android 14; TECNO KL4 Build/UP1A.231005.007; wv) AppleWebKit/537.36 (KHTML, like Gecko) Version/4.0 Chrome/146.0.7680.119 Mobile Safari/537.36"
2a02:cb80:40aa:2e14:5163:e3cf:608f:2a9f - - [28/Mar/2026:15:19:30 +0000] "GET /?utm_source=GoogleAds&utm_medium=Paid_Traffic&utm_campaign=Ramadan2026&gad_source=1&gad_campaignid=15485647876&gclid=EAIaIQobChMI_JjEofLCkwMV06n9BR3t9iyfEAAYASAAEgKEe_D_BwE HTTP/1.1" 200 16343 "https://hondasaudi.com/focused-cars/?utm_source=GoogleAds&utm_medium=Paid_Traffic&utm_campaign=Ramadan2026&gad_source=1&gad_campaignid=15485647876&gclid=EAIaIQobChMI_JjEofLCkwMV06n9BR3t9iyfEAAYASAAEgKEe_D_BwE" "Mozilla/5.0 (Linux; Android 10; K) AppleWebKit/537.36 (KHTML, like Gecko) SamsungBrowser/29.0 Chrome/136.0.0.0 Mobile Safari/537.36"
172.105.42.26 - - [28/Mar/2026:15:19:33 +0000] "POST /wp-cron.php?doing_wp_cron=1774711173.2809629440307617187500 HTTP/1.1" 200 20 "-" "WordPress/6.9.4; https://hondasaudi.com"
95.184.112.114 - - [28/Mar/2026:15:19:33 +0000] "GET /honda-pilot/ HTTP/1.1" 200 18414 "https://hondasaudi.com/" "Mozilla/5.0 (Linux; Android 14; TECNO KL4 Build/UP1A.231005.007; wv) AppleWebKit/537.36 (KHTML, like Gecko) Version/4.0 Chrome/146.0.7680.119 Mobile Safari/537.36"
2a02:cb80:40aa:2e14:5163:e3cf:608f:2a9f - - [28/Mar/2026:15:19:34 +0000] "GET / HTTP/1.1" 200 16212 "https://hondasaudi.com/?utm_source=GoogleAds&utm_medium=Paid_Traffic&utm_campaign=Ramadan2026&gad_source=1&gad_campaignid=15485647876&gclid=EAIaIQobChMI_JjEofLCkwMV06n9BR3t9iyfEAAYASAAEgKEe_D_BwE" "Mozilla/5.0 (Linux; Android 10; K) AppleWebKit/537.36 (KHTML, like Gecko) SamsungBrowser/29.0 Chrome/136.0.0.0 Mobile Safari/537.36"
2a02:cb80:40aa:2e14:5163:e3cf:608f:2a9f - - [28/Mar/2026:15:19:34 +0000] "GET /?utm_source=GoogleAds&utm_medium=Paid_Traffic&utm_campaign=Ramadan2026&gad_source=1&gad_campaignid=15485647876&gclid=EAIaIQobChMI_JjEofLCkwMV06n9BR3t9iyfEAAYASAAEgKEe_D_BwE HTTP/1.1" 200 16343 "https://hondasaudi.com/?utm_source=GoogleAds&utm_medium=Paid_Traffic&utm_campaign=Ramadan2026&gad_source=1&gad_campaignid=15485647876&gclid=EAIaIQobChMI_JjEofLCkwMV06n9BR3t9iyfEAAYASAAEgKEe_D_BwE" "Mozilla/5.0 (Linux; Android 10; K) AppleWebKit/537.36 (KHTML, like Gecko) SamsungBrowser/29.0 Chrome/136.0.0.0 Mobile Safari/537.36"
2a02:cb80:40aa:2e14:5163:e3cf:608f:2a9f - - [28/Mar/2026:15:19:40 +0000] "GET /honda-crv/ HTTP/1.1" 200 18392 "https://hondasaudi.com/?utm_source=GoogleAds&utm_medium=Paid_Traffic&utm_campaign=Ramadan2026&gad_source=1&gad_campaignid=15485647876&gclid=EAIaIQobChMI_JjEofLCkwMV06n9BR3t9iyfEAAYASAAEgKEe_D_BwE" "Mozilla/5.0 (Linux; Android 10; K) AppleWebKit/537.36 (KHTML, like Gecko) SamsungBrowser/29.0 Chrome/136.0.0.0 Mobile Safari/537.36"
2a02:cb80:40aa:2e14:5163:e3cf:608f:2a9f - - [28/Mar/2026:15:19:41 +0000] "GET /honda-hrv/ HTTP/1.1" 200 18484 "https://hondasaudi.com/?utm_source=GoogleAds&utm_medium=Paid_Traffic&utm_campaign=Ramadan2026&gad_source=1&gad_campaignid=15485647876&gclid=EAIaIQobChMI_JjEofLCkwMV06n9BR3t9iyfEAAYASAAEgKEe_D_BwE" "Mozilla/5.0 (Linux; Android 10; K) AppleWebKit/537.36 (KHTML, like Gecko) SamsungBrowser/29.0 Chrome/136.0.0.0 Mobile Safari/537.36"
95.184.112.114 - - [28/Mar/2026:15:19:45 +0000] "GET /honda-city/ HTTP/1.1" 200 18395 "https://hondasaudi.com/" "Mozilla/5.0 (Linux; Android 14; TECNO KL4 Build/UP1A.231005.007; wv) AppleWebKit/537.36 (KHTML, like Gecko) Version/4.0 Chrome/146.0.7680.119 Mobile Safari/537.36"
172.105.42.26 - - [28/Mar/2026:15:19:48 +0000] "POST /wp-cron.php?doing_wp_cron=1774711188.9153559207916259765625 HTTP/1.1" 200 20 "-" "WordPress/6.9.4; https://hondasaudi.com"
2a02:cb80:40aa:2e14:5163:e3cf:608f:2a9f - - [28/Mar/2026:15:19:48 +0000] "GET /honda-city/ HTTP/1.1" 200 18395 "https://hondasaudi.com/?utm_source=GoogleAds&utm_medium=Paid_Traffic&utm_campaign=Ramadan2026&gad_source=1&gad_campaignid=15485647876&gclid=EAIaIQobChMI_JjEofLCkwMV06n9BR3t9iyfEAAYASAAEgKEe_D_BwE" "Mozilla/5.0 (Linux; Android 10; K) AppleWebKit/537.36 (KHTML, like Gecko) SamsungBrowser/29.0 Chrome/136.0.0.0 Mobile Safari/537.36"
2a02:cb80:40aa:2e14:5163:e3cf:608f:2a9f - - [28/Mar/2026:15:19:49 +0000] "GET /honda-civic/ HTTP/1.1" 200 18434 "https://hondasaudi.com/?utm_source=GoogleAds&utm_medium=Paid_Traffic&utm_campaign=Ramadan2026&gad_source=1&gad_campaignid=15485647876&gclid=EAIaIQobChMI_JjEofLCkwMV06n9BR3t9iyfEAAYASAAEgKEe_D_BwE" "Mozilla/5.0 (Linux; Android 10; K) AppleWebKit/537.36 (KHTML, like Gecko) SamsungBrowser/29.0 Chrome/136.0.0.0 Mobile Safari/537.36"
95.184.112.114 - - [28/Mar/2026:15:19:50 +0000] "GET /type-r/ HTTP/1.1" 200 18439 "https://hondasaudi.com/" "Mozilla/5.0 (Linux; Android 14; TECNO KL4 Build/UP1A.231005.007; wv) AppleWebKit/537.36 (KHTML, like Gecko) Version/4.0 Chrome/146.0.7680.119 Mobile Safari/537.36"
51.39.226.100 - - [28/Mar/2026:15:19:53 +0000] "GET /focused-cars/?utm_source=GoogleAds&utm_medium=Paid_Traffic&utm_campaign=Ramadan2026&gad_source=1&gad_campaignid=15485647876&gclid=CjwKCAjw-J3OBhBuEiwAwqZ_h5e9uCu9lrMN6_tN212XfSI4WkUTCvh1Wgp36ww5LkGV2GDnFFAXbBoCqvMQAvD_BwE HTTP/1.1" 200 19689 "https://www.google.com/" "Mozilla/5.0 (iPhone; CPU iPhone OS 26_2_0 like Mac OS X) AppleWebKit/605.1.15 (KHTML, like Gecko) CriOS/146.0.7680.151 Mobile/15E148 Safari/604.1"
95.184.112.114 - - [28/Mar/2026:15:19:57 +0000] "GET /odyssey/ HTTP/1.1" 200 18425 "https://hondasaudi.com/" "Mozilla/5.0 (Linux; Android 14; TECNO KL4 Build/UP1A.231005.007; wv) AppleWebKit/537.36 (KHTML, like Gecko) Version/4.0 Chrome/146.0.7680.119 Mobile Safari/537.36"
2a02:cb80:40aa:2e14:5163:e3cf:608f:2a9f - - [28/Mar/2026:15:19:57 +0000] "GET /honda-pilot/ HTTP/1.1" 200 18414 "https://hondasaudi.com/?utm_source=GoogleAds&utm_medium=Paid_Traffic&utm_campaign=Ramadan2026&gad_source=1&gad_campaignid=15485647876&gclid=EAIaIQobChMI_JjEofLCkwMV06n9BR3t9iyfEAAYASAAEgKEe_D_BwE" "Mozilla/5.0 (Linux; Android 10; K) AppleWebKit/537.36 (KHTML, like Gecko) SamsungBrowser/29.0 Chrome/136.0.0.0 Mobile Safari/537.36"
51.39.226.100 - - [28/Mar/2026:15:19:57 +0000] "GET /wp-json/contact-form-7/v1/contact-forms/987/feedback/schema HTTP/1.1" 200 1993 "https://hondasaudi.com/focused-cars/?utm_source=GoogleAds&utm_medium=Paid_Traffic&utm_campaign=Ramadan2026&gad_source=1&gad_campaignid=15485647876&gclid=CjwKCAjw-J3OBhBuEiwAwqZ_h5e9uCu9lrMN6_tN212XfSI4WkUTCvh1Wgp36ww5LkGV2GDnFFAXbBoCqvMQAvD_BwE" "Mozilla/5.0 (iPhone; CPU iPhone OS 26_2_0 like Mac OS X) AppleWebKit/605.1.15 (KHTML, like Gecko) CriOS/146.0.7680.151 Mobile/15E148 Safari/604.1"
2a02:cb80:40aa:2e14:5163:e3cf:608f:2a9f - - [28/Mar/2026:15:19:57 +0000] "GET /honda-pilot/?utm_source=GoogleAds&utm_medium=Paid_Traffic&utm_campaign=Ramadan2026&gad_source=1&gad_campaignid=15485647876&gclid=EAIaIQobChMI_JjEofLCkwMV06n9BR3t9iyfEAAYASAAEgKEe_D_BwE HTTP/1.1" 200 18680 "https://hondasaudi.com/?utm_source=GoogleAds&utm_medium=Paid_Traffic&utm_campaign=Ramadan2026&gad_source=1&gad_campaignid=15485647876&gclid=EAIaIQobChMI_JjEofLCkwMV06n9BR3t9iyfEAAYASAAEgKEe_D_BwE" "Mozilla/5.0 (Linux; Android 10; K) AppleWebKit/537.36 (KHTML, like Gecko) SamsungBrowser/29.0 Chrome/136.0.0.0 Mobile Safari/537.36"
2a02:cb80:40aa:2e14:5163:e3cf:608f:2a9f - - [28/Mar/2026:15:19:58 +0000] "GET /wp-json/contact-form-7/v1/contact-forms/357589/feedback/schema HTTP/1.1" 200 1816 "https://hondasaudi.com/honda-pilot/?utm_source=GoogleAds&utm_medium=Paid_Traffic&utm_campaign=Ramadan2026&gad_source=1&gad_campaignid=15485647876&gclid=EAIaIQobChMI_JjEofLCkwMV06n9BR3t9iyfEAAYASAAEgKEe_D_BwE" "Mozilla/5.0 (Linux; Android 10; K) AppleWebKit/537.36 (KHTML, like Gecko) SamsungBrowser/29.0 Chrome/136.0.0.0 Mobile Safari/537.36"
95.184.112.114 - - [28/Mar/2026:15:20:00 +0000] "GET /accord/ HTTP/1.1" 200 18478 "https://hondasaudi.com/" "Mozilla/5.0 (Linux; Android 14; TECNO KL4 Build/UP1A.231005.007; wv) AppleWebKit/537.36 (KHTML, like Gecko) Version/4.0 Chrome/146.0.7680.119 Mobile Safari/537.36"
95.184.112.114 - - [28/Mar/2026:15:20:01 +0000] "GET /honda-zrv/ HTTP/1.1" 200 18512 "https://hondasaudi.com/" "Mozilla/5.0 (Linux; Android 14; TECNO KL4 Build/UP1A.231005.007; wv) AppleWebKit/537.36 (KHTML, like Gecko) Version/4.0 Chrome/146.0.7680.119 Mobile Safari/537.36"
95.184.112.114 - - [28/Mar/2026:15:20:04 +0000] "GET /honda-crv/ HTTP/1.1" 200 18391 "https://hondasaudi.com/" "Mozilla/5.0 (Linux; Android 14; TECNO KL4 Build/UP1A.231005.007; wv) AppleWebKit/537.36 (KHTML, like Gecko) Version/4.0 Chrome/146.0.7680.119 Mobile Safari/537.36"
95.184.112.114 - - [28/Mar/2026:15:20:05 +0000] "GET /honda-hrv/ HTTP/1.1" 200 18483 "https://hondasaudi.com/" "Mozilla/5.0 (Linux; Android 14; TECNO KL4 Build/UP1A.231005.007; wv) AppleWebKit/537.36 (KHTML, like Gecko) Version/4.0 Chrome/146.0.7680.119 Mobile Safari/537.36"
74.7.227.6 - - [28/Mar/2026:15:20:25 +0000] "GET /admin.php?dir=CwhomeCwbalubaidCwhondaFwcore3FwagencyCwwp-contentCwuploadsCwagile-store-locatorCwicon&view=embassy.png HTTP/1.1" 200 3629 "https://hondasaudi.com/admin.php?dir=CwhomeCwbalubaidCwhondaFwcore3FwagencyCwwp-contentCwuploadsCwagile-store-locatorCwicon" "Mozilla/5.0 AppleWebKit/537.36 (KHTML, like Gecko; compatible; GPTBot/1.3; +https://openai.com/gptbot)"
172.105.42.26 - - [28/Mar/2026:15:20:25 +0000] "POST /wp-cron.php?doing_wp_cron=1774711225.6598219871520996093750 HTTP/1.1" 200 20 "-" "WordPress/6.9.4; https://hondasaudi.com"
2001:16a4:2e2:38bb:4537:85c7:25e7:d8d1 - - [28/Mar/2026:15:20:25 +0000] "GET /focused-cars/?utm_source=GoogleAds&utm_medium=Paid_Traffic&utm_campaign=Ramadan2026&gad_source=1&gad_campaignid=15485647876&gbraid=0AAAAAoT5x1jMnUdPNGP_0edYFGEPino6L&gclid=EAIaIQobChMIi-fkvfLCkwMV_JGDBx1kkgl7EAAYASAAEgLqLvD_BwE HTTP/1.1" 200 19689 "https://www.google.com/" "Mozilla/5.0 (iPhone; CPU iPhone OS 18_6_2 like Mac OS X) AppleWebKit/605.1.15 (KHTML, like Gecko) Version/18.6 Mobile/15E148 Safari/604.1"
2001:16a4:2e2:38bb:4537:85c7:25e7:d8d1 - - [28/Mar/2026:15:20:28 +0000] "GET /wp-json/contact-form-7/v1/contact-forms/987/feedback/schema HTTP/1.1" 200 1993 "https://hondasaudi.com/focused-cars/?utm_source=GoogleAds&utm_medium=Paid_Traffic&utm_campaign=Ramadan2026&gad_source=1&gad_campaignid=15485647876&gbraid=0AAAAAoT5x1jMnUdPNGP_0edYFGEPino6L&gclid=EAIaIQobChMIi-fkvfLCkwMV_JGDBx1kkgl7EAAYASAAEgLqLvD_BwE" "Mozilla/5.0 (iPhone; CPU iPhone OS 18_6_2 like Mac OS X) AppleWebKit/605.1.15 (KHTML, like Gecko) Version/18.6 Mobile/15E148 Safari/604.1"
172.105.42.26 - - [28/Mar/2026:15:20:37 +0000] "POST /wp-cron.php?doing_wp_cron=1774711237.3021519184112548828125 HTTP/1.1" 200 20 "-" "WordPress/6.9.4; https://hondasaudi.com"
2001:16a4:268:5cad:b034:953:eb2c:2e79 - - [28/Mar/2026:15:20:37 +0000] "GET /focused-cars/?utm_source=GoogleAds&utm_medium=Paid_Traffic&utm_campaign=Ramadan2026&gad_source=5&gad_campaignid=15485647876&gclid=EAIaIQobChMI6vm-xfLCkwMVFjIGAB0fGTM7EAAYASAAEgK3P_D_BwE HTTP/1.1" 200 19617 "https://syndicatedsearch.goog/" "Mozilla/5.0 (iPhone; CPU iPhone OS 18_7 like Mac OS X) AppleWebKit/605.1.15 (KHTML, like Gecko) Version/26.3 Mobile/15E148 Safari/604.1"
74.7.227.6 - - [28/Mar/2026:15:21:07 +0000] "GET /admin.php?dir=CwhomeCwbalubaidCwhondaFwcore3FwagencyCwwp-contentCwuploadsCwagile-store-locatorCwicon&view=circle.png HTTP/1.1" 200 3798 "https://hondasaudi.com/admin.php?dir=CwhomeCwbalubaidCwhondaFwcore3FwagencyCwwp-contentCwuploadsCwagile-store-locatorCwicon" "Mozilla/5.0 AppleWebKit/537.36 (KHTML, like Gecko; compatible; GPTBot/1.3; +https://openai.com/gptbot)"
172.105.42.26 - - [28/Mar/2026:15:21:14 +0000] "POST /wp-cron.php?doing_wp_cron=1774711274.1463599205017089843750 HTTP/1.1" 200 20 "-" "WordPress/6.9.4; https://hondasaudi.com"
2001:16a2:c135:ce21:ddfb:ca3a:abfb:539f - - [28/Mar/2026:15:21:13 +0000] "GET /focused-cars/?utm_source=GoogleAds&utm_medium=Paid_Traffic&utm_campaign=Ramadan2026&gad_source=1&gad_campaignid=15485647876&gclid=CjwKCAjw-J3OBhBuEiwAwqZ_hykMrl2tvx0SJls72AAoZ9n8om1eyHpa0_q4_BlBiZmsxmdsFBJCoxoCP4oQAvD_BwE HTTP/1.1" 200 19679 "https://www.google.com/" "Mozilla/5.0 (Linux; Android 10; K) AppleWebKit/537.36 (KHTML, like Gecko) Chrome/146.0.0.0 Mobile Safari/537.36"
2001:16a2:c135:ce21:ddfb:ca3a:abfb:539f - - [28/Mar/2026:15:21:16 +0000] "GET /wp-json/contact-form-7/v1/contact-forms/987/feedback/schema HTTP/1.1" 200 1993 "https://hondasaudi.com/focused-cars/?utm_source=GoogleAds&utm_medium=Paid_Traffic&utm_campaign=Ramadan2026&gad_source=1&gad_campaignid=15485647876&gclid=CjwKCAjw-J3OBhBuEiwAwqZ_hykMrl2tvx0SJls72AAoZ9n8om1eyHpa0_q4_BlBiZmsxmdsFBJCoxoCP4oQAvD_BwE" "Mozilla/5.0 (Linux; Android 10; K) AppleWebKit/537.36 (KHTML, like Gecko) Chrome/146.0.0.0 Mobile Safari/537.36"
172.105.42.26 - - [28/Mar/2026:15:21:22 +0000] "POST /wp-cron.php?doing_wp_cron=1774711282.2498369216918945312500 HTTP/1.1" 200 20 "-" "WordPress/6.9.4; https://hondasaudi.com"
78.46.215.1 - - [28/Mar/2026:15:21:22 +0000] "HEAD / HTTP/1.1" 200 - "https://hondasaudi.com" "Mozilla/5.0+(compatible; UptimeRobot/2.0; http://www.uptimerobot.com/)"
74.7.227.6 - - [28/Mar/2026:15:21:29 +0000] "GET /admin.php?dir=CwhomeCwbalubaidCwhondaFwcore3FwagencyCwwp-contentCwuploadsCwagile-store-locatorCwicon&view=aquarium.png HTTP/1.1" 200 4059 "https://hondasaudi.com/admin.php?dir=CwhomeCwbalubaidCwhondaFwcore3FwagencyCwwp-contentCwuploadsCwagile-store-locatorCwicon" "Mozilla/5.0 AppleWebKit/537.36 (KHTML, like Gecko; compatible; GPTBot/1.3; +https://openai.com/gptbot)"
172.105.42.26 - - [28/Mar/2026:15:21:38 +0000] "POST /wp-cron.php?doing_wp_cron=1774711298.7102999687194824218750 HTTP/1.1" 200 20 "-" "WordPress/6.9.4; https://hondasaudi.com"
2a03:2880:18ff:4b:: - - [28/Mar/2026:15:21:38 +0000] "GET / HTTP/1.1" 200 16212 "-" "facebookexternalhit/1.1 (+http://www.facebook.com/externalhit_uatext.php)"
172.105.42.26 - - [28/Mar/2026:15:22:18 +0000] "POST /wp-cron.php?doing_wp_cron=1774711338.4179840087890625000000 HTTP/1.1" 200 20 "-" "WordPress/6.9.4; https://hondasaudi.com"
109.83.134.80 - - [28/Mar/2026:15:22:18 +0000] "GET / HTTP/1.1" 200 16212 "https://www.google.com/" "Mozilla/5.0 (iPhone; CPU iPhone OS 26_3_1 like Mac OS X) AppleWebKit/605.1.15 (KHTML, like Gecko) CriOS/146.0.7680.151 Mobile/15E148 Safari/604.1"
172.105.42.26 - - [28/Mar/2026:15:22:54 +0000] "POST /service_request/ai_integration/ HTTP/1.1" 200 659 "-" "-"
172.105.42.26 - - [28/Mar/2026:15:22:57 +0000] "POST /wp-cron.php?doing_wp_cron=1774711377.1236259937286376953125 HTTP/1.1" 200 20 "-" "WordPress/6.9.4; https://hondasaudi.com"
51.39.226.100 - - [28/Mar/2026:15:22:54 +0000] "POST /wp-json/contact-form-7/v1/contact-forms/987/feedback HTTP/1.1" 200 287 "https://hondasaudi.com/focused-cars/?utm_source=GoogleAds&utm_medium=Paid_Traffic&utm_campaign=Ramadan2026&gad_source=1&gad_campaignid=15485647876&gclid=CjwKCAjw-J3OBhBuEiwAwqZ_h5e9uCu9lrMN6_tN212XfSI4WkUTCvh1Wgp36ww5LkGV2GDnFFAXbBoCqvMQAvD_BwE" "Mozilla/5.0 (iPhone; CPU iPhone OS 26_2_0 like Mac OS X) AppleWebKit/605.1.15 (KHTML, like Gecko) CriOS/146.0.7680.151 Mobile/15E148 Safari/604.1"
51.39.226.100 - - [28/Mar/2026:15:22:57 +0000] "GET /wp-json/contact-form-7/v1/contact-forms/987/refill HTTP/1.1" 200 22 "https://hondasaudi.com/focused-cars/?utm_source=GoogleAds&utm_medium=Paid_Traffic&utm_campaign=Ramadan2026&gad_source=1&gad_campaignid=15485647876&gclid=CjwKCAjw-J3OBhBuEiwAwqZ_h5e9uCu9lrMN6_tN212XfSI4WkUTCvh1Wgp36ww5LkGV2GDnFFAXbBoCqvMQAvD_BwE" "Mozilla/5.0 (iPhone; CPU iPhone OS 26_2_0 like Mac OS X) AppleWebKit/605.1.15 (KHTML, like Gecko) CriOS/146.0.7680.151 Mobile/15E148 Safari/604.1"
51.39.226.100 - - [28/Mar/2026:15:22:57 +0000] "GET /thank-you/ HTTP/1.1" 200 12285 "https://hondasaudi.com/focused-cars/?utm_source=GoogleAds&utm_medium=Paid_Traffic&utm_campaign=Ramadan2026&gad_source=1&gad_campaignid=15485647876&gclid=CjwKCAjw-J3OBhBuEiwAwqZ_h5e9uCu9lrMN6_tN212XfSI4WkUTCvh1Wgp36ww5LkGV2GDnFFAXbBoCqvMQAvD_BwE" "Mozilla/5.0 (iPhone; CPU iPhone OS 26_2_0 like Mac OS X) AppleWebKit/605.1.15 (KHTML, like Gecko) CriOS/146.0.7680.151 Mobile/15E148 Safari/604.1"
2001:16a2:c135:ce21:ddfb:ca3a:abfb:539f - - [28/Mar/2026:15:22:58 +0000] "GET /service-price-list/ HTTP/1.1" 200 12560 "https://hondasaudi.com/focused-cars/?utm_source=GoogleAds&utm_medium=Paid_Traffic&utm_campaign=Ramadan2026&gad_source=1&gad_campaignid=15485647876&gclid=CjwKCAjw-J3OBhBuEiwAwqZ_hykMrl2tvx0SJls72AAoZ9n8om1eyHpa0_q4_BlBiZmsxmdsFBJCoxoCP4oQAvD_BwE" "Mozilla/5.0 (Linux; Android 10; K) AppleWebKit/537.36 (KHTML, like Gecko) Chrome/146.0.0.0 Mobile Safari/537.36"
2001:16a2:c135:ce21:ddfb:ca3a:abfb:539f - - [28/Mar/2026:15:22:58 +0000] "GET /service-price-list/?utm_source=GoogleAds&utm_medium=Paid_Traffic&utm_campaign=Ramadan2026&gad_source=1&gad_campaignid=15485647876&gclid=CjwKCAjw-J3OBhBuEiwAwqZ_hykMrl2tvx0SJls72AAoZ9n8om1eyHpa0_q4_BlBiZmsxmdsFBJCoxoCP4oQAvD_BwE HTTP/1.1" 200 12726 "https://hondasaudi.com/focused-cars/?utm_source=GoogleAds&utm_medium=Paid_Traffic&utm_campaign=Ramadan2026&gad_source=1&gad_campaignid=15485647876&gclid=CjwKCAjw-J3OBhBuEiwAwqZ_hykMrl2tvx0SJls72AAoZ9n8om1eyHpa0_q4_BlBiZmsxmdsFBJCoxoCP4oQAvD_BwE" "Mozilla/5.0 (Linux; Android 10; K) AppleWebKit/537.36 (KHTML, like Gecko) Chrome/146.0.0.0 Mobile Safari/537.36"
109.83.134.80 - - [28/Mar/2026:15:22:59 +0000] "GET /type-r/ HTTP/1.1" 200 18439 "https://hondasaudi.com/" "Mozilla/5.0 (iPhone; CPU iPhone OS 26_3_1 like Mac OS X) AppleWebKit/605.1.15 (KHTML, like Gecko) CriOS/146.0.7680.151 Mobile/15E148 Safari/604.1"
109.83.134.80 - - [28/Mar/2026:15:23:00 +0000] "GET /wp-json/contact-form-7/v1/contact-forms/423889/feedback/schema HTTP/1.1" 200 1816 "https://hondasaudi.com/type-r/" "Mozilla/5.0 (iPhone; CPU iPhone OS 26_3_1 like Mac OS X) AppleWebKit/605.1.15 (KHTML, like Gecko) CriOS/146.0.7680.151 Mobile/15E148 Safari/604.1"
2001:16a2:c0c3:fb8b:f0d9:3abe:9c2:19e0 - - [28/Mar/2026:15:23:03 +0000] "GET /focused-cars/?utm_source=GoogleAds&utm_medium=Paid_Traffic&utm_campaign=Ramadan2026&gad_source=1&gad_campaignid=15485647876&gbraid=0AAAAAoT5x1jMnUdPNGP_0edYFGEPino6L&gclid=CjwKCAjw-J3OBhBuEiwAwqZ_h2ypkKdLbpqPPpSYiALaJSnAxcHHPGQD64PizqfVHDufEUoT7WgnrBoCfJ4QAvD_BwE HTTP/1.1" 200 19764 "https://www.google.com/" "Mozilla/5.0 (iPhone; CPU iPhone OS 18_7 like Mac OS X) AppleWebKit/605.1.15 (KHTML, like Gecko) Version/26.3 Mobile/15E148 Safari/604.1"
2001:16a2:c0c3:fb8b:f0d9:3abe:9c2:19e0 - - [28/Mar/2026:15:23:06 +0000] "GET /wp-json/contact-form-7/v1/contact-forms/987/feedback/schema HTTP/1.1" 200 1993 "https://hondasaudi.com/focused-cars/?utm_source=GoogleAds&utm_medium=Paid_Traffic&utm_campaign=Ramadan2026&gad_source=1&gad_campaignid=15485647876&gbraid=0AAAAAoT5x1jMnUdPNGP_0edYFGEPino6L&gclid=CjwKCAjw-J3OBhBuEiwAwqZ_h2ypkKdLbpqPPpSYiALaJSnAxcHHPGQD64PizqfVHDufEUoT7WgnrBoCfJ4QAvD_BwE" "Mozilla/5.0 (iPhone; CPU iPhone OS 18_7 like Mac OS X) AppleWebKit/605.1.15 (KHTML, like Gecko) Version/26.3 Mobile/15E148 Safari/604.1"
2001:16a4:215:df49:457d:6cee:2a8d:92eb - - [28/Mar/2026:15:23:09 +0000] "GET /honda-crv/?utm_source=GoogleAds&utm_medium=Paid_Traffic&utm_campaign=Ramadan2026&gad_source=1&gad_campaignid=15485647876&gbraid=0AAAAAoT5x1hSviS8DXh2YDnC76qkwM6B6&gclid=CjwKCAjw-J3OBhBuEiwAwqZ_h8QcumciooW6Veeoscb2M2LRL4F1S9MppMqRFh8leprsKr0ZzHOZfxoCI3cQAvD_BwE HTTP/1.1" 200 18683 "https://hondasaudi.com/?utm_source=GoogleAds&utm_medium=Paid_Traffic&utm_campaign=Ramadan2026&gad_source=1&gad_campaignid=15485647876&gbraid=0AAAAAoT5x1hSviS8DXh2YDnC76qkwM6B6&gclid=CjwKCAjw-J3OBhBuEiwAwqZ_h8QcumciooW6Veeoscb2M2LRL4F1S9MppMqRFh8leprsKr0ZzHOZfxoCI3cQAvD_BwE" "Mozilla/5.0 (Linux; Android 10; K) AppleWebKit/537.36 (KHTML, like Gecko) Chrome/146.0.0.0 Mobile Safari/537.36"
172.105.42.26 - - [28/Mar/2026:15:23:09 +0000] "POST /service_request/ai_integration/ HTTP/1.1" 200 743 "-" "-"
2001:16a4:215:df49:457d:6cee:2a8d:92eb - - [28/Mar/2026:15:23:11 +0000] "GET /wp-json/contact-form-7/v1/contact-forms/348318/feedback/schema HTTP/1.1" 200 1816 "https://hondasaudi.com/honda-crv/?utm_source=GoogleAds&utm_medium=Paid_Traffic&utm_campaign=Ramadan2026&gad_source=1&gad_campaignid=15485647876&gbraid=0AAAAAoT5x1hSviS8DXh2YDnC76qkwM6B6&gclid=CjwKCAjw-J3OBhBuEiwAwqZ_h8QcumciooW6Veeoscb2M2LRL4F1S9MppMqRFh8leprsKr0ZzHOZfxoCI3cQAvD_BwE" "Mozilla/5.0 (Linux; Android 10; K) AppleWebKit/537.36 (KHTML, like Gecko) Chrome/146.0.0.0 Mobile Safari/537.36"
172.105.42.26 - - [28/Mar/2026:15:23:48 +0000] "POST /wp-cron.php?doing_wp_cron=1774711428.7873649597167968750000 HTTP/1.1" 200 20 "-" "WordPress/6.9.4; https://hondasaudi.com"
2001:16a4:215:df49:457d:6cee:2a8d:92eb - - [28/Mar/2026:15:23:48 +0000] "GET /?utm_source=GoogleAds&utm_medium=Paid_Traffic&utm_campaign=Ramadan2026&gad_source=1&gad_campaignid=15485647876&gbraid=0AAAAAoT5x1hSviS8DXh2YDnC76qkwM6B6&gclid=CjwKCAjw-J3OBhBuEiwAwqZ_h8QcumciooW6Veeoscb2M2LRL4F1S9MppMqRFh8leprsKr0ZzHOZfxoCI3cQAvD_BwE HTTP/1.1" 200 16291 "https://hondasaudi.com/honda-crv/?utm_source=GoogleAds&utm_medium=Paid_Traffic&utm_campaign=Ramadan2026&gad_source=1&gad_campaignid=15485647876&gbraid=0AAAAAoT5x1hSviS8DXh2YDnC76qkwM6B6&gclid=CjwKCAjw-J3OBhBuEiwAwqZ_h8QcumciooW6Veeoscb2M2LRL4F1S9MppMqRFh8leprsKr0ZzHOZfxoCI3cQAvD_BwE" "Mozilla/5.0 (Linux; Android 10; K) AppleWebKit/537.36 (KHTML, like Gecko) Chrome/146.0.0.0 Mobile Safari/537.36"
2001:16a4:215:df49:457d:6cee:2a8d:92eb - - [28/Mar/2026:15:23:52 +0000] "GET /?utm_source=GoogleAds&utm_medium=Paid_Traffic&utm_campaign=Ramadan2026&gad_source=1&gad_campaignid=15485647876&gbraid=0AAAAAoT5x1hSviS8DXh2YDnC76qkwM6B6&gclid=CjwKCAjw-J3OBhBuEiwAwqZ_h8QcumciooW6Veeoscb2M2LRL4F1S9MppMqRFh8leprsKr0ZzHOZfxoCI3cQAvD_BwE HTTP/1.1" 200 16291 "https://hondasaudi.com/?utm_source=GoogleAds&utm_medium=Paid_Traffic&utm_campaign=Ramadan2026&gad_source=1&gad_campaignid=15485647876&gbraid=0AAAAAoT5x1hSviS8DXh2YDnC76qkwM6B6&gclid=CjwKCAjw-J3OBhBuEiwAwqZ_h8QcumciooW6Veeoscb2M2LRL4F1S9MppMqRFh8leprsKr0ZzHOZfxoCI3cQAvD_BwE" "Mozilla/5.0 (Linux; Android 10; K) AppleWebKit/537.36 (KHTML, like Gecko) Chrome/146.0.0.0 Mobile Safari/537.36"
2001:16a4:220:f335:a8cc:620d:bd94:8c47 - - [28/Mar/2026:15:23:56 +0000] "GET /focused-cars/?utm_source=GoogleAds&utm_medium=Paid_Traffic&utm_campaign=Ramadan2026&gad_source=1&gad_campaignid=15485647876&gclid=CjwKCAjw-J3OBhBuEiwAwqZ_h87gng5ocDPvF7LaZO9POW015r84h_YLhSG3h_oGwO3_HzhO0qg2KRoCpLYQAvD_BwE HTTP/1.1" 200 19689 "https://www.google.com/" "Mozilla/5.0 (iPhone; CPU iPhone OS 18_5_0 like Mac OS X) AppleWebKit/605.1.15 (KHTML, like Gecko) GSA/399.2.845414227 Mobile/15E148 Safari/604.1"
2001:16a4:215:df49:457d:6cee:2a8d:92eb - - [28/Mar/2026:15:23:56 +0000] "GET /?utm_source=GoogleAds&utm_medium=Paid_Traffic&utm_campaign=Ramadan2026&gad_source=1&gad_campaignid=15485647876&gbraid=0AAAAAoT5x1hSviS8DXh2YDnC76qkwM6B6&gclid=CjwKCAjw-J3OBhBuEiwAwqZ_h8QcumciooW6Veeoscb2M2LRL4F1S9MppMqRFh8leprsKr0ZzHOZfxoCI3cQAvD_BwE HTTP/1.1" 200 16291 "https://hondasaudi.com/?utm_source=GoogleAds&utm_medium=Paid_Traffic&utm_campaign=Ramadan2026&gad_source=1&gad_campaignid=15485647876&gbraid=0AAAAAoT5x1hSviS8DXh2YDnC76qkwM6B6&gclid=CjwKCAjw-J3OBhBuEiwAwqZ_h8QcumciooW6Veeoscb2M2LRL4F1S9MppMqRFh8leprsKr0ZzHOZfxoCI3cQAvD_BwE" "Mozilla/5.0 (Linux; Android 10; K) AppleWebKit/537.36 (KHTML, like Gecko) Chrome/146.0.0.0 Mobile Safari/537.36"
2001:16a4:220:f335:a8cc:620d:bd94:8c47 - - [28/Mar/2026:15:24:01 +0000] "GET /wp-json/contact-form-7/v1/contact-forms/987/feedback/schema HTTP/1.1" 200 1993 "https://hondasaudi.com/focused-cars/?utm_source=GoogleAds&utm_medium=Paid_Traffic&utm_campaign=Ramadan2026&gad_source=1&gad_campaignid=15485647876&gclid=CjwKCAjw-J3OBhBuEiwAwqZ_h87gng5ocDPvF7LaZO9POW015r84h_YLhSG3h_oGwO3_HzhO0qg2KRoCpLYQAvD_BwE" "Mozilla/5.0 (iPhone; CPU iPhone OS 18_5_0 like Mac OS X) AppleWebKit/605.1.15 (KHTML, like Gecko) GSA/399.2.845414227 Mobile/15E148 Safari/604.1"
178.170.41.154 - - [28/Mar/2026:15:24:01 +0000] "GET /focused-cars/?utm_source=GoogleAds&utm_medium=Paid_Traffic&utm_campaign=Ramadan2026&gad_source=5&gad_campaignid=15485647876&gclid=EAIaIQobChMIsvjgovPCkwMVDph8Bh2z3Q7mEAEYASAAEgKtyfD_BwE HTTP/1.1" 200 19614 "-" "python-httpx/0.28.1"
2001:16a4:215:df49:457d:6cee:2a8d:92eb - - [28/Mar/2026:15:24:04 +0000] "GET /focused-cars/?utm_source=GoogleAds&utm_medium=Paid_Traffic&utm_campaign=Ramadan2026&gad_source=1&gad_campaignid=15485647876&gbraid=0AAAAAoT5x1hSviS8DXh2YDnC76qkwM6B6&gclid=CjwKCAjw-J3OBhBuEiwAwqZ_h02VhBAZQ4gAum5yRyNtwLq93eEwgaA6PrL0LutuKJeqX3Jh9CPU7xoCD2QQAvD_BwE HTTP/1.1" 200 19640 "https://www.google.com/" "Mozilla/5.0 (Linux; Android 10; K) AppleWebKit/537.36 (KHTML, like Gecko) Chrome/146.0.0.0 Mobile Safari/537.36"
2001:16a4:215:df49:457d:6cee:2a8d:92eb - - [28/Mar/2026:15:24:05 +0000] "GET /wp-json/contact-form-7/v1/contact-forms/987/feedback/schema HTTP/1.1" 200 1993 "https://hondasaudi.com/focused-cars/?utm_source=GoogleAds&utm_medium=Paid_Traffic&utm_campaign=Ramadan2026&gad_source=1&gad_campaignid=15485647876&gbraid=0AAAAAoT5x1hSviS8DXh2YDnC76qkwM6B6&gclid=CjwKCAjw-J3OBhBuEiwAwqZ_h02VhBAZQ4gAum5yRyNtwLq93eEwgaA6PrL0LutuKJeqX3Jh9CPU7xoCD2QQAvD_BwE" "Mozilla/5.0 (Linux; Android 10; K) AppleWebKit/537.36 (KHTML, like Gecko) Chrome/146.0.0.0 Mobile Safari/537.36"
74.7.227.6 - - [28/Mar/2026:15:24:16 +0000] "GET /admin.php?dir=CwhomeCwbalubaidCwhondaFwcore3FwagencyCwwp-contentCwuploadsCwagile-store-locatorCwicon&view=parking.png HTTP/1.1" 200 3785 "https://hondasaudi.com/admin.php?dir=CwhomeCwbalubaidCwhondaFwcore3FwagencyCwwp-contentCwuploadsCwagile-store-locatorCwicon" "Mozilla/5.0 AppleWebKit/537.36 (KHTML, like Gecko; compatible; GPTBot/1.3; +https://openai.com/gptbot)"
172.105.42.26 - - [28/Mar/2026:15:24:29 +0000] "POST /wp-cron.php?doing_wp_cron=1774711469.1234350204467773437500 HTTP/1.1" 200 20 "-" "WordPress/6.9.4; https://hondasaudi.com"
2001:16a2:c753:d000:55ae:2a8a:7ce:9cd4 - - [28/Mar/2026:15:24:28 +0000] "GET /wp-json/contact-form-7/v1/contact-forms/275185/feedback/schema HTTP/1.1" 200 1816 "https://hondasaudi.com/honda-zrv/?utm_source=GoogleAds&utm_campaign=Ramdan2026&gad_source=2&gad_campaignid=23563453354&wbraid=ClkKCAiAzZ_NBhA0EkkAkaWFxQyihFU9rrYloauJEWTr_YUKVq_b79RXjfxyLRc6k0ynKG4G9JTK_Ed232StlZhKdKWKZiKsnFAJLmhx0uQ1NOpwHWyXGgJh1g" "Mozilla/5.0 (iPhone; CPU iPhone OS 18_7 like Mac OS X) AppleWebKit/605.1.15 (KHTML, like Gecko) Version/26.3 Mobile/15E148 Safari/604.1"
2001:16a2:c753:d000:55ae:2a8a:7ce:9cd4 - - [28/Mar/2026:15:24:29 +0000] "GET /honda-zrv/?utm_source=GoogleAds&utm_campaign=Ramdan2026&gad_source=2&gad_campaignid=23563453354&wbraid=CloKCQiA8KTNBhCnARJJANbZjk5euy2mrmxbeJqo2A1c2dOnydTfa-PLrEMRiu3Rjrji27fiUHsMYfoms8LJCdDsbHDcDE7qxsg1wVvUZE0-Ulr2ZLErXBoCBvM HTTP/1.1" 200 18890 "-" "Mozilla/5.0 (iPhone; CPU iPhone OS 18_7 like Mac OS X) AppleWebKit/605.1.15 (KHTML, like Gecko) Version/26.3 Mobile/15E148 Safari/604.1"
2001:16a2:c753:d000:55ae:2a8a:7ce:9cd4 - - [28/Mar/2026:15:24:30 +0000] "GET /wp-json/contact-form-7/v1/contact-forms/275185/feedback/schema HTTP/1.1" 200 1816 "https://hondasaudi.com/honda-zrv/?utm_source=GoogleAds&utm_campaign=Ramdan2026&gad_source=2&gad_campaignid=23563453354&wbraid=CloKCQiA8KTNBhCnARJJANbZjk5euy2mrmxbeJqo2A1c2dOnydTfa-PLrEMRiu3Rjrji27fiUHsMYfoms8LJCdDsbHDcDE7qxsg1wVvUZE0-Ulr2ZLErXBoCBvM" "Mozilla/5.0 (iPhone; CPU iPhone OS 18_7 like Mac OS X) AppleWebKit/605.1.15 (KHTML, like Gecko) Version/26.3 Mobile/15E148 Safari/604.1"
172.105.42.26 - - [28/Mar/2026:15:24:52 +0000] "POST /wp-cron.php?doing_wp_cron=1774711492.3583350181579589843750 HTTP/1.1" 200 20 "-" "WordPress/6.9.4; https://hondasaudi.com"
178.170.41.154 - - [28/Mar/2026:15:24:56 +0000] "GET /focused-cars/?utm_source=GoogleAds&utm_medium=Paid_Traffic&utm_campaign=Ramadan2026&gad_source=5&gad_campaignid=15485647876&gclid=EAIaIQobChMIqoH-u_PCkwMVF_sNCR2KjDdkEAEYASAAEgIWSvD_BwE HTTP/1.1" 200 19617 "-" "python-httpx/0.28.1"
74.7.227.6 - - [28/Mar/2026:15:24:59 +0000] "GET /admin.php?dir=CwhomeCwbalubaidCwhondaFwcore3FwagencyCwwp-contentCwuploadsCwagile-store-locatorCwicon&view=inline+skating.png HTTP/1.1" 200 3789 "https://hondasaudi.com/admin.php?dir=CwhomeCwbalubaidCwhondaFwcore3FwagencyCwwp-contentCwuploadsCwagile-store-locatorCwicon" "Mozilla/5.0 AppleWebKit/537.36 (KHTML, like Gecko; compatible; GPTBot/1.3; +https://openai.com/gptbot)"
172.105.42.26 - - [28/Mar/2026:15:25:34 +0000] "POST /wp-cron.php?doing_wp_cron=1774711534.2992689609527587890625 HTTP/1.1" 200 20 "-" "WordPress/6.9.4; https://hondasaudi.com"
2a02:9b0:4048:1153:6cc4:7cb:adca:677 - - [28/Mar/2026:15:25:34 +0000] "GET /focused-cars/?utm_source=GoogleAds&utm_medium=Paid_Traffic&utm_campaign=Ramadan2026&gad_source=1&gad_campaignid=15485647876&gbraid=0AAAAAoT5x1jMnUdPNGP_0edYFGEPino6L&gclid=CjwKCAjw-J3OBhBuEiwAwqZ_h0ulmdGkvd8XbDE2kDcHBhl26jT2KKyCBHL8upND_sUYalrvP2tQiBoCLP8QAvD_BwE HTTP/1.1" 200 19762 "https://www.google.com/" "Mozilla/5.0 (iPhone; CPU iPhone OS 17_6_1 like Mac OS X) AppleWebKit/605.1.15 (KHTML, like Gecko) Version/17.6 Mobile/15E148 Safari/604.1"
2a02:9b0:4048:1153:6cc4:7cb:adca:677 - - [28/Mar/2026:15:25:38 +0000] "GET /wp-json/contact-form-7/v1/contact-forms/987/feedback/schema HTTP/1.1" 200 1993 "https://hondasaudi.com/focused-cars/?utm_source=GoogleAds&utm_medium=Paid_Traffic&utm_campaign=Ramadan2026&gad_source=1&gad_campaignid=15485647876&gbraid=0AAAAAoT5x1jMnUdPNGP_0edYFGEPino6L&gclid=CjwKCAjw-J3OBhBuEiwAwqZ_h0ulmdGkvd8XbDE2kDcHBhl26jT2KKyCBHL8upND_sUYalrvP2tQiBoCLP8QAvD_BwE" "Mozilla/5.0 (iPhone; CPU iPhone OS 17_6_1 like Mac OS X) AppleWebKit/605.1.15 (KHTML, like Gecko) Version/17.6 Mobile/15E148 Safari/604.1"
74.7.227.6 - - [28/Mar/2026:15:25:41 +0000] "GET /admin.php?dir=CwhomeCwbalubaidCwhondaFwcore3FwagencyCwwp-contentCwuploadsCwagile-store-locatorCwicon&view=search.png HTTP/1.1" 200 3960 "https://hondasaudi.com/admin.php?dir=CwhomeCwbalubaidCwhondaFwcore3FwagencyCwwp-contentCwuploadsCwagile-store-locatorCwicon" "Mozilla/5.0 AppleWebKit/537.36 (KHTML, like Gecko; compatible; GPTBot/1.3; +https://openai.com/gptbot)"
172.105.42.26 - - [28/Mar/2026:15:26:23 +0000] "POST /wp-cron.php?doing_wp_cron=1774711583.8353419303894042968750 HTTP/1.1" 200 20 "-" "WordPress/6.9.4; https://hondasaudi.com"
74.7.227.6 - - [28/Mar/2026:15:26:23 +0000] "GET /wp-content/plugins/mail-masta/lib/jquery.selectbox-0.2.min.js HTTP/1.1" 404 12311 "https://www.hondasaudi.com" "Mozilla/5.0 AppleWebKit/537.36 (KHTML, like Gecko; compatible; GPTBot/1.3; +https://openai.com/gptbot)"
128.140.41.193 - - [28/Mar/2026:15:26:27 +0000] "HEAD / HTTP/1.1" 200 - "https://hondasaudi.com" "Mozilla/5.0+(compatible; UptimeRobot/2.0; http://www.uptimerobot.com/)"
74.7.227.6 - - [28/Mar/2026:15:26:44 +0000] "GET /admin.php?dir=CwhomeCwbalubaidCwtmpCwwebalizerftp&view=hourly_usage_201711.png HTTP/1.1" 200 1604 "https://hondasaudi.com/admin.php?dir=CwhomeCwbalubaidCwtmpCwwebalizerftp" "Mozilla/5.0 AppleWebKit/537.36 (KHTML, like Gecko; compatible; GPTBot/1.3; +https://openai.com/gptbot)"
172.105.42.26 - - [28/Mar/2026:15:26:52 +0000] "POST /wp-cron.php?doing_wp_cron=1774711612.1821839809417724609375 HTTP/1.1" 200 20 "-" "WordPress/6.9.4; https://hondasaudi.com"
148.251.123.10 - - [28/Mar/2026:15:26:51 +0000] "GET /focused-cars/?utm_source=GoogleAds&utm_medium=Paid_Traffic&utm_campaign=Ramadan2026&gad_source=5&gad_campaignid=15485647876&gclid=EAIaIQobChMI44Gt9_PCkwMVJYiDBx1azAlMEAEYASAAEgKQX_D_BwE HTTP/1.1" 200 19616 "-" "python-httpx/0.28.1"
2a02:9b0:8001:6000:4c9e:9d79:28c2:bcfa - - [28/Mar/2026:15:27:00 +0000] "GET /wp-json/contact-form-7/v1/contact-forms/987/feedback/schema HTTP/1.1" 200 1993 "https://hondasaudi.com/focused-cars/?utm_source=GoogleAds&utm_medium=Paid_Traffic&utm_campaign=Ramadan2026&gad_source=1&gad_campaignid=15485647876&gbraid=0AAAAAoT5x1jMnUdPNGP_0edYFGEPino6L&gclid=CjwKCAjw-J3OBhBuEiwAwqZ_h1cmJgA_v0zN1YD4dlQZYkrOHoO5VKfTFnu2Bk0q3ja9nUR-BtuN_BoCt5IQAvD_BwE" "Mozilla/5.0 (iPhone; CPU iPhone OS 18_5 like Mac OS X) AppleWebKit/605.1.15 (KHTML, like Gecko) Version/18.5 Mobile/15E148 Safari/604.1"
178.170.41.154 - - [28/Mar/2026:15:27:03 +0000] "GET /focused-cars/?utm_source=GoogleAds&utm_medium=Paid_Traffic&utm_campaign=Ramadan2026&gad_source=5&gad_campaignid=15485647876&gclid=EAIaIQobChMI04-D9vPCkwMVo2JBAh2DBQLSEAEYASAAEgKSCPD_BwE HTTP/1.1" 200 19617 "-" "python-httpx/0.28.1"
35.194.28.94 - - [28/Mar/2026:15:27:05 +0000] "GET /honda-zrv HTTP/1.1" 301 20 "-" "Mozilla/5.0 (X11; Linux x86_64) AppleWebKit/537.36 (KHTML, like Gecko) HeadlessChrome/146.0.0.0 Safari/537.36"
35.194.28.94 - - [28/Mar/2026:15:27:05 +0000] "GET /honda-zrv/ HTTP/1.1" 200 18513 "-" "Mozilla/5.0 (X11; Linux x86_64) AppleWebKit/537.36 (KHTML, like Gecko) HeadlessChrome/146.0.0.0 Safari/537.36"
35.194.28.94 - - [28/Mar/2026:15:27:07 +0000] "GET /wp-json/contact-form-7/v1/contact-forms/275185/feedback/schema HTTP/1.1" 200 1816 "https://hondasaudi.com/honda-zrv/" "Mozilla/5.0 (X11; Linux x86_64) AppleWebKit/537.36 (KHTML, like Gecko) HeadlessChrome/146.0.0.0 Safari/537.36"
2001:16a2:cd53:9300:e463:f19d:5a0a:6dd - - [28/Mar/2026:15:27:16 +0000] "GET / HTTP/1.1" 200 16212 "-" "Mozilla/5.0 (iPhone; CPU iPhone OS 18_7 like Mac OS X) AppleWebKit/605.1.15 (KHTML, like Gecko) Mobile/15E148"
172.105.42.26 - - [28/Mar/2026:15:27:20 +0000] "POST /wp-cron.php?doing_wp_cron=1774711639.5149779319763183593750 HTTP/1.1" 200 20 "-" "WordPress/6.9.4; https://hondasaudi.com"
2001:16a2:cd53:9300:e463:f19d:5a0a:6dd - - [28/Mar/2026:15:27:19 +0000] "GET / HTTP/1.1" 200 16212 "-" "Mozilla/5.0 (iPhone; CPU iPhone OS 18_7 like Mac OS X) AppleWebKit/605.1.15 (KHTML, like Gecko) Version/26.4 Mobile/15E148 Safari/604.1"
172.105.42.26 - - [28/Mar/2026:15:27:25 +0000] "POST /wp-cron.php?doing_wp_cron=1774711645.3221659660339355468750 HTTP/1.1" 200 20 "-" "WordPress/6.9.4; https://hondasaudi.com"
2.90.104.212 - - [28/Mar/2026:15:27:25 +0000] "GET /focused-cars/?utm_source=GoogleAds&utm_medium=Paid_Traffic&utm_campaign=Ramadan2026&gad_source=1&gad_campaignid=15485647876&gbraid=0AAAAAoT5x1hSviS8DXh2YDnC76qkwM6B6&gclid=CjwKCAjw-J3OBhBuEiwAwqZ_h8-O15z6jQ_bmHNvVPkdsI59IQmcyPz4-pG0Rj_CkEoeyHCdwX6tIhoCMnsQAvD_BwE HTTP/1.1" 200 19759 "https://www.google.com/" "Mozilla/5.0 (Linux; Android 10; K) AppleWebKit/537.36 (KHTML, like Gecko) Chrome/145.0.0.0 Mobile Safari/537.36"
74.7.227.6 - - [28/Mar/2026:15:27:28 +0000] "GET /admin.php?dir=CwhomeCwbalubaidCwhondaFwcore3FwagencyCwwp-includesCwimagesCwsmilies&view=icon_redface.gif HTTP/1.1" 200 658 "https://hondasaudi.com/admin.php?dir=CwhomeCwbalubaidCwhondaFwcore3FwagencyCwwp-includesCwimagesCwsmilies" "Mozilla/5.0 AppleWebKit/537.36 (KHTML, like Gecko; compatible; GPTBot/1.3; +https://openai.com/gptbot)"
2.90.104.212 - - [28/Mar/2026:15:27:29 +0000] "GET /wp-json/contact-form-7/v1/contact-forms/987/feedback/schema HTTP/1.1" 200 1993 "https://hondasaudi.com/focused-cars/?utm_source=GoogleAds&utm_medium=Paid_Traffic&utm_campaign=Ramadan2026&gad_source=1&gad_campaignid=15485647876&gbraid=0AAAAAoT5x1hSviS8DXh2YDnC76qkwM6B6&gclid=CjwKCAjw-J3OBhBuEiwAwqZ_h8-O15z6jQ_bmHNvVPkdsI59IQmcyPz4-pG0Rj_CkEoeyHCdwX6tIhoCMnsQAvD_BwE" "Mozilla/5.0 (Linux; Android 10; K) AppleWebKit/537.36 (KHTML, like Gecko) Chrome/145.0.0.0 Mobile Safari/537.36"
2001:16a2:7baf:0:3d0d:42b7:cbab:b909 - - [28/Mar/2026:15:28:02 +0000] "POST /.well-known/private-click-measurement/report-attribution/ HTTP/1.1" 404 9749 "-" "Mozilla/5.0 (iPod touch; CPU iPhone OS 18_7 like Mac OS X) AppleWebKit/605.1.15 (KHTML, like Gecko)"
74.7.227.6 - - [28/Mar/2026:15:28:11 +0000] "GET /admin.php?dir=CwhomeCwbalubaidCwhondaFwcore3FwagencyCwwp-includesCwimagesCwsmilies&view=icon_rolleyes.gif HTTP/1.1" 200 431 "https://hondasaudi.com/admin.php?dir=CwhomeCwbalubaidCwhondaFwcore3FwagencyCwwp-includesCwimagesCwsmilies" "Mozilla/5.0 AppleWebKit/537.36 (KHTML, like Gecko; compatible; GPTBot/1.3; +https://openai.com/gptbot)"
2001:16a2:c371:cda0:b4e6:717:282d:5e13 - - [28/Mar/2026:15:28:11 +0000] "GET /focused-cars/?utm_source=GoogleAds&utm_medium=Paid_Traffic&utm_campaign=Ramadan2026&gad_source=1&gad_campaignid=15485647876&gclid=CjwKCAjw-J3OBhBuEiwAwqZ_h9tyvUlQwhnhK7-_RRxh0Wlq32XuF6sQjEVI2lTo54Agi1Qe6bxsOBoCGrQQAvD_BwE HTTP/1.1" 200 19688 "https://www.google.com/" "Mozilla/5.0 (iPhone; CPU iPhone OS 26_4_0 like Mac OS X) AppleWebKit/605.1.15 (KHTML, like Gecko) CriOS/146.0.7680.151 Mobile/15E148 Safari/604.1"
2001:16a2:c371:cda0:b4e6:717:282d:5e13 - - [28/Mar/2026:15:28:13 +0000] "GET /wp-json/contact-form-7/v1/contact-forms/987/feedback/schema HTTP/1.1" 200 1993 "https://hondasaudi.com/focused-cars/?utm_source=GoogleAds&utm_medium=Paid_Traffic&utm_campaign=Ramadan2026&gad_source=1&gad_campaignid=15485647876&gclid=CjwKCAjw-J3OBhBuEiwAwqZ_h9tyvUlQwhnhK7-_RRxh0Wlq32XuF6sQjEVI2lTo54Agi1Qe6bxsOBoCGrQQAvD_BwE" "Mozilla/5.0 (iPhone; CPU iPhone OS 26_4_0 like Mac OS X) AppleWebKit/605.1.15 (KHTML, like Gecko) CriOS/146.0.7680.151 Mobile/15E148 Safari/604.1"
74.7.227.6 - - [28/Mar/2026:15:28:54 +0000] "GET /admin.php?dir=CwhomeCwbalubaidCwhondaFwcore3FwagencyCwwp-includesCwimagesCwsmilies&view=icon_confused.gif HTTP/1.1" 200 217 "https://hondasaudi.com/admin.php?dir=CwhomeCwbalubaidCwhondaFwcore3FwagencyCwwp-includesCwimagesCwsmilies" "Mozilla/5.0 AppleWebKit/537.36 (KHTML, like Gecko; compatible; GPTBot/1.3; +https://openai.com/gptbot)"
172.105.42.26 - - [28/Mar/2026:15:28:54 +0000] "POST /wp-cron.php?doing_wp_cron=1774711734.9163179397583007812500 HTTP/1.1" 200 20 "-" "WordPress/6.9.4; https://hondasaudi.com"
2001:16a2:7515:b300:f197:feb0:416b:a7b1 - - [28/Mar/2026:15:28:54 +0000] "GET /focused-cars/?utm_source=GoogleAds&utm_medium=Paid_Traffic&utm_campaign=Ramadan2026&gad_source=5&gad_campaignid=15485647876&gclid=EAIaIQobChMI2L7DsvTCkwMVx1NBAh2Cgg1-EAAYASAAEgLAJ_D_BwE HTTP/1.1" 200 19615 "https://syndicatedsearch.goog/" "Mozilla/5.0 (iPhone; CPU iPhone OS 26_3_1 like Mac OS X) AppleWebKit/605.1.15 (KHTML, like Gecko) Version/26.3.1 Mobile/15E148 Safari/604.1 musical_ly_44.2.0 JsSdk/2.0 NetType/WIFI Channel/App Store ByteLocale/ar Region/SA isDarkMode/1 WKWebView/1 RevealType/Dialog performVal/1"
2001:16a2:7515:b300:f197:feb0:416b:a7b1 - - [28/Mar/2026:15:28:58 +0000] "GET /wp-json/contact-form-7/v1/contact-forms/987/feedback/schema HTTP/1.1" 200 1993 "https://hondasaudi.com/focused-cars/?utm_source=GoogleAds&utm_medium=Paid_Traffic&utm_campaign=Ramadan2026&gad_source=5&gad_campaignid=15485647876&gclid=EAIaIQobChMI2L7DsvTCkwMVx1NBAh2Cgg1-EAAYASAAEgLAJ_D_BwE" "Mozilla/5.0 (iPhone; CPU iPhone OS 26_3_1 like Mac OS X) AppleWebKit/605.1.15 (KHTML, like Gecko) Version/26.3.1 Mobile/15E148 Safari/604.1 musical_ly_44.2.0 JsSdk/2.0 NetType/WIFI Channel/App Store ByteLocale/ar Region/SA isDarkMode/1 WKWebView/1 RevealType/Dialog performVal/1"
2001:16a2:c371:cda0:b4e6:717:282d:5e13 - - [28/Mar/2026:15:29:03 +0000] "GET /?utm_source=GoogleAds&utm_medium=Paid_Traffic&utm_campaign=Ramadan2026&gad_source=1&gad_campaignid=15485647876&gclid=CjwKCAjw-J3OBhBuEiwAwqZ_h9tyvUlQwhnhK7-_RRxh0Wlq32XuF6sQjEVI2lTo54Agi1Qe6bxsOBoCGrQQAvD_BwE HTTP/1.1" 200 16260 "https://hondasaudi.com/focused-cars/?utm_source=GoogleAds&utm_medium=Paid_Traffic&utm_campaign=Ramadan2026&gad_source=1&gad_campaignid=15485647876&gclid=CjwKCAjw-J3OBhBuEiwAwqZ_h9tyvUlQwhnhK7-_RRxh0Wlq32XuF6sQjEVI2lTo54Agi1Qe6bxsOBoCGrQQAvD_BwE" "Mozilla/5.0 (iPhone; CPU iPhone OS 26_4_0 like Mac OS X) AppleWebKit/605.1.15 (KHTML, like Gecko) CriOS/146.0.7680.151 Mobile/15E148 Safari/604.1"
2a02:9b0:402d:78e2:d870:93be:2881:b686 - - [28/Mar/2026:15:29:05 +0000] "GET /focused-cars/?utm_source=GoogleAds&utm_medium=Paid_Traffic&utm_campaign=Ramadan2026&gad_source=1&gad_campaignid=15485647876&gclid=CjwKCAjw-J3OBhBuEiwAwqZ_h4dIFv8PkBk5ll6K0SScGrJqgONH4kDdhBrIZs10sRGGW9Mdj7NkaRoC-_0QAvD_BwE HTTP/1.1" 200 19688 "https://www.google.com/" "Mozilla/5.0 (Linux; Android 10; K) AppleWebKit/537.36 (KHTML, like Gecko) Chrome/146.0.0.0 Mobile Safari/537.36"
2001:16a2:c371:cda0:b4e6:717:282d:5e13 - - [28/Mar/2026:15:29:06 +0000] "GET /?utm_source=GoogleAds&utm_medium=Paid_Traffic&utm_campaign=Ramadan2026&gad_source=1&gad_campaignid=15485647876&gclid=CjwKCAjw-J3OBhBuEiwAwqZ_h9tyvUlQwhnhK7-_RRxh0Wlq32XuF6sQjEVI2lTo54Agi1Qe6bxsOBoCGrQQAvD_BwE HTTP/1.1" 200 16260 "https://hondasaudi.com/?utm_source=GoogleAds&utm_medium=Paid_Traffic&utm_campaign=Ramadan2026&gad_source=1&gad_campaignid=15485647876&gclid=CjwKCAjw-J3OBhBuEiwAwqZ_h9tyvUlQwhnhK7-_RRxh0Wlq32XuF6sQjEVI2lTo54Agi1Qe6bxsOBoCGrQQAvD_BwE" "Mozilla/5.0 (iPhone; CPU iPhone OS 26_4_0 like Mac OS X) AppleWebKit/605.1.15 (KHTML, like Gecko) CriOS/146.0.7680.151 Mobile/15E148 Safari/604.1"
66.249.93.201 - - [28/Mar/2026:15:29:08 +0000] "GET /focused-cars/?utm_source=GoogleAds&utm_medium=Paid_Traffic&utm_campaign=Ramadan2026&gad_source=1&gad_campaignid=15485647876&gclid=CjwKCAjw-J3OBhBuEiwAwqZ_h4dIFv8PkBk5ll6K0SScGrJqgONH4kDdhBrIZs10sRGGW9Mdj7NkaRoC-_0QAvD_BwE HTTP/1.1" 200 19689 "-" "Mozilla/5.0 (Linux; Android 10; K) AppleWebKit/537.36 (KHTML, like Gecko) Chrome/138.0.0.0 Mobile Safari/537.36 (compatible; Google-Read-Aloud; +https://support.google.com/webmasters/answer/1061943)"
2001:16a2:c371:cda0:b4e6:717:282d:5e13 - - [28/Mar/2026:15:29:09 +0000] "GET /service-price-list/?utm_source=GoogleAds&utm_medium=Paid_Traffic&utm_campaign=Ramadan2026&gad_source=1&gad_campaignid=15485647876&gclid=CjwKCAjw-J3OBhBuEiwAwqZ_h9tyvUlQwhnhK7-_RRxh0Wlq32XuF6sQjEVI2lTo54Agi1Qe6bxsOBoCGrQQAvD_BwE HTTP/1.1" 200 12609 "https://hondasaudi.com/?utm_source=GoogleAds&utm_medium=Paid_Traffic&utm_campaign=Ramadan2026&gad_source=1&gad_campaignid=15485647876&gclid=CjwKCAjw-J3OBhBuEiwAwqZ_h9tyvUlQwhnhK7-_RRxh0Wlq32XuF6sQjEVI2lTo54Agi1Qe6bxsOBoCGrQQAvD_BwE" "Mozilla/5.0 (iPhone; CPU iPhone OS 26_4_0 like Mac OS X) AppleWebKit/605.1.15 (KHTML, like Gecko) CriOS/146.0.7680.151 Mobile/15E148 Safari/604.1"
2a03:2880:10ff:9:: - - [28/Mar/2026:15:29:17 +0000] "GET /honda-hrv HTTP/1.1" 301 20 "-" "facebookexternalhit/1.1 (+http://www.facebook.com/externalhit_uatext.php)"
2a03:2880:10ff:42:: - - [28/Mar/2026:15:29:17 +0000] "GET /honda-hrv/?utm_source=Facebook&utm_campaign=Sep2025 HTTP/1.1" 200 18548 "-" "facebookexternalhit/1.1 (+http://www.facebook.com/externalhit_uatext.php)"
2a03:2880:10ff:5e:: - - [28/Mar/2026:15:29:17 +0000] "GET /honda-hrv HTTP/1.1" 301 20 "-" "facebookexternalhit/1.1 (+http://www.facebook.com/externalhit_uatext.php)"
2a03:2880:10ff:4:: - - [28/Mar/2026:15:29:17 +0000] "GET /honda-hrv/ HTTP/1.1" 200 18484 "-" "facebookexternalhit/1.1 (+http://www.facebook.com/externalhit_uatext.php)"
172.105.42.26 - - [28/Mar/2026:15:29:18 +0000] "POST /wp-cron.php?doing_wp_cron=1774711758.0057060718536376953125 HTTP/1.1" 200 20 "-" "WordPress/6.9.4; https://hondasaudi.com"
2a03:2880:10ff:46:: - - [28/Mar/2026:15:29:17 +0000] "GET /honda-hrv/ HTTP/1.1" 200 18486 "-" "facebookexternalhit/1.1 (+http://www.facebook.com/externalhit_uatext.php)"
178.170.41.154 - - [28/Mar/2026:15:29:26 +0000] "GET /focused-cars/?utm_source=GoogleAds&utm_medium=Paid_Traffic&utm_campaign=Ramadan2026&gad_source=5&gad_campaignid=15485647876&gclid=EAIaIQobChMIg_vlvvTCkwMVw0ukBB09lzklEAEYASAAEgL0TPD_BwE HTTP/1.1" 200 19614 "-" "python-httpx/0.28.1"
172.105.42.26 - - [28/Mar/2026:15:29:39 +0000] "POST /wp-cron.php?doing_wp_cron=1774711779.8168380260467529296875 HTTP/1.1" 200 20 "-" "WordPress/6.9.4; https://hondasaudi.com"
2a00:5400:e337:ff6:1559:7968:2bd0:78b5 - - [28/Mar/2026:15:29:39 +0000] "GET /focused-cars/?utm_source=GoogleAds&utm_medium=Paid_Traffic&utm_campaign=Ramadan2026&gad_source=1&gad_campaignid=15485647876&gbraid=0AAAAAoT5x1jMnUdPNGP_0edYFGEPino6L&gclid=CjwKCAjw-J3OBhBuEiwAwqZ_h4IwqVq2s4mtB3n0yMe6AJEYJTqKa8QAqmq4bwdiJzMBjYuK325p1BoCQIUQAvD_BwE HTTP/1.1" 200 19764 "https://www.google.com/" "Mozilla/5.0 (iPhone; CPU iPhone OS 18_6_2 like Mac OS X) AppleWebKit/605.1.15 (KHTML, like Gecko) Version/18.6 Mobile/15E148 Safari/604.1"
2a00:5400:e337:ff6:1559:7968:2bd0:78b5 - - [28/Mar/2026:15:29:43 +0000] "GET /wp-json/contact-form-7/v1/contact-forms/987/feedback/schema HTTP/1.1" 200 1993 "https://hondasaudi.com/focused-cars/?utm_source=GoogleAds&utm_medium=Paid_Traffic&utm_campaign=Ramadan2026&gad_source=1&gad_campaignid=15485647876&gbraid=0AAAAAoT5x1jMnUdPNGP_0edYFGEPino6L&gclid=CjwKCAjw-J3OBhBuEiwAwqZ_h4IwqVq2s4mtB3n0yMe6AJEYJTqKa8QAqmq4bwdiJzMBjYuK325p1BoCQIUQAvD_BwE" "Mozilla/5.0 (iPhone; CPU iPhone OS 18_6_2 like Mac OS X) AppleWebKit/605.1.15 (KHTML, like Gecko) Version/18.6 Mobile/15E148 Safari/604.1"
172.105.42.26 - - [28/Mar/2026:15:29:51 +0000] "POST /wp-cron.php?doing_wp_cron=1774711791.5047779083251953125000 HTTP/1.1" 200 20 "-" "WordPress/6.9.4; https://hondasaudi.com"
2a03:2880:21ff:70:: - - [28/Mar/2026:15:29:51 +0000] "GET /honda-zrv HTTP/1.1" 301 20 "-" "facebookexternalhit/1.1 (+http://www.facebook.com/externalhit_uatext.php)"
2a03:2880:21ff:d:: - - [28/Mar/2026:15:29:51 +0000] "GET /honda-zrv/?utm_source=Facebook&utm_campaign=Sep2025 HTTP/1.1" 200 18572 "-" "facebookexternalhit/1.1 (+http://www.facebook.com/externalhit_uatext.php)"
2a03:2880:21ff:4a:: - - [28/Mar/2026:15:29:52 +0000] "GET /honda-zrv/ HTTP/1.1" 200 18512 "-" "facebookexternalhit/1.1 (+http://www.facebook.com/externalhit_uatext.php)"
2a03:2880:21ff:7:: - - [28/Mar/2026:15:29:52 +0000] "GET /honda-zrv HTTP/1.1" 301 20 "-" "facebookexternalhit/1.1 (+http://www.facebook.com/externalhit_uatext.php)"
74.7.227.6 - - [28/Mar/2026:15:29:57 +0000] "GET /admin.php?dir=CwhomeCwbalubaidCwhondaFwcore3FwagencyCwwp-includesCwimagesCwsmilies&view=icon_idea.gif HTTP/1.1" 200 222 "https://hondasaudi.com/admin.php?dir=CwhomeCwbalubaidCwhondaFwcore3FwagencyCwwp-includesCwimagesCwsmilies" "Mozilla/5.0 AppleWebKit/537.36 (KHTML, like Gecko; compatible; GPTBot/1.3; +https://openai.com/gptbot)"
2001:16a2:7515:b300:f197:feb0:416b:a7b1 - - [28/Mar/2026:15:29:58 +0000] "POST /wp-json/contact-form-7/v1/contact-forms/987/feedback HTTP/1.1" 200 284 "https://hondasaudi.com/focused-cars/?utm_source=GoogleAds&utm_medium=Paid_Traffic&utm_campaign=Ramadan2026&gad_source=5&gad_campaignid=15485647876&gclid=EAIaIQobChMI2L7DsvTCkwMVx1NBAh2Cgg1-EAAYASAAEgLAJ_D_BwE" "Mozilla/5.0 (iPhone; CPU iPhone OS 26_3_1 like Mac OS X) AppleWebKit/605.1.15 (KHTML, like Gecko) Version/26.3.1 Mobile/15E148 Safari/604.1 musical_ly_44.2.0 JsSdk/2.0 NetType/WIFI Channel/App Store ByteLocale/ar Region/SA isDarkMode/1 WKWebView/1 RevealType/Dialog performVal/1"
2001:16a2:7515:b300:f197:feb0:416b:a7b1 - - [28/Mar/2026:15:30:11 +0000] "POST /wp-json/contact-form-7/v1/contact-forms/987/feedback HTTP/1.1" 200 292 "https://hondasaudi.com/focused-cars/?utm_source=GoogleAds&utm_medium=Paid_Traffic&utm_campaign=Ramadan2026&gad_source=5&gad_campaignid=15485647876&gclid=EAIaIQobChMI2L7DsvTCkwMVx1NBAh2Cgg1-EAAYASAAEgLAJ_D_BwE" "Mozilla/5.0 (iPhone; CPU iPhone OS 26_3_1 like Mac OS X) AppleWebKit/605.1.15 (KHTML, like Gecko) Version/26.3.1 Mobile/15E148 Safari/604.1 musical_ly_44.2.0 JsSdk/2.0 NetType/WIFI Channel/App Store ByteLocale/ar Region/SA isDarkMode/1 WKWebView/1 RevealType/Dialog performVal/1"
144.76.94.91 - - [28/Mar/2026:15:30:14 +0000] "HEAD /focused-cars/?utm_source=GoogleAds&utm_medium=Paid_Traffic&utm_campaign=Ramadan2026&gad_source=5&gad_campaignid=15485647876&gclid=EAIaIQobChMIn9uQmITBkwMVjuUNCR2iFTyVEAEYASAAEgLY2fD_BwE HTTP/1.1" 200 - "-" "StatexBot/1.0"
172.105.42.26 - - [28/Mar/2026:15:30:18 +0000] "POST /wp-cron.php?doing_wp_cron=1774711818.4999721050262451171875 HTTP/1.1" 200 20 "-" "WordPress/6.9.4; https://hondasaudi.com"
