172.105.42.26 - - [28/Mar/2026:12:50:50 +0000] "POST /wp-cron.php?doing_wp_cron=1774702250.7361729145050048828125 HTTP/1.1" 200 20 "-" "WordPress/6.9.4; https://hondasaudi.com"
34.28.248.121 - - [28/Mar/2026:12:50:50 +0000] "GET /service-price-list HTTP/1.1" 301 20 "-" "Mozilla/5.0 (X11; Linux x86_64) AppleWebKit/537.36 (KHTML, like Gecko) HeadlessChrome/146.0.0.0 Safari/537.36"
34.28.248.121 - - [28/Mar/2026:12:50:51 +0000] "GET /service-price-list/ HTTP/1.1" 200 12559 "-" "Mozilla/5.0 (X11; Linux x86_64) AppleWebKit/537.36 (KHTML, like Gecko) HeadlessChrome/146.0.0.0 Safari/537.36"
2001:16a2:ca0c:1700:d928:532d:aade:abbf - - [28/Mar/2026:12:50:57 +0000] "GET /?utm_source=GoogleAds&utm_medium=Paid_Traffic&utm_campaign=Ramadan2026&gad_source=1&gad_campaignid=15485647876&gclid=CjwKCAjw-J3OBhBuEiwAwqZ_h66oBVfveaNBFvbeFgI5PmW8GpeD2j0KYH4x3uhW9slhRonA7oZ7ihoCOGUQAvD_BwE HTTP/1.1" 200 16260 "https://hondasaudi.com/focused-cars/?utm_source=GoogleAds&utm_medium=Paid_Traffic&utm_campaign=Ramadan2026&gad_source=1&gad_campaignid=15485647876&gclid=CjwKCAjw-J3OBhBuEiwAwqZ_h66oBVfveaNBFvbeFgI5PmW8GpeD2j0KYH4x3uhW9slhRonA7oZ7ihoCOGUQAvD_BwE" "Mozilla/5.0 (iPhone; CPU iPhone OS 26_3_1 like Mac OS X) AppleWebKit/605.1.15 (KHTML, like Gecko) CriOS/146.0.7680.151 Mobile/15E148 Safari/604.1"
2001:4860:7:610::f1 - - [28/Mar/2026:12:50:59 +0000] "GET /focused-cars/?utm_source=GoogleAds&utm_medium=Paid_Traffic&utm_campaign=Ramadan2026&gad_source=1&gad_campaignid=15485647876&gbraid=0AAAAAoT5x1jtcKcz0KH1ZB-HWl_bZxRet&gclid=CjwKCAjw-J3OBhBuEiwAwqZ_hxfq25heg5v8KUxdAjdm8M36XP6sWKlLKG7NHmOBBDVrHWR6SEl1kBoCXqkQAvD_BwE HTTP/1.1" 200 19767 "https://www.google.com/" "Mozilla/5.0 (Windows NT 10.0; Win64; x64) AppleWebKit/537.36 (KHTML, like Gecko) Chrome/146.0.0.0 Safari/537.36"
46.184.0.19 - - [28/Mar/2026:12:51:07 +0000] "GET /focused-cars/?utm_source=GoogleAds&utm_medium=Paid_Traffic&utm_campaign=Ramadan2026&gad_source=1&gad_campaignid=15485647876&gbraid=0AAAAAoT5x1jtcKcz0KH1ZB-HWl_bZxRet&gclid=CjwKCAjw-J3OBhBuEiwAwqZ_hxfq25heg5v8KUxdAjdm8M36XP6sWKlLKG7NHmOBBDVrHWR6SEl1kBoCXqkQAvD_BwE HTTP/1.1" 200 19643 "https://www.google.com/" "Mozilla/5.0 (Windows NT 10.0; Win64; x64) AppleWebKit/537.36 (KHTML, like Gecko) Chrome/146.0.0.0 Safari/537.36"
46.184.0.19 - - [28/Mar/2026:12:51:15 +0000] "GET /wp-json/contact-form-7/v1/contact-forms/987/feedback/schema HTTP/1.1" 200 1993 "https://hondasaudi.com/focused-cars/?utm_source=GoogleAds&utm_medium=Paid_Traffic&utm_campaign=Ramadan2026&gad_source=1&gad_campaignid=15485647876&gbraid=0AAAAAoT5x1jtcKcz0KH1ZB-HWl_bZxRet&gclid=CjwKCAjw-J3OBhBuEiwAwqZ_hxfq25heg5v8KUxdAjdm8M36XP6sWKlLKG7NHmOBBDVrHWR6SEl1kBoCXqkQAvD_BwE" "Mozilla/5.0 (Windows NT 10.0; Win64; x64) AppleWebKit/537.36 (KHTML, like Gecko) Chrome/146.0.0.0 Safari/537.36"
172.105.42.26 - - [28/Mar/2026:12:51:18 +0000] "POST /wp-cron.php?doing_wp_cron=1774702278.2054150104522705078125 HTTP/1.1" 200 20 "-" "WordPress/6.9.4; https://hondasaudi.com"
172.105.42.26 - - [28/Mar/2026:12:51:42 +0000] "POST /wp-cron.php?doing_wp_cron=1774702302.1837420463562011718750 HTTP/1.1" 200 20 "-" "WordPress/6.9.4; https://hondasaudi.com"
2a02:9b0:404a:20b7:9898:2fff:fe57:2715 - - [28/Mar/2026:12:51:41 +0000] "GET /focused-cars/?utm_source=GoogleAds&utm_medium=Paid_Traffic&utm_campaign=Ramadan2026&gad_source=1&gad_campaignid=15485647876&gclid=CjwKCAjw-J3OBhBuEiwAwqZ_h7vM2uYFTUG8DrtcPpE30HE4LiwZ-01th-6wvWtX6KBnfvl6plHfhxoC4DoQAvD_BwE HTTP/1.1" 200 19563 "https://www.google.com/" "Mozilla/5.0 (Linux; Android 10; K) AppleWebKit/537.36 (KHTML, like Gecko) Chrome/146.0.0.0 Mobile Safari/537.36"
172.105.42.26 - - [28/Mar/2026:12:51:51 +0000] "POST /wp-cron.php?doing_wp_cron=1774702311.1853690147399902343750 HTTP/1.1" 200 20 "-" "WordPress/6.9.4; https://hondasaudi.com"
2a02:9b0:404a:20b7:9898:2fff:fe57:2715 - - [28/Mar/2026:12:51:50 +0000] "GET /all-cars/?utm_source=GoogleAds&utm_campaign=Ramadan2026&gad_source=1&gad_campaignid=15485647876&gclid=CjwKCAjw-J3OBhBuEiwAwqZ_h4fL_QwRHu7vQauVeLlzzzGbx29abBvXZc2CQ5a00-gc_oGajK0qsBoCSxUQAvD_BwE HTTP/1.1" 200 19548 "https://www.google.com/" "Mozilla/5.0 (Linux; Android 10; K) AppleWebKit/537.36 (KHTML, like Gecko) Chrome/146.0.0.0 Mobile Safari/537.36"
2a02:9b0:404a:20b7:9898:2fff:fe57:2715 - - [28/Mar/2026:12:51:55 +0000] "GET /wp-json/contact-form-7/v1/contact-forms/987/feedback/schema HTTP/1.1" 200 1993 "https://hondasaudi.com/all-cars/?utm_source=GoogleAds&utm_campaign=Ramadan2026&gad_source=1&gad_campaignid=15485647876&gclid=CjwKCAjw-J3OBhBuEiwAwqZ_h4fL_QwRHu7vQauVeLlzzzGbx29abBvXZc2CQ5a00-gc_oGajK0qsBoCSxUQAvD_BwE" "Mozilla/5.0 (Linux; Android 10; K) AppleWebKit/537.36 (KHTML, like Gecko) Chrome/146.0.0.0 Mobile Safari/537.36"
148.251.123.10 - - [28/Mar/2026:12:52:11 +0000] "GET /focused-cars/?utm_source=GoogleAds&utm_medium=Paid_Traffic&utm_campaign=Ramadan2026&gad_source=5&gad_campaignid=15485647876&gclid=EAIaIQobChMImZLJrtHCkwMVvGj2CB0FdRj3EAEYASAAEgI_C_D_BwE HTTP/1.1" 200 19618 "-" "python-httpx/0.28.1"
148.251.123.10 - - [28/Mar/2026:12:52:11 +0000] "GET /focused-cars/?utm_source=GoogleAds&utm_medium=Paid_Traffic&utm_campaign=Ramadan2026&gad_source=5&gad_campaignid=15485647876&gclid=EAIaIQobChMIz6HMrtHCkwMVfyYGAB2HuCzkEAEYASAAEgLklvD_BwE HTTP/1.1" 200 19617 "-" "python-httpx/0.28.1"
148.251.123.10 - - [28/Mar/2026:12:52:12 +0000] "GET /focused-cars/?utm_source=GoogleAds&utm_medium=Paid_Traffic&utm_campaign=Ramadan2026&gad_source=5&gad_campaignid=15485647876&gclid=EAIaIQobChMIm5LJrtHCkwMVvGj2CB0FdRj3EAEYASAAEgJTHPD_BwE HTTP/1.1" 200 19617 "-" "python-httpx/0.28.1"
148.251.123.10 - - [28/Mar/2026:12:52:12 +0000] "GET /focused-cars/?utm_source=GoogleAds&utm_medium=Paid_Traffic&utm_campaign=Ramadan2026&gad_source=5&gad_campaignid=15485647876&gclid=EAIaIQobChMI0KHMrtHCkwMVfyYGAB2HuCzkEAEYASAAEgJxqfD_BwE HTTP/1.1" 200 19618 "-" "python-httpx/0.28.1"
148.251.123.10 - - [28/Mar/2026:12:52:12 +0000] "GET /focused-cars/?utm_source=GoogleAds&utm_medium=Paid_Traffic&utm_campaign=Ramadan2026&gad_source=5&gad_campaignid=15485647876&gclid=EAIaIQobChMInZLJrtHCkwMVvGj2CB0FdRj3EAEYASAAEgJCqfD_BwE HTTP/1.1" 200 19619 "-" "python-httpx/0.28.1"
148.251.123.10 - - [28/Mar/2026:12:52:13 +0000] "GET /focused-cars/?utm_source=GoogleAds&utm_medium=Paid_Traffic&utm_campaign=Ramadan2026&gad_source=5&gad_campaignid=15485647876&gclid=EAIaIQobChMI0aHMrtHCkwMVfyYGAB2HuCzkEAEYASAAEgLAH_D_BwE HTTP/1.1" 200 19616 "-" "python-httpx/0.28.1"
148.251.123.10 - - [28/Mar/2026:12:52:17 +0000] "GET /focused-cars/?utm_source=GoogleAds&utm_medium=Paid_Traffic&utm_campaign=Ramadan2026&gad_source=5&gad_campaignid=15485647876&gclid=EAIaIQobChMI1aHMrtHCkwMVfyYGAB2HuCzkEAEYASAAEgJwx_D_BwE HTTP/1.1" 200 19617 "-" "python-httpx/0.28.1"
172.105.42.26 - - [28/Mar/2026:12:52:28 +0000] "POST /wp-cron.php?doing_wp_cron=1774702348.4257938861846923828125 HTTP/1.1" 200 20 "-" "WordPress/6.9.4; https://hondasaudi.com"
2001:16a4:2:740c:8c22:cb64:4b1c:1cd4 - - [28/Mar/2026:12:52:28 +0000] "GET /focused-cars/?utm_source=GoogleAds&utm_medium=Paid_Traffic&utm_campaign=Ramadan2026&gad_source=1&gad_campaignid=15485647876&gclid=CjwKCAjw-J3OBhBuEiwAwqZ_h1wf4QXQdBQ7wBd2XQW0vNKXu833UBEdVYw_43Pxb_ZNU55xWbYV8RoCWQwQAvD_BwE HTTP/1.1" 200 19690 "https://www.google.com/" "Mozilla/5.0 (iPhone; CPU iPhone OS 26_3_1 like Mac OS X) AppleWebKit/605.1.15 (KHTML, like Gecko) CriOS/146.0.7680.151 Mobile/15E148 Safari/604.1"
2001:16a4:2:740c:8c22:cb64:4b1c:1cd4 - - [28/Mar/2026:12:52:30 +0000] "GET /wp-json/contact-form-7/v1/contact-forms/987/feedback/schema HTTP/1.1" 200 1993 "https://hondasaudi.com/focused-cars/?utm_source=GoogleAds&utm_medium=Paid_Traffic&utm_campaign=Ramadan2026&gad_source=1&gad_campaignid=15485647876&gclid=CjwKCAjw-J3OBhBuEiwAwqZ_h1wf4QXQdBQ7wBd2XQW0vNKXu833UBEdVYw_43Pxb_ZNU55xWbYV8RoCWQwQAvD_BwE" "Mozilla/5.0 (iPhone; CPU iPhone OS 26_3_1 like Mac OS X) AppleWebKit/605.1.15 (KHTML, like Gecko) CriOS/146.0.7680.151 Mobile/15E148 Safari/604.1"
172.105.42.26 - - [28/Mar/2026:12:52:58 +0000] "POST /wp-cron.php?doing_wp_cron=1774702378.3289361000061035156250 HTTP/1.1" 200 20 "-" "WordPress/6.9.4; https://hondasaudi.com"
74.7.227.6 - - [28/Mar/2026:12:53:16 +0000] "GET /admin.php?dir=CwhomeCwbalubaidCwFwhtpasswdsCwphp HTTP/1.1" 200 3201 "https://hondasaudi.com/admin.php?dir=CwhomeCwbalubaidCwFwhtpasswds" "Mozilla/5.0 AppleWebKit/537.36 (KHTML, like Gecko; compatible; GPTBot/1.3; +https://openai.com/gptbot)"
172.105.42.26 - - [28/Mar/2026:12:53:22 +0000] "POST /wp-cron.php?doing_wp_cron=1774702402.0160329341888427734375 HTTP/1.1" 200 20 "-" "WordPress/6.9.4; https://hondasaudi.com"
148.251.123.10 - - [28/Mar/2026:12:53:21 +0000] "GET /focused-cars/?utm_source=GoogleAds&utm_medium=Paid_Traffic&utm_campaign=Ramadan2026&gad_source=5&gad_campaignid=15485647876&gclid=EAIaIQobChMIorm-x9HCkwMVjUtBAh3zrBHlEAEYASAAEgKya_D_BwE HTTP/1.1" 200 19612 "-" "python-httpx/0.28.1"
148.251.123.10 - - [28/Mar/2026:12:53:22 +0000] "GET /focused-cars/?utm_source=GoogleAds&utm_medium=Paid_Traffic&utm_campaign=Ramadan2026&gad_source=5&gad_campaignid=15485647876&gclid=EAIaIQobChMIpbm-x9HCkwMVjUtBAh3zrBHlEAEYASAAEgKF0fD_BwE HTTP/1.1" 200 19614 "-" "python-httpx/0.28.1"
148.251.123.10 - - [28/Mar/2026:12:53:26 +0000] "GET /focused-cars/?utm_source=GoogleAds&utm_medium=Paid_Traffic&utm_campaign=Ramadan2026&gad_source=5&gad_campaignid=15485647876&gclid=EAIaIQobChMIgeSWx9HCkwMVRiQGAB0meh7dEAEYASAAEgIHqvD_BwE HTTP/1.1" 200 19616 "-" "python-httpx/0.28.1"
148.251.123.10 - - [28/Mar/2026:12:53:26 +0000] "GET /focused-cars/?utm_source=GoogleAds&utm_medium=Paid_Traffic&utm_campaign=Ramadan2026&gad_source=5&gad_campaignid=15485647876&gclid=EAIaIQobChMIhOSWx9HCkwMVRiQGAB0meh7dEAEYASAAEgJikvD_BwE HTTP/1.1" 200 19617 "-" "python-httpx/0.28.1"
74.7.227.6 - - [28/Mar/2026:12:53:37 +0000] "GET /admin.php?dir=CwhomeCwbalubaidCwFwhtpasswdsCwbin HTTP/1.1" 200 3200 "https://hondasaudi.com/admin.php?dir=CwhomeCwbalubaidCwFwhtpasswds" "Mozilla/5.0 AppleWebKit/537.36 (KHTML, like Gecko; compatible; GPTBot/1.3; +https://openai.com/gptbot)"
172.105.42.26 - - [28/Mar/2026:12:54:04 +0000] "POST /wp-cron.php?doing_wp_cron=1774702444.8094348907470703125000 HTTP/1.1" 200 20 "-" "WordPress/6.9.4; https://hondasaudi.com"
142.132.180.39 - - [28/Mar/2026:12:54:04 +0000] "HEAD / HTTP/1.1" 200 - "https://hondasaudi.com" "Mozilla/5.0+(compatible; UptimeRobot/2.0; http://www.uptimerobot.com/)"
2a02:9b0:4038:5897:8405:4dae:8b7e:4cc4 - - [28/Mar/2026:12:54:45 +0000] "GET /?utm_medium=paid&utm_source=ig&utm_id=120242753253200023&utm_content=120242753253310023&utm_term=120242753253280023&utm_campaign=120242753253200023 HTTP/1.1" 200 16275 "https://l.facebook.com/" "Mozilla/5.0 (iPhone; CPU iPhone OS 18_7 like Mac OS X) AppleWebKit/605.1.15 (KHTML, like Gecko) Mobile/23E246 Instagram 421.1.6.39.52 (iPhone14,3; iOS 26_4; en_US; en; scale=3.00; 1284x2778; IABMV/1; 910922286) Safari/604.1"
172.105.42.26 - - [28/Mar/2026:12:54:49 +0000] "POST /service_request/ai_integration/ HTTP/1.1" 200 735 "-" "-"
172.105.42.26 - - [28/Mar/2026:12:55:22 +0000] "POST /wp-cron.php?doing_wp_cron=1774702522.6419129371643066406250 HTTP/1.1" 200 20 "-" "WordPress/6.9.4; https://hondasaudi.com"
2001:16a4:2:740c:8c22:cb64:4b1c:1cd4 - - [28/Mar/2026:12:55:22 +0000] "GET /focused-cars/?utm_source=GoogleAds&utm_medium=Paid_Traffic&utm_campaign=Ramadan2026&gad_source=1&gad_campaignid=15485647876&gclid=CjwKCAjw-J3OBhBuEiwAwqZ_h4kbz5mJVN0JqB2f4alyGF2B4qRLsvu7h3word3ZR2jOHdG8Mh5wORoCVTYQAvD_BwE HTTP/1.1" 200 19687 "https://www.google.com/" "Mozilla/5.0 (iPhone; CPU iPhone OS 26_3_1 like Mac OS X) AppleWebKit/605.1.15 (KHTML, like Gecko) CriOS/146.0.7680.151 Mobile/15E148 Safari/604.1"
2001:16a4:2:740c:8c22:cb64:4b1c:1cd4 - - [28/Mar/2026:12:55:24 +0000] "GET /wp-json/contact-form-7/v1/contact-forms/987/feedback/schema HTTP/1.1" 200 1993 "https://hondasaudi.com/focused-cars/?utm_source=GoogleAds&utm_medium=Paid_Traffic&utm_campaign=Ramadan2026&gad_source=1&gad_campaignid=15485647876&gclid=CjwKCAjw-J3OBhBuEiwAwqZ_h4kbz5mJVN0JqB2f4alyGF2B4qRLsvu7h3word3ZR2jOHdG8Mh5wORoCVTYQAvD_BwE" "Mozilla/5.0 (iPhone; CPU iPhone OS 26_3_1 like Mac OS X) AppleWebKit/605.1.15 (KHTML, like Gecko) CriOS/146.0.7680.151 Mobile/15E148 Safari/604.1"
102.129.223.92 - - [28/Mar/2026:12:55:30 +0000] "GET / HTTP/1.1" 200 16212 "http://hondasaudi.com" "Mozilla/5.0 (Windows NT 10.0; Win64; x64) AppleWebKit/537.36 (KHTML, like Gecko) Chrome/114.0.0.0 YaBrowser/22.7.0 Yowser/2.5 Safari/537.36"
172.105.42.26 - - [28/Mar/2026:12:55:31 +0000] "POST /wp-cron.php?doing_wp_cron=1774702531.1385130882263183593750 HTTP/1.1" 200 20 "-" "WordPress/6.9.4; https://hondasaudi.com"
102.129.223.92 - - [28/Mar/2026:12:55:30 +0000] "GET /contact/ HTTP/1.1" 200 12721 "http://hondasaudi.com" "Mozilla/5.0 (Windows NT 10.0; Win64; x64) AppleWebKit/537.36 (KHTML, like Gecko) Chrome/114.0.0.0 YaBrowser/22.7.0 Yowser/2.5 Safari/537.36"
2001:16a4:238:2bdc:788d:72a6:e6ef:ff41 - - [28/Mar/2026:12:55:36 +0000] "GET /focused-cars/?utm_source=GoogleAds&utm_medium=Paid_Traffic&utm_campaign=Ramadan2026&gad_source=5&gad_campaignid=15485647876&gclid=EAIaIQobChMIsp3SjtLCkwMVaLpoCR17Di7NEAAYASAAEgJugPD_BwE HTTP/1.1" 200 19615 "https://syndicatedsearch.goog/" "Mozilla/5.0 (iPhone; CPU iPhone OS 18_6_2 like Mac OS X) AppleWebKit/605.1.15 (KHTML, like Gecko) Version/18.6.2 Mobile/15E148 Safari/604.1 musical_ly_41.8.0 JsSdk/2.0 NetType/2G Channel/App Store ByteLocale/ar Region/SA isDarkMode/0 WKWebView/1 RevealType/Dialog"
2001:16a4:238:2bdc:788d:72a6:e6ef:ff41 - - [28/Mar/2026:12:55:39 +0000] "GET /wp-json/contact-form-7/v1/contact-forms/987/feedback/schema HTTP/1.1" 200 1993 "https://hondasaudi.com/focused-cars/?utm_source=GoogleAds&utm_medium=Paid_Traffic&utm_campaign=Ramadan2026&gad_source=5&gad_campaignid=15485647876&gclid=EAIaIQobChMIsp3SjtLCkwMVaLpoCR17Di7NEAAYASAAEgJugPD_BwE" "Mozilla/5.0 (iPhone; CPU iPhone OS 18_6_2 like Mac OS X) AppleWebKit/605.1.15 (KHTML, like Gecko) Version/18.6.2 Mobile/15E148 Safari/604.1 musical_ly_41.8.0 JsSdk/2.0 NetType/2G Channel/App Store ByteLocale/ar Region/SA isDarkMode/0 WKWebView/1 RevealType/Dialog"
74.7.227.6 - - [28/Mar/2026:12:55:45 +0000] "GET /admin.php?dir=CwhomeCwbalubaidCwhondaFwcore3FwagencyCwwp-contentCwuploadsCwagile-store-locatorCwicon HTTP/1.1" 200 10627 "https://hondasaudi.com/admin.php?dir=CwhomeCwbalubaidCwhondaFwcore3FwagencyCwwp-contentCwuploadsCwagile-store-locator" "Mozilla/5.0 AppleWebKit/537.36 (KHTML, like Gecko; compatible; GPTBot/1.3; +https://openai.com/gptbot)"
74.7.227.6 - - [28/Mar/2026:12:56:05 +0000] "GET /admin.php?dir=CwhomeCwbalubaidCwhondaFwcore3FwagencyCwwp-contentCwuploadsCwagile-store-locatorCwcron HTTP/1.1" 200 3019 "https://hondasaudi.com/admin.php?dir=CwhomeCwbalubaidCwhondaFwcore3FwagencyCwwp-contentCwuploadsCwagile-store-locator" "Mozilla/5.0 AppleWebKit/537.36 (KHTML, like Gecko; compatible; GPTBot/1.3; +https://openai.com/gptbot)"
172.105.42.26 - - [28/Mar/2026:12:56:11 +0000] "POST /wp-cron.php?doing_wp_cron=1774702571.4565529823303222656250 HTTP/1.1" 200 20 "-" "WordPress/6.9.4; https://hondasaudi.com"
2001:16a4:2f5:6ea:8430:2b3c:2d62:afe6 - - [28/Mar/2026:12:56:11 +0000] "GET /wp-json/contact-form-7/v1/contact-forms/275185/feedback/schema HTTP/1.1" 200 1816 "https://hondasaudi.com/honda-zrv/?utm_source=GoogleAds&utm_medium=Paid_Traffic&utm_campaign=Ramadan2026&gad_source=1&gad_campaignid=15485647876&gbraid=0AAAAAoT5x1hSviS8DXh2YDnC76qkwM6B6&gclid=CjwKCAjw-J3OBhBuEiwAwqZ_hyx9gpRJ1OLJcta5JDLvQa0VbbKGUJIMkT51eHFljnFyhuzxkQDX1RoCHM0QAvD_BwE" "Mozilla/5.0 (iPhone; CPU iPhone OS 18_6_2 like Mac OS X) AppleWebKit/605.1.15 (KHTML, like Gecko) Version/18.6 Mobile/15E148 Safari/604.1"
2001:16a4:2f5:6ea:8430:2b3c:2d62:afe6 - - [28/Mar/2026:12:56:17 +0000] "GET /wp-json/contact-form-7/v1/contact-forms/275185/feedback/schema HTTP/1.1" 200 1816 "https://hondasaudi.com/honda-zrv/?utm_source=GoogleAds&utm_medium=Paid_Traffic&utm_campaign=Ramadan2026&gad_source=1&gad_campaignid=15485647876&gbraid=0AAAAAoT5x1hSviS8DXh2YDnC76qkwM6B6&gclid=CjwKCAjw-J3OBhBuEiwAwqZ_hyx9gpRJ1OLJcta5JDLvQa0VbbKGUJIMkT51eHFljnFyhuzxkQDX1RoCHM0QAvD_BwE" "Mozilla/5.0 (iPhone; CPU iPhone OS 18_6_2 like Mac OS X) AppleWebKit/605.1.15 (KHTML, like Gecko) Version/18.6 Mobile/15E148 Safari/604.1"
172.105.42.26 - - [28/Mar/2026:12:56:22 +0000] "POST /service_request/ai_integration/ HTTP/1.1" 200 703 "-" "-"
172.105.42.26 - - [28/Mar/2026:12:57:04 +0000] "POST /wp-cron.php?doing_wp_cron=1774702623.9776349067687988281250 HTTP/1.1" 200 20 "-" "WordPress/6.9.4; https://hondasaudi.com"
23.98.142.190 - - [28/Mar/2026:12:57:03 +0000] "GET /accord/ HTTP/1.1" 200 18479 "-" "Mozilla/5.0 AppleWebKit/537.36 (KHTML, like Gecko); compatible; ChatGPT-User/1.0; +https://openai.com/bot"
172.105.42.26 - - [28/Mar/2026:12:57:20 +0000] "POST /wp-cron.php?doing_wp_cron=1774702640.2442390918731689453125 HTTP/1.1" 200 20 "-" "WordPress/6.9.4; https://hondasaudi.com"
138.226.23.168 - - [28/Mar/2026:12:57:20 +0000] "GET /type-r/ HTTP/1.1" 200 18438 "-" "Mozilla/5.0 (Macintosh; Intel Mac OS X 10_15_7) AppleWebKit/537.36 (KHTML, like Gecko) Chrome/139.0.0.0 Safari/537.36"
138.226.23.168 - - [28/Mar/2026:12:57:22 +0000] "GET /wp-json/contact-form-7/v1/contact-forms/423889/feedback/schema HTTP/1.1" 200 1816 "https://hondasaudi.com/type-r/" "Mozilla/5.0 (Macintosh; Intel Mac OS X 10_15_7) AppleWebKit/537.36 (KHTML, like Gecko) Chrome/139.0.0.0 Safari/537.36"
172.105.42.26 - - [28/Mar/2026:12:58:12 +0000] "POST /wp-cron.php?doing_wp_cron=1774702692.0764689445495605468750 HTTP/1.1" 200 20 "-" "WordPress/6.9.4; https://hondasaudi.com"
74.7.227.6 - - [28/Mar/2026:12:58:32 +0000] "GET /admin.php?dir=CwhomeCwbalubaidCwphpCwFwregistry HTTP/1.1" 200 3378 "https://hondasaudi.com/admin.php?dir=CwhomeCwbalubaidCwphp" "Mozilla/5.0 AppleWebKit/537.36 (KHTML, like Gecko; compatible; GPTBot/1.3; +https://openai.com/gptbot)"
172.105.42.26 - - [28/Mar/2026:12:58:59 +0000] "POST /wp-cron.php?doing_wp_cron=1774702739.2402999401092529296875 HTTP/1.1" 200 20 "-" "WordPress/6.9.4; https://hondasaudi.com"
2a02:9b0:405f:f7af:b8bf:d075:2f76:d813 - - [28/Mar/2026:12:58:58 +0000] "GET /focused-cars/?utm_source=GoogleAds&utm_medium=Paid_Traffic&utm_campaign=Ramadan2026&gad_source=1&gad_campaignid=15485647876&gbraid=0AAAAAoT5x1jMnUdPNGP_0edYFGEPino6L&gclid=CjwKCAjw-J3OBhBuEiwAwqZ_h2nW2cdWJc0x2BlS2UPcz0FKl9nbhNS3usa1LLF2QRlRzvng-xrI-hoCgcoQAvD_BwE HTTP/1.1" 200 19758 "https://www.google.com/" "Mozilla/5.0 (iPhone; CPU iPhone OS 16_6_1 like Mac OS X) AppleWebKit/605.1.15 (KHTML, like Gecko) Version/16.6 Mobile/15E148 Safari/604.1"
2a02:9b0:405f:f7af:b8bf:d075:2f76:d813 - - [28/Mar/2026:12:59:01 +0000] "GET /wp-json/contact-form-7/v1/contact-forms/987/feedback/schema HTTP/1.1" 200 1993 "https://hondasaudi.com/focused-cars/?utm_source=GoogleAds&utm_medium=Paid_Traffic&utm_campaign=Ramadan2026&gad_source=1&gad_campaignid=15485647876&gbraid=0AAAAAoT5x1jMnUdPNGP_0edYFGEPino6L&gclid=CjwKCAjw-J3OBhBuEiwAwqZ_h2nW2cdWJc0x2BlS2UPcz0FKl9nbhNS3usa1LLF2QRlRzvng-xrI-hoCgcoQAvD_BwE" "Mozilla/5.0 (iPhone; CPU iPhone OS 16_6_1 like Mac OS X) AppleWebKit/605.1.15 (KHTML, like Gecko) Version/16.6 Mobile/15E148 Safari/604.1"
18.193.252.127 - - [28/Mar/2026:12:59:08 +0000] "HEAD / HTTP/1.1" 200 - "https://hondasaudi.com" "Mozilla/5.0+(compatible; UptimeRobot/2.0; http://www.uptimerobot.com/)"
74.7.227.6 - - [28/Mar/2026:12:59:14 +0000] "GET /admin.php?dir=CwhomeCwbalubaidCwcapiFwcore3consultancyFwcom&view=gif.php HTTP/1.1" 200 204 "https://hondasaudi.com/admin.php?dir=CwhomeCwbalubaidCwcapiFwcore3consultancyFwcom" "Mozilla/5.0 AppleWebKit/537.36 (KHTML, like Gecko; compatible; GPTBot/1.3; +https://openai.com/gptbot)"
172.105.42.26 - - [28/Mar/2026:12:59:29 +0000] "POST /wp-cron.php?doing_wp_cron=1774702769.1531109809875488281250 HTTP/1.1" 200 20 "-" "WordPress/6.9.4; https://hondasaudi.com"
2001:16a4:b2:bf3a:417b:5a63:5938:2b52 - - [28/Mar/2026:12:59:28 +0000] "GET /focused-cars/?utm_source=GoogleAds&utm_medium=Paid_Traffic&utm_campaign=Ramadan2026&gad_source=1&gad_campaignid=15485647876&gbraid=0AAAAAoT5x1jMnUdPNGP_0edYFGEPino6L&gclid=CjwKCAjw-J3OBhBuEiwAwqZ_h3DxmNvm84RlboWPOOX6taVkhXX2Lh_-Yn5C0IJuWDuQFDFHULQbHhoCud8QAvD_BwE HTTP/1.1" 200 19764 "https://www.google.com/" "Mozilla/5.0 (iPhone; CPU iPhone OS 18_7 like Mac OS X) AppleWebKit/605.1.15 (KHTML, like Gecko) Version/26.2 Mobile/15E148 Safari/604.1"
2001:16a4:b2:bf3a:417b:5a63:5938:2b52 - - [28/Mar/2026:12:59:29 +0000] "GET /focused-cars/?utm_source=GoogleAds&utm_medium=Paid_Traffic&utm_campaign=Ramadan2026&gad_source=1&gad_campaignid=15485647876&gbraid=0AAAAAoT5x1jMnUdPNGP_0edYFGEPino6L&gclid=CjwKCAjw-J3OBhBuEiwAwqZ_h3DxmNvm84RlboWPOOX6taVkhXX2Lh_-Yn5C0IJuWDuQFDFHULQbHhoCud8QAvD_BwE HTTP/1.1" 200 19765 "https://www.google.com/" "Mozilla/5.0 (iPhone; CPU iPhone OS 18_7 like Mac OS X) AppleWebKit/605.1.15 (KHTML, like Gecko) Version/26.2 Mobile/15E148 Safari/604.1"
172.105.42.26 - - [28/Mar/2026:12:59:32 +0000] "POST /wp-cron.php?doing_wp_cron=1774702772.0061929225921630859375 HTTP/1.1" 200 20 "-" "WordPress/6.9.4; https://hondasaudi.com"
2001:16a4:b2:bf3a:417b:5a63:5938:2b52 - - [28/Mar/2026:12:59:31 +0000] "GET /wp-json/contact-form-7/v1/contact-forms/987/feedback/schema HTTP/1.1" 200 1993 "https://hondasaudi.com/focused-cars/?utm_source=GoogleAds&utm_medium=Paid_Traffic&utm_campaign=Ramadan2026&gad_source=1&gad_campaignid=15485647876&gbraid=0AAAAAoT5x1jMnUdPNGP_0edYFGEPino6L&gclid=CjwKCAjw-J3OBhBuEiwAwqZ_h3DxmNvm84RlboWPOOX6taVkhXX2Lh_-Yn5C0IJuWDuQFDFHULQbHhoCud8QAvD_BwE" "Mozilla/5.0 (iPhone; CPU iPhone OS 18_7 like Mac OS X) AppleWebKit/605.1.15 (KHTML, like Gecko) Version/26.2 Mobile/15E148 Safari/604.1"
74.7.227.6 - - [28/Mar/2026:12:59:35 +0000] "GET /admin.php?dir=CwhomeCwbalubaidCwhondaFwcore3FwagencyCwwp-contentCwuploadsCwagile-store-locatorCwicon&view=car+wash.png HTTP/1.1" 200 4021 "https://hondasaudi.com/admin.php?dir=CwhomeCwbalubaidCwhondaFwcore3FwagencyCwwp-contentCwuploadsCwagile-store-locatorCwicon" "Mozilla/5.0 AppleWebKit/537.36 (KHTML, like Gecko; compatible; GPTBot/1.3; +https://openai.com/gptbot)"
172.105.42.26 - - [28/Mar/2026:12:59:56 +0000] "POST /wp-cron.php?doing_wp_cron=1774702796.5481410026550292968750 HTTP/1.1" 200 20 "-" "WordPress/6.9.4; https://hondasaudi.com"
74.7.227.6 - - [28/Mar/2026:12:59:56 +0000] "GET /admin.php?dir=CwhomeCwbalubaidCwhondaFwcore3FwagencyCwwp-contentCwuploadsCwagile-store-locatorCwicon&view=default_1.png HTTP/1.1" 200 4447 "https://hondasaudi.com/admin.php?dir=CwhomeCwbalubaidCwhondaFwcore3FwagencyCwwp-contentCwuploadsCwagile-store-locatorCwicon" "Mozilla/5.0 AppleWebKit/537.36 (KHTML, like Gecko; compatible; GPTBot/1.3; +https://openai.com/gptbot)"
2001:16a4:b2:bf3a:417b:5a63:5938:2b52 - - [28/Mar/2026:12:59:59 +0000] "GET /service-price-list/?utm_source=GoogleAds&utm_medium=Paid_Traffic&utm_campaign=Ramadan2026&gad_source=1&gad_campaignid=15485647876&gbraid=0AAAAAoT5x1jMnUdPNGP_0edYFGEPino6L&gclid=CjwKCAjw-J3OBhBuEiwAwqZ_h3DxmNvm84RlboWPOOX6taVkhXX2Lh_-Yn5C0IJuWDuQFDFHULQbHhoCud8QAvD_BwE HTTP/1.1" 200 12766 "https://hondasaudi.com/focused-cars/?utm_source=GoogleAds&utm_medium=Paid_Traffic&utm_campaign=Ramadan2026&gad_source=1&gad_campaignid=15485647876&gbraid=0AAAAAoT5x1jMnUdPNGP_0edYFGEPino6L&gclid=CjwKCAjw-J3OBhBuEiwAwqZ_h3DxmNvm84RlboWPOOX6taVkhXX2Lh_-Yn5C0IJuWDuQFDFHULQbHhoCud8QAvD_BwE" "Mozilla/5.0 (iPhone; CPU iPhone OS 18_7 like Mac OS X) AppleWebKit/605.1.15 (KHTML, like Gecko) Version/26.2 Mobile/15E148 Safari/604.1"
66.249.81.36 - - [28/Mar/2026:13:00:05 +0000] "GET /.well-known/traffic-advice HTTP/1.1" 404 12256 "-" "Chrome Privacy Preserving Prefetch Proxy"
2001:4860:7:228::ff - - [28/Mar/2026:13:00:05 +0000] "GET /focused-cars/?utm_source=GoogleAds&utm_medium=Paid_Traffic&utm_campaign=Ramadan2026&gad_source=1&gad_campaignid=15485647876&gbraid=0AAAAAoT5x1jtcKcz0KH1ZB-HWl_bZxRet&gclid=EAIaIQobChMIksf5kdPCkwMVYZiDBx2cIAMAEAAYASAAEgLNf_D_BwE HTTP/1.1" 200 19689 "https://www.google.com/" "Mozilla/5.0 (Windows NT 10.0; Win64; x64) AppleWebKit/537.36 (KHTML, like Gecko) Chrome/146.0.0.0 Safari/537.36"
167.86.187.43 - - [28/Mar/2026:13:00:08 +0000] "GET /wp-json/contact-form-7/v1/contact-forms/987/feedback/schema HTTP/1.1" 200 1993 "https://hondasaudi.com/focused-cars/?utm_source=GoogleAds&utm_medium=Paid_Traffic&utm_campaign=Ramadan2026&gad_source=1&gad_campaignid=15485647876&gbraid=0AAAAAoT5x1jtcKcz0KH1ZB-HWl_bZxRet&gclid=EAIaIQobChMIksf5kdPCkwMVYZiDBx2cIAMAEAAYASAAEgLNf_D_BwE" "Mozilla/5.0 (Windows NT 10.0; Win64; x64) AppleWebKit/537.36 (KHTML, like Gecko) Chrome/146.0.0.0 Safari/537.36"
2001:4860:7:1528::ff - - [28/Mar/2026:13:00:08 +0000] "GET /focused-cars/?utm_source=GoogleAds&utm_medium=Paid_Traffic&utm_campaign=Ramadan2026&gad_source=1&gad_campaignid=15485647876&gbraid=0AAAAAoT5x1jtcKcz0KH1ZB-HWl_bZxRet&gclid=EAIaIQobChMI25Ork9PCkwMVGZWDBx3_pQFaEAAYASAAEgKM9fD_BwE HTTP/1.1" 200 19692 "https://www.google.com/" "Mozilla/5.0 (Windows NT 10.0; Win64; x64) AppleWebKit/537.36 (KHTML, like Gecko) Chrome/146.0.0.0 Safari/537.36"
74.7.227.6 - - [28/Mar/2026:13:00:18 +0000] "GET /admin.php?dir=CwhomeCwbalubaidCwhondaFwcore3FwagencyCwwp-contentCwuploadsCwagile-store-locatorCwicon&view=m3.png HTTP/1.1" 200 4053 "https://hondasaudi.com/admin.php?dir=CwhomeCwbalubaidCwhondaFwcore3FwagencyCwwp-contentCwuploadsCwagile-store-locatorCwicon" "Mozilla/5.0 AppleWebKit/537.36 (KHTML, like Gecko; compatible; GPTBot/1.3; +https://openai.com/gptbot)"
2a02:9b0:42:adae:9c7d:a86b:4138:34db - - [28/Mar/2026:13:00:18 +0000] "GET /wp-json/contact-form-7/v1/contact-forms/987/feedback/schema HTTP/1.1" 200 1993 "https://hondasaudi.com/focused-cars/?utm_source=GoogleAds&utm_medium=Paid_Traffic&utm_campaign=Ramadan2026&gad_source=1&gad_campaignid=15485647876&gbraid=0AAAAAoT5x1jtcKcz0KH1ZB-HWl_bZxRet&gclid=EAIaIQobChMI25Ork9PCkwMVGZWDBx3_pQFaEAAYASAAEgKM9fD_BwE" "Mozilla/5.0 (Windows NT 10.0; Win64; x64) AppleWebKit/537.36 (KHTML, like Gecko) Chrome/146.0.0.0 Safari/537.36"
172.105.42.26 - - [28/Mar/2026:13:00:18 +0000] "POST /wp-cron.php?doing_wp_cron=1774702818.5603079795837402343750 HTTP/1.1" 200 20 "-" "WordPress/6.9.4; https://hondasaudi.com"
2001:16a2:f08f:1400:1d08:90ac:f59a:971e - - [28/Mar/2026:13:00:18 +0000] "GET /focused-cars/?utm_source=GoogleAds&utm_medium=Paid_Traffic&utm_campaign=Ramadan2026&gad_source=1&gad_campaignid=15485647876&gbraid=0AAAAAoT5x1jMnUdPNGP_0edYFGEPino6L&gclid=EAIaIQobChMIg5unl9PCkwMVhpGDBx2hohmNEAAYASAAEgLAufD_BwE HTTP/1.1" 200 19685 "https://www.google.com/" "Mozilla/5.0 (iPhone; CPU iPhone OS 18_7 like Mac OS X) AppleWebKit/605.1.15 (KHTML, like Gecko) Version/26.3 Mobile/15E148 Safari/604.1"
2001:16a2:f08f:1400:1d08:90ac:f59a:971e - - [28/Mar/2026:13:00:21 +0000] "GET /wp-json/contact-form-7/v1/contact-forms/987/feedback/schema HTTP/1.1" 200 1993 "https://hondasaudi.com/focused-cars/?utm_source=GoogleAds&utm_medium=Paid_Traffic&utm_campaign=Ramadan2026&gad_source=1&gad_campaignid=15485647876&gbraid=0AAAAAoT5x1jMnUdPNGP_0edYFGEPino6L&gclid=EAIaIQobChMIg5unl9PCkwMVhpGDBx2hohmNEAAYASAAEgLAufD_BwE" "Mozilla/5.0 (iPhone; CPU iPhone OS 18_7 like Mac OS X) AppleWebKit/605.1.15 (KHTML, like Gecko) Version/26.3 Mobile/15E148 Safari/604.1"
172.105.42.26 - - [28/Mar/2026:13:00:37 +0000] "POST /wp-cron.php?doing_wp_cron=1774702837.5794711112976074218750 HTTP/1.1" 200 20 "-" "WordPress/6.9.4; https://hondasaudi.com"
2001:4860:7:228::ff - - [28/Mar/2026:13:00:37 +0000] "GET /focused-cars/?utm_source=GoogleAds&utm_medium=Paid_Traffic&utm_campaign=Ramadan2026&gad_source=1&gad_campaignid=15485647876&gbraid=0AAAAAoT5x1jMnUdPNGP_0edYFGEPino6L&gclid=CjwKCAjw-J3OBhBuEiwAwqZ_hxRsgjt8f7ZTF3621DYvp7JVbZ-6I4pPdDlMBdRsGfjtLaNP7tRFMBoCG84QAvD_BwE HTTP/1.1" 200 19761 "https://www.google.com/" "Mozilla/5.0 (Linux; Android 10; K) AppleWebKit/537.36 (KHTML, like Gecko) Chrome/146.0.0.0 Mobile Safari/537.36"
74.7.227.6 - - [28/Mar/2026:13:00:39 +0000] "GET /admin.php?dir=CwhomeCwbalubaidCwhondaFwcore3FwagencyCwwp-contentCwuploadsCwagile-store-locatorCwicon&view=post+box.png HTTP/1.1" 200 3794 "https://hondasaudi.com/admin.php?dir=CwhomeCwbalubaidCwhondaFwcore3FwagencyCwwp-contentCwuploadsCwagile-store-locatorCwicon" "Mozilla/5.0 AppleWebKit/537.36 (KHTML, like Gecko; compatible; GPTBot/1.3; +https://openai.com/gptbot)"
66.249.93.192 - - [28/Mar/2026:13:00:40 +0000] "GET /focused-cars/?utm_source=GoogleAds&utm_medium=Paid_Traffic&utm_campaign=Ramadan2026&gad_source=1&gad_campaignid=15485647876&gbraid=0AAAAAoT5x1jMnUdPNGP_0edYFGEPino6L&gclid=CjwKCAjw-J3OBhBuEiwAwqZ_hxRsgjt8f7ZTF3621DYvp7JVbZ-6I4pPdDlMBdRsGfjtLaNP7tRFMBoCG84QAvD_BwE HTTP/1.1" 200 19760 "-" "Mozilla/5.0 (Linux; Android 10; K) AppleWebKit/537.36 (KHTML, like Gecko) Chrome/138.0.0.0 Mobile Safari/537.36 (compatible; Google-Read-Aloud; +https://support.google.com/webmasters/answer/1061943)"
167.86.187.43 - - [28/Mar/2026:13:00:40 +0000] "GET / HTTP/1.1" 200 16089 "https://hondasaudi.com/focused-cars/?utm_source=GoogleAds&utm_medium=Paid_Traffic&utm_campaign=Ramadan2026&gad_source=1&gad_campaignid=15485647876&gbraid=0AAAAAoT5x1jtcKcz0KH1ZB-HWl_bZxRet&gclid=EAIaIQobChMIksf5kdPCkwMVYZiDBx2cIAMAEAAYASAAEgLNf_D_BwE" "Mozilla/5.0 (Windows NT 10.0; Win64; x64) AppleWebKit/537.36 (KHTML, like Gecko) Chrome/146.0.0.0 Safari/537.36"
167.86.187.43 - - [28/Mar/2026:13:00:41 +0000] "GET /?utm_source=GoogleAds&utm_medium=Paid_Traffic&utm_campaign=Ramadan2026&gad_source=1&gad_campaignid=15485647876&gbraid=0AAAAAoT5x1jtcKcz0KH1ZB-HWl_bZxRet&gclid=EAIaIQobChMIksf5kdPCkwMVYZiDBx2cIAMAEAAYASAAEgLNf_D_BwE HTTP/1.1" 200 16259 "https://hondasaudi.com/focused-cars/?utm_source=GoogleAds&utm_medium=Paid_Traffic&utm_campaign=Ramadan2026&gad_source=1&gad_campaignid=15485647876&gbraid=0AAAAAoT5x1jtcKcz0KH1ZB-HWl_bZxRet&gclid=EAIaIQobChMIksf5kdPCkwMVYZiDBx2cIAMAEAAYASAAEgLNf_D_BwE" "Mozilla/5.0 (Windows NT 10.0; Win64; x64) AppleWebKit/537.36 (KHTML, like Gecko) Chrome/146.0.0.0 Safari/537.36"
145.82.43.52 - - [28/Mar/2026:13:00:43 +0000] "GET /wp-json/contact-form-7/v1/contact-forms/987/feedback/schema HTTP/1.1" 200 1993 "https://hondasaudi.com/focused-cars/?utm_source=GoogleAds&utm_medium=Paid_Traffic&utm_campaign=Ramadan2026&gad_source=1&gad_campaignid=15485647876&gbraid=0AAAAAoT5x1jMnUdPNGP_0edYFGEPino6L&gclid=CjwKCAjw-J3OBhBuEiwAwqZ_hxRsgjt8f7ZTF3621DYvp7JVbZ-6I4pPdDlMBdRsGfjtLaNP7tRFMBoCG84QAvD_BwE" "Mozilla/5.0 (Linux; Android 10; K) AppleWebKit/537.36 (KHTML, like Gecko) Chrome/146.0.0.0 Mobile Safari/537.36"
167.86.187.43 - - [28/Mar/2026:13:00:44 +0000] "GET / HTTP/1.1" 200 16089 "https://hondasaudi.com/?utm_source=GoogleAds&utm_medium=Paid_Traffic&utm_campaign=Ramadan2026&gad_source=1&gad_campaignid=15485647876&gbraid=0AAAAAoT5x1jtcKcz0KH1ZB-HWl_bZxRet&gclid=EAIaIQobChMIksf5kdPCkwMVYZiDBx2cIAMAEAAYASAAEgLNf_D_BwE" "Mozilla/5.0 (Windows NT 10.0; Win64; x64) AppleWebKit/537.36 (KHTML, like Gecko) Chrome/146.0.0.0 Safari/537.36"
2a02:9b0:42:adae:9c7d:a86b:4138:34db - - [28/Mar/2026:13:00:45 +0000] "GET /?utm_source=GoogleAds&utm_medium=Paid_Traffic&utm_campaign=Ramadan2026&gad_source=1&gad_campaignid=15485647876&gbraid=0AAAAAoT5x1jtcKcz0KH1ZB-HWl_bZxRet&gclid=EAIaIQobChMI25Ork9PCkwMVGZWDBx3_pQFaEAAYASAAEgKM9fD_BwE HTTP/1.1" 200 16382 "https://hondasaudi.com/focused-cars/?utm_source=GoogleAds&utm_medium=Paid_Traffic&utm_campaign=Ramadan2026&gad_source=1&gad_campaignid=15485647876&gbraid=0AAAAAoT5x1jtcKcz0KH1ZB-HWl_bZxRet&gclid=EAIaIQobChMI25Ork9PCkwMVGZWDBx3_pQFaEAAYASAAEgKM9fD_BwE" "Mozilla/5.0 (Windows NT 10.0; Win64; x64) AppleWebKit/537.36 (KHTML, like Gecko) Chrome/146.0.0.0 Safari/537.36"
167.86.187.43 - - [28/Mar/2026:13:00:45 +0000] "GET /?utm_source=GoogleAds&utm_medium=Paid_Traffic&utm_campaign=Ramadan2026&gad_source=1&gad_campaignid=15485647876&gbraid=0AAAAAoT5x1jtcKcz0KH1ZB-HWl_bZxRet&gclid=EAIaIQobChMIksf5kdPCkwMVYZiDBx2cIAMAEAAYASAAEgLNf_D_BwE HTTP/1.1" 200 16259 "https://hondasaudi.com/?utm_source=GoogleAds&utm_medium=Paid_Traffic&utm_campaign=Ramadan2026&gad_source=1&gad_campaignid=15485647876&gbraid=0AAAAAoT5x1jtcKcz0KH1ZB-HWl_bZxRet&gclid=EAIaIQobChMIksf5kdPCkwMVYZiDBx2cIAMAEAAYASAAEgLNf_D_BwE" "Mozilla/5.0 (Windows NT 10.0; Win64; x64) AppleWebKit/537.36 (KHTML, like Gecko) Chrome/146.0.0.0 Safari/537.36"
172.105.42.26 - - [28/Mar/2026:13:00:47 +0000] "POST /wp-cron.php?doing_wp_cron=1774702847.0804240703582763671875 HTTP/1.1" 200 20 "-" "WordPress/6.9.4; https://hondasaudi.com"
2001:16a2:f08f:1400:1d08:90ac:f59a:971e - - [28/Mar/2026:13:00:46 +0000] "GET /?utm_source=GoogleAds&utm_medium=Paid_Traffic&utm_campaign=Ramadan2026&gad_source=1&gad_campaignid=15485647876&gbraid=0AAAAAoT5x1jMnUdPNGP_0edYFGEPino6L&gclid=EAIaIQobChMIg5unl9PCkwMVhpGDBx2hohmNEAAYASAAEgLAufD_BwE HTTP/1.1" 200 16381 "https://hondasaudi.com/focused-cars/?utm_source=GoogleAds&utm_medium=Paid_Traffic&utm_campaign=Ramadan2026&gad_source=1&gad_campaignid=15485647876&gbraid=0AAAAAoT5x1jMnUdPNGP_0edYFGEPino6L&gclid=EAIaIQobChMIg5unl9PCkwMVhpGDBx2hohmNEAAYASAAEgLAufD_BwE" "Mozilla/5.0 (iPhone; CPU iPhone OS 18_7 like Mac OS X) AppleWebKit/605.1.15 (KHTML, like Gecko) Version/26.3 Mobile/15E148 Safari/604.1"
167.86.187.43 - - [28/Mar/2026:13:00:47 +0000] "GET / HTTP/1.1" 200 16089 "https://hondasaudi.com/?utm_source=GoogleAds&utm_medium=Paid_Traffic&utm_campaign=Ramadan2026&gad_source=1&gad_campaignid=15485647876&gbraid=0AAAAAoT5x1jtcKcz0KH1ZB-HWl_bZxRet&gclid=EAIaIQobChMIksf5kdPCkwMVYZiDBx2cIAMAEAAYASAAEgLNf_D_BwE" "Mozilla/5.0 (Windows NT 10.0; Win64; x64) AppleWebKit/537.36 (KHTML, like Gecko) Chrome/146.0.0.0 Safari/537.36"
2001:16a2:f08f:1400:1d08:90ac:f59a:971e - - [28/Mar/2026:13:00:48 +0000] "GET /service-price-list/ HTTP/1.1" 200 12559 "https://hondasaudi.com/?utm_source=GoogleAds&utm_medium=Paid_Traffic&utm_campaign=Ramadan2026&gad_source=1&gad_campaignid=15485647876&gbraid=0AAAAAoT5x1jMnUdPNGP_0edYFGEPino6L&gclid=EAIaIQobChMIg5unl9PCkwMVhpGDBx2hohmNEAAYASAAEgLAufD_BwE" "Mozilla/5.0 (iPhone; CPU iPhone OS 18_7 like Mac OS X) AppleWebKit/605.1.15 (KHTML, like Gecko) Version/26.3 Mobile/15E148 Safari/604.1"
167.86.187.43 - - [28/Mar/2026:13:00:48 +0000] "GET /?utm_source=GoogleAds&utm_medium=Paid_Traffic&utm_campaign=Ramadan2026&gad_source=1&gad_campaignid=15485647876&gbraid=0AAAAAoT5x1jtcKcz0KH1ZB-HWl_bZxRet&gclid=EAIaIQobChMIksf5kdPCkwMVYZiDBx2cIAMAEAAYASAAEgLNf_D_BwE HTTP/1.1" 200 16259 "https://hondasaudi.com/?utm_source=GoogleAds&utm_medium=Paid_Traffic&utm_campaign=Ramadan2026&gad_source=1&gad_campaignid=15485647876&gbraid=0AAAAAoT5x1jtcKcz0KH1ZB-HWl_bZxRet&gclid=EAIaIQobChMIksf5kdPCkwMVYZiDBx2cIAMAEAAYASAAEgLNf_D_BwE" "Mozilla/5.0 (Windows NT 10.0; Win64; x64) AppleWebKit/537.36 (KHTML, like Gecko) Chrome/146.0.0.0 Safari/537.36"
167.86.187.43 - - [28/Mar/2026:13:00:51 +0000] "GET / HTTP/1.1" 200 16089 "https://hondasaudi.com/?utm_source=GoogleAds&utm_medium=Paid_Traffic&utm_campaign=Ramadan2026&gad_source=1&gad_campaignid=15485647876&gbraid=0AAAAAoT5x1jtcKcz0KH1ZB-HWl_bZxRet&gclid=EAIaIQobChMIksf5kdPCkwMVYZiDBx2cIAMAEAAYASAAEgLNf_D_BwE" "Mozilla/5.0 (Windows NT 10.0; Win64; x64) AppleWebKit/537.36 (KHTML, like Gecko) Chrome/146.0.0.0 Safari/537.36"
167.86.187.43 - - [28/Mar/2026:13:00:51 +0000] "GET /?utm_source=GoogleAds&utm_medium=Paid_Traffic&utm_campaign=Ramadan2026&gad_source=1&gad_campaignid=15485647876&gbraid=0AAAAAoT5x1jtcKcz0KH1ZB-HWl_bZxRet&gclid=EAIaIQobChMIksf5kdPCkwMVYZiDBx2cIAMAEAAYASAAEgLNf_D_BwE HTTP/1.1" 200 16259 "https://hondasaudi.com/?utm_source=GoogleAds&utm_medium=Paid_Traffic&utm_campaign=Ramadan2026&gad_source=1&gad_campaignid=15485647876&gbraid=0AAAAAoT5x1jtcKcz0KH1ZB-HWl_bZxRet&gclid=EAIaIQobChMIksf5kdPCkwMVYZiDBx2cIAMAEAAYASAAEgLNf_D_BwE" "Mozilla/5.0 (Windows NT 10.0; Win64; x64) AppleWebKit/537.36 (KHTML, like Gecko) Chrome/146.0.0.0 Safari/537.36"
167.86.187.43 - - [28/Mar/2026:13:00:52 +0000] "GET /service-price-list/ HTTP/1.1" 200 12439 "https://hondasaudi.com/?utm_source=GoogleAds&utm_medium=Paid_Traffic&utm_campaign=Ramadan2026&gad_source=1&gad_campaignid=15485647876&gbraid=0AAAAAoT5x1jtcKcz0KH1ZB-HWl_bZxRet&gclid=EAIaIQobChMIksf5kdPCkwMVYZiDBx2cIAMAEAAYASAAEgLNf_D_BwE" "Mozilla/5.0 (Windows NT 10.0; Win64; x64) AppleWebKit/537.36 (KHTML, like Gecko) Chrome/146.0.0.0 Safari/537.36"
167.86.187.43 - - [28/Mar/2026:13:00:53 +0000] "GET /service-price-list/?utm_source=GoogleAds&utm_medium=Paid_Traffic&utm_campaign=Ramadan2026&gad_source=1&gad_campaignid=15485647876&gbraid=0AAAAAoT5x1jtcKcz0KH1ZB-HWl_bZxRet&gclid=EAIaIQobChMIksf5kdPCkwMVYZiDBx2cIAMAEAAYASAAEgLNf_D_BwE HTTP/1.1" 200 12609 "https://hondasaudi.com/?utm_source=GoogleAds&utm_medium=Paid_Traffic&utm_campaign=Ramadan2026&gad_source=1&gad_campaignid=15485647876&gbraid=0AAAAAoT5x1jtcKcz0KH1ZB-HWl_bZxRet&gclid=EAIaIQobChMIksf5kdPCkwMVYZiDBx2cIAMAEAAYASAAEgLNf_D_BwE" "Mozilla/5.0 (Windows NT 10.0; Win64; x64) AppleWebKit/537.36 (KHTML, like Gecko) Chrome/146.0.0.0 Safari/537.36"
2001:16a2:f08f:1400:1d08:90ac:f59a:971e - - [28/Mar/2026:13:00:57 +0000] "GET / HTTP/1.1" 200 16212 "https://hondasaudi.com/?utm_source=GoogleAds&utm_medium=Paid_Traffic&utm_campaign=Ramadan2026&gad_source=1&gad_campaignid=15485647876&gbraid=0AAAAAoT5x1jMnUdPNGP_0edYFGEPino6L&gclid=EAIaIQobChMIg5unl9PCkwMVhpGDBx2hohmNEAAYASAAEgLAufD_BwE" "Mozilla/5.0 (iPhone; CPU iPhone OS 18_7 like Mac OS X) AppleWebKit/605.1.15 (KHTML, like Gecko) Version/26.3 Mobile/15E148 Safari/604.1"
74.7.227.6 - - [28/Mar/2026:13:01:01 +0000] "GET /admin.php?dir=CwhomeCwbalubaidCwhondaFwcore3FwagencyCwwp-contentCwuploadsCwagile-store-locatorCwicon&view=post+office.png HTTP/1.1" 200 3716 "https://hondasaudi.com/admin.php?dir=CwhomeCwbalubaidCwhondaFwcore3FwagencyCwwp-contentCwuploadsCwagile-store-locatorCwicon" "Mozilla/5.0 AppleWebKit/537.36 (KHTML, like Gecko; compatible; GPTBot/1.3; +https://openai.com/gptbot)"
2001:16a2:f08f:1400:1d08:90ac:f59a:971e - - [28/Mar/2026:13:01:02 +0000] "GET /wp-json/contact-form-7/v1/contact-forms/987/feedback/schema HTTP/1.1" 200 1993 "https://hondasaudi.com/focused-cars/?utm_source=GoogleAds&utm_medium=Paid_Traffic&utm_campaign=Ramadan2026&gad_source=1&gad_campaignid=15485647876&gbraid=0AAAAAoT5x1jMnUdPNGP_0edYFGEPino6L&gclid=EAIaIQobChMIg5unl9PCkwMVhpGDBx2hohmNEAAYASAAEgLAufD_BwE" "Mozilla/5.0 (iPhone; CPU iPhone OS 18_7 like Mac OS X) AppleWebKit/605.1.15 (KHTML, like Gecko) Version/26.3 Mobile/15E148 Safari/604.1"
74.7.227.6 - - [28/Mar/2026:13:01:22 +0000] "GET /admin.php?dir=CwhomeCwbalubaidCwhondaFwcore3FwagencyCwwp-contentCwuploadsCwagile-store-locatorCwicon&edit=inline+skating.png HTTP/1.1" 200 2549 "https://hondasaudi.com/admin.php?dir=CwhomeCwbalubaidCwhondaFwcore3FwagencyCwwp-contentCwuploadsCwagile-store-locatorCwicon" "Mozilla/5.0 AppleWebKit/537.36 (KHTML, like Gecko; compatible; GPTBot/1.3; +https://openai.com/gptbot)"
172.105.42.26 - - [28/Mar/2026:13:01:31 +0000] "POST /wp-cron.php?doing_wp_cron=1774702891.1911709308624267578125 HTTP/1.1" 200 20 "-" "WordPress/6.9.4; https://hondasaudi.com"
2001:4860:7:1428::ff - - [28/Mar/2026:13:01:30 +0000] "GET /focused-cars/?utm_source=GoogleAds&utm_medium=Paid_Traffic&utm_campaign=Ramadan2026&gad_source=1&gad_campaignid=15485647876&gbraid=0AAAAAoT5x1hSviS8DXh2YDnC76qkwM6B6&gclid=CjwKCAjw-J3OBhBuEiwAwqZ_h5C_D-55fzGZVPc3jqgyOBy9zeyrgxPjp-d-D5B2RmYfpLV6__EH-RoCAJgQAvD_BwE HTTP/1.1" 200 19760 "https://www.google.com/" "Mozilla/5.0 (Linux; Android 10; K) AppleWebKit/537.36 (KHTML, like Gecko) Chrome/146.0.0.0 Mobile Safari/537.36"
2a02:9b0:e8:7fe0:94cc:e1ff:fe2a:8feb - - [28/Mar/2026:13:01:36 +0000] "GET /wp-json/contact-form-7/v1/contact-forms/987/feedback/schema HTTP/1.1" 200 1993 "https://hondasaudi.com/focused-cars/?utm_source=GoogleAds&utm_medium=Paid_Traffic&utm_campaign=Ramadan2026&gad_source=1&gad_campaignid=15485647876&gbraid=0AAAAAoT5x1hSviS8DXh2YDnC76qkwM6B6&gclid=CjwKCAjw-J3OBhBuEiwAwqZ_h5C_D-55fzGZVPc3jqgyOBy9zeyrgxPjp-d-D5B2RmYfpLV6__EH-RoCAJgQAvD_BwE" "Mozilla/5.0 (Linux; Android 10; K) AppleWebKit/537.36 (KHTML, like Gecko) Chrome/146.0.0.0 Mobile Safari/537.36"
74.7.227.6 - - [28/Mar/2026:13:01:43 +0000] "GET /admin.php?dir=CwhomeCwbalubaidCwhondaFwcore3FwagencyCwwp-contentCwuploadsCwagile-store-locatorCwicon&view=book+store.png HTTP/1.1" 200 3697 "https://hondasaudi.com/admin.php?dir=CwhomeCwbalubaidCwhondaFwcore3FwagencyCwwp-contentCwuploadsCwagile-store-locatorCwicon" "Mozilla/5.0 AppleWebKit/537.36 (KHTML, like Gecko; compatible; GPTBot/1.3; +https://openai.com/gptbot)"
74.7.227.6 - - [28/Mar/2026:13:02:04 +0000] "GET /admin.php?dir=CwhomeCwbalubaidCwhondaFwcore3FwagencyCwwp-contentCwuploadsCwagile-store-locatorCwicon&view=default_7.png HTTP/1.1" 200 3733 "https://hondasaudi.com/admin.php?dir=CwhomeCwbalubaidCwhondaFwcore3FwagencyCwwp-contentCwuploadsCwagile-store-locatorCwicon" "Mozilla/5.0 AppleWebKit/537.36 (KHTML, like Gecko; compatible; GPTBot/1.3; +https://openai.com/gptbot)"
172.105.42.26 - - [28/Mar/2026:13:02:19 +0000] "POST /service_request/ai_integration/ HTTP/1.1" 200 704 "-" "-"
74.7.227.6 - - [28/Mar/2026:13:02:25 +0000] "GET /admin.php?dir=CwhomeCwbalubaidCwhondaFwcore3FwagencyCwwp-contentCwuploadsCwagile-store-locatorCwicon&view=default_9.png HTTP/1.1" 200 4023 "https://hondasaudi.com/admin.php?dir=CwhomeCwbalubaidCwhondaFwcore3FwagencyCwwp-contentCwuploadsCwagile-store-locatorCwicon" "Mozilla/5.0 AppleWebKit/537.36 (KHTML, like Gecko; compatible; GPTBot/1.3; +https://openai.com/gptbot)"
74.7.227.6 - - [28/Mar/2026:13:02:45 +0000] "GET /admin.php?dir=CwhomeCwbalubaidCwhondaFwcore3FwagencyCwwp-contentCwuploadsCwagile-store-locatorCwicon&view=default_4.png HTTP/1.1" 200 4472 "https://hondasaudi.com/admin.php?dir=CwhomeCwbalubaidCwhondaFwcore3FwagencyCwwp-contentCwuploadsCwagile-store-locatorCwicon" "Mozilla/5.0 AppleWebKit/537.36 (KHTML, like Gecko; compatible; GPTBot/1.3; +https://openai.com/gptbot)"
74.7.227.6 - - [28/Mar/2026:13:03:07 +0000] "GET /admin.php?dir=CwhomeCwbalubaidCwhondaFwcore3FwagencyCwwp-contentCwuploadsCwagile-store-locatorCwicon&view=default_6.png HTTP/1.1" 200 4054 "https://hondasaudi.com/admin.php?dir=CwhomeCwbalubaidCwhondaFwcore3FwagencyCwwp-contentCwuploadsCwagile-store-locatorCwicon" "Mozilla/5.0 AppleWebKit/537.36 (KHTML, like Gecko; compatible; GPTBot/1.3; +https://openai.com/gptbot)"
172.105.42.26 - - [28/Mar/2026:13:03:19 +0000] "POST /wp-cron.php?doing_wp_cron=1774702999.9592359066009521484375 HTTP/1.1" 200 20 "-" "WordPress/6.9.4; https://hondasaudi.com"
2001:16a2:c351:f3d7:cd5d:b3ba:838d:6788 - - [28/Mar/2026:13:03:19 +0000] "GET /focused-cars/?utm_source=GoogleAds&utm_medium=Paid_Traffic&utm_campaign=Ramadan2026&gad_source=1&gad_campaignid=15485647876&gbraid=0AAAAAoT5x1jMnUdPNGP_0edYFGEPino6L&gclid=EAIaIQobChMI9Paj7dPCkwMVeVFBAh1eFhKSEAAYASAAEgLUy_D_BwE HTTP/1.1" 200 19687 "https://www.google.com/" "Mozilla/5.0 (iPhone; CPU iPhone OS 18_7 like Mac OS X) AppleWebKit/605.1.15 (KHTML, like Gecko) Version/26.4 Mobile/15E148 Safari/604.1"
2001:16a2:c351:f3d7:cd5d:b3ba:838d:6788 - - [28/Mar/2026:13:03:22 +0000] "GET /wp-json/contact-form-7/v1/contact-forms/987/feedback/schema HTTP/1.1" 200 1993 "https://hondasaudi.com/focused-cars/?utm_source=GoogleAds&utm_medium=Paid_Traffic&utm_campaign=Ramadan2026&gad_source=1&gad_campaignid=15485647876&gbraid=0AAAAAoT5x1jMnUdPNGP_0edYFGEPino6L&gclid=EAIaIQobChMI9Paj7dPCkwMVeVFBAh1eFhKSEAAYASAAEgLUy_D_BwE" "Mozilla/5.0 (iPhone; CPU iPhone OS 18_7 like Mac OS X) AppleWebKit/605.1.15 (KHTML, like Gecko) Version/26.4 Mobile/15E148 Safari/604.1"
74.7.227.6 - - [28/Mar/2026:13:03:27 +0000] "GET /admin.php?dir=CwhomeCwbalubaidCwhondaFwcore3FwagencyCwwp-contentCwuploadsCwagile-store-locatorCwicon&view=default_8.png HTTP/1.1" 200 3815 "https://hondasaudi.com/admin.php?dir=CwhomeCwbalubaidCwhondaFwcore3FwagencyCwwp-contentCwuploadsCwagile-store-locatorCwicon" "Mozilla/5.0 AppleWebKit/537.36 (KHTML, like Gecko; compatible; GPTBot/1.3; +https://openai.com/gptbot)"
172.105.42.26 - - [28/Mar/2026:13:03:31 +0000] "POST /wp-cron.php?doing_wp_cron=1774703011.6355099678039550781250 HTTP/1.1" 200 20 "-" "WordPress/6.9.4; https://hondasaudi.com"
2001:16a4:22f:7129:189d:8826:7c08:3d63 - - [28/Mar/2026:13:03:31 +0000] "GET /focused-cars/?utm_source=GoogleAds&utm_medium=Paid_Traffic&utm_campaign=Ramadan2026&gad_source=5&gad_campaignid=15485647876&gclid=EAIaIQobChMIvKmc8tPCkwMVSfx5BB1tUSMGEAAYAiAAEgI1BPD_BwE HTTP/1.1" 200 19614 "https://syndicatedsearch.goog/" "Mozilla/5.0 (Linux; Android 13; SM-A127F Build/TP1A.220624.014; wv) AppleWebKit/537.36 (KHTML, like Gecko) Version/4.0 Chrome/146.0.7680.119 Mobile Safari/537.36 [FB_IAB/FB4A;FBAV/538.0.0.53.70;IABMV/1;]"
2001:16a4:22f:7129:189d:8826:7c08:3d63 - - [28/Mar/2026:13:03:33 +0000] "GET /wp-json/contact-form-7/v1/contact-forms/987/feedback/schema HTTP/1.1" 200 1993 "https://hondasaudi.com/focused-cars/?utm_source=GoogleAds&utm_medium=Paid_Traffic&utm_campaign=Ramadan2026&gad_source=5&gad_campaignid=15485647876&gclid=EAIaIQobChMIvKmc8tPCkwMVSfx5BB1tUSMGEAAYAiAAEgI1BPD_BwE" "Mozilla/5.0 (Linux; Android 13; SM-A127F Build/TP1A.220624.014; wv) AppleWebKit/537.36 (KHTML, like Gecko) Version/4.0 Chrome/146.0.7680.119 Mobile Safari/537.36 [FB_IAB/FB4A;FBAV/538.0.0.53.70;IABMV/1;]"
74.7.227.6 - - [28/Mar/2026:13:03:47 +0000] "GET /admin.php?dir=CwhomeCwbalubaidCwhondaFwcore3FwagencyCwwp-contentCwuploadsCwagile-store-locatorCwicon&view=default_20.png HTTP/1.1" 200 4026 "https://hondasaudi.com/admin.php?dir=CwhomeCwbalubaidCwhondaFwcore3FwagencyCwwp-contentCwuploadsCwagile-store-locatorCwicon" "Mozilla/5.0 AppleWebKit/537.36 (KHTML, like Gecko; compatible; GPTBot/1.3; +https://openai.com/gptbot)"
172.105.42.26 - - [28/Mar/2026:13:04:02 +0000] "POST /wp-cron.php?doing_wp_cron=1774703042.3629679679870605468750 HTTP/1.1" 200 20 "-" "WordPress/6.9.4; https://hondasaudi.com"
104.207.43.212 - - [28/Mar/2026:13:04:02 +0000] "GET /admin621 HTTP/1.1" 404 12241 "-" "Mozilla/5.0 (Windows NT 10.0; Win64; x64) AppleWebKit/537.36 (KHTML, like Gecko) Chrome/119.0.0.0 Safari/537.36"
74.7.227.6 - - [28/Mar/2026:13:04:08 +0000] "GET /admin.php?dir=CwhomeCwbalubaidCwhondaFwcore3FwagencyCwwp-contentCwuploadsCwagile-store-locatorCwicon&view=default_11.png HTTP/1.1" 200 4108 "https://hondasaudi.com/admin.php?dir=CwhomeCwbalubaidCwhondaFwcore3FwagencyCwwp-contentCwuploadsCwagile-store-locatorCwicon" "Mozilla/5.0 AppleWebKit/537.36 (KHTML, like Gecko; compatible; GPTBot/1.3; +https://openai.com/gptbot)"
168.119.96.239 - - [28/Mar/2026:13:04:13 +0000] "HEAD / HTTP/1.1" 200 - "https://hondasaudi.com" "Mozilla/5.0+(compatible; UptimeRobot/2.0; http://www.uptimerobot.com/)"
172.105.42.26 - - [28/Mar/2026:13:04:25 +0000] "POST /wp-cron.php?doing_wp_cron=1774703065.5588378906250000000000 HTTP/1.1" 200 20 "-" "WordPress/6.9.4; https://hondasaudi.com"
2001:16a2:fc1a:9900:307f:597c:7f91:41e0 - - [28/Mar/2026:13:04:25 +0000] "GET /focused-cars/?utm_source=GoogleAds&utm_medium=Paid_Traffic&utm_campaign=Ramadan2026&gad_source=5&gad_campaignid=15485647876&gclid=EAIaIQobChMIhaXDitTCkwMVYqn9BR0jnAfHEAAYASAAEgLb5_D_BwE HTTP/1.1" 200 19614 "https://syndicatedsearch.goog/" "Mozilla/5.0 (iPhone; CPU iPhone OS 18_7 like Mac OS X) AppleWebKit/605.1.15 (KHTML, like Gecko) Mobile/23D8133 Instagram 422.1.0.44.67 (iPhone15,3; iOS 26_3_1; en_US; en; scale=3.00; 1290x2796; IABMV/1; 918355888) Safari/604.1"
2001:16a2:fc1a:9900:307f:597c:7f91:41e0 - - [28/Mar/2026:13:04:27 +0000] "GET /wp-json/contact-form-7/v1/contact-forms/987/feedback/schema HTTP/1.1" 200 1993 "https://hondasaudi.com/focused-cars/?utm_source=GoogleAds&utm_medium=Paid_Traffic&utm_campaign=Ramadan2026&gad_source=5&gad_campaignid=15485647876&gclid=EAIaIQobChMIhaXDitTCkwMVYqn9BR0jnAfHEAAYASAAEgLb5_D_BwE" "Mozilla/5.0 (iPhone; CPU iPhone OS 18_7 like Mac OS X) AppleWebKit/605.1.15 (KHTML, like Gecko) Mobile/23D8133 Instagram 422.1.0.44.67 (iPhone15,3; iOS 26_3_1; en_US; en; scale=3.00; 1290x2796; IABMV/1; 918355888) Safari/604.1"
2a01:111:f400:7e1a::100 - - [28/Mar/2026:13:04:28 +0000] "HEAD /eid_greetings_2026/ HTTP/1.1" 200 - "-" "-"
2001:16a2:42f3:a500:4534:c499:14af:9df6 - - [28/Mar/2026:13:04:28 +0000] "GET /?utm_source=GoogleAds&utm_medium=Paid_Traffic&utm_campaign=GSN_HS_2021&utm_id=GSN-0012-003&gad_source=1&gad_campaignid=15485647876&gclid=EAIaIQobChMIhOWhnMTvkAMVFLODBx2beCDSEAAYASAAEgJG0fD_BwE HTTP/1.1" 200 16358 "-" "Mozilla/5.0 (iPhone; CPU iPhone OS 18_6_2 like Mac OS X) AppleWebKit/605.1.15 (KHTML, like Gecko) CriOS/146.0.7680.151 Mobile/15E148 Safari/604.1"
74.7.227.6 - - [28/Mar/2026:13:04:30 +0000] "GET /admin.php?dir=CwhomeCwbalubaidCwhondaFwcore3FwagencyCwwp-contentCwuploadsCwagile-store-locatorCwicon&view=default_15.png HTTP/1.1" 200 3899 "https://hondasaudi.com/admin.php?dir=CwhomeCwbalubaidCwhondaFwcore3FwagencyCwwp-contentCwuploadsCwagile-store-locatorCwicon" "Mozilla/5.0 AppleWebKit/537.36 (KHTML, like Gecko; compatible; GPTBot/1.3; +https://openai.com/gptbot)"
74.7.227.6 - - [28/Mar/2026:13:04:50 +0000] "GET /admin.php?dir=CwhomeCwbalubaidCwhondaFwcore3FwagencyCwwp-contentCwuploadsCwagile-store-locatorCwicon&view=default_14.png HTTP/1.1" 200 3992 "https://hondasaudi.com/admin.php?dir=CwhomeCwbalubaidCwhondaFwcore3FwagencyCwwp-contentCwuploadsCwagile-store-locatorCwicon" "Mozilla/5.0 AppleWebKit/537.36 (KHTML, like Gecko; compatible; GPTBot/1.3; +https://openai.com/gptbot)"
172.105.42.26 - - [28/Mar/2026:13:05:11 +0000] "POST /wp-cron.php?doing_wp_cron=1774703111.8273379802703857421875 HTTP/1.1" 200 20 "-" "WordPress/6.9.4; https://hondasaudi.com"
74.7.227.6 - - [28/Mar/2026:13:05:11 +0000] "GET /admin.php?dir=CwhomeCwbalubaidCwhondaFwcore3FwagencyCwwp-contentCwuploadsCwagile-store-locatorCwicon&view=default_12.png HTTP/1.1" 200 3761 "https://hondasaudi.com/admin.php?dir=CwhomeCwbalubaidCwhondaFwcore3FwagencyCwwp-contentCwuploadsCwagile-store-locatorCwicon" "Mozilla/5.0 AppleWebKit/537.36 (KHTML, like Gecko; compatible; GPTBot/1.3; +https://openai.com/gptbot)"
172.105.42.26 - - [28/Mar/2026:13:05:27 +0000] "POST /service_request/ai_integration/ HTTP/1.1" 200 731 "-" "-"
