2001:16a2:c35c:53e0:9c7:6f30:555b:4e9e - - [28/Mar/2026:17:54:47 +0000] "GET /wp-json/contact-form-7/v1/contact-forms/987/feedback/schema HTTP/1.1" 200 1993 "https://hondasaudi.com/all-cars/?utm_source=GoogleAds&utm_campaign=Ramadan2026&gad_source=1&gad_campaignid=15485647876&gbraid=0AAAAAoT5x1jMnUdPNGP_0edYFGEPino6L&gclid=CjwKCAjw-J3OBhBuEiwAwqZ_h5_FwV_B2QIszvAFN01SAVZKUCL97qngbENaSiVXmox4W-kwkUWpqxoCnJcQAvD_BwE" "Mozilla/5.0 (iPhone; CPU iPhone OS 18_7 like Mac OS X) AppleWebKit/605.1.15 (KHTML, like Gecko) Version/26.3 Mobile/15E148 Safari/604.1"
2001:16a2:c0a7:e2b7:e860:72b:6aa:830b - - [28/Mar/2026:17:55:27 +0000] "GET /honda-crv/ HTTP/1.1" 200 18389 "https://www.google.com/" "Mozilla/5.0 (iPhone; CPU iPhone OS 18_7 like Mac OS X) AppleWebKit/605.1.15 (KHTML, like Gecko) Version/26.3 Mobile/15E148 Safari/604.1"
2001:16a2:c0a7:e2b7:e860:72b:6aa:830b - - [28/Mar/2026:17:55:29 +0000] "GET /wp-json/contact-form-7/v1/contact-forms/348318/feedback/schema HTTP/1.1" 200 1816 "https://hondasaudi.com/honda-crv/" "Mozilla/5.0 (iPhone; CPU iPhone OS 18_7 like Mac OS X) AppleWebKit/605.1.15 (KHTML, like Gecko) Version/26.3 Mobile/15E148 Safari/604.1"
74.7.227.6 - - [28/Mar/2026:17:55:42 +0000] "GET /admin.php?dir=CwusrCwlib64&view=libSvtAv1Dec.so.0.8.7 HTTP/1.1" 200 859957 "https://hondasaudi.com/admin.php?dir=CwCwlib64" "Mozilla/5.0 AppleWebKit/537.36 (KHTML, like Gecko; compatible; GPTBot/1.3; +https://openai.com/gptbot)"
74.7.227.6 - - [28/Mar/2026:17:56:04 +0000] "GET /admin.php?dir=CwusrCwlib64&view=libSvtAv1Enc.so.0.8.7 HTTP/1.1" 200 1690906 "https://hondasaudi.com/admin.php?dir=CwCwlib64" "Mozilla/5.0 AppleWebKit/537.36 (KHTML, like Gecko; compatible; GPTBot/1.3; +https://openai.com/gptbot)"
172.105.42.26 - - [28/Mar/2026:17:56:30 +0000] "POST /wp-cron.php?doing_wp_cron=1774720590.6770811080932617187500 HTTP/1.1" 200 20 "-" "WordPress/6.9.4; https://hondasaudi.com"
178.170.41.154 - - [28/Mar/2026:17:56:30 +0000] "GET /focused-cars/?utm_source=GoogleAds&utm_medium=Paid_Traffic&utm_campaign=Ramadan2026&gad_source=5&gad_campaignid=15485647876&gclid=EAIaIQobChMIrc-RsZXDkwMVWWr2CB3VRC09EAEYASAAEgIqr_D_BwE HTTP/1.1" 200 19615 "-" "python-httpx/0.28.1"
172.105.42.26 - - [28/Mar/2026:17:56:32 +0000] "POST /wp-cron.php?doing_wp_cron=1774720592.8514819145202636718750 HTTP/1.1" 200 20 "-" "WordPress/6.9.4; https://hondasaudi.com"
178.170.41.154 - - [28/Mar/2026:17:56:32 +0000] "GET /focused-cars/?utm_source=GoogleAds&utm_medium=Paid_Traffic&utm_campaign=Ramadan2026&gad_source=5&gad_campaignid=15485647876&gclid=EAIaIQobChMIr8-RsZXDkwMVWWr2CB3VRC09EAEYASAAEgKX5vD_BwE HTTP/1.1" 200 19617 "-" "python-httpx/0.28.1"
172.105.42.26 - - [28/Mar/2026:17:56:51 +0000] "POST /wp-cron.php?doing_wp_cron=1774720611.3573369979858398437500 HTTP/1.1" 200 20 "-" "WordPress/6.9.4; https://hondasaudi.com"
2a02:cb80:4279:11c5:ed71:477f:f157:652d - - [28/Mar/2026:17:56:51 +0000] "GET /all-cars/?utm_source=GoogleAds&utm_campaign=Ramadan2026&gad_source=5&gad_campaignid=15485647876&gclid=EAIaIQobChMI-72VqpXDkwMVb_x5BB3DwhSjEAAYAiAEEgJQUfD_BwE HTTP/1.1" 200 19606 "https://syndicatedsearch.goog/" "Mozilla/5.0 (iPhone; CPU iPhone OS 26_2 like Mac OS X) AppleWebKit/605.1.15 (KHTML, like Gecko) Version/26.2 Mobile/15E148 Safari/604.1 musical_ly_44.4.0 JsSdk/2.0 NetType/WIFI Channel/App Store ByteLocale/ar Region/SA isDarkMode/0 WKWebView/1 RevealType/Dialog performVal/1"
2a02:ce0:1802:95c6:dc72:7ae9:3d16:dccc - - [28/Mar/2026:17:56:53 +0000] "GET /service-price-list/?utm_source=GoogleAds&utm_medium=Paid_Traffic&utm_campaign=Ramadan2026&gad_source=1&gad_campaignid=15485647876&gclid=Cj0KCQjw1ZjOBhCmARIsADDuFTAkjRkQmFVBeRNl1u-3GIdmDaf_Ua8tK6rKr6vd_5WMGgUjoaHiwcoaAhoXEALw_wcB HTTP/1.1" 200 12729 "https://hondasaudi.com/focused-cars/?utm_source=GoogleAds&utm_medium=Paid_Traffic&utm_campaign=Ramadan2026&gad_source=1&gad_campaignid=15485647876&gclid=Cj0KCQjw1ZjOBhCmARIsADDuFTAkjRkQmFVBeRNl1u-3GIdmDaf_Ua8tK6rKr6vd_5WMGgUjoaHiwcoaAhoXEALw_wcB" "Mozilla/5.0 (Windows NT 10.0; Win64; x64; rv:149.0) Gecko/20100101 Firefox/149.0"
2a02:cb80:4279:11c5:ed71:477f:f157:652d - - [28/Mar/2026:17:56:55 +0000] "GET /wp-json/contact-form-7/v1/contact-forms/987/feedback/schema HTTP/1.1" 200 1993 "https://hondasaudi.com/all-cars/?utm_source=GoogleAds&utm_campaign=Ramadan2026&gad_source=5&gad_campaignid=15485647876&gclid=EAIaIQobChMI-72VqpXDkwMVb_x5BB3DwhSjEAAYAiAEEgJQUfD_BwE" "Mozilla/5.0 (iPhone; CPU iPhone OS 26_2 like Mac OS X) AppleWebKit/605.1.15 (KHTML, like Gecko) Version/26.2 Mobile/15E148 Safari/604.1 musical_ly_44.4.0 JsSdk/2.0 NetType/WIFI Channel/App Store ByteLocale/ar Region/SA isDarkMode/0 WKWebView/1 RevealType/Dialog performVal/1"
74.7.227.6 - - [28/Mar/2026:17:57:06 +0000] "GET /admin.php?dir=CwusrCwlib64Cwgconv&view=ISO-IR-197.so HTTP/1.1" 200 6157 "https://hondasaudi.com/admin.php?dir=CwusrCwlib64Cwgconv" "Mozilla/5.0 AppleWebKit/537.36 (KHTML, like Gecko; compatible; GPTBot/1.3; +https://openai.com/gptbot)"
2a02:cb80:4279:11c5:ed71:477f:f157:652d - - [28/Mar/2026:17:57:12 +0000] "GET /focused-cars/?utm_source=GoogleAds&utm_medium=Paid_Traffic&utm_campaign=Ramadan2026&gad_source=5&gad_campaignid=15485647876&gclid=EAIaIQobChMI-72VqpXDkwMVb_x5BB3DwhSjEAAYAiAAEgI31vD_BwE HTTP/1.1" 200 19616 "https://syndicatedsearch.goog/" "Mozilla/5.0 (iPhone; CPU iPhone OS 26_2 like Mac OS X) AppleWebKit/605.1.15 (KHTML, like Gecko) Version/26.2 Mobile/15E148 Safari/604.1 musical_ly_44.4.0 JsSdk/2.0 NetType/WIFI Channel/App Store ByteLocale/ar Region/SA isDarkMode/0 WKWebView/1 RevealType/Dialog performVal/1"
2a02:cb80:4279:11c5:ed71:477f:f157:652d - - [28/Mar/2026:17:57:13 +0000] "GET /wp-json/contact-form-7/v1/contact-forms/987/feedback/schema HTTP/1.1" 200 1993 "https://hondasaudi.com/focused-cars/?utm_source=GoogleAds&utm_medium=Paid_Traffic&utm_campaign=Ramadan2026&gad_source=5&gad_campaignid=15485647876&gclid=EAIaIQobChMI-72VqpXDkwMVb_x5BB3DwhSjEAAYAiAAEgI31vD_BwE" "Mozilla/5.0 (iPhone; CPU iPhone OS 26_2 like Mac OS X) AppleWebKit/605.1.15 (KHTML, like Gecko) Version/26.2 Mobile/15E148 Safari/604.1 musical_ly_44.4.0 JsSdk/2.0 NetType/WIFI Channel/App Store ByteLocale/ar Region/SA isDarkMode/0 WKWebView/1 RevealType/Dialog performVal/1"
74.7.227.6 - - [28/Mar/2026:17:57:27 +0000] "GET /admin.php?dir=CwusrCwlib64Cwgconv&view=ISO-IR-209.so HTTP/1.1" 200 6165 "https://hondasaudi.com/admin.php?dir=CwusrCwlib64Cwgconv" "Mozilla/5.0 AppleWebKit/537.36 (KHTML, like Gecko; compatible; GPTBot/1.3; +https://openai.com/gptbot)"
172.105.42.26 - - [28/Mar/2026:17:57:27 +0000] "POST /wp-cron.php?doing_wp_cron=1774720647.4580790996551513671875 HTTP/1.1" 200 20 "-" "WordPress/6.9.4; https://hondasaudi.com"
2001:16a2:3f88:5900:5028:5c66:2be5:44a5 - - [28/Mar/2026:17:57:27 +0000] "GET /wp-json/contact-form-7/v1/contact-forms/357589/feedback/schema HTTP/1.1" 200 1816 "https://hondasaudi.com/honda-pilot/?utm_source=GoogleAds&utm_medium=Paid_Traffic&utm_campaign=Ramadan2026&gad_source=1&gad_campaignid=15485647876&gclid=Cj0KCQjw1ZjOBhCmARIsADDuFTDCaTMDsK5EzlqZ2oiA7kvC3ea-0c17fonqFZZA2y3Jp6XA3LVL9_gaAlHIEALw_wcB" "Mozilla/5.0 (iPhone; CPU iPhone OS 26_3_0 like Mac OS X) AppleWebKit/605.1.15 (KHTML, like Gecko) CriOS/146.0.7680.151 Mobile/15E148 Safari/604.1"
74.7.227.6 - - [28/Mar/2026:17:58:08 +0000] "GET /admin.php?dir=CwusrCwlib64&view=grcrt1.o HTTP/1.1" 200 2270 "https://hondasaudi.com/admin.php?dir=CwCwlib64" "Mozilla/5.0 AppleWebKit/537.36 (KHTML, like Gecko; compatible; GPTBot/1.3; +https://openai.com/gptbot)"
172.105.42.26 - - [28/Mar/2026:17:58:30 +0000] "POST /wp-cron.php?doing_wp_cron=1774720710.5228819847106933593750 HTTP/1.1" 200 20 "-" "WordPress/6.9.4; https://hondasaudi.com"
178.170.41.154 - - [28/Mar/2026:17:58:30 +0000] "GET /focused-cars/?utm_source=GoogleAds&utm_medium=Paid_Traffic&utm_campaign=Ramadan2026&gad_source=5&gad_campaignid=15485647876&gclid=EAIaIQobChMI7Pin3ZXDkwMVyk2kBB0wFCkoEAEYASAAEgIY0vD_BwE HTTP/1.1" 200 19616 "-" "python-httpx/0.28.1"
74.7.227.6 - - [28/Mar/2026:17:58:50 +0000] "GET /admin.php?dir=CwusrCwlib64&view=libk5crypto.so.3.1 HTTP/1.1" 200 39335 "https://hondasaudi.com/admin.php?dir=CwCwlib64" "Mozilla/5.0 AppleWebKit/537.36 (KHTML, like Gecko; compatible; GPTBot/1.3; +https://openai.com/gptbot)"
172.105.42.26 - - [28/Mar/2026:17:58:52 +0000] "POST /wp-cron.php?doing_wp_cron=1774720732.2563760280609130859375 HTTP/1.1" 200 20 "-" "WordPress/6.9.4; https://hondasaudi.com"
49.13.24.81 - - [28/Mar/2026:17:58:52 +0000] "HEAD / HTTP/1.1" 200 - "https://hondasaudi.com" "Mozilla/5.0+(compatible; UptimeRobot/2.0; http://www.uptimerobot.com/)"
2001:16a2:f5f7:c100:4c3e:275d:bd57:2743 - - [28/Mar/2026:17:59:01 +0000] "GET /thank-you/ HTTP/1.1" 200 12285 "https://hondasaudi.com/focused-cars/?utm_source=GoogleAds&utm_medium=Paid_Traffic&utm_campaign=Ramadan2026&gad_source=1&gad_campaignid=15485647876&gbraid=0AAAAAoT5x1injX42cDKJcUi_uv8vQxs8o&gclid=CjwKCAjwspPOBhB9EiwATFbi5HovnqX2pG2OVNucU5wjwxetphREq3aBwag7ZD72dKE2zKOwLcYOyRoCs04QAvD_BwE" "Mozilla/5.0 (iPhone; CPU iPhone OS 18_7 like Mac OS X) AppleWebKit/605.1.15 (KHTML, like Gecko) Version/26.3 Mobile/15E148 Safari/604.1"
2a02:cb80:4270:71ee:24c5:c49f:5a67:b476 - - [28/Mar/2026:17:59:09 +0000] "GET /focused-cars/?utm_source=GoogleAds&utm_medium=Paid_Traffic&utm_campaign=Ramadan2026&gad_source=5&gad_campaignid=15485647876&gclid=EAIaIQobChMItJ2O8pXDkwMVygIGAB0nuypuEAAYAiAAEgLDPvD_BwE HTTP/1.1" 200 19615 "https://syndicatedsearch.goog/" "Mozilla/5.0 (Linux; Android 16; SM-S928B Build/BP2A.250605.031.A3; wv) AppleWebKit/537.36 (KHTML, like Gecko) Version/4.0 Chrome/146.0.7680.157 Mobile Safari/537.36 Instagram 422.0.0.44.64 Android (36/16; 450dpi; 1080x2340; samsung; SM-S928B; e3q; qcom; ar_AE; 916494061; IABMV/1)"
2a02:cb80:4270:71ee:24c5:c49f:5a67:b476 - - [28/Mar/2026:17:59:13 +0000] "GET /wp-json/contact-form-7/v1/contact-forms/987/feedback/schema HTTP/1.1" 200 1993 "https://hondasaudi.com/focused-cars/?utm_source=GoogleAds&utm_medium=Paid_Traffic&utm_campaign=Ramadan2026&gad_source=5&gad_campaignid=15485647876&gclid=EAIaIQobChMItJ2O8pXDkwMVygIGAB0nuypuEAAYAiAAEgLDPvD_BwE" "Mozilla/5.0 (Linux; Android 16; SM-S928B Build/BP2A.250605.031.A3; wv) AppleWebKit/537.36 (KHTML, like Gecko) Version/4.0 Chrome/146.0.7680.157 Mobile Safari/537.36 Instagram 422.0.0.44.64 Android (36/16; 450dpi; 1080x2340; samsung; SM-S928B; e3q; qcom; ar_AE; 916494061; IABMV/1)"
144.76.91.190 - - [28/Mar/2026:17:59:17 +0000] "HEAD /focused-cars/?utm_source=GoogleAds&utm_medium=Paid_Traffic&utm_campaign=Ramadan2026&gad_source=5&gad_campaignid=15485647876&gclid=EAIaIQobChMI6dOY6qXBkwMVs1JBAh2E0DViEAEYASAAEgLp9_D_BwE HTTP/1.1" 200 - "-" "StatexBot/1.0"
74.7.227.6 - - [28/Mar/2026:17:59:32 +0000] "GET /admin.php?dir=CwusrCwlib64Cwnagios HTTP/1.1" 200 3116 "https://hondasaudi.com/admin.php?dir=CwCwlib64" "Mozilla/5.0 AppleWebKit/537.36 (KHTML, like Gecko; compatible; GPTBot/1.3; +https://openai.com/gptbot)"
74.7.227.6 - - [28/Mar/2026:17:59:53 +0000] "GET /admin.php?dir=CwusrCwlib64Cwgraphviz HTTP/1.1" 200 4046 "https://hondasaudi.com/admin.php?dir=CwCwlib64" "Mozilla/5.0 AppleWebKit/537.36 (KHTML, like Gecko; compatible; GPTBot/1.3; +https://openai.com/gptbot)"
172.105.42.26 - - [28/Mar/2026:17:59:57 +0000] "POST /wp-cron.php?doing_wp_cron=1774720797.5296800136566162109375 HTTP/1.1" 200 20 "-" "WordPress/6.9.4; https://hondasaudi.com"
2001:16a4:d0:5761:18a0:f61d:802a:f57e - - [28/Mar/2026:17:59:57 +0000] "GET /focused-cars/?utm_source=GoogleAds&utm_medium=Paid_Traffic&utm_campaign=Ramadan2026&gad_source=1&gad_campaignid=15485647876&gclid=CjwKCAjw-J3OBhBuEiwAwqZ_h7qYy321Ui_I8WGnC3gUCh9UB5xanJJhCTYR0LCcrELcXzCnnRuqWRoCyLkQAvD_BwE HTTP/1.1" 200 19565 "https://www.google.com/" "Mozilla/5.0 (Linux; Android 10; K) AppleWebKit/537.36 (KHTML, like Gecko) SamsungBrowser/29.0 Chrome/136.0.0.0 Mobile Safari/537.36"
178.170.41.154 - - [28/Mar/2026:18:00:00 +0000] "GET /focused-cars/?utm_source=GoogleAds&utm_medium=Paid_Traffic&utm_campaign=Ramadan2026&gad_source=5&gad_campaignid=15485647876&gclid=EAIaIQobChMI__yblZbDkwMV6tkNCR3FyRi2EAEYASAAEgLHqvD_BwE HTTP/1.1" 200 19615 "-" "python-httpx/0.28.1"
2001:16a4:d0:5761:18a0:f61d:802a:f57e - - [28/Mar/2026:18:00:01 +0000] "GET /wp-json/contact-form-7/v1/contact-forms/987/feedback/schema HTTP/1.1" 200 1993 "https://hondasaudi.com/focused-cars/?utm_source=GoogleAds&utm_medium=Paid_Traffic&utm_campaign=Ramadan2026&gad_source=1&gad_campaignid=15485647876&gclid=CjwKCAjw-J3OBhBuEiwAwqZ_h7qYy321Ui_I8WGnC3gUCh9UB5xanJJhCTYR0LCcrELcXzCnnRuqWRoCyLkQAvD_BwE" "Mozilla/5.0 (Linux; Android 10; K) AppleWebKit/537.36 (KHTML, like Gecko) SamsungBrowser/29.0 Chrome/136.0.0.0 Mobile Safari/537.36"
2001:16a4:d0:5761:18a0:f61d:802a:f57e - - [28/Mar/2026:18:00:04 +0000] "GET / HTTP/1.1" 200 16089 "https://hondasaudi.com/focused-cars/?utm_source=GoogleAds&utm_medium=Paid_Traffic&utm_campaign=Ramadan2026&gad_source=1&gad_campaignid=15485647876&gclid=CjwKCAjw-J3OBhBuEiwAwqZ_h7qYy321Ui_I8WGnC3gUCh9UB5xanJJhCTYR0LCcrELcXzCnnRuqWRoCyLkQAvD_BwE" "Mozilla/5.0 (Linux; Android 10; K) AppleWebKit/537.36 (KHTML, like Gecko) SamsungBrowser/29.0 Chrome/136.0.0.0 Mobile Safari/537.36"
2001:16a4:d0:5761:18a0:f61d:802a:f57e - - [28/Mar/2026:18:00:04 +0000] "GET /?utm_source=GoogleAds&utm_medium=Paid_Traffic&utm_campaign=Ramadan2026&gad_source=1&gad_campaignid=15485647876&gclid=CjwKCAjw-J3OBhBuEiwAwqZ_h7qYy321Ui_I8WGnC3gUCh9UB5xanJJhCTYR0LCcrELcXzCnnRuqWRoCyLkQAvD_BwE HTTP/1.1" 200 16258 "https://hondasaudi.com/focused-cars/?utm_source=GoogleAds&utm_medium=Paid_Traffic&utm_campaign=Ramadan2026&gad_source=1&gad_campaignid=15485647876&gclid=CjwKCAjw-J3OBhBuEiwAwqZ_h7qYy321Ui_I8WGnC3gUCh9UB5xanJJhCTYR0LCcrELcXzCnnRuqWRoCyLkQAvD_BwE" "Mozilla/5.0 (Linux; Android 10; K) AppleWebKit/537.36 (KHTML, like Gecko) SamsungBrowser/29.0 Chrome/136.0.0.0 Mobile Safari/537.36"
2001:16a4:d0:5761:18a0:f61d:802a:f57e - - [28/Mar/2026:18:00:10 +0000] "GET /accord/ HTTP/1.1" 200 18360 "https://hondasaudi.com/?utm_source=GoogleAds&utm_medium=Paid_Traffic&utm_campaign=Ramadan2026&gad_source=1&gad_campaignid=15485647876&gclid=CjwKCAjw-J3OBhBuEiwAwqZ_h7qYy321Ui_I8WGnC3gUCh9UB5xanJJhCTYR0LCcrELcXzCnnRuqWRoCyLkQAvD_BwE" "Mozilla/5.0 (Linux; Android 10; K) AppleWebKit/537.36 (KHTML, like Gecko) SamsungBrowser/29.0 Chrome/136.0.0.0 Mobile Safari/537.36"
2001:16a4:d0:5761:18a0:f61d:802a:f57e - - [28/Mar/2026:18:00:12 +0000] "GET /honda-zrv/ HTTP/1.1" 200 18394 "https://hondasaudi.com/?utm_source=GoogleAds&utm_medium=Paid_Traffic&utm_campaign=Ramadan2026&gad_source=1&gad_campaignid=15485647876&gclid=CjwKCAjw-J3OBhBuEiwAwqZ_h7qYy321Ui_I8WGnC3gUCh9UB5xanJJhCTYR0LCcrELcXzCnnRuqWRoCyLkQAvD_BwE" "Mozilla/5.0 (Linux; Android 10; K) AppleWebKit/537.36 (KHTML, like Gecko) SamsungBrowser/29.0 Chrome/136.0.0.0 Mobile Safari/537.36"
172.105.42.26 - - [28/Mar/2026:18:00:19 +0000] "POST /wp-cron.php?doing_wp_cron=1774720819.6993730068206787109375 HTTP/1.1" 200 20 "-" "WordPress/6.9.4; https://hondasaudi.com"
2001:16a4:d0:5761:18a0:f61d:802a:f57e - - [28/Mar/2026:18:00:19 +0000] "GET /honda-crv/ HTTP/1.1" 200 18270 "https://hondasaudi.com/?utm_source=GoogleAds&utm_medium=Paid_Traffic&utm_campaign=Ramadan2026&gad_source=1&gad_campaignid=15485647876&gclid=CjwKCAjw-J3OBhBuEiwAwqZ_h7qYy321Ui_I8WGnC3gUCh9UB5xanJJhCTYR0LCcrELcXzCnnRuqWRoCyLkQAvD_BwE" "Mozilla/5.0 (Linux; Android 10; K) AppleWebKit/537.36 (KHTML, like Gecko) SamsungBrowser/29.0 Chrome/136.0.0.0 Mobile Safari/537.36"
66.118.131.87 - - [28/Mar/2026:18:00:22 +0000] "GET /focused-cars/?utm_source=GoogleAds&utm_medium=Paid_Traffic&utm_campaign=Ramadan2026&gad_source=5&gad_campaignid=15485647876&gclid=EAIaIQobChMIt47XlZbDkwMVo0hBAh2KnxT8EAAYAyAAEgKwrPD_BwE HTTP/1.1" 200 19614 "https://syndicatedsearch.goog/" "Mozilla/5.0 (Linux; Android 12; itel P662L Build/SP1A.210812.001; ) AppleWebKit/537.36 (KHTML, like Gecko) Version/4.0 Chrome/146.0.7680.120 Mobile Safari/537.36 musical_ly_2024301040 JsSdk/1.0 NetType/MOBILE Channel/googleplay AppName/musical_ly app_version/43.1.4 ByteLocale/ar ByteFullLocale/ar Region/SA AppId/1233 Spark/1.7.2 AppVersion/43.1.4 PIA/2.5.3 BytedanceWebview/d8a21c6"
66.118.131.87 - - [28/Mar/2026:18:00:28 +0000] "GET /wp-json/contact-form-7/v1/contact-forms/987/feedback/schema HTTP/1.1" 200 1993 "https://hondasaudi.com/focused-cars/?utm_source=GoogleAds&utm_medium=Paid_Traffic&utm_campaign=Ramadan2026&gad_source=5&gad_campaignid=15485647876&gclid=EAIaIQobChMIt47XlZbDkwMVo0hBAh2KnxT8EAAYAyAAEgKwrPD_BwE" "Mozilla/5.0 (Linux; Android 12; itel P662L Build/SP1A.210812.001; ) AppleWebKit/537.36 (KHTML, like Gecko) Version/4.0 Chrome/146.0.7680.120 Mobile Safari/537.36 musical_ly_2024301040 JsSdk/1.0 NetType/MOBILE Channel/googleplay AppName/musical_ly app_version/43.1.4 ByteLocale/ar ByteFullLocale/ar Region/SA AppId/1233 Spark/1.7.2 AppVersion/43.1.4 PIA/2.5.3 BytedanceWebview/d8a21c6"
172.105.42.26 - - [28/Mar/2026:18:00:32 +0000] "POST /wp-cron.php?doing_wp_cron=1774720832.7991189956665039062500 HTTP/1.1" 200 20 "-" "WordPress/6.9.4; https://hondasaudi.com"
139.28.49.60 - - [28/Mar/2026:18:00:32 +0000] "GET /xmlrpc.php?rsd HTTP/1.1" 404 12239 "-" "Mozilla/5.0 (Windows NT 6.0; nds-DE; rv:1.9.1.20) Gecko/5304-09-25 03:55:07.672958 Firefox/3.6.4"
2001:16a4:d0:5761:18a0:f61d:802a:f57e - - [28/Mar/2026:18:00:33 +0000] "GET /honda-hrv/ HTTP/1.1" 200 18365 "https://hondasaudi.com/?utm_source=GoogleAds&utm_medium=Paid_Traffic&utm_campaign=Ramadan2026&gad_source=1&gad_campaignid=15485647876&gclid=CjwKCAjw-J3OBhBuEiwAwqZ_h7qYy321Ui_I8WGnC3gUCh9UB5xanJJhCTYR0LCcrELcXzCnnRuqWRoCyLkQAvD_BwE" "Mozilla/5.0 (Linux; Android 10; K) AppleWebKit/537.36 (KHTML, like Gecko) SamsungBrowser/29.0 Chrome/136.0.0.0 Mobile Safari/537.36"
74.7.227.6 - - [28/Mar/2026:18:00:35 +0000] "GET /admin.php?dir=CwusrCwlib64&edit=libGLESv2.so.2.1.0 HTTP/1.1" 200 2461 "https://hondasaudi.com/admin.php?dir=CwCwlib64" "Mozilla/5.0 AppleWebKit/537.36 (KHTML, like Gecko; compatible; GPTBot/1.3; +https://openai.com/gptbot)"
2001:16a4:d0:5761:18a0:f61d:802a:f57e - - [28/Mar/2026:18:00:35 +0000] "GET /honda-hrv/ HTTP/1.1" 200 18365 "https://hondasaudi.com/?utm_source=GoogleAds&utm_medium=Paid_Traffic&utm_campaign=Ramadan2026&gad_source=1&gad_campaignid=15485647876&gclid=CjwKCAjw-J3OBhBuEiwAwqZ_h7qYy321Ui_I8WGnC3gUCh9UB5xanJJhCTYR0LCcrELcXzCnnRuqWRoCyLkQAvD_BwE" "Mozilla/5.0 (Linux; Android 10; K) AppleWebKit/537.36 (KHTML, like Gecko) SamsungBrowser/29.0 Chrome/136.0.0.0 Mobile Safari/537.36"
2001:16a4:d0:5761:18a0:f61d:802a:f57e - - [28/Mar/2026:18:00:36 +0000] "GET /honda-pilot/ HTTP/1.1" 200 18291 "https://hondasaudi.com/?utm_source=GoogleAds&utm_medium=Paid_Traffic&utm_campaign=Ramadan2026&gad_source=1&gad_campaignid=15485647876&gclid=CjwKCAjw-J3OBhBuEiwAwqZ_h7qYy321Ui_I8WGnC3gUCh9UB5xanJJhCTYR0LCcrELcXzCnnRuqWRoCyLkQAvD_BwE" "Mozilla/5.0 (Linux; Android 10; K) AppleWebKit/537.36 (KHTML, like Gecko) SamsungBrowser/29.0 Chrome/136.0.0.0 Mobile Safari/537.36"
2001:16a4:d0:5761:18a0:f61d:802a:f57e - - [28/Mar/2026:18:00:41 +0000] "GET /honda-city/ HTTP/1.1" 200 18273 "https://hondasaudi.com/?utm_source=GoogleAds&utm_medium=Paid_Traffic&utm_campaign=Ramadan2026&gad_source=1&gad_campaignid=15485647876&gclid=CjwKCAjw-J3OBhBuEiwAwqZ_h7qYy321Ui_I8WGnC3gUCh9UB5xanJJhCTYR0LCcrELcXzCnnRuqWRoCyLkQAvD_BwE" "Mozilla/5.0 (Linux; Android 10; K) AppleWebKit/537.36 (KHTML, like Gecko) SamsungBrowser/29.0 Chrome/136.0.0.0 Mobile Safari/537.36"
172.105.42.26 - - [28/Mar/2026:18:00:50 +0000] "POST /wp-cron.php?doing_wp_cron=1774720850.2078590393066406250000 HTTP/1.1" 200 20 "-" "WordPress/6.9.4; https://hondasaudi.com"
2001:16a2:c391:bf80:3581:c79e:621d:dcb0 - - [28/Mar/2026:18:00:49 +0000] "GET /focused-cars/?utm_source=GoogleAds&utm_medium=Paid_Traffic&utm_campaign=Ramadan2026&gad_source=1&gad_campaignid=15485647876&gbraid=0AAAAAoT5x1jMnUdPNGP_0edYFGEPino6L&gclid=CjwKCAjw-J3OBhBuEiwAwqZ_h5BYOqj2-8cf8fGGkJIsQ-fS-_TG4iH1AIvthOAB_7gNtRelP5WzqRoCR_oQAvD_BwE HTTP/1.1" 200 19758 "https://www.google.com/" "Mozilla/5.0 (iPhone; CPU iPhone OS 18_7 like Mac OS X) AppleWebKit/605.1.15 (KHTML, like Gecko) Version/26.4 Mobile/15E148 Safari/604.1"
2001:16a2:c391:bf80:3581:c79e:621d:dcb0 - - [28/Mar/2026:18:00:53 +0000] "GET /wp-json/contact-form-7/v1/contact-forms/987/feedback/schema HTTP/1.1" 200 1993 "https://hondasaudi.com/focused-cars/?utm_source=GoogleAds&utm_medium=Paid_Traffic&utm_campaign=Ramadan2026&gad_source=1&gad_campaignid=15485647876&gbraid=0AAAAAoT5x1jMnUdPNGP_0edYFGEPino6L&gclid=CjwKCAjw-J3OBhBuEiwAwqZ_h5BYOqj2-8cf8fGGkJIsQ-fS-_TG4iH1AIvthOAB_7gNtRelP5WzqRoCR_oQAvD_BwE" "Mozilla/5.0 (iPhone; CPU iPhone OS 18_7 like Mac OS X) AppleWebKit/605.1.15 (KHTML, like Gecko) Version/26.4 Mobile/15E148 Safari/604.1"
74.7.227.6 - - [28/Mar/2026:18:01:17 +0000] "GET /admin.php?dir=CwusrCwlib64Cwrsyslog HTTP/1.1" 200 4726 "https://hondasaudi.com/admin.php?dir=CwCwlib64" "Mozilla/5.0 AppleWebKit/537.36 (KHTML, like Gecko; compatible; GPTBot/1.3; +https://openai.com/gptbot)"
172.105.42.26 - - [28/Mar/2026:18:01:31 +0000] "POST /wp-cron.php?doing_wp_cron=1774720891.0677130222320556640625 HTTP/1.1" 200 20 "-" "WordPress/6.9.4; https://hondasaudi.com"
188.50.39.220 - - [28/Mar/2026:18:01:30 +0000] "GET /focused-cars/?utm_source=GoogleAds&utm_medium=Paid_Traffic&utm_campaign=Ramadan2026&gad_source=1&gad_campaignid=15485647876&gbraid=0AAAAAoT5x1jMnUdPNGP_0edYFGEPino6L&gclid=CjwKCAjw-J3OBhBuEiwAwqZ_hy7R21wrSRNgXUarVj-qUfIQ53xD1Dg7eGcsletOlIBAuBqOsr96LRoCKToQAvD_BwE HTTP/1.1" 200 19761 "https://www.google.com/" "Mozilla/5.0 (iPhone; CPU iPhone OS 18_7 like Mac OS X) AppleWebKit/605.1.15 (KHTML, like Gecko) Version/26.3 Mobile/15E148 Safari/604.1"
51.39.233.186 - - [28/Mar/2026:18:01:35 +0000] "GET /focused-cars/?utm_source=GoogleAds&utm_medium=Paid_Traffic&utm_campaign=Ramadan2026&gad_source=5&gad_campaignid=15485647876&gclid=EAIaIQobChMIhoKGh5bDkwMV38l5BB3bshsFEAAYAyAAEgKDk_D_BwE HTTP/1.1" 200 19615 "https://syndicatedsearch.goog/" "Mozilla/5.0 (Linux; Android 10; STK-L21 Build/HUAWEISTK-L21; ) AppleWebKit/537.36 (KHTML, like Gecko) Version/4.0 Chrome/146.0.7680.119 Mobile Safari/537.36 musical_ly_2024404030 JsSdk/1.0 NetType/WIFI Channel/googleplay AppName/musical_ly app_version/44.4.3 ByteLocale/ar ByteFullLocale/ar Region/SA AppId/1233 Spark/1.7.2 AppVersion/44.4.3 PIA/2.5.3 BytedanceWebview/d8a21c6"
188.50.39.220 - - [28/Mar/2026:18:01:36 +0000] "GET /wp-json/contact-form-7/v1/contact-forms/987/feedback/schema HTTP/1.1" 200 1993 "https://hondasaudi.com/focused-cars/?utm_source=GoogleAds&utm_medium=Paid_Traffic&utm_campaign=Ramadan2026&gad_source=1&gad_campaignid=15485647876&gbraid=0AAAAAoT5x1jMnUdPNGP_0edYFGEPino6L&gclid=CjwKCAjw-J3OBhBuEiwAwqZ_hy7R21wrSRNgXUarVj-qUfIQ53xD1Dg7eGcsletOlIBAuBqOsr96LRoCKToQAvD_BwE" "Mozilla/5.0 (iPhone; CPU iPhone OS 18_7 like Mac OS X) AppleWebKit/605.1.15 (KHTML, like Gecko) Version/26.3 Mobile/15E148 Safari/604.1"
2a02:cb80:424b:a2a:6db1:b7de:8e04:c202 - - [28/Mar/2026:18:01:39 +0000] "GET /wp-json/contact-form-7/v1/contact-forms/987/feedback/schema HTTP/1.1" 200 1993 "https://hondasaudi.com/focused-cars/?utm_source=GoogleAds&utm_medium=Paid_Traffic&utm_campaign=Ramadan2026&gad_source=5&gad_campaignid=15485647876&gclid=EAIaIQobChMIhoKGh5bDkwMV38l5BB3bshsFEAAYAyAAEgKDk_D_BwE" "Mozilla/5.0 (Linux; Android 10; STK-L21 Build/HUAWEISTK-L21; ) AppleWebKit/537.36 (KHTML, like Gecko) Version/4.0 Chrome/146.0.7680.119 Mobile Safari/537.36 musical_ly_2024404030 JsSdk/1.0 NetType/WIFI Channel/googleplay AppName/musical_ly app_version/44.4.3 ByteLocale/ar ByteFullLocale/ar Region/SA AppId/1233 Spark/1.7.2 AppVersion/44.4.3 PIA/2.5.3 BytedanceWebview/d8a21c6"
172.105.42.26 - - [28/Mar/2026:18:02:07 +0000] "POST /wp-cron.php?doing_wp_cron=1774720927.2846810817718505859375 HTTP/1.1" 200 20 "-" "WordPress/6.9.4; https://hondasaudi.com"
2001:4860:7:1628::fe - - [28/Mar/2026:18:02:07 +0000] "GET /focused-cars/?utm_source=GoogleAds&utm_medium=Paid_Traffic&utm_campaign=Ramadan2026&gad_source=1&gad_campaignid=15485647876&gbraid=0AAAAAoT5x1jMnUdPNGP_0edYFGEPino6L&gclid=EAIaIQobChMIhZ_kh7fCkwMVzqn9BR2mZyzoEAAYASAAEgJuw_D_BwE HTTP/1.1" 200 19687 "https://www.google.com/" "Mozilla/5.0 (Linux; Android 10; K) AppleWebKit/537.36 (KHTML, like Gecko) Chrome/142.0.0.0 Mobile Safari/537.36"
74.7.227.6 - - [28/Mar/2026:18:02:20 +0000] "GET /admin.php?dir=CwusrCwlib64Cwphp HTTP/1.1" 200 3116 "https://hondasaudi.com/admin.php?dir=CwCwlib64" "Mozilla/5.0 AppleWebKit/537.36 (KHTML, like Gecko; compatible; GPTBot/1.3; +https://openai.com/gptbot)"
192.3.24.135 - - [28/Mar/2026:18:02:26 +0000] "POST /index.php/wp-json/litespeed/v1/cdn_status HTTP/1.1" 403 6634 "https://hondasaudi.com/wp-admin/update.php?action=upload-plugin" "Mozilla/5.0 (Windows NT 10.0; Win64; x64; rv:128.0) Gecko/20100101 Firefox/128.0"
172.105.42.26 - - [28/Mar/2026:18:02:33 +0000] "POST /wp-cron.php?doing_wp_cron=1774720953.6347610950469970703125 HTTP/1.1" 200 20 "-" "WordPress/6.9.4; https://hondasaudi.com"
172.105.42.26 - - [28/Mar/2026:18:02:33 +0000] "POST /?wordfence_syncAttackData=1774720953.4518 HTTP/1.1" 200 20 "-" "WordPress/6.9.4; https://hondasaudi.com"
172.105.42.26 - - [28/Mar/2026:18:02:33 +0000] "POST /wp-cron.php?doing_wp_cron=1774720953.8493609428405761718750 HTTP/1.1" 200 20 "-" "WordPress/6.9.4; https://hondasaudi.com"
51.39.103.239 - - [28/Mar/2026:18:02:33 +0000] "GET /focused-cars/?utm_source=GoogleAds&utm_medium=Paid_Traffic&utm_campaign=Ramadan2026&gad_source=1&gad_campaignid=15485647876&gclid=CjwKCAjw-J3OBhBuEiwAwqZ_h527Ldnsigj366HcbsnBM78gyTUKnwQ6W7Z_p3jisNV2oLxErMx4nxoChBwQAvD_BwE HTTP/1.1" 200 19685 "https://www.google.com/" "Mozilla/5.0 (iPhone; CPU iPhone OS 26_2_1 like Mac OS X) AppleWebKit/605.1.15 (KHTML, like Gecko) GSA/413.1.887139264 Mobile/15E148 Safari/604.1"
66.249.93.202 - - [28/Mar/2026:18:02:34 +0000] "GET /focused-cars/?utm_source=GoogleAds&utm_medium=Paid_Traffic&utm_campaign=Ramadan2026&gad_source=1&gad_campaignid=15485647876&gclid=CjwKCAjw-J3OBhBuEiwAwqZ_h527Ldnsigj366HcbsnBM78gyTUKnwQ6W7Z_p3jisNV2oLxErMx4nxoChBwQAvD_BwE HTTP/1.1" 200 19685 "-" "Mozilla/5.0 (Linux; Android 10; K) AppleWebKit/537.36 (KHTML, like Gecko) Chrome/138.0.0.0 Mobile Safari/537.36 (compatible; Google-Read-Aloud; +https://support.google.com/webmasters/answer/1061943)"
51.39.103.239 - - [28/Mar/2026:18:02:37 +0000] "GET /wp-json/contact-form-7/v1/contact-forms/987/feedback/schema HTTP/1.1" 200 1993 "https://hondasaudi.com/focused-cars/?utm_source=GoogleAds&utm_medium=Paid_Traffic&utm_campaign=Ramadan2026&gad_source=1&gad_campaignid=15485647876&gclid=CjwKCAjw-J3OBhBuEiwAwqZ_h527Ldnsigj366HcbsnBM78gyTUKnwQ6W7Z_p3jisNV2oLxErMx4nxoChBwQAvD_BwE" "Mozilla/5.0 (iPhone; CPU iPhone OS 26_2_1 like Mac OS X) AppleWebKit/605.1.15 (KHTML, like Gecko) GSA/413.1.887139264 Mobile/15E148 Safari/604.1"
74.7.227.6 - - [28/Mar/2026:18:03:24 +0000] "GET /admin.php?dir=CwusrCwlib64CwnagiosCwplugins HTTP/1.1" 200 14260 "https://hondasaudi.com/admin.php?dir=CwusrCwlib64Cwnagios" "Mozilla/5.0 AppleWebKit/537.36 (KHTML, like Gecko; compatible; GPTBot/1.3; +https://openai.com/gptbot)"
172.105.42.26 - - [28/Mar/2026:18:03:46 +0000] "POST /wp-cron.php?doing_wp_cron=1774721025.7947568893432617187500 HTTP/1.1" 200 20 "-" "WordPress/6.9.4; https://hondasaudi.com"
2001:16a2:c378:5157:4434:5e3a:90c7:5b83 - - [28/Mar/2026:18:03:45 +0000] "GET /focused-cars/?utm_source=GoogleAds&utm_medium=Paid_Traffic&utm_campaign=Ramadan2026&gad_source=1&gad_campaignid=15485647876&gbraid=0AAAAAoT5x1jMnUdPNGP_0edYFGEPino6L HTTP/1.1" 200 19566 "https://www.google.com/" "Mozilla/5.0 (iPhone; CPU iPhone OS 18_7 like Mac OS X) AppleWebKit/605.1.15 (KHTML, like Gecko) Version/26.2 Mobile/15E148 Safari/604.1"
74.7.227.6 - - [28/Mar/2026:18:03:46 +0000] "GET /admin.php?dir=CwusrCwlib64Cwgraphviz&view=libgvplugin_dot_layout.so.6.0.0 HTTP/1.1" 200 81420 "https://hondasaudi.com/admin.php?dir=CwusrCwlib64Cwgraphviz" "Mozilla/5.0 AppleWebKit/537.36 (KHTML, like Gecko; compatible; GPTBot/1.3; +https://openai.com/gptbot)"
172.105.42.26 - - [28/Mar/2026:18:03:49 +0000] "POST /wp-cron.php?doing_wp_cron=1774721029.1292989253997802734375 HTTP/1.1" 200 20 "-" "WordPress/6.9.4; https://hondasaudi.com"
2001:16a2:c378:5157:4434:5e3a:90c7:5b83 - - [28/Mar/2026:18:03:48 +0000] "GET /wp-json/contact-form-7/v1/contact-forms/987/feedback/schema HTTP/1.1" 200 1993 "https://hondasaudi.com/focused-cars/?utm_source=GoogleAds&utm_medium=Paid_Traffic&utm_campaign=Ramadan2026&gad_source=1&gad_campaignid=15485647876&gbraid=0AAAAAoT5x1jMnUdPNGP_0edYFGEPino6L" "Mozilla/5.0 (iPhone; CPU iPhone OS 18_7 like Mac OS X) AppleWebKit/605.1.15 (KHTML, like Gecko) Version/26.2 Mobile/15E148 Safari/604.1"
18.192.166.72 - - [28/Mar/2026:18:03:56 +0000] "HEAD / HTTP/1.1" 200 - "https://hondasaudi.com" "Mozilla/5.0+(compatible; UptimeRobot/2.0; http://www.uptimerobot.com/)"
74.7.227.6 - - [28/Mar/2026:18:04:08 +0000] "GET /admin.php?dir=CwusrCwlib64&view=libnss_compat-2.28.so HTTP/1.1" 200 16244 "https://hondasaudi.com/admin.php?dir=CwCwlib64" "Mozilla/5.0 AppleWebKit/537.36 (KHTML, like Gecko; compatible; GPTBot/1.3; +https://openai.com/gptbot)"
172.105.42.26 - - [28/Mar/2026:18:04:19 +0000] "POST /wp-cron.php?doing_wp_cron=1774721059.6347029209136962890625 HTTP/1.1" 200 20 "-" "WordPress/6.9.4; https://hondasaudi.com"
2001:16a2:c3c4:af3:b1f8:3a21:6bfb:948d - - [28/Mar/2026:18:04:27 +0000] "GET /focused-cars/?utm_source=GoogleAds&utm_medium=Paid_Traffic&utm_campaign=Ramadan2026&gad_source=1&gad_campaignid=15485647876&gclid=CjwKCAjw-J3OBhBuEiwAwqZ_hwv8d5w2uKXqKiiQiUrUe9fnx596Of6HeEVkBM8O-4m8vQDTKXCTpxoCdkEQAvD_BwE HTTP/1.1" 200 19691 "https://www.google.com/" "Mozilla/5.0 (Linux; Android 10; K) AppleWebKit/537.36 (KHTML, like Gecko) Chrome/146.0.0.0 Mobile Safari/537.36"
2001:16a2:c3c4:af3:b1f8:3a21:6bfb:948d - - [28/Mar/2026:18:04:27 +0000] "GET /wp-json/contact-form-7/v1/contact-forms/987/feedback/schema HTTP/1.1" 200 1993 "https://hondasaudi.com/focused-cars/?utm_source=GoogleAds&utm_medium=Paid_Traffic&utm_campaign=Ramadan2026&gad_source=1&gad_campaignid=15485647876&gclid=CjwKCAjw-J3OBhBuEiwAwqZ_hwv8d5w2uKXqKiiQiUrUe9fnx596Of6HeEVkBM8O-4m8vQDTKXCTpxoCdkEQAvD_BwE" "Mozilla/5.0 (Linux; Android 10; K) AppleWebKit/537.36 (KHTML, like Gecko) Chrome/146.0.0.0 Mobile Safari/537.36"
172.105.42.26 - - [28/Mar/2026:18:04:42 +0000] "POST /wp-cron.php?doing_wp_cron=1774721082.2527329921722412109375 HTTP/1.1" 200 20 "-" "WordPress/6.9.4; https://hondasaudi.com"
104.207.46.32 - - [28/Mar/2026:18:04:42 +0000] "GET /admin694 HTTP/1.1" 404 12242 "-" "Mozilla/5.0 (Windows NT 10.0; Win64; x64) AppleWebKit/537.36 (KHTML, like Gecko) Chrome/119.0.0.0 Safari/537.36"
74.7.227.6 - - [28/Mar/2026:18:04:49 +0000] "GET /admin.php?dir=CwusrCwlib64Cwldb HTTP/1.1" 200 3401 "https://hondasaudi.com/admin.php?dir=CwCwlib64" "Mozilla/5.0 AppleWebKit/537.36 (KHTML, like Gecko; compatible; GPTBot/1.3; +https://openai.com/gptbot)"
74.7.227.6 - - [28/Mar/2026:18:05:10 +0000] "GET /admin.php?dir=CwusrCwlib64Cwgconv&view=UTF-32.so HTTP/1.1" 200 5784 "https://hondasaudi.com/admin.php?dir=CwusrCwlib64Cwgconv" "Mozilla/5.0 AppleWebKit/537.36 (KHTML, like Gecko; compatible; GPTBot/1.3; +https://openai.com/gptbot)"
172.105.42.26 - - [28/Mar/2026:18:05:30 +0000] "POST /wp-cron.php?doing_wp_cron=1774721130.9017519950866699218750 HTTP/1.1" 200 20 "-" "WordPress/6.9.4; https://hondasaudi.com"
178.170.41.154 - - [28/Mar/2026:18:05:30 +0000] "GET /focused-cars/?utm_source=GoogleAds&utm_medium=Paid_Traffic&utm_campaign=Ramadan2026&gad_source=5&gad_campaignid=15485647876&gclid=EAIaIQobChMInf_3sZfDkwMVJ9oNCR1R-iNfEAEYASAAEgL0gvD_BwE HTTP/1.1" 200 19613 "-" "python-httpx/0.28.1"
74.7.227.6 - - [28/Mar/2026:18:05:32 +0000] "GET /admin.php?dir=CwusrCwlib64Cwgconv&view=UTF-16.so HTTP/1.1" 200 6963 "https://hondasaudi.com/admin.php?dir=CwusrCwlib64Cwgconv" "Mozilla/5.0 AppleWebKit/537.36 (KHTML, like Gecko; compatible; GPTBot/1.3; +https://openai.com/gptbot)"
178.170.41.154 - - [28/Mar/2026:18:05:35 +0000] "GET /focused-cars/?utm_source=GoogleAds&utm_medium=Paid_Traffic&utm_campaign=Ramadan2026&gad_source=5&gad_campaignid=15485647876&gclid=EAIaIQobChMI06_ptZfDkwMVRCUGAB0tFye4EAEYASAAEgJMQPD_BwE HTTP/1.1" 200 19616 "-" "python-httpx/0.28.1"
172.105.42.26 - - [28/Mar/2026:18:05:50 +0000] "POST /wp-cron.php?doing_wp_cron=1774721150.7230360507965087890625 HTTP/1.1" 200 20 "-" "WordPress/6.9.4; https://hondasaudi.com"
176.224.155.118 - - [28/Mar/2026:18:05:50 +0000] "GET /focused-cars/?utm_source=GoogleAds&utm_medium=Paid_Traffic&utm_campaign=Ramadan2026&gad_source=1&gad_campaignid=15485647876&gbraid=0AAAAAoT5x1jMnUdPNGP_0edYFGEPino6L&gclid=CjwKCAjw-J3OBhBuEiwAwqZ_h9xqleQutp8bLdgPqQssQi6dEle3NaM73MSslJoMd3ocQwwWeQ7OARoCLN4QAvD_BwE HTTP/1.1" 200 19754 "https://www.google.com/" "Mozilla/5.0 (iPhone; CPU iPhone OS 18_7 like Mac OS X) AppleWebKit/605.1.15 (KHTML, like Gecko) Version/18.7 Mobile/15E148 Safari/604.1"
176.224.155.118 - - [28/Mar/2026:18:05:53 +0000] "GET /wp-json/contact-form-7/v1/contact-forms/987/feedback/schema HTTP/1.1" 200 1993 "https://hondasaudi.com/focused-cars/?utm_source=GoogleAds&utm_medium=Paid_Traffic&utm_campaign=Ramadan2026&gad_source=1&gad_campaignid=15485647876&gbraid=0AAAAAoT5x1jMnUdPNGP_0edYFGEPino6L&gclid=CjwKCAjw-J3OBhBuEiwAwqZ_h9xqleQutp8bLdgPqQssQi6dEle3NaM73MSslJoMd3ocQwwWeQ7OARoCLN4QAvD_BwE" "Mozilla/5.0 (iPhone; CPU iPhone OS 18_7 like Mac OS X) AppleWebKit/605.1.15 (KHTML, like Gecko) Version/18.7 Mobile/15E148 Safari/604.1"
74.7.227.6 - - [28/Mar/2026:18:06:14 +0000] "GET /admin.php?dir=CwusrCwlib64CwphpCwmodules HTTP/1.1" 200 3136 "https://hondasaudi.com/admin.php?dir=CwusrCwlib64Cwphp" "Mozilla/5.0 AppleWebKit/537.36 (KHTML, like Gecko; compatible; GPTBot/1.3; +https://openai.com/gptbot)"
172.105.42.26 - - [28/Mar/2026:18:06:23 +0000] "POST /wp-cron.php?doing_wp_cron=1774721183.8979399204254150390625 HTTP/1.1" 200 20 "-" "WordPress/6.9.4; https://hondasaudi.com"
2001:16a4:2e4:a381:d9ea:e559:3806:f765 - - [28/Mar/2026:18:06:23 +0000] "POST /.well-known/private-click-measurement/report-attribution/ HTTP/1.1" 404 9749 "-" "Mozilla/5.0 (iPod touch; CPU iPhone OS 18_7 like Mac OS X) AppleWebKit/605.1.15 (KHTML, like Gecko)"
2a02:cb80:4241:82f8:e829:6b9d:f9bd:e483 - - [28/Mar/2026:18:06:24 +0000] "GET /focused-cars/?utm_source=GoogleAds&utm_medium=Paid_Traffic&utm_campaign=Ramadan2026&gad_source=1&gad_campaignid=15485647876&gclid=CjwKCAjw-J3OBhBuEiwAwqZ_h1jf99gUsQWqA41lCdQPl-Lh7tu2cc1SWeMOUtWPgeyIxcyCo2-vrhoCDRAQAvD_BwE HTTP/1.1" 200 19681 "https://www.google.com/" "Mozilla/5.0 (iPhone; CPU iPhone OS 26_4_0 like Mac OS X) AppleWebKit/605.1.15 (KHTML, like Gecko) GSA/411.0.879111500 Mobile/15E148 Safari/604.1"
51.36.51.140 - - [28/Mar/2026:18:06:25 +0000] "GET /service-price-list/? HTTP/1.1" 200 12561 "-" "Mozilla/5.0 (Linux; Android 14; SM-S906U Build/UP1A.231005.007; ) AppleWebKit/537.36 (KHTML, like Gecko) Version/4.0 Chrome/137.0.7151.117 Mobile Safari/537.36"
2a02:cb80:4241:82f8:e829:6b9d:f9bd:e483 - - [28/Mar/2026:18:06:27 +0000] "GET /focused-cars/?utm_source=GoogleAds&utm_medium=Paid_Traffic&utm_campaign=Ramadan2026&gad_source=1&gad_campaignid=15485647876&gclid=CjwKCAjw-J3OBhBuEiwAwqZ_h_TlrJGVzA2oDIUamU_WOIrUztZ228VYhm2sPduhr7FjR3OngrYATxoCl3YQAvD_BwE HTTP/1.1" 200 19686 "https://www.google.com/" "Mozilla/5.0 (iPhone; CPU iPhone OS 26_4_0 like Mac OS X) AppleWebKit/605.1.15 (KHTML, like Gecko) GSA/411.0.879111500 Mobile/15E148 Safari/604.1"
172.105.42.26 - - [28/Mar/2026:18:06:31 +0000] "POST /wp-cron.php?doing_wp_cron=1774721191.9598820209503173828125 HTTP/1.1" 200 20 "-" "WordPress/6.9.4; https://hondasaudi.com"
2a02:cb80:4241:82f8:e829:6b9d:f9bd:e483 - - [28/Mar/2026:18:06:31 +0000] "GET /wp-json/contact-form-7/v1/contact-forms/987/feedback/schema HTTP/1.1" 200 1993 "https://hondasaudi.com/focused-cars/?utm_source=GoogleAds&utm_medium=Paid_Traffic&utm_campaign=Ramadan2026&gad_source=1&gad_campaignid=15485647876&gclid=CjwKCAjw-J3OBhBuEiwAwqZ_h_TlrJGVzA2oDIUamU_WOIrUztZ228VYhm2sPduhr7FjR3OngrYATxoCl3YQAvD_BwE" "Mozilla/5.0 (iPhone; CPU iPhone OS 26_4_0 like Mac OS X) AppleWebKit/605.1.15 (KHTML, like Gecko) GSA/411.0.879111500 Mobile/15E148 Safari/604.1"
2a02:cb80:4241:82f8:e829:6b9d:f9bd:e483 - - [28/Mar/2026:18:06:32 +0000] "GET /wp-json/contact-form-7/v1/contact-forms/987/feedback/schema HTTP/1.1" 200 1993 "https://hondasaudi.com/focused-cars/?utm_source=GoogleAds&utm_medium=Paid_Traffic&utm_campaign=Ramadan2026&gad_source=1&gad_campaignid=15485647876&gclid=CjwKCAjw-J3OBhBuEiwAwqZ_h1jf99gUsQWqA41lCdQPl-Lh7tu2cc1SWeMOUtWPgeyIxcyCo2-vrhoCDRAQAvD_BwE" "Mozilla/5.0 (iPhone; CPU iPhone OS 26_4_0 like Mac OS X) AppleWebKit/605.1.15 (KHTML, like Gecko) GSA/411.0.879111500 Mobile/15E148 Safari/604.1"
2001:16a4:220:f335:a8cc:620d:bd94:8c47 - - [28/Mar/2026:18:06:43 +0000] "GET /focused-cars/?utm_source=GoogleAds&utm_medium=Paid_Traffic&utm_campaign=Ramadan2026&gad_source=1&gad_campaignid=15485647876&gclid=CjwKCAjw-J3OBhBuEiwAwqZ_h87gng5ocDPvF7LaZO9POW015r84h_YLhSG3h_oGwO3_HzhO0qg2KRoCpLYQAvD_BwE HTTP/1.1" 200 19691 "-" "Mozilla/5.0 (iPhone; CPU iPhone OS 18_5_0 like Mac OS X) AppleWebKit/605.1.15 (KHTML, like Gecko) GSA/399.2.845414227 Mobile/15E148 Safari/604.1"
172.105.42.26 - - [28/Mar/2026:18:06:55 +0000] "POST /wp-cron.php?doing_wp_cron=1774721215.5259819030761718750000 HTTP/1.1" 200 20 "-" "WordPress/6.9.4; https://hondasaudi.com"
2001:16a4:232:c4ab:1ce7:61c6:e7c3:9ef5 - - [28/Mar/2026:18:06:55 +0000] "GET /focused-cars/?utm_source=GoogleAds&utm_medium=Paid_Traffic&utm_campaign=Ramadan2026&gad_source=1&gad_campaignid=15485647876&gclid=CjwKCAjw-J3OBhBuEiwAwqZ_hzEW2fxRHXL8Hn6Iiz6UIHPJCikqXXQXvI0kGOclF0ZRTbXxyJKyPhoCW_8QAvD_BwE HTTP/1.1" 200 19695 "https://www.google.com/" "Mozilla/5.0 (iPhone; CPU iPhone OS 18_7_6 like Mac OS X) AppleWebKit/605.1.15 (KHTML, like Gecko) GSA/413.1.887139264 Mobile/15E148 Safari/604.1"
2001:16a4:232:c4ab:1ce7:61c6:e7c3:9ef5 - - [28/Mar/2026:18:06:58 +0000] "GET /wp-json/contact-form-7/v1/contact-forms/987/feedback/schema HTTP/1.1" 200 1993 "https://hondasaudi.com/focused-cars/?utm_source=GoogleAds&utm_medium=Paid_Traffic&utm_campaign=Ramadan2026&gad_source=1&gad_campaignid=15485647876&gclid=CjwKCAjw-J3OBhBuEiwAwqZ_hzEW2fxRHXL8Hn6Iiz6UIHPJCikqXXQXvI0kGOclF0ZRTbXxyJKyPhoCW_8QAvD_BwE" "Mozilla/5.0 (iPhone; CPU iPhone OS 18_7_6 like Mac OS X) AppleWebKit/605.1.15 (KHTML, like Gecko) GSA/413.1.887139264 Mobile/15E148 Safari/604.1"
172.105.42.26 - - [28/Mar/2026:18:07:19 +0000] "POST /wp-cron.php?doing_wp_cron=1774721239.1541450023651123046875 HTTP/1.1" 200 20 "-" "WordPress/6.9.4; https://hondasaudi.com"
2001:16a2:31d8:1000:c53c:9b44:7f9d:ae80 - - [28/Mar/2026:18:07:18 +0000] "GET /focused-cars/?utm_source=GoogleAds&utm_medium=Paid_Traffic&utm_campaign=Ramadan2026&gad_source=1&gad_campaignid=15485647876&gbraid=0AAAAAoT5x1jMnUdPNGP_0edYFGEPino6L&gclid=CjwKCAjw-J3OBhBuEiwAwqZ_h6xJ0B3e_GBc10gTQ9XIdxrXhy3x2ed0wlRnhqRzqfrS4zLCEkgBSxoC6kUQAvD_BwE HTTP/1.1" 200 19760 "https://www.google.com/" "Mozilla/5.0 (iPhone; CPU iPhone OS 18_7 like Mac OS X) AppleWebKit/605.1.15 (KHTML, like Gecko) Version/26.3 Mobile/15E148 Safari/604.1"
2001:16a2:31d8:1000:c53c:9b44:7f9d:ae80 - - [28/Mar/2026:18:07:21 +0000] "GET /wp-json/contact-form-7/v1/contact-forms/987/feedback/schema HTTP/1.1" 200 1993 "https://hondasaudi.com/focused-cars/?utm_source=GoogleAds&utm_medium=Paid_Traffic&utm_campaign=Ramadan2026&gad_source=1&gad_campaignid=15485647876&gbraid=0AAAAAoT5x1jMnUdPNGP_0edYFGEPino6L&gclid=CjwKCAjw-J3OBhBuEiwAwqZ_h6xJ0B3e_GBc10gTQ9XIdxrXhy3x2ed0wlRnhqRzqfrS4zLCEkgBSxoC6kUQAvD_BwE" "Mozilla/5.0 (iPhone; CPU iPhone OS 18_7 like Mac OS X) AppleWebKit/605.1.15 (KHTML, like Gecko) Version/26.3 Mobile/15E148 Safari/604.1"
169.148.19.50 - - [28/Mar/2026:18:07:29 +0000] "GET /focused-cars/?utm_source=GoogleAds&utm_medium=Paid_Traffic&utm_campaign=Ramadan2026&gad_source=5&gad_campaignid=15485647876&gclid=EAIaIQobChMI_PmS55fDkwMV1P55BB1CsiZOEAAYASAAEgK0rvD_BwE HTTP/1.1" 200 19614 "https://syndicatedsearch.goog/" "Mozilla/5.0 (Linux; Android 10; K) AppleWebKit/537.36 (KHTML, like Gecko) Chrome/146.0.0.0 Mobile Safari/537.36"
172.105.42.26 - - [28/Mar/2026:18:07:33 +0000] "POST /wp-cron.php?doing_wp_cron=1774721253.0765049457550048828125 HTTP/1.1" 200 20 "-" "WordPress/6.9.4; https://hondasaudi.com"
169.148.19.50 - - [28/Mar/2026:18:07:32 +0000] "GET /wp-json/contact-form-7/v1/contact-forms/987/feedback/schema HTTP/1.1" 200 1993 "https://hondasaudi.com/focused-cars/?utm_source=GoogleAds&utm_medium=Paid_Traffic&utm_campaign=Ramadan2026&gad_source=5&gad_campaignid=15485647876&gclid=EAIaIQobChMI_PmS55fDkwMV1P55BB1CsiZOEAAYASAAEgK0rvD_BwE" "Mozilla/5.0 (Linux; Android 10; K) AppleWebKit/537.36 (KHTML, like Gecko) Chrome/146.0.0.0 Mobile Safari/537.36"
74.7.227.6 - - [28/Mar/2026:18:07:58 +0000] "GET /admin.php?dir=CwusrCwlib64CwnagiosCwplugins&view=check_ssl_validity HTTP/1.1" 200 4026 "https://hondasaudi.com/admin.php?dir=CwusrCwlib64CwnagiosCwplugins" "Mozilla/5.0 AppleWebKit/537.36 (KHTML, like Gecko; compatible; GPTBot/1.3; +https://openai.com/gptbot)"
172.105.42.26 - - [28/Mar/2026:18:08:04 +0000] "POST /service_request/ai_integration/ HTTP/1.1" 200 647 "-" "-"
172.105.42.26 - - [28/Mar/2026:18:08:07 +0000] "POST /wp-cron.php?doing_wp_cron=1774721287.4974179267883300781250 HTTP/1.1" 200 20 "-" "WordPress/6.9.4; https://hondasaudi.com"
176.224.155.118 - - [28/Mar/2026:18:08:04 +0000] "POST /wp-json/contact-form-7/v1/contact-forms/987/feedback HTTP/1.1" 200 287 "https://hondasaudi.com/focused-cars/?utm_source=GoogleAds&utm_medium=Paid_Traffic&utm_campaign=Ramadan2026&gad_source=1&gad_campaignid=15485647876&gbraid=0AAAAAoT5x1jMnUdPNGP_0edYFGEPino6L&gclid=CjwKCAjw-J3OBhBuEiwAwqZ_h9xqleQutp8bLdgPqQssQi6dEle3NaM73MSslJoMd3ocQwwWeQ7OARoCLN4QAvD_BwE" "Mozilla/5.0 (iPhone; CPU iPhone OS 18_7 like Mac OS X) AppleWebKit/605.1.15 (KHTML, like Gecko) Version/18.7 Mobile/15E148 Safari/604.1"
176.224.155.118 - - [28/Mar/2026:18:08:07 +0000] "GET /wp-json/contact-form-7/v1/contact-forms/987/refill HTTP/1.1" 200 22 "https://hondasaudi.com/focused-cars/?utm_source=GoogleAds&utm_medium=Paid_Traffic&utm_campaign=Ramadan2026&gad_source=1&gad_campaignid=15485647876&gbraid=0AAAAAoT5x1jMnUdPNGP_0edYFGEPino6L&gclid=CjwKCAjw-J3OBhBuEiwAwqZ_h9xqleQutp8bLdgPqQssQi6dEle3NaM73MSslJoMd3ocQwwWeQ7OARoCLN4QAvD_BwE" "Mozilla/5.0 (iPhone; CPU iPhone OS 18_7 like Mac OS X) AppleWebKit/605.1.15 (KHTML, like Gecko) Version/18.7 Mobile/15E148 Safari/604.1"
176.224.155.118 - - [28/Mar/2026:18:08:07 +0000] "GET /thank-you/ HTTP/1.1" 200 12284 "https://hondasaudi.com/focused-cars/?utm_source=GoogleAds&utm_medium=Paid_Traffic&utm_campaign=Ramadan2026&gad_source=1&gad_campaignid=15485647876&gbraid=0AAAAAoT5x1jMnUdPNGP_0edYFGEPino6L&gclid=CjwKCAjw-J3OBhBuEiwAwqZ_h9xqleQutp8bLdgPqQssQi6dEle3NaM73MSslJoMd3ocQwwWeQ7OARoCLN4QAvD_BwE" "Mozilla/5.0 (iPhone; CPU iPhone OS 18_7 like Mac OS X) AppleWebKit/605.1.15 (KHTML, like Gecko) Version/18.7 Mobile/15E148 Safari/604.1"
172.105.42.26 - - [28/Mar/2026:18:08:22 +0000] "POST /wp-cron.php?doing_wp_cron=1774721302.5036690235137939453125 HTTP/1.1" 200 20 "-" "WordPress/6.9.4; https://hondasaudi.com"
2a02:cb80:4282:512b:3107:97d6:bdc6:98e0 - - [28/Mar/2026:18:08:22 +0000] "GET /focused-cars/?utm_source=GoogleAds&utm_medium=Paid_Traffic&utm_campaign=Ramadan2026&gad_source=5&gad_campaignid=15485647876&gclid=EAIaIQobChMIib26_5fDkwMVMCsGAB0LcCvkEAEYASAAEgJbz_D_BwE HTTP/1.1" 200 19615 "https://googleads.g.doubleclick.net/" "Mozilla/5.0 (iPhone; CPU iPhone OS 26_3_1 like Mac OS X) AppleWebKit/605.1.15 (KHTML, like Gecko) Mobile/23D8133 Twitter for iPhone/11.77.1"
74.7.227.6 - - [28/Mar/2026:18:08:39 +0000] "GET /admin.php?dir=CwusrCwlib64CwnagiosCwplugins&view=check_cpu_interrupts HTTP/1.1" 200 252 "https://hondasaudi.com/admin.php?dir=CwusrCwlib64CwnagiosCwplugins" "Mozilla/5.0 AppleWebKit/537.36 (KHTML, like Gecko; compatible; GPTBot/1.3; +https://openai.com/gptbot)"
144.76.182.34 - - [28/Mar/2026:18:08:57 +0000] "HEAD /focused-cars/?utm_source=GoogleAds&utm_medium=Paid_Traffic&utm_campaign=Ramadan2026&gad_source=5&gad_campaignid=15485647876&gclid=EAIaIQobChMIg-WsgqfBkwMVpGtBAh1aczdaEAEYASAAEgLQtPD_BwE HTTP/1.1" 200 - "-" "StatexBot/1.0"
172.105.42.26 - - [28/Mar/2026:18:08:57 +0000] "POST /wp-cron.php?doing_wp_cron=1774721337.2466111183166503906250 HTTP/1.1" 200 20 "-" "WordPress/6.9.4; https://hondasaudi.com"
2a03:2880:f802:42:: - - [28/Mar/2026:18:08:57 +0000] "GET / HTTP/1.1" 200 16212 "-" "meta-externalagent/1.1 (+https://developers.facebook.com/docs/sharing/webmasters/crawler)"
74.7.227.6 - - [28/Mar/2026:18:09:00 +0000] "GET /admin.php?dir=CwusrCwlib64CwnagiosCwplugins&view=check_elasticsearch HTTP/1.1" 200 257 "https://hondasaudi.com/admin.php?dir=CwusrCwlib64CwnagiosCwplugins" "Mozilla/5.0 AppleWebKit/537.36 (KHTML, like Gecko; compatible; GPTBot/1.3; +https://openai.com/gptbot)"
168.119.53.160 - - [28/Mar/2026:18:09:01 +0000] "HEAD / HTTP/1.1" 200 - "https://hondasaudi.com" "Mozilla/5.0+(compatible; UptimeRobot/2.0; http://www.uptimerobot.com/)"
172.105.42.26 - - [28/Mar/2026:18:09:20 +0000] "POST /wp-cron.php?doing_wp_cron=1774721360.9537470340728759765625 HTTP/1.1" 200 20 "-" "WordPress/6.9.4; https://hondasaudi.com"
2001:4860:7:1428::ff - - [28/Mar/2026:18:09:20 +0000] "GET /focused-cars/?utm_source=GoogleAds&utm_medium=Paid_Traffic&utm_campaign=Ramadan2026&gad_source=1&gad_campaignid=15485647876&gbraid=0AAAAAoT5x1jMnUdPNGP_0edYFGEPino6L&gclid=CjwKCAjw-J3OBhBuEiwAwqZ_h0DGctFifzaGHdbBw_KJPHY6Kg09xaLJ6fHe1PLyhK-GT_oRESnKEhoCPr4QAvD_BwE HTTP/1.1" 200 19761 "https://www.google.com/" "Mozilla/5.0 (Linux; Android 10; K) AppleWebKit/537.36 (KHTML, like Gecko) Chrome/145.0.0.0 Mobile Safari/537.36"
172.105.42.26 - - [28/Mar/2026:18:09:34 +0000] "POST /wp-cron.php?doing_wp_cron=1774721374.6840620040893554687500 HTTP/1.1" 200 20 "-" "WordPress/6.9.4; https://hondasaudi.com"
2001:16a2:c0bf:ea0a:2:1:2a76:ead2 - - [28/Mar/2026:18:09:34 +0000] "GET /focused-cars/?utm_source=GoogleAds&utm_medium=Paid_Traffic&utm_campaign=Ramadan2026&gad_source=5&gad_campaignid=15485647876&gclid=EAIaIQobChMI_oGOppjDkwMV6EZBAh2XaDyhEAAYAiAAEgK38fD_BwE HTTP/1.1" 200 19615 "https://syndicatedsearch.goog/" "Mozilla/5.0 (Linux; Android 12; V2204 Build/SP1A.210812.003; wv) AppleWebKit/537.36 (KHTML, like Gecko) Version/4.0 Chrome/146.0.7680.141 Mobile Safari/537.36 [FB_IAB/FB4A;FBAV/552.1.0.45.68;IABMV/1;]"
2001:16a2:c0bf:ea0a:2:1:2a76:ead2 - - [28/Mar/2026:18:09:37 +0000] "GET /wp-json/contact-form-7/v1/contact-forms/987/feedback/schema HTTP/1.1" 200 1993 "https://hondasaudi.com/focused-cars/?utm_source=GoogleAds&utm_medium=Paid_Traffic&utm_campaign=Ramadan2026&gad_source=5&gad_campaignid=15485647876&gclid=EAIaIQobChMI_oGOppjDkwMV6EZBAh2XaDyhEAAYAiAAEgK38fD_BwE" "Mozilla/5.0 (Linux; Android 12; V2204 Build/SP1A.210812.003; wv) AppleWebKit/537.36 (KHTML, like Gecko) Version/4.0 Chrome/146.0.7680.141 Mobile Safari/537.36 [FB_IAB/FB4A;FBAV/552.1.0.45.68;IABMV/1;]"
172.105.42.26 - - [28/Mar/2026:18:09:45 +0000] "POST /service_request/ai_integration/ HTTP/1.1" 200 712 "-" "-"
172.105.42.26 - - [28/Mar/2026:18:09:48 +0000] "POST /wp-cron.php?doing_wp_cron=1774721388.0691430568695068359375 HTTP/1.1" 200 20 "-" "WordPress/6.9.4; https://hondasaudi.com"
2001:16a2:c2fc:4463:4147:dafb:cb98:f808 - - [28/Mar/2026:18:09:47 +0000] "GET /focused-cars/?utm_source=GoogleAds&utm_medium=Paid_Traffic&utm_campaign=Ramadan2026&gad_source=1&gad_campaignid=15485647876&gbraid=0AAAAAoT5x1jMnUdPNGP_0edYFGEPino6L HTTP/1.1" 200 19566 "https://www.google.com/" "Mozilla/5.0 (iPhone; CPU iPhone OS 18_7 like Mac OS X) AppleWebKit/605.1.15 (KHTML, like Gecko) Version/26.3 Mobile/15E148 Safari/604.1"
2001:16a2:c2fc:4463:4147:dafb:cb98:f808 - - [28/Mar/2026:18:09:50 +0000] "GET /wp-json/contact-form-7/v1/contact-forms/987/feedback/schema HTTP/1.1" 200 1993 "https://hondasaudi.com/focused-cars/?utm_source=GoogleAds&utm_medium=Paid_Traffic&utm_campaign=Ramadan2026&gad_source=1&gad_campaignid=15485647876&gbraid=0AAAAAoT5x1jMnUdPNGP_0edYFGEPino6L" "Mozilla/5.0 (iPhone; CPU iPhone OS 18_7 like Mac OS X) AppleWebKit/605.1.15 (KHTML, like Gecko) Version/26.3 Mobile/15E148 Safari/604.1"
2001:4860:7:1728::fa - - [28/Mar/2026:18:09:50 +0000] "GET /focused-cars/?utm_source=GoogleAds&utm_medium=Paid_Traffic&utm_campaign=Ramadan2026&gad_source=1&gad_campaignid=15485647876&gbraid=0AAAAAoT5x1jMnUdPNGP_0edYFGEPino6L&gclid=CjwKCAjw-J3OBhBuEiwAwqZ_hwFHNNL2qyY85cQyzSqsoV05javjrAu6c5ue9k-zWLor78tQAyPqKxoCIhoQAvD_BwE HTTP/1.1" 200 19762 "https://www.google.com/" "Mozilla/5.0 (Linux; Android 10; K) AppleWebKit/537.36 (KHTML, like Gecko) Chrome/146.0.0.0 Safari/537.36"
172.105.42.26 - - [28/Mar/2026:18:09:54 +0000] "POST /service_request/ai_integration/ HTTP/1.1" 200 733 "-" "-"
2001:16a4:2f7:42ce:6cd7:b5ff:fe8c:6143 - - [28/Mar/2026:18:09:57 +0000] "GET /?utm_medium=paid&utm_source=fb&utm_id=120242753253200023&utm_content=120242753253220023&utm_term=120242753253290023&utm_campaign=120242753253200023 HTTP/1.1" 200 16274 "http://m.facebook.com/" "Mozilla/5.0 (Linux; Android 15; ALI-NX1 Build/HONORALI-N21; wv) AppleWebKit/537.36 (KHTML, like Gecko) Version/4.0 Chrome/146.0.7680.148 Mobile Safari/537.36 [FB_IAB/FB4A;FBAV/553.0.0.56.58;IABMV/1;]"
74.7.227.6 - - [28/Mar/2026:18:10:03 +0000] "GET /admin.php?dir=CwusrCwlib64CwldbCwmodules HTTP/1.1" 200 3124 "https://hondasaudi.com/admin.php?dir=CwusrCwlib64Cwldb" "Mozilla/5.0 AppleWebKit/537.36 (KHTML, like Gecko; compatible; GPTBot/1.3; +https://openai.com/gptbot)"
66.249.91.132 - - [28/Mar/2026:18:10:15 +0000] "GET /honda-hrv/?utm_source=GoogleAds&utm_campaign=Ramdan2026 HTTP/1.1" 200 18556 "-" "Mozilla/5.0 (Linux; Android 6.0.1; Nexus 5X Build/MMB29P) AppleWebKit/537.36 (KHTML, like Gecko) Chrome/146.0.7680.153 Mobile Safari/537.36 (compatible; AdsBot-Google-Mobile; +http://www.google.com/mobile/adsbot.html)"
172.105.42.26 - - [28/Mar/2026:18:10:18 +0000] "POST /wp-cron.php?doing_wp_cron=1774721418.4835219383239746093750 HTTP/1.1" 200 20 "-" "WordPress/6.9.4; https://hondasaudi.com"
