­ ­ ­ ­ ­ ­ ­ ­ ­ ­ ­ ­ ­ ­ ­ ­ ­ ­
172.105.42.26 - - [28/May/2026:12:08:43 +0000] "POST /wp-cron.php?doing_wp_cron=1779970122.9975960254669189453125 HTTP/1.1" 200 20 "-" "WordPress/7.0; https://hondasaudi.com"
188.52.202.156 - - [28/May/2026:12:09:07 +0000] "GET /favicon.ico HTTP/1.1" 302 20 "-" "NetworkingExtension/8624.1.16.10.6 Network/5812.102.3 iOS/26.4.2"
188.52.202.156 - - [28/May/2026:12:09:07 +0000] "GET /apple-touch-icon.png HTTP/1.1" 404 12288 "-" "NetworkingExtension/8624.1.16.10.6 Network/5812.102.3 iOS/26.4.2"
172.105.42.26 - - [28/May/2026:12:09:08 +0000] "POST /wp-cron.php?doing_wp_cron=1779970148.1014170646667480468750 HTTP/1.1" 200 20 "-" "WordPress/7.0; https://hondasaudi.com"
188.52.202.156 - - [28/May/2026:12:09:07 +0000] "GET /honda-pilot/?utm_source=X&utm_campaign=Awareness_May_2026 HTTP/1.1" 200 17574 "-" "Mozilla/5.0 (Macintosh; Intel Mac OS X 10_11_1) AppleWebKit/601.2.4 (KHTML, like Gecko) Version/9.0.1 Safari/601.2.4 facebookexternalhit/1.1 Facebot Twitterbot/1.0"
188.52.202.156 - - [28/May/2026:12:09:07 +0000] "GET /apple-touch-icon-precomposed.png HTTP/1.1" 404 12296 "-" "NetworkingExtension/8624.1.16.10.6 Network/5812.102.3 iOS/26.4.2"
78.46.190.63 - - [28/May/2026:12:09:11 +0000] "HEAD / HTTP/1.1" 200 - "https://hondasaudi.com" "Mozilla/5.0+(compatible; UptimeRobot/2.0; http://www.uptimerobot.com/)"
172.105.42.26 - - [28/May/2026:12:10:09 +0000] "POST /service_request/ai_integration/ HTTP/1.1" 200 704 "-" "-"
172.105.42.26 - - [28/May/2026:12:11:05 +0000] "POST /wp-cron.php?doing_wp_cron=1779970265.5575790405273437500000 HTTP/1.1" 200 20 "-" "WordPress/7.0; https://hondasaudi.com"
51.252.139.189 - - [28/May/2026:12:11:05 +0000] "GET /?_gl=1*1x7t8qe*_gcl_au*MTg4NzgyMTIxMy4xNzc5OTcwMjYz HTTP/1.1" 301 20 "https://hondaksa.com/" "Mozilla/5.0 (Linux; Android 10; K) AppleWebKit/537.36 (KHTML, like Gecko) Chrome/148.0.0.0 Mobile Safari/537.36"
51.252.139.189 - - [28/May/2026:12:11:05 +0000] "GET /?_gl=1%2A1x7t8qe%2A_gcl_au%2AMTg4NzgyMTIxMy4xNzc5OTcwMjYz HTTP/1.1" 200 16170 "https://hondaksa.com/" "Mozilla/5.0 (Linux; Android 10; K) AppleWebKit/537.36 (KHTML, like Gecko) Chrome/148.0.0.0 Mobile Safari/537.36"
172.105.42.26 - - [28/May/2026:12:11:10 +0000] "POST /wp-cron.php?doing_wp_cron=1779970270.4857470989227294921875 HTTP/1.1" 200 20 "-" "WordPress/7.0; https://hondasaudi.com"
51.252.139.189 - - [28/May/2026:12:11:10 +0000] "GET /accord/ HTTP/1.1" 200 17308 "https://hondasaudi.com/?_gl=1%2A1x7t8qe%2A_gcl_au%2AMTg4NzgyMTIxMy4xNzc5OTcwMjYz" "Mozilla/5.0 (Linux; Android 10; K) AppleWebKit/537.36 (KHTML, like Gecko) Chrome/148.0.0.0 Mobile Safari/537.36"
172.105.42.26 - - [28/May/2026:12:11:32 +0000] "POST /service_request/ai_integration/ HTTP/1.1" 200 719 "-" "-"
172.105.42.26 - - [28/May/2026:12:11:42 +0000] "POST /wp-cron.php?doing_wp_cron=1779970302.0308070182800292968750 HTTP/1.1" 200 20 "-" "WordPress/7.0; https://hondasaudi.com"
51.252.139.189 - - [28/May/2026:12:11:41 +0000] "GET /honda-zrv/ HTTP/1.1" 200 17410 "https://hondasaudi.com/?_gl=1%2A1x7t8qe%2A_gcl_au%2AMTg4NzgyMTIxMy4xNzc5OTcwMjYz" "Mozilla/5.0 (Linux; Android 10; K) AppleWebKit/537.36 (KHTML, like Gecko) Chrome/148.0.0.0 Mobile Safari/537.36"
51.252.139.189 - - [28/May/2026:12:11:47 +0000] "GET /civic/ HTTP/1.1" 301 20 "https://hondasaudi.com/?_gl=1%2A1x7t8qe%2A_gcl_au%2AMTg4NzgyMTIxMy4xNzc5OTcwMjYz" "Mozilla/5.0 (Linux; Android 10; K) AppleWebKit/537.36 (KHTML, like Gecko) Chrome/148.0.0.0 Mobile Safari/537.36"
51.252.139.189 - - [28/May/2026:12:11:47 +0000] "GET /civic-2023/ HTTP/1.1" 200 17499 "https://hondasaudi.com/?_gl=1%2A1x7t8qe%2A_gcl_au%2AMTg4NzgyMTIxMy4xNzc5OTcwMjYz" "Mozilla/5.0 (Linux; Android 10; K) AppleWebKit/537.36 (KHTML, like Gecko) Chrome/148.0.0.0 Mobile Safari/537.36"
51.252.139.189 - - [28/May/2026:12:11:52 +0000] "GET /odyssey/ HTTP/1.1" 200 17362 "https://hondasaudi.com/?_gl=1%2A1x7t8qe%2A_gcl_au%2AMTg4NzgyMTIxMy4xNzc5OTcwMjYz" "Mozilla/5.0 (Linux; Android 10; K) AppleWebKit/537.36 (KHTML, like Gecko) Chrome/148.0.0.0 Mobile Safari/537.36"
175.110.210.0 - - [28/May/2026:12:11:58 +0000] "GET /honda-pilot/?twclid=2snxxs0ry4jewg4hrn3xgt5b3&utm_source=X&utm_campaign=Awareness_May_2026 HTTP/1.1" 200 17636 "-" "Mozilla/5.0 (iPhone; CPU iPhone OS 18_7 like Mac OS X) AppleWebKit/605.1.15 (KHTML, like Gecko) Mobile/15E148"
51.252.139.189 - - [28/May/2026:12:12:05 +0000] "GET /honda-city/ HTTP/1.1" 200 17387 "https://hondasaudi.com/?_gl=1%2A1x7t8qe%2A_gcl_au%2AMTg4NzgyMTIxMy4xNzc5OTcwMjYz" "Mozilla/5.0 (Linux; Android 10; K) AppleWebKit/537.36 (KHTML, like Gecko) Chrome/148.0.0.0 Mobile Safari/537.36"
172.105.42.26 - - [28/May/2026:12:12:11 +0000] "POST /wp-cron.php?doing_wp_cron=1779970331.1506390571594238281250 HTTP/1.1" 200 20 "-" "WordPress/7.0; https://hondasaudi.com"
51.252.139.189 - - [28/May/2026:12:12:10 +0000] "GET /type-r/ HTTP/1.1" 200 17416 "https://hondasaudi.com/?_gl=1%2A1x7t8qe%2A_gcl_au%2AMTg4NzgyMTIxMy4xNzc5OTcwMjYz" "Mozilla/5.0 (Linux; Android 10; K) AppleWebKit/537.36 (KHTML, like Gecko) Chrome/148.0.0.0 Mobile Safari/537.36"
51.252.139.189 - - [28/May/2026:12:12:11 +0000] "GET /civic/ HTTP/1.1" 301 20 "https://hondasaudi.com/?_gl=1%2A1x7t8qe%2A_gcl_au%2AMTg4NzgyMTIxMy4xNzc5OTcwMjYz" "Mozilla/5.0 (Linux; Android 10; K) AppleWebKit/537.36 (KHTML, like Gecko) Chrome/148.0.0.0 Mobile Safari/537.36"
51.252.139.189 - - [28/May/2026:12:12:12 +0000] "GET /civic-2023/ HTTP/1.1" 200 17496 "https://hondasaudi.com/?_gl=1%2A1x7t8qe%2A_gcl_au%2AMTg4NzgyMTIxMy4xNzc5OTcwMjYz" "Mozilla/5.0 (Linux; Android 10; K) AppleWebKit/537.36 (KHTML, like Gecko) Chrome/148.0.0.0 Mobile Safari/537.36"
51.252.139.189 - - [28/May/2026:12:12:12 +0000] "GET /honda-crv/ HTTP/1.1" 200 17344 "https://hondasaudi.com/?_gl=1%2A1x7t8qe%2A_gcl_au%2AMTg4NzgyMTIxMy4xNzc5OTcwMjYz" "Mozilla/5.0 (Linux; Android 10; K) AppleWebKit/537.36 (KHTML, like Gecko) Chrome/148.0.0.0 Mobile Safari/537.36"
34.66.224.20 - - [28/May/2026:12:12:41 +0000] "POST /wp-content/plugins/backup-backup/includes/backup-heart.php HTTP/1.1" 403 5168 "-" "python-requests/2.31.0"
172.105.42.26 - - [28/May/2026:12:12:42 +0000] "POST /wp-cron.php?doing_wp_cron=1779970362.1394031047821044921875 HTTP/1.1" 200 20 "-" "WordPress/7.0; https://hondasaudi.com"
34.66.224.20 - - [28/May/2026:12:12:41 +0000] "GET /wp-content/plugins/backup-backup/includes/Z HTTP/1.1" 404 12356 "-" "python-requests/2.31.0"
172.105.42.26 - - [28/May/2026:12:13:14 +0000] "POST /service_request/ai_integration/ HTTP/1.1" 200 714 "-" "-"
172.105.42.26 - - [28/May/2026:12:13:58 +0000] "POST /wp-cron.php?doing_wp_cron=1779970438.8545970916748046875000 HTTP/1.1" 200 20 "-" "WordPress/7.0; https://hondasaudi.com"
172.105.42.26 - - [28/May/2026:12:14:16 +0000] "POST /wp-cron.php?doing_wp_cron=1779970456.8236370086669921875000 HTTP/1.1" 200 20 "-" "WordPress/7.0; https://hondasaudi.com"
157.90.155.240 - - [28/May/2026:12:14:16 +0000] "HEAD / HTTP/1.1" 200 - "https://hondasaudi.com" "Mozilla/5.0+(compatible; UptimeRobot/2.0; http://www.uptimerobot.com/)"
2a09:bac2:4c66:232::38:d5 - - [28/May/2026:12:15:15 +0000] "GET /apple-touch-icon-precomposed.png HTTP/1.1" 404 12295 "-" "NetworkingExtension/8624.2.5.10.4 Network/5812.122.1 iOS/26.5"
2a09:bac2:4c66:232::38:d5 - - [28/May/2026:12:15:15 +0000] "GET /apple-touch-icon.png HTTP/1.1" 404 12287 "-" "NetworkingExtension/8624.2.5.10.4 Network/5812.122.1 iOS/26.5"
172.105.42.26 - - [28/May/2026:12:15:15 +0000] "POST /wp-cron.php?doing_wp_cron=1779970515.2355279922485351562500 HTTP/1.1" 200 20 "-" "WordPress/7.0; https://hondasaudi.com"
2a09:bac2:4c66:232::38:d5 - - [28/May/2026:12:15:15 +0000] "GET /favicon.ico HTTP/1.1" 302 20 "-" "NetworkingExtension/8624.2.5.10.4 Network/5812.122.1 iOS/26.5"
2a09:bac2:4c66:232::38:d5 - - [28/May/2026:12:15:15 +0000] "GET /?utm_source=X&utm_campaign=Awareness_May_2026 HTTP/1.1" 200 16153 "-" "Mozilla/5.0 (Macintosh; Intel Mac OS X 10_11_1) AppleWebKit/601.2.4 (KHTML, like Gecko) Version/9.0.1 Safari/601.2.4 facebookexternalhit/1.1 Facebot Twitterbot/1.0"
2a09:bac2:4c66:232::38:d5 - - [28/May/2026:12:15:16 +0000] "GET /wp-content/uploads/2022/07/hona-emblem.png HTTP/1.1" 200 249337 "-" "NetworkingExtension/8624.2.5.10.4 Network/5812.122.1 iOS/26.5"
2a09:bac2:4c66:232::38:d5 - - [28/May/2026:12:15:16 +0000] "GET /wp-content/uploads/2026/05/Pilot-WO-Arrow-768x1024.png HTTP/1.1" 200 1326755 "-" "NetworkingExtension/8624.2.5.10.4 Network/5812.122.1 iOS/26.5"
2a09:bac2:4c66:232::38:d5 - - [28/May/2026:12:15:16 +0000] "GET /wp-content/uploads/2022/07/hona-emblem.png HTTP/1.1" 200 249337 "-" "NetworkingExtension/8624.2.5.10.4 Network/5812.122.1 iOS/26.5"
178.81.6.10 - - [28/May/2026:12:15:38 +0000] "GET /apple-touch-icon.png HTTP/1.1" 404 12288 "-" "NetworkingExtension/8624.2.5.10.4 Network/5812.122.1 iOS/26.5"
178.81.6.10 - - [28/May/2026:12:15:38 +0000] "GET /apple-touch-icon-precomposed.png HTTP/1.1" 404 12296 "-" "NetworkingExtension/8624.2.5.10.4 Network/5812.122.1 iOS/26.5"
172.105.42.26 - - [28/May/2026:12:15:38 +0000] "POST /wp-cron.php?doing_wp_cron=1779970538.5891349315643310546875 HTTP/1.1" 200 20 "-" "WordPress/7.0; https://hondasaudi.com"
178.81.6.10 - - [28/May/2026:12:15:38 +0000] "GET /favicon.ico HTTP/1.1" 302 20 "-" "NetworkingExtension/8624.2.5.10.4 Network/5812.122.1 iOS/26.5"
178.81.6.10 - - [28/May/2026:12:15:38 +0000] "GET /focused-cars/?utm_source=GoogleAds&utm_medium=Paid_Traffic&utm_campaign=Ramadan2026&gad_source=1&gad_campaignid=15485647876&gbraid=0AAAAAoT5x1jmnZq1EWq4aBi5FnPybrhpD HTTP/1.1" 200 18694 "-" "Mozilla/5.0 (Macintosh; Intel Mac OS X 10_11_1) AppleWebKit/601.2.4 (KHTML, like Gecko) Version/9.0.1 Safari/601.2.4 facebookexternalhit/1.1 Facebot Twitterbot/1.0"
178.81.6.10 - - [28/May/2026:12:15:44 +0000] "GET /focused-cars/?utm_source=GoogleAds&utm_medium=Paid_Traffic&utm_campaign=Ramadan2026&gad_source=1&gad_campaignid=15485647876&gbraid=0AAAAAoT5x1jmnZq1EWq4aBi5FnPybrhpD&gclid=CjwKCAjwwpDQBhAuEiwAa-4Wo3B-O2Iwiuldn0fLyZO2dH7ZnjyAEBc9KnCnrVcrpvT_z0-Fd_86_BoClKsQAvD_BwE HTTP/1.1" 200 18878 "https://www.google.com/" "Mozilla/5.0 (iPhone; CPU iPhone OS 18_7 like Mac OS X) AppleWebKit/605.1.15 (KHTML, like Gecko) Version/26.5 Mobile/15E148 Safari/604.1"
178.81.6.10 - - [28/May/2026:12:15:58 +0000] "GET /wp-json/contact-form-7/v1/contact-forms/987/feedback/schema HTTP/1.1" 200 1316 "https://hondasaudi.com/focused-cars/?utm_source=GoogleAds&utm_medium=Paid_Traffic&utm_campaign=Ramadan2026&gad_source=1&gad_campaignid=15485647876&gbraid=0AAAAAoT5x1jmnZq1EWq4aBi5FnPybrhpD&gclid=CjwKCAjwwpDQBhAuEiwAa-4Wo3B-O2Iwiuldn0fLyZO2dH7ZnjyAEBc9KnCnrVcrpvT_z0-Fd_86_BoClKsQAvD_BwE" "Mozilla/5.0 (iPhone; CPU iPhone OS 18_7 like Mac OS X) AppleWebKit/605.1.15 (KHTML, like Gecko) Version/26.5 Mobile/15E148 Safari/604.1"
172.105.42.26 - - [28/May/2026:12:19:17 +0000] "POST /wp-cron.php?doing_wp_cron=1779970757.2456059455871582031250 HTTP/1.1" 200 20 "-" "WordPress/7.0; https://hondasaudi.com"
172.105.42.26 - - [28/May/2026:12:19:22 +0000] "POST /wp-cron.php?doing_wp_cron=1779970762.4507949352264404296875 HTTP/1.1" 200 20 "-" "WordPress/7.0; https://hondasaudi.com"
63.178.84.147 - - [28/May/2026:12:19:22 +0000] "HEAD / HTTP/1.1" 200 - "https://hondasaudi.com" "Mozilla/5.0+(compatible; UptimeRobot/2.0; http://www.uptimerobot.com/)"
176.224.61.117 - - [28/May/2026:12:19:39 +0000] "GET /?utm_medium=paid&utm_source=fb&utm_id=120245088991940023&utm_content=120245396544770023&utm_term=120245088991880023&utm_campaign=120245088991940023 HTTP/1.1" 200 16189 "http://m.facebook.com/" "Mozilla/5.0 (Linux; Android 14; SM-A528B Build/UP1A.231005.007) AppleWebKit/537.36 (KHTML, like Gecko) Version/4.0 Chrome/148.0.7778.175 Mobile Safari/537.36 [FB_IAB/FB4A;FBAV/562.0.0.51.73;IABMV/1;]"
136.109.29.28 - - [28/May/2026:12:19:42 +0000] "GET /uploads/product/1617536153.jpeg HTTP/1.1" 404 12358 "-" "Mozilla/5.0 (X11; Linux x86_64) AppleWebKit/537.36 (KHTML, like Gecko) Chrome/91.0.4472.114 Safari/537.36"
176.224.61.117 - - [28/May/2026:12:19:43 +0000] "GET /accord/ HTTP/1.1" 200 17310 "https://hondasaudi.com/?utm_medium=paid&utm_source=fb&utm_id=120245088991940023&utm_content=120245396544770023&utm_term=120245088991880023&utm_campaign=120245088991940023" "Mozilla/5.0 (Linux; Android 14; SM-A528B Build/UP1A.231005.007; wv) AppleWebKit/537.36 (KHTML, like Gecko) Version/4.0 Chrome/148.0.7778.175 Mobile Safari/537.36"
176.224.61.117 - - [28/May/2026:12:19:46 +0000] "GET /honda-zrv/ HTTP/1.1" 200 17412 "https://hondasaudi.com/?utm_medium=paid&utm_source=fb&utm_id=120245088991940023&utm_content=120245396544770023&utm_term=120245088991880023&utm_campaign=120245088991940023" "Mozilla/5.0 (Linux; Android 14; SM-A528B Build/UP1A.231005.007; wv) AppleWebKit/537.36 (KHTML, like Gecko) Version/4.0 Chrome/148.0.7778.175 Mobile Safari/537.36"
176.224.61.117 - - [28/May/2026:12:19:48 +0000] "GET /civic/ HTTP/1.1" 301 20 "https://hondasaudi.com/?utm_medium=paid&utm_source=fb&utm_id=120245088991940023&utm_content=120245396544770023&utm_term=120245088991880023&utm_campaign=120245088991940023" "Mozilla/5.0 (Linux; Android 14; SM-A528B Build/UP1A.231005.007; wv) AppleWebKit/537.36 (KHTML, like Gecko) Version/4.0 Chrome/148.0.7778.175 Mobile Safari/537.36"
176.224.61.117 - - [28/May/2026:12:19:48 +0000] "GET /civic-2023/ HTTP/1.1" 200 17499 "https://hondasaudi.com/?utm_medium=paid&utm_source=fb&utm_id=120245088991940023&utm_content=120245396544770023&utm_term=120245088991880023&utm_campaign=120245088991940023" "Mozilla/5.0 (Linux; Android 14; SM-A528B Build/UP1A.231005.007; wv) AppleWebKit/537.36 (KHTML, like Gecko) Version/4.0 Chrome/148.0.7778.175 Mobile Safari/537.36"
172.105.42.26 - - [28/May/2026:12:20:13 +0000] "POST /wp-cron.php?doing_wp_cron=1779970813.0763220787048339843750 HTTP/1.1" 200 20 "-" "WordPress/7.0; https://hondasaudi.com"
176.224.61.117 - - [28/May/2026:12:20:12 +0000] "GET /odyssey/ HTTP/1.1" 200 17362 "https://hondasaudi.com/?utm_medium=paid&utm_source=fb&utm_id=120245088991940023&utm_content=120245396544770023&utm_term=120245088991880023&utm_campaign=120245088991940023" "Mozilla/5.0 (Linux; Android 14; SM-A528B Build/UP1A.231005.007; wv) AppleWebKit/537.36 (KHTML, like Gecko) Version/4.0 Chrome/148.0.7778.175 Mobile Safari/537.36"
172.105.42.26 - - [28/May/2026:12:21:48 +0000] "POST /wp-cron.php?doing_wp_cron=1779970907.9984669685363769531250 HTTP/1.1" 200 20 "-" "WordPress/7.0; https://hondasaudi.com"
172.105.42.26 - - [28/May/2026:12:22:43 +0000] "POST /wp-cron.php?doing_wp_cron=1779970963.4544689655303955078125 HTTP/1.1" 200 20 "-" "WordPress/7.0; https://hondasaudi.com"
2001:16a2:f780:b500:5f11:29cb:efee:83a1 - - [28/May/2026:12:22:43 +0000] "GET /?utm_medium=paid&utm_source=fb&utm_id=120245088991940023&utm_content=120245396544770023&utm_term=120245088991880023&utm_campaign=120245088991940023 HTTP/1.1" 200 16189 "http://m.facebook.com/" "Mozilla/5.0 (Linux; Android 16; ELI-NX9 Build/HONORELI-N39) AppleWebKit/537.36 (KHTML, like Gecko) Version/4.0 Chrome/148.0.7778.175 Mobile Safari/537.36 [FB_IAB/FB4A;FBAV/562.0.0.51.73;IABMV/1;]"
172.105.42.26 - - [28/May/2026:12:22:43 +0000] "POST /service_request/ai_integration/ HTTP/1.1" 200 723 "-" "-"
2001:16a2:f780:b500:5f11:29cb:efee:83a1 - - [28/May/2026:12:23:01 +0000] "GET /accord/ HTTP/1.1" 200 17309 "https://hondasaudi.com/?utm_medium=paid&utm_source=fb&utm_id=120245088991940023&utm_content=120245396544770023&utm_term=120245088991880023&utm_campaign=120245088991940023" "Mozilla/5.0 (Linux; Android 16; ELI-NX9 Build/HONORELI-N39; wv) AppleWebKit/537.36 (KHTML, like Gecko) Version/4.0 Chrome/148.0.7778.175 Mobile Safari/537.36"
172.105.42.26 - - [28/May/2026:12:23:31 +0000] "POST /wp-cron.php?doing_wp_cron=1779971011.6849870681762695312500 HTTP/1.1" 200 20 "-" "WordPress/7.0; https://hondasaudi.com"
2001:16a2:f780:b500:5f11:29cb:efee:83a1 - - [28/May/2026:12:23:31 +0000] "GET /honda-zrv/ HTTP/1.1" 200 17412 "https://hondasaudi.com/?utm_medium=paid&utm_source=fb&utm_id=120245088991940023&utm_content=120245396544770023&utm_term=120245088991880023&utm_campaign=120245088991940023" "Mozilla/5.0 (Linux; Android 16; ELI-NX9 Build/HONORELI-N39; wv) AppleWebKit/537.36 (KHTML, like Gecko) Version/4.0 Chrome/148.0.7778.175 Mobile Safari/537.36"
172.105.42.26 - - [28/May/2026:12:24:24 +0000] "POST /wp-cron.php?doing_wp_cron=1779971064.7587490081787109375000 HTTP/1.1" 200 20 "-" "WordPress/7.0; https://hondasaudi.com"
2001:16a2:2e4a:ee00:c928:a7ea:8331:c5f6 - - [28/May/2026:12:24:24 +0000] "GET /offers/ HTTP/1.1" 404 12284 "-" "Mozilla/5.0 (iPhone; CPU iPhone OS 18_7 like Mac OS X) AppleWebKit/605.1.15 (KHTML, like Gecko) Version/26.5 Mobile/15E148 Safari/604.1"
2001:16a2:2e4a:ee00:c928:a7ea:8331:c5f6 - - [28/May/2026:12:24:25 +0000] "GET /apple-touch-icon-120x120-precomposed.png HTTP/1.1" 404 12303 "-" "Mozilla/5.0 (iPhone; CPU iPhone OS 18_7 like Mac OS X) AppleWebKit/605.1.15 (KHTML, like Gecko) Safari"
49.13.167.123 - - [28/May/2026:12:24:27 +0000] "HEAD / HTTP/1.1" 200 - "https://hondasaudi.com" "Mozilla/5.0+(compatible; UptimeRobot/2.0; http://www.uptimerobot.com/)"
2001:16a2:2e4a:ee00:c928:a7ea:8331:c5f6 - - [28/May/2026:12:24:29 +0000] "GET /apple-touch-icon-120x120.png HTTP/1.1" 404 12295 "-" "Mozilla/5.0 (iPhone; CPU iPhone OS 18_7 like Mac OS X) AppleWebKit/605.1.15 (KHTML, like Gecko) Safari"
103.168.67.36 - - [28/May/2026:12:24:49 +0000] "GET / HTTP/1.1" 200 16115 "-" "Mozilla/5.0 (Macintosh; Intel Mac OS X 10_15_7) AppleWebKit/537.36 (KHTML, like Gecko) Chrome/120.0.0.0 Safari/537.36"
103.168.67.36 - - [28/May/2026:12:25:01 +0000] "GET /common/js/vendor/magnific-popup.js HTTP/1.1" 404 12365 "-" "Mozilla/5.0 (Macintosh; Intel Mac OS X 10_15_7) AppleWebKit/537.36 (KHTML, like Gecko) Chrome/120.0.0.0 Safari/537.36"
103.168.67.36 - - [28/May/2026:12:25:04 +0000] "GET /common/js/vendor/objectFitPolyfill.js HTTP/1.1" 404 12367 "-" "Mozilla/5.0 (X11; Linux x86_64) AppleWebKit/537.36 (KHTML, like Gecko) Chrome/120.0.0.0 Safari/537.36"
172.105.42.26 - - [28/May/2026:12:25:09 +0000] "POST /wp-cron.php?doing_wp_cron=1779971109.4119160175323486328125 HTTP/1.1" 200 20 "-" "WordPress/7.0; https://hondasaudi.com"
66.249.93.198 - - [28/May/2026:12:25:09 +0000] "GET /.well-known/traffic-advice HTTP/1.1" 404 12299 "-" "Chrome Privacy Preserving Prefetch Proxy"
2001:4860:7:1528::ff - - [28/May/2026:12:25:09 +0000] "GET / HTTP/1.1" 200 16116 "https://www.google.com/" "Mozilla/5.0 (Windows NT 10.0; Win64; x64) AppleWebKit/537.36 (KHTML, like Gecko) Chrome/148.0.0.0 Safari/537.36"
103.168.67.36 - - [28/May/2026:12:25:09 +0000] "GET /common/js/vendor/css-vars-ponyfill.js HTTP/1.1" 404 12367 "-" "Mozilla/5.0 (Macintosh; Intel Mac OS X 10_15_7) AppleWebKit/537.36 (KHTML, like Gecko) Chrome/120.0.0.0 Safari/537.36"
172.105.42.26 - - [28/May/2026:12:27:03 +0000] "POST /wp-cron.php?doing_wp_cron=1779971223.2910981178283691406250 HTTP/1.1" 200 20 "-" "WordPress/7.0; https://hondasaudi.com"
196.133.133.175 - - [28/May/2026:12:27:03 +0000] "GET /?utm_medium=paid&utm_source=fb&utm_id=120245118975110023&utm_content=120245118975090023&utm_term=120245118975100023&utm_campaign=120245118975110023 HTTP/1.1" 200 16181 "http://m.facebook.com" "Mozilla/5.0 (Linux; Android 15; ALI-NX1 Build/HONORALI-N21) AppleWebKit/537.36 (KHTML, like Gecko) Version/4.0 Chrome/148.0.7778.175 Mobile Safari/537.36 [FB_IAB/FB4A;FBAV/562.0.0.51.73;IABMV/1;]"
172.105.42.26 - - [28/May/2026:12:27:03 +0000] "POST /service_request/ai_integration/ HTTP/1.1" 200 729 "-" "-"
172.105.42.26 - - [28/May/2026:12:27:09 +0000] "POST /wp-cron.php?doing_wp_cron=1779971228.9757928848266601562500 HTTP/1.1" 200 20 "-" "WordPress/7.0; https://hondasaudi.com"
196.133.133.175 - - [28/May/2026:12:27:08 +0000] "GET /?utm_medium=paid&utm_source=fb&utm_id=120245118975110023&utm_content=120245118975090023&utm_term=120245118975100023&utm_campaign=120245118975110023&fbclid=IwT01FWASFE-hleHRuA2FlbQIxMABzcnRjBmFwcF9pZAwzNTA2ODU1MzE3MjgAAR7u0KM38lnE6YTWj4JKN0x9jb4V1BL6kfQ1kWEeHGjAJHSOA0sOQy6j7E4r1A_aem_KJcUA_AeShHQBTJg3exuEQ HTTP/1.1" 200 16219 "-" "Mozilla/5.0 (Linux; Android 10; K) AppleWebKit/537.36 (KHTML, like Gecko) Chrome/148.0.0.0 Mobile Safari/537.36"
172.105.42.26 - - [28/May/2026:12:27:23 +0000] "POST /wp-cron.php?doing_wp_cron=1779971243.2028150558471679687500 HTTP/1.1" 200 20 "-" "WordPress/7.0; https://hondasaudi.com"
2a02:9b0:7:7f1c:810e:daff:7c6b:a249 - - [28/May/2026:12:27:22 +0000] "GET /honda-pilot/?twclid=2oyg446le7nfbt1a69ngvnvpj&utm_source=X&utm_campaign=Awareness_May_2026 HTTP/1.1" 200 17633 "-" "Mozilla/5.0 (iPhone; CPU iPhone OS 18_7 like Mac OS X) AppleWebKit/605.1.15 (KHTML, like Gecko) Version/26.5 Mobile/15E148 Safari/604.1"
52.167.144.176 - - [28/May/2026:12:27:43 +0000] "GET /wp-content/uploads/2026/02/AHCL-WEBSITE-Carousel_Pilot-Carousel-1-ALRAGHI.jpg HTTP/1.1" 200 329639 "-" "Mozilla/5.0 AppleWebKit/537.36 (KHTML, like Gecko; compatible; bingbot/2.0; +http://www.bing.com/bingbot.htm) Chrome/116.0.1938.76 Safari/537.36"
172.105.42.26 - - [28/May/2026:12:28:30 +0000] "POST /wp-cron.php?doing_wp_cron=1779971310.1208510398864746093750 HTTP/1.1" 200 20 "-" "WordPress/7.0; https://hondasaudi.com"
196.133.133.175 - - [28/May/2026:12:28:29 +0000] "GET /accord/ HTTP/1.1" 200 17188 "https://hondasaudi.com/?utm_medium=paid&utm_source=fb&utm_id=120245118975110023&utm_content=120245118975090023&utm_term=120245118975100023&utm_campaign=120245118975110023&fbclid=IwT01FWASFE-hleHRuA2FlbQIxMABzcnRjBmFwcF9pZAwzNTA2ODU1MzE3MjgAAR7u0KM38lnE6YTWj4JKN0x9jb4V1BL6kfQ1kWEeHGjAJHSOA0sOQy6j7E4r1A_aem_KJcUA_AeShHQBTJg3exuEQ" "Mozilla/5.0 (Linux; Android 10; K) AppleWebKit/537.36 (KHTML, like Gecko) Chrome/148.0.0.0 Mobile Safari/537.36"
196.133.133.175 - - [28/May/2026:12:28:36 +0000] "GET /honda-zrv/ HTTP/1.1" 200 17288 "https://hondasaudi.com/?utm_medium=paid&utm_source=fb&utm_id=120245118975110023&utm_content=120245118975090023&utm_term=120245118975100023&utm_campaign=120245118975110023&fbclid=IwT01FWASFE-hleHRuA2FlbQIxMABzcnRjBmFwcF9pZAwzNTA2ODU1MzE3MjgAAR7u0KM38lnE6YTWj4JKN0x9jb4V1BL6kfQ1kWEeHGjAJHSOA0sOQy6j7E4r1A_aem_KJcUA_AeShHQBTJg3exuEQ" "Mozilla/5.0 (Linux; Android 10; K) AppleWebKit/537.36 (KHTML, like Gecko) Chrome/148.0.0.0 Mobile Safari/537.36"
103.215.74.213 - - [28/May/2026:12:28:54 +0000] "GET / HTTP/1.1" 200 16116 "-" "Mozilla/5.0 (X11; Linux x86_64) AppleWebKit/537.36 (KHTML, like Gecko) Chrome/120.0.0.0 Safari/537.36"
196.133.133.175 - - [28/May/2026:12:28:56 +0000] "GET /honda-zrv/?utm_medium=paid&utm_source=fb&utm_id=120245118975110023&utm_content=120245118975090023&utm_term=120245118975100023&utm_campaign=120245118975110023&fbclid=IwT01FWASFE-hleHRuA2FlbQIxMABzcnRjBmFwcF9pZAwzNTA2ODU1MzE3MjgAAR7u0KM38lnE6YTWj4JKN0x9jb4V1BL6kfQ1kWEeHGjAJHSOA0sOQy6j7E4r1A_aem_KJcUA_AeShHQBTJg3exuEQ HTTP/1.1" 200 17737 "https://hondasaudi.com/?utm_medium=paid&utm_source=fb&utm_id=120245118975110023&utm_content=120245118975090023&utm_term=120245118975100023&utm_campaign=120245118975110023&fbclid=IwT01FWASFE-hleHRuA2FlbQIxMABzcnRjBmFwcF9pZAwzNTA2ODU1MzE3MjgAAR7u0KM38lnE6YTWj4JKN0x9jb4V1BL6kfQ1kWEeHGjAJHSOA0sOQy6j7E4r1A_aem_KJcUA_AeShHQBTJg3exuEQ" "Mozilla/5.0 (Linux; Android 10; K) AppleWebKit/537.36 (KHTML, like Gecko) Chrome/148.0.0.0 Mobile Safari/537.36"
172.105.42.26 - - [28/May/2026:12:29:08 +0000] "POST /wp-cron.php?doing_wp_cron=1779971348.1330070495605468750000 HTTP/1.1" 200 20 "-" "WordPress/7.0; https://hondasaudi.com"
196.133.133.175 - - [28/May/2026:12:29:07 +0000] "GET /honda-zrv/?utm_medium=paid&utm_source=fb&utm_id=120245118975110023&utm_content=120245118975090023&utm_term=120245118975100023&utm_campaign=120245118975110023&fbclid=IwT01FWASFE-hleHRuA2FlbQIxMABzcnRjBmFwcF9pZAwzNTA2ODU1MzE3MjgAAR7u0KM38lnE6YTWj4JKN0x9jb4V1BL6kfQ1kWEeHGjAJHSOA0sOQy6j7E4r1A_aem_KJcUA_AeShHQBTJg3exuEQ HTTP/1.1" 200 17737 "https://hondasaudi.com/?utm_medium=paid&utm_source=fb&utm_id=120245118975110023&utm_content=120245118975090023&utm_term=120245118975100023&utm_campaign=120245118975110023&fbclid=IwT01FWASFE-hleHRuA2FlbQIxMABzcnRjBmFwcF9pZAwzNTA2ODU1MzE3MjgAAR7u0KM38lnE6YTWj4JKN0x9jb4V1BL6kfQ1kWEeHGjAJHSOA0sOQy6j7E4r1A_aem_KJcUA_AeShHQBTJg3exuEQ" "Mozilla/5.0 (Linux; Android 10; K) AppleWebKit/537.36 (KHTML, like Gecko) Chrome/148.0.0.0 Mobile Safari/537.36"
172.105.42.26 - - [28/May/2026:12:29:10 +0000] "POST /service_request/ai_integration/ HTTP/1.1" 200 655 "-" "-"
172.105.42.26 - - [28/May/2026:12:29:19 +0000] "POST /wp-cron.php?doing_wp_cron=1779971359.0080039501190185546875 HTTP/1.1" 200 20 "-" "WordPress/7.0; https://hondasaudi.com"
196.133.133.175 - - [28/May/2026:12:29:18 +0000] "GET /honda-zrv/?utm_medium=paid&utm_source=fb&utm_id=120245118975110023&utm_content=120245118975090023&utm_term=120245118975100023&utm_campaign=120245118975110023&fbclid=IwT01FWASFE-hleHRuA2FlbQIxMABzcnRjBmFwcF9pZAwzNTA2ODU1MzE3MjgAAR7u0KM38lnE6YTWj4JKN0x9jb4V1BL6kfQ1kWEeHGjAJHSOA0sOQy6j7E4r1A_aem_KJcUA_AeShHQBTJg3exuEQ HTTP/1.1" 200 17740 "https://hondasaudi.com/?utm_medium=paid&utm_source=fb&utm_id=120245118975110023&utm_content=120245118975090023&utm_term=120245118975100023&utm_campaign=120245118975110023&fbclid=IwT01FWASFE-hleHRuA2FlbQIxMABzcnRjBmFwcF9pZAwzNTA2ODU1MzE3MjgAAR7u0KM38lnE6YTWj4JKN0x9jb4V1BL6kfQ1kWEeHGjAJHSOA0sOQy6j7E4r1A_aem_KJcUA_AeShHQBTJg3exuEQ" "Mozilla/5.0 (Linux; Android 10; K) AppleWebKit/537.36 (KHTML, like Gecko) Chrome/148.0.0.0 Mobile Safari/537.36"
196.133.133.175 - - [28/May/2026:12:29:22 +0000] "GET /wp-json/contact-form-7/v1/contact-forms/275185/feedback/schema HTTP/1.1" 200 1133 "https://hondasaudi.com/honda-zrv/?utm_medium=paid&utm_source=fb&utm_id=120245118975110023&utm_content=120245118975090023&utm_term=120245118975100023&utm_campaign=120245118975110023&fbclid=IwT01FWASFE-hleHRuA2FlbQIxMABzcnRjBmFwcF9pZAwzNTA2ODU1MzE3MjgAAR7u0KM38lnE6YTWj4JKN0x9jb4V1BL6kfQ1kWEeHGjAJHSOA0sOQy6j7E4r1A_aem_KJcUA_AeShHQBTJg3exuEQ" "Mozilla/5.0 (Linux; Android 10; K) AppleWebKit/537.36 (KHTML, like Gecko) Chrome/148.0.0.0 Mobile Safari/537.36"
168.119.96.239 - - [28/May/2026:12:29:32 +0000] "HEAD / HTTP/1.1" 200 - "https://hondasaudi.com" "Mozilla/5.0+(compatible; UptimeRobot/2.0; http://www.uptimerobot.com/)"
35.230.112.202 - - [28/May/2026:12:29:34 +0000] "GET /uploads/product/1617281040.jpeg HTTP/1.1" 404 12359 "-" "Mozilla/5.0 (X11; Linux x86_64) AppleWebKit/537.36 (KHTML, like Gecko) Chrome/91.0.4472.114 Safari/537.36"
172.105.42.26 - - [28/May/2026:12:30:21 +0000] "POST /wp-cron.php?doing_wp_cron=1779971421.5361769199371337890625 HTTP/1.1" 200 20 "-" "WordPress/7.0; https://hondasaudi.com"
196.133.133.175 - - [28/May/2026:12:30:21 +0000] "GET / HTTP/1.1" 200 15994 "https://hondasaudi.com/honda-zrv/?utm_medium=paid&utm_source=fb&utm_id=120245118975110023&utm_content=120245118975090023&utm_term=120245118975100023&utm_campaign=120245118975110023&fbclid=IwT01FWASFE-hleHRuA2FlbQIxMABzcnRjBmFwcF9pZAwzNTA2ODU1MzE3MjgAAR7u0KM38lnE6YTWj4JKN0x9jb4V1BL6kfQ1kWEeHGjAJHSOA0sOQy6j7E4r1A_aem_KJcUA_AeShHQBTJg3exuEQ" "Mozilla/5.0 (Linux; Android 10; K) AppleWebKit/537.36 (KHTML, like Gecko) Chrome/148.0.0.0 Mobile Safari/537.36"
196.133.133.175 - - [28/May/2026:12:30:21 +0000] "GET /?utm_medium=paid&utm_source=fb&utm_id=120245118975110023&utm_content=120245118975090023&utm_term=120245118975100023&utm_campaign=120245118975110023&fbclid=IwT01FWASFE-hleHRuA2FlbQIxMABzcnRjBmFwcF9pZAwzNTA2ODU1MzE3MjgAAR7u0KM38lnE6YTWj4JKN0x9jb4V1BL6kfQ1kWEeHGjAJHSOA0sOQy6j7E4r1A_aem_KJcUA_AeShHQBTJg3exuEQ HTTP/1.1" 200 16219 "https://hondasaudi.com/honda-zrv/?utm_medium=paid&utm_source=fb&utm_id=120245118975110023&utm_content=120245118975090023&utm_term=120245118975100023&utm_campaign=120245118975110023&fbclid=IwT01FWASFE-hleHRuA2FlbQIxMABzcnRjBmFwcF9pZAwzNTA2ODU1MzE3MjgAAR7u0KM38lnE6YTWj4JKN0x9jb4V1BL6kfQ1kWEeHGjAJHSOA0sOQy6j7E4r1A_aem_KJcUA_AeShHQBTJg3exuEQ" "Mozilla/5.0 (Linux; Android 10; K) AppleWebKit/537.36 (KHTML, like Gecko) Chrome/148.0.0.0 Mobile Safari/537.36"
196.133.133.175 - - [28/May/2026:12:30:25 +0000] "GET /accord/ HTTP/1.1" 200 17188 "https://hondasaudi.com/?utm_medium=paid&utm_source=fb&utm_id=120245118975110023&utm_content=120245118975090023&utm_term=120245118975100023&utm_campaign=120245118975110023&fbclid=IwT01FWASFE-hleHRuA2FlbQIxMABzcnRjBmFwcF9pZAwzNTA2ODU1MzE3MjgAAR7u0KM38lnE6YTWj4JKN0x9jb4V1BL6kfQ1kWEeHGjAJHSOA0sOQy6j7E4r1A_aem_KJcUA_AeShHQBTJg3exuEQ" "Mozilla/5.0 (Linux; Android 10; K) AppleWebKit/537.36 (KHTML, like Gecko) Chrome/148.0.0.0 Mobile Safari/537.36"
196.133.133.175 - - [28/May/2026:12:30:27 +0000] "GET /honda-zrv/ HTTP/1.1" 200 17286 "https://hondasaudi.com/?utm_medium=paid&utm_source=fb&utm_id=120245118975110023&utm_content=120245118975090023&utm_term=120245118975100023&utm_campaign=120245118975110023&fbclid=IwT01FWASFE-hleHRuA2FlbQIxMABzcnRjBmFwcF9pZAwzNTA2ODU1MzE3MjgAAR7u0KM38lnE6YTWj4JKN0x9jb4V1BL6kfQ1kWEeHGjAJHSOA0sOQy6j7E4r1A_aem_KJcUA_AeShHQBTJg3exuEQ" "Mozilla/5.0 (Linux; Android 10; K) AppleWebKit/537.36 (KHTML, like Gecko) Chrome/148.0.0.0 Mobile Safari/537.36"
196.133.133.175 - - [28/May/2026:12:30:35 +0000] "GET /honda-zrv/?utm_medium=paid&utm_source=fb&utm_id=120245118975110023&utm_content=120245118975090023&utm_term=120245118975100023&utm_campaign=120245118975110023&fbclid=IwT01FWASFE-hleHRuA2FlbQIxMABzcnRjBmFwcF9pZAwzNTA2ODU1MzE3MjgAAR7u0KM38lnE6YTWj4JKN0x9jb4V1BL6kfQ1kWEeHGjAJHSOA0sOQy6j7E4r1A_aem_KJcUA_AeShHQBTJg3exuEQ HTTP/1.1" 200 17737 "https://hondasaudi.com/?utm_medium=paid&utm_source=fb&utm_id=120245118975110023&utm_content=120245118975090023&utm_term=120245118975100023&utm_campaign=120245118975110023&fbclid=IwT01FWASFE-hleHRuA2FlbQIxMABzcnRjBmFwcF9pZAwzNTA2ODU1MzE3MjgAAR7u0KM38lnE6YTWj4JKN0x9jb4V1BL6kfQ1kWEeHGjAJHSOA0sOQy6j7E4r1A_aem_KJcUA_AeShHQBTJg3exuEQ" "Mozilla/5.0 (Linux; Android 10; K) AppleWebKit/537.36 (KHTML, like Gecko) Chrome/148.0.0.0 Mobile Safari/537.36"
196.133.133.175 - - [28/May/2026:12:30:39 +0000] "GET /wp-json/contact-form-7/v1/contact-forms/275185/feedback/schema HTTP/1.1" 200 1133 "https://hondasaudi.com/honda-zrv/?utm_medium=paid&utm_source=fb&utm_id=120245118975110023&utm_content=120245118975090023&utm_term=120245118975100023&utm_campaign=120245118975110023&fbclid=IwT01FWASFE-hleHRuA2FlbQIxMABzcnRjBmFwcF9pZAwzNTA2ODU1MzE3MjgAAR7u0KM38lnE6YTWj4JKN0x9jb4V1BL6kfQ1kWEeHGjAJHSOA0sOQy6j7E4r1A_aem_KJcUA_AeShHQBTJg3exuEQ" "Mozilla/5.0 (Linux; Android 10; K) AppleWebKit/537.36 (KHTML, like Gecko) Chrome/148.0.0.0 Mobile Safari/537.36"
216.73.217.128 - - [28/May/2026:12:32:18 +0000] "GET /robots.txt HTTP/1.1" 304 - "-" "Mozilla/5.0 AppleWebKit/537.36 (KHTML, like Gecko; compatible; ClaudeBot/1.0; +claudebot@anthropic.com)"
172.105.42.26 - - [28/May/2026:12:32:18 +0000] "POST /wp-cron.php?doing_wp_cron=1779971538.7565660476684570312500 HTTP/1.1" 200 20 "-" "WordPress/7.0; https://hondasaudi.com"
216.73.217.128 - - [28/May/2026:12:32:18 +0000] "GET /sitemap.xml HTTP/1.1" 301 20 "-" "Mozilla/5.0 AppleWebKit/537.36 (KHTML, like Gecko; compatible; ClaudeBot/1.0; +claudebot@anthropic.com)"
216.73.217.128 - - [28/May/2026:12:32:19 +0000] "GET /wp-sitemap.xml HTTP/1.1" 200 235 "https://hondasaudi.com/sitemap.xml" "Mozilla/5.0 AppleWebKit/537.36 (KHTML, like Gecko; compatible; ClaudeBot/1.0; +claudebot@anthropic.com)"
20.215.220.177 - - [28/May/2026:12:32:27 +0000] "GET / HTTP/1.1" 200 16115 "-" "Mozilla/5.0 AppleWebKit/537.36 (KHTML, like Gecko); compatible; ChatGPT-User/1.0; +https://openai.com/bot"
172.105.42.26 - - [28/May/2026:12:34:36 +0000] "POST /wp-cron.php?doing_wp_cron=1779971676.3749918937683105468750 HTTP/1.1" 200 20 "-" "WordPress/7.0; https://hondasaudi.com"
52.59.43.236 - - [28/May/2026:12:34:36 +0000] "HEAD / HTTP/1.1" 200 - "https://hondasaudi.com" "Mozilla/5.0+(compatible; UptimeRobot/2.0; http://www.uptimerobot.com/)"
172.105.42.26 - - [28/May/2026:12:37:37 +0000] "POST /wp-cron.php?doing_wp_cron=1779971857.7613179683685302734375 HTTP/1.1" 200 20 "-" "WordPress/7.0; https://hondasaudi.com"
52.167.144.222 - - [28/May/2026:12:37:37 +0000] "GET /honda-crv/ HTTP/1.1" 200 17346 "-" "Mozilla/5.0 AppleWebKit/537.36 (KHTML, like Gecko; compatible; bingbot/2.0; +http://www.bing.com/bingbot.htm) Chrome/116.0.1938.76 Safari/537.36"
2001:16a4:272:7a55:b05c:442a:3a4e:faa - - [28/May/2026:12:37:47 +0000] "GET /favicon.ico HTTP/1.1" 302 20 "-" "NetworkingExtension/8624.1.16.10.6 Network/5812.102.3 iOS/26.4.2"
2001:16a4:272:7a55:b05c:442a:3a4e:faa - - [28/May/2026:12:37:47 +0000] "GET /apple-touch-icon.png HTTP/1.1" 404 12289 "-" "NetworkingExtension/8624.1.16.10.6 Network/5812.102.3 iOS/26.4.2"
2001:16a4:272:7a55:b05c:442a:3a4e:faa - - [28/May/2026:12:37:47 +0000] "GET /apple-touch-icon-precomposed.png HTTP/1.1" 404 12296 "-" "NetworkingExtension/8624.1.16.10.6 Network/5812.102.3 iOS/26.4.2"
2001:16a4:272:7a55:b05c:442a:3a4e:faa - - [28/May/2026:12:37:47 +0000] "GET /honda-pilot/?utm_source=X&utm_campaign=Awareness_May_2026 HTTP/1.1" 200 17575 "-" "Mozilla/5.0 (Macintosh; Intel Mac OS X 10_11_1) AppleWebKit/601.2.4 (KHTML, like Gecko) Version/9.0.1 Safari/601.2.4 facebookexternalhit/1.1 Facebot Twitterbot/1.0"
40.77.167.61 - - [28/May/2026:12:38:03 +0000] "GET /wp-json/contact-form-7/v1/contact-forms/348318/feedback/schema HTTP/1.1" 200 1133 "https://hondasaudi.com/honda-crv/" "Mozilla/5.0 AppleWebKit/537.36 (KHTML, like Gecko; compatible; bingbot/2.0; +http://www.bing.com/bingbot.htm) Chrome/136.0.0.0 Safari/537.36 AppleWebKit/537.36 (KHTML, like Gecko; compatible; bingbot/2.0; +http://www.bing.com/bingbot.htm) Chrome/116.0.1938.76 Safari/537.36"
172.105.42.26 - - [28/May/2026:12:39:41 +0000] "POST /wp-cron.php?doing_wp_cron=1779971981.0111970901489257812500 HTTP/1.1" 200 20 "-" "WordPress/7.0; https://hondasaudi.com"
49.13.134.145 - - [28/May/2026:12:39:40 +0000] "HEAD / HTTP/1.1" 200 - "https://hondasaudi.com" "Mozilla/5.0+(compatible; UptimeRobot/2.0; http://www.uptimerobot.com/)"
172.105.42.26 - - [28/May/2026:12:40:14 +0000] "POST /wp-cron.php?doing_wp_cron=1779972013.9769339561462402343750 HTTP/1.1" 200 20 "-" "WordPress/7.0; https://hondasaudi.com"
172.105.42.26 - - [28/May/2026:12:41:13 +0000] "POST /wp-cron.php?doing_wp_cron=1779972073.6868269443511962890625 HTTP/1.1" 200 20 "-" "WordPress/7.0; https://hondasaudi.com"
2001:16a4:217:cc36:11b8:61b2:c2ba:a1fa - - [28/May/2026:12:41:13 +0000] "GET /honda-pilot/?twclid=28ji3n4e3j46cvehvt5vvqez4p&utm_source=X&utm_campaign=Awareness_May_2026 HTTP/1.1" 200 17636 "-" "Mozilla/5.0 (Macintosh; Intel Mac OS X 10_15_7) AppleWebKit/605.1.15 (KHTML, like Gecko) Version/26.5 Safari/605.1.15"
172.105.42.26 - - [28/May/2026:12:42:28 +0000] "POST /wp-cron.php?doing_wp_cron=1779972148.1472671031951904296875 HTTP/1.1" 200 20 "-" "WordPress/7.0; https://hondasaudi.com"
2a00:5400:e137:4c3c:ad36:a6d6:6f0c:92ba - - [28/May/2026:12:43:19 +0000] "GET /honda-pilot/?twclid=25wb2s2egt2rc27rgs5mf2jgul&utm_source=X&utm_campaign=Awareness_May_2026 HTTP/1.1" 200 17635 "-" "Mozilla/5.0 (iPhone; CPU iPhone OS 18_7 like Mac OS X) AppleWebKit/605.1.15 (KHTML, like Gecko) Version/26.4 Mobile/15E148 Safari/604.1"
2a00:5400:e137:4c3c:ad36:a6d6:6f0c:92ba - - [28/May/2026:12:43:21 +0000] "GET /wp-json/contact-form-7/v1/contact-forms/357589/feedback/schema HTTP/1.1" 200 1133 "https://hondasaudi.com/honda-pilot/?twclid=25wb2s2egt2rc27rgs5mf2jgul&utm_source=X&utm_campaign=Awareness_May_2026" "Mozilla/5.0 (iPhone; CPU iPhone OS 18_7 like Mac OS X) AppleWebKit/605.1.15 (KHTML, like Gecko) Version/26.4 Mobile/15E148 Safari/604.1"
172.105.42.26 - - [28/May/2026:12:44:47 +0000] "POST /wp-cron.php?doing_wp_cron=1779972286.5569839477539062500000 HTTP/1.1" 200 20 "-" "WordPress/7.0; https://hondasaudi.com"
49.13.130.29 - - [28/May/2026:12:44:46 +0000] "HEAD / HTTP/1.1" 200 - "https://hondasaudi.com" "Mozilla/5.0+(compatible; UptimeRobot/2.0; http://www.uptimerobot.com/)"