2001:16a2:c1c0:2b1d:e8c9:79d1:3b56:7d8e - - [28/Mar/2026:13:53:42 +0000] "GET /wp-json/contact-form-7/v1/contact-forms/987/feedback/schema HTTP/1.1" 200 1993 "https://hondasaudi.com/focused-cars/?utm_source=GoogleAds&utm_medium=Paid_Traffic&utm_campaign=Ramadan2026&gad_source=5&gad_campaignid=15485647876&gclid=EAIaIQobChMIq_HVjN_CkwMVGA8GAB3b7hDiEAAYASAAEgKw1fD_BwE" "Mozilla/5.0 (iPhone; CPU iPhone OS 18_0 like Mac OS X) AppleWebKit/605.1.15 (KHTML, like Gecko) Version/18.0 Mobile/15E148 Safari/604.1 musical_ly_43.4.0 JsSdk/2.0 NetType/2G Channel/App Store ByteLocale/ar Region/SA isDarkMode/0 WKWebView/1 RevealType/Dialog performVal/1"
172.105.42.26 - - [28/Mar/2026:13:53:52 +0000] "POST /wp-cron.php?doing_wp_cron=1774706032.0224809646606445312500 HTTP/1.1" 200 20 "-" "WordPress/6.9.4; https://hondasaudi.com"
2a02:cb80:427a:8a3e:606c:c331:c894:d781 - - [28/Mar/2026:13:53:51 +0000] "GET /focused-cars/?utm_source=GoogleAds&utm_medium=Paid_Traffic&utm_campaign=Ramadan2026&gad_source=1&gad_campaignid=15485647876&gbraid=0AAAAAoT5x1jMnUdPNGP_0edYFGEPino6L&gclid=CjwKCAjw-J3OBhBuEiwAwqZ_h8XPaqdVVlIRSqjd0A7nfxpW4mQBQM-SIiYSBp7BPvvovWekYTd59RoCk5EQAvD_BwE HTTP/1.1" 200 19638 "https://www.google.com/" "Mozilla/5.0 (Linux; Android 10; K) AppleWebKit/537.36 (KHTML, like Gecko) Chrome/146.0.0.0 Mobile Safari/537.36"
2a02:cb80:427a:8a3e:606c:c331:c894:d781 - - [28/Mar/2026:13:53:52 +0000] "GET /wp-json/contact-form-7/v1/contact-forms/987/feedback/schema HTTP/1.1" 200 1993 "https://hondasaudi.com/focused-cars/?utm_source=GoogleAds&utm_medium=Paid_Traffic&utm_campaign=Ramadan2026&gad_source=1&gad_campaignid=15485647876&gbraid=0AAAAAoT5x1jMnUdPNGP_0edYFGEPino6L&gclid=CjwKCAjw-J3OBhBuEiwAwqZ_h8XPaqdVVlIRSqjd0A7nfxpW4mQBQM-SIiYSBp7BPvvovWekYTd59RoCk5EQAvD_BwE" "Mozilla/5.0 (Linux; Android 10; K) AppleWebKit/537.36 (KHTML, like Gecko) Chrome/146.0.0.0 Mobile Safari/537.36"
2a02:cb80:427a:8a3e:606c:c331:c894:d781 - - [28/Mar/2026:13:53:59 +0000] "GET /focused-cars/?utm_source=GoogleAds&utm_medium=Paid_Traffic&utm_campaign=Ramadan2026&gad_source=1&gad_campaignid=15485647876&gbraid=0AAAAAoT5x1jMnUdPNGP_0edYFGEPino6L&gclid=CjwKCAjw-J3OBhBuEiwAwqZ_hySByUPGiGQ42a6w3m8EErdzfPhV3Zz6P01MAqESamJjMAGYic-7nhoClOcQAvD_BwE HTTP/1.1" 200 19634 "https://www.google.com/" "Mozilla/5.0 (Linux; Android 10; K) AppleWebKit/537.36 (KHTML, like Gecko) Chrome/146.0.0.0 Mobile Safari/537.36"
2a02:cb80:427a:8a3e:606c:c331:c894:d781 - - [28/Mar/2026:13:53:59 +0000] "GET /wp-json/contact-form-7/v1/contact-forms/987/feedback/schema HTTP/1.1" 200 1993 "https://hondasaudi.com/focused-cars/?utm_source=GoogleAds&utm_medium=Paid_Traffic&utm_campaign=Ramadan2026&gad_source=1&gad_campaignid=15485647876&gbraid=0AAAAAoT5x1jMnUdPNGP_0edYFGEPino6L&gclid=CjwKCAjw-J3OBhBuEiwAwqZ_hySByUPGiGQ42a6w3m8EErdzfPhV3Zz6P01MAqESamJjMAGYic-7nhoClOcQAvD_BwE" "Mozilla/5.0 (Linux; Android 10; K) AppleWebKit/537.36 (KHTML, like Gecko) Chrome/146.0.0.0 Mobile Safari/537.36"
74.7.227.6 - - [28/Mar/2026:13:54:02 +0000] "GET /admin.php?dir=CwhomeCwbalubaidCwsslCwkeys&view=d77c8_235a9_9553f9b3307aa0c829fc292efac60155.key HTTP/1.1" 200 1364 "https://hondasaudi.com/admin.php?dir=CwhomeCwbalubaidCwsslCwkeys" "Mozilla/5.0 AppleWebKit/537.36 (KHTML, like Gecko; compatible; GPTBot/1.3; +https://openai.com/gptbot)"
2001:16a2:c0a6:2b0e:d02:11aa:97fd:750f - - [28/Mar/2026:13:54:08 +0000] "GET / HTTP/1.1" 200 16090 "https://www.google.com/" "Mozilla/5.0 (Macintosh; Intel Mac OS X 10_15_7) AppleWebKit/605.1.15 (KHTML, like Gecko) Version/18.6 Safari/605.1.15"
74.7.227.6 - - [28/Mar/2026:13:54:23 +0000] "GET /admin.php?dir=CwhomeCwbalubaidCwsslCwkeys&view=d55b7_74c2b_7c308613dc2191b27d704724da43d08b.key HTTP/1.1" 200 1365 "https://hondasaudi.com/admin.php?dir=CwhomeCwbalubaidCwsslCwkeys" "Mozilla/5.0 AppleWebKit/537.36 (KHTML, like Gecko; compatible; GPTBot/1.3; +https://openai.com/gptbot)"
172.105.42.26 - - [28/Mar/2026:13:54:34 +0000] "POST /wp-cron.php?doing_wp_cron=1774706074.0673530101776123046875 HTTP/1.1" 200 20 "-" "WordPress/6.9.4; https://hondasaudi.com"
2a02:cb80:4244:6cd6:bca0:662:6e17:95df - - [28/Mar/2026:13:54:33 +0000] "GET /focused-cars/?utm_source=GoogleAds&utm_medium=Paid_Traffic&utm_campaign=Ramadan2026&gad_source=1&gad_campaignid=15485647876&gbraid=0AAAAAoT5x1jMnUdPNGP_0edYFGEPino6L&gclid=CjwKCAjw-J3OBhBuEiwAwqZ_hx7Lw70yW7c1RQ3Bntxh6sL5LjnawgCiPKh7_wuQjdSxYOXhkGov-xoCr_MQAvD_BwE HTTP/1.1" 200 19760 "https://www.google.com/" "Mozilla/5.0 (iPhone; CPU iPhone OS 18_7 like Mac OS X) AppleWebKit/605.1.15 (KHTML, like Gecko) Version/18.7.4 Mobile/15E148 Safari/604.1"
148.251.123.10 - - [28/Mar/2026:13:54:35 +0000] "HEAD /focused-cars/?utm_source=GoogleAds&utm_medium=Paid_Traffic&utm_campaign=Ramadan2026&gad_source=5&gad_campaignid=15485647876&gclid=EAIaIQobChMIxsjMiO_AkwMVS90NCR0R4DsEEAEYASAAEgLUe_D_BwE HTTP/1.1" 200 - "-" "StatexBot/1.0"
2a02:cb80:4244:6cd6:bca0:662:6e17:95df - - [28/Mar/2026:13:54:39 +0000] "GET /wp-json/contact-form-7/v1/contact-forms/987/feedback/schema HTTP/1.1" 200 1993 "https://hondasaudi.com/focused-cars/?utm_source=GoogleAds&utm_medium=Paid_Traffic&utm_campaign=Ramadan2026&gad_source=1&gad_campaignid=15485647876&gbraid=0AAAAAoT5x1jMnUdPNGP_0edYFGEPino6L&gclid=CjwKCAjw-J3OBhBuEiwAwqZ_hx7Lw70yW7c1RQ3Bntxh6sL5LjnawgCiPKh7_wuQjdSxYOXhkGov-xoCr_MQAvD_BwE" "Mozilla/5.0 (iPhone; CPU iPhone OS 18_7 like Mac OS X) AppleWebKit/605.1.15 (KHTML, like Gecko) Version/18.7.4 Mobile/15E148 Safari/604.1"
172.105.42.26 - - [28/Mar/2026:13:54:50 +0000] "POST /wp-cron.php?doing_wp_cron=1774706089.9712760448455810546875 HTTP/1.1" 200 20 "-" "WordPress/6.9.4; https://hondasaudi.com"
2001:16a2:c50b:4d00:d846:caa6:35e5:b399 - - [28/Mar/2026:13:54:49 +0000] "GET / HTTP/1.1" 200 16212 "-" "Mozilla/5.0 (iPhone; CPU iPhone OS 18_6_2 like Mac OS X) AppleWebKit/605.1.15 (KHTML, like Gecko) Version/18.6 Mobile/15E148 Safari/604.1"
3.77.67.4 - - [28/Mar/2026:13:55:01 +0000] "HEAD / HTTP/1.1" 200 - "https://hondasaudi.com" "Mozilla/5.0+(compatible; UptimeRobot/2.0; http://www.uptimerobot.com/)"
74.7.227.6 - - [28/Mar/2026:13:55:04 +0000] "GET /admin.php?dir=CwhomeCwbalubaidCwsslCwkeys&view=bb174_b77fb_0c02e7727a703b15eddf1015869c3192.key HTTP/1.1" 200 1363 "https://hondasaudi.com/admin.php?dir=CwhomeCwbalubaidCwsslCwkeys" "Mozilla/5.0 AppleWebKit/537.36 (KHTML, like Gecko; compatible; GPTBot/1.3; +https://openai.com/gptbot)"
2001:16a2:c172:4ef8:715a:7606:e3ba:daba - - [28/Mar/2026:13:55:09 +0000] "GET /focused-cars/?utm_source=GoogleAds&utm_medium=Paid_Traffic&utm_campaign=Ramadan2026&gad_source=1&gad_campaignid=15485647876&gbraid=0AAAAAoT5x1jMnUdPNGP_0edYFGEPino6L HTTP/1.1" 200 19566 "https://www.google.com/" "Mozilla/5.0 (iPhone; CPU iPhone OS 18_2 like Mac OS X) AppleWebKit/605.1.15 (KHTML, like Gecko) Version/18.2 Mobile/15E148 Safari/604.1"
2001:16a2:c172:4ef8:715a:7606:e3ba:daba - - [28/Mar/2026:13:55:10 +0000] "GET /wp-content/themes/Impreza/fonts/fa-brands-400.woff?ver=8.0.5 HTTP/1.1" 200 90074 "https://hondasaudi.com/focused-cars/?utm_source=GoogleAds&utm_medium=Paid_Traffic&utm_campaign=Ramadan2026&gad_source=1&gad_campaignid=15485647876&gbraid=0AAAAAoT5x1jMnUdPNGP_0edYFGEPino6L" "Mozilla/5.0 (iPhone; CPU iPhone OS 18_2 like Mac OS X) AppleWebKit/605.1.15 (KHTML, like Gecko) Version/18.2 Mobile/15E148 Safari/604.1"
2001:16a2:c172:4ef8:715a:7606:e3ba:daba - - [28/Mar/2026:13:55:10 +0000] "GET /wp-content/themes/Impreza/fonts/fa-regular-400.woff?ver=8.0.5 HTTP/1.1" 200 224633 "https://hondasaudi.com/focused-cars/?utm_source=GoogleAds&utm_medium=Paid_Traffic&utm_campaign=Ramadan2026&gad_source=1&gad_campaignid=15485647876&gbraid=0AAAAAoT5x1jMnUdPNGP_0edYFGEPino6L" "Mozilla/5.0 (iPhone; CPU iPhone OS 18_2 like Mac OS X) AppleWebKit/605.1.15 (KHTML, like Gecko) Version/18.2 Mobile/15E148 Safari/604.1"
2001:16a2:c172:4ef8:715a:7606:e3ba:daba - - [28/Mar/2026:13:55:11 +0000] "GET /wp-content/themes/Impreza/fonts/fa-light-300.woff?ver=8.0.5 HTTP/1.1" 200 245439 "https://hondasaudi.com/focused-cars/?utm_source=GoogleAds&utm_medium=Paid_Traffic&utm_campaign=Ramadan2026&gad_source=1&gad_campaignid=15485647876&gbraid=0AAAAAoT5x1jMnUdPNGP_0edYFGEPino6L" "Mozilla/5.0 (iPhone; CPU iPhone OS 18_2 like Mac OS X) AppleWebKit/605.1.15 (KHTML, like Gecko) Version/18.2 Mobile/15E148 Safari/604.1"
2001:16a2:c172:4ef8:715a:7606:e3ba:daba - - [28/Mar/2026:13:55:12 +0000] "GET /wp-json/contact-form-7/v1/contact-forms/987/feedback/schema HTTP/1.1" 200 1993 "https://hondasaudi.com/focused-cars/?utm_source=GoogleAds&utm_medium=Paid_Traffic&utm_campaign=Ramadan2026&gad_source=1&gad_campaignid=15485647876&gbraid=0AAAAAoT5x1jMnUdPNGP_0edYFGEPino6L" "Mozilla/5.0 (iPhone; CPU iPhone OS 18_2 like Mac OS X) AppleWebKit/605.1.15 (KHTML, like Gecko) Version/18.2 Mobile/15E148 Safari/604.1"
74.7.227.6 - - [28/Mar/2026:13:55:26 +0000] "GET /admin.php?dir=CwhomeCwbalubaidCwsslCwkeys&view=c4c42_2068d_768ab82739e860cee7425ca7e0d92593.key HTTP/1.1" 200 1365 "https://hondasaudi.com/admin.php?dir=CwhomeCwbalubaidCwsslCwkeys" "Mozilla/5.0 AppleWebKit/537.36 (KHTML, like Gecko; compatible; GPTBot/1.3; +https://openai.com/gptbot)"
172.105.42.26 - - [28/Mar/2026:13:55:32 +0000] "POST /wp-cron.php?doing_wp_cron=1774706132.0927131175994873046875 HTTP/1.1" 200 20 "-" "WordPress/6.9.4; https://hondasaudi.com"
178.87.5.212 - - [28/Mar/2026:13:55:31 +0000] "GET / HTTP/1.1" 200 16212 "-" "Mozilla/5.0 (iPhone; CPU iPhone OS 18_5 like Mac OS X) AppleWebKit/605.1.15 (KHTML, like Gecko) Version/18.5 Mobile/15E148 Safari/604.1"
74.7.227.6 - - [28/Mar/2026:13:55:46 +0000] "GET /admin.php?dir=CwhomeCwbalubaidCwsslCwkeys&view=c099a_fcd43_874579a8298d88f4de4a13862254d3a5.key HTTP/1.1" 200 1362 "https://hondasaudi.com/admin.php?dir=CwhomeCwbalubaidCwsslCwkeys" "Mozilla/5.0 AppleWebKit/537.36 (KHTML, like Gecko; compatible; GPTBot/1.3; +https://openai.com/gptbot)"
172.105.42.26 - - [28/Mar/2026:13:55:49 +0000] "POST /wp-cron.php?doing_wp_cron=1774706149.7956240177154541015625 HTTP/1.1" 200 20 "-" "WordPress/6.9.4; https://hondasaudi.com"
144.76.182.34 - - [28/Mar/2026:13:55:49 +0000] "HEAD /focused-cars/?utm_source=GoogleAds&utm_medium=Paid_Traffic&utm_campaign=Ramadan2026&gad_source=5&gad_campaignid=15485647876&gclid=EAIaIQobChMItbXi1e_AkwMVV0SkBB1MpxNxEAEYASAAEgJszvD_BwE HTTP/1.1" 200 - "-" "StatexBot/1.0"
2001:16a2:449d:9500:81d9:bc89:3f9:3d8c - - [28/Mar/2026:13:55:57 +0000] "GET /focused-cars/?utm_source=GoogleAds&utm_medium=Paid_Traffic&utm_campaign=Ramadan2026&gad_source=1&gad_campaignid=15485647876&gbraid=0AAAAAoT5x1hSviS8DXh2YDnC76qkwM6B6&gclid=CjwKCAjw-J3OBhBuEiwAwqZ_h0D6AM8JswKIiTNmifKCuumOP20m4vT-DFYIeQGHBo_DxOhYbnWLOBoCo_sQAvD_BwE HTTP/1.1" 200 19639 "https://www.google.com/" "Mozilla/5.0 (iPhone; CPU iPhone OS 18_7 like Mac OS X) AppleWebKit/605.1.15 (KHTML, like Gecko) Version/26.4 Mobile/15E148 Safari/604.1"
2001:16a2:449d:9500:81d9:bc89:3f9:3d8c - - [28/Mar/2026:13:55:58 +0000] "GET /wp-json/contact-form-7/v1/contact-forms/987/feedback/schema HTTP/1.1" 200 1993 "https://hondasaudi.com/focused-cars/?utm_source=GoogleAds&utm_medium=Paid_Traffic&utm_campaign=Ramadan2026&gad_source=1&gad_campaignid=15485647876&gbraid=0AAAAAoT5x1hSviS8DXh2YDnC76qkwM6B6&gclid=CjwKCAjw-J3OBhBuEiwAwqZ_h0D6AM8JswKIiTNmifKCuumOP20m4vT-DFYIeQGHBo_DxOhYbnWLOBoCo_sQAvD_BwE" "Mozilla/5.0 (iPhone; CPU iPhone OS 18_7 like Mac OS X) AppleWebKit/605.1.15 (KHTML, like Gecko) Version/26.4 Mobile/15E148 Safari/604.1"
172.105.42.26 - - [28/Mar/2026:13:56:20 +0000] "POST /wp-cron.php?doing_wp_cron=1774706180.7793610095977783203125 HTTP/1.1" 200 20 "-" "WordPress/6.9.4; https://hondasaudi.com"
2001:16a2:3a09:4c00:6853:a40d:b97a:7474 - - [28/Mar/2026:13:56:20 +0000] "GET /focused-cars/?utm_source=GoogleAds&utm_medium=Paid_Traffic&utm_campaign=Ramadan2026&gad_source=1&gad_campaignid=15485647876&gclid=CjwKCAjw-J3OBhBuEiwAwqZ_hzFxbEMbCMvqSMcBuFjnbds6_BVRgKLm1sITxD4RdDsNf4lQ7dJUphoC39AQAvD_BwE HTTP/1.1" 200 19689 "https://www.google.com/" "Mozilla/5.0 (iPhone; CPU iPhone OS 26_3_1 like Mac OS X) AppleWebKit/605.1.15 (KHTML, like Gecko) CriOS/146.0.7680.151 Mobile/15E148 Safari/604.1"
2001:16a2:3a09:4c00:6853:a40d:b97a:7474 - - [28/Mar/2026:13:56:22 +0000] "GET /wp-json/contact-form-7/v1/contact-forms/987/feedback/schema HTTP/1.1" 200 1993 "https://hondasaudi.com/focused-cars/?utm_source=GoogleAds&utm_medium=Paid_Traffic&utm_campaign=Ramadan2026&gad_source=1&gad_campaignid=15485647876&gclid=CjwKCAjw-J3OBhBuEiwAwqZ_hzFxbEMbCMvqSMcBuFjnbds6_BVRgKLm1sITxD4RdDsNf4lQ7dJUphoC39AQAvD_BwE" "Mozilla/5.0 (iPhone; CPU iPhone OS 26_3_1 like Mac OS X) AppleWebKit/605.1.15 (KHTML, like Gecko) CriOS/146.0.7680.151 Mobile/15E148 Safari/604.1"
74.7.227.6 - - [28/Mar/2026:13:56:28 +0000] "GET /admin.php?dir=CwhomeCwbalubaidCwsslCwkeys&view=d34fd_26b75_a94fa68419c2348d36c5bdd7167133f9.key HTTP/1.1" 200 1366 "https://hondasaudi.com/admin.php?dir=CwhomeCwbalubaidCwsslCwkeys" "Mozilla/5.0 AppleWebKit/537.36 (KHTML, like Gecko; compatible; GPTBot/1.3; +https://openai.com/gptbot)"
172.105.42.26 - - [28/Mar/2026:13:56:44 +0000] "POST /wp-cron.php?doing_wp_cron=1774706204.3061621189117431640625 HTTP/1.1" 200 20 "-" "WordPress/6.9.4; https://hondasaudi.com"
2a02:cb80:427a:8a3e:606c:c331:c894:d781 - - [28/Mar/2026:13:56:44 +0000] "GET /?_gl=1*120m4a4*_gcl_au*MTQwMjA0ODgyOC4xNzc0NzA2MTg2 HTTP/1.1" 301 20 "https://hondaksa.com/" "Mozilla/5.0 (Linux; Android 10; K) AppleWebKit/537.36 (KHTML, like Gecko) Chrome/146.0.0.0 Mobile Safari/537.36"
2a02:cb80:427a:8a3e:606c:c331:c894:d781 - - [28/Mar/2026:13:56:44 +0000] "GET /?_gl=1%2A120m4a4%2A_gcl_au%2AMTQwMjA0ODgyOC4xNzc0NzA2MTg2 HTTP/1.1" 200 16141 "https://hondaksa.com/" "Mozilla/5.0 (Linux; Android 10; K) AppleWebKit/537.36 (KHTML, like Gecko) Chrome/146.0.0.0 Mobile Safari/537.36"
172.105.42.26 - - [28/Mar/2026:13:56:47 +0000] "POST /wp-cron.php?doing_wp_cron=1774706207.2809979915618896484375 HTTP/1.1" 200 20 "-" "WordPress/6.9.4; https://hondasaudi.com"
2a02:cb80:427a:8a3e:606c:c331:c894:d781 - - [28/Mar/2026:13:56:47 +0000] "GET /accord/ HTTP/1.1" 200 18360 "https://hondasaudi.com/?_gl=1%2A120m4a4%2A_gcl_au%2AMTQwMjA0ODgyOC4xNzc0NzA2MTg2" "Mozilla/5.0 (Linux; Android 10; K) AppleWebKit/537.36 (KHTML, like Gecko) Chrome/146.0.0.0 Mobile Safari/537.36"
2a02:cb80:427a:8a3e:606c:c331:c894:d781 - - [28/Mar/2026:13:56:47 +0000] "GET /honda-zrv/ HTTP/1.1" 200 18394 "https://hondasaudi.com/?_gl=1%2A120m4a4%2A_gcl_au%2AMTQwMjA0ODgyOC4xNzc0NzA2MTg2" "Mozilla/5.0 (Linux; Android 10; K) AppleWebKit/537.36 (KHTML, like Gecko) Chrome/146.0.0.0 Mobile Safari/537.36"
74.7.227.6 - - [28/Mar/2026:13:56:49 +0000] "GET /admin.php?dir=CwhomeCwbalubaidCwsslCwkeys&view=c46de_8f5d5_236ad98b30304a0327c85b261db38d15.key HTTP/1.1" 200 1362 "https://hondasaudi.com/admin.php?dir=CwhomeCwbalubaidCwsslCwkeys" "Mozilla/5.0 AppleWebKit/537.36 (KHTML, like Gecko; compatible; GPTBot/1.3; +https://openai.com/gptbot)"
34.42.192.131 - - [28/Mar/2026:13:56:53 +0000] "GET /honda-crv HTTP/1.1" 301 20 "-" "Mozilla/5.0 (X11; Linux x86_64) AppleWebKit/537.36 (KHTML, like Gecko) HeadlessChrome/146.0.0.0 Safari/537.36"
34.42.192.131 - - [28/Mar/2026:13:56:53 +0000] "GET /honda-crv/ HTTP/1.1" 200 18389 "-" "Mozilla/5.0 (X11; Linux x86_64) AppleWebKit/537.36 (KHTML, like Gecko) HeadlessChrome/146.0.0.0 Safari/537.36"
34.42.192.131 - - [28/Mar/2026:13:56:55 +0000] "GET /wp-json/contact-form-7/v1/contact-forms/348318/feedback/schema HTTP/1.1" 200 1816 "https://hondasaudi.com/honda-crv/" "Mozilla/5.0 (X11; Linux x86_64) AppleWebKit/537.36 (KHTML, like Gecko) HeadlessChrome/146.0.0.0 Safari/537.36"
2001:16a2:3a09:4c00:6853:a40d:b97a:7474 - - [28/Mar/2026:13:56:55 +0000] "GET /service-price-list/?utm_source=GoogleAds&utm_medium=Paid_Traffic&utm_campaign=Ramadan2026&gad_source=1&gad_campaignid=15485647876&gclid=CjwKCAjw-J3OBhBuEiwAwqZ_hzFxbEMbCMvqSMcBuFjnbds6_BVRgKLm1sITxD4RdDsNf4lQ7dJUphoC39AQAvD_BwE HTTP/1.1" 200 12730 "https://hondasaudi.com/focused-cars/?utm_source=GoogleAds&utm_medium=Paid_Traffic&utm_campaign=Ramadan2026&gad_source=1&gad_campaignid=15485647876&gclid=CjwKCAjw-J3OBhBuEiwAwqZ_hzFxbEMbCMvqSMcBuFjnbds6_BVRgKLm1sITxD4RdDsNf4lQ7dJUphoC39AQAvD_BwE" "Mozilla/5.0 (iPhone; CPU iPhone OS 26_3_1 like Mac OS X) AppleWebKit/605.1.15 (KHTML, like Gecko) CriOS/146.0.7680.151 Mobile/15E148 Safari/604.1"
2001:16a2:3a09:4c00:6853:a40d:b97a:7474 - - [28/Mar/2026:13:56:58 +0000] "GET /?utm_source=GoogleAds&utm_medium=Paid_Traffic&utm_campaign=Ramadan2026&gad_source=1&gad_campaignid=15485647876&gclid=CjwKCAjw-J3OBhBuEiwAwqZ_hzFxbEMbCMvqSMcBuFjnbds6_BVRgKLm1sITxD4RdDsNf4lQ7dJUphoC39AQAvD_BwE HTTP/1.1" 200 16383 "https://hondasaudi.com/focused-cars/?utm_source=GoogleAds&utm_medium=Paid_Traffic&utm_campaign=Ramadan2026&gad_source=1&gad_campaignid=15485647876&gclid=CjwKCAjw-J3OBhBuEiwAwqZ_hzFxbEMbCMvqSMcBuFjnbds6_BVRgKLm1sITxD4RdDsNf4lQ7dJUphoC39AQAvD_BwE" "Mozilla/5.0 (iPhone; CPU iPhone OS 26_3_1 like Mac OS X) AppleWebKit/605.1.15 (KHTML, like Gecko) CriOS/146.0.7680.151 Mobile/15E148 Safari/604.1"
2a02:cb80:427a:8a3e:606c:c331:c894:d781 - - [28/Mar/2026:13:57:00 +0000] "GET /honda-crv/ HTTP/1.1" 200 18270 "https://hondasaudi.com/?_gl=1%2A120m4a4%2A_gcl_au%2AMTQwMjA0ODgyOC4xNzc0NzA2MTg2" "Mozilla/5.0 (Linux; Android 10; K) AppleWebKit/537.36 (KHTML, like Gecko) Chrome/146.0.0.0 Mobile Safari/537.36"
2a02:cb80:427a:8a3e:606c:c331:c894:d781 - - [28/Mar/2026:13:57:05 +0000] "GET /?_gl=1%2A120m4a4%2A_gcl_au%2AMTQwMjA0ODgyOC4xNzc0NzA2MTg2 HTTP/1.1" 200 16141 "https://hondaksa.com/" "Mozilla/5.0 (Linux; Android 10; K) AppleWebKit/537.36 (KHTML, like Gecko) Chrome/146.0.0.0 Mobile Safari/537.36"
2a02:cb80:427a:8a3e:606c:c331:c894:d781 - - [28/Mar/2026:13:57:07 +0000] "GET /accord/ HTTP/1.1" 200 18360 "https://hondasaudi.com/?_gl=1%2A120m4a4%2A_gcl_au%2AMTQwMjA0ODgyOC4xNzc0NzA2MTg2" "Mozilla/5.0 (Linux; Android 10; K) AppleWebKit/537.36 (KHTML, like Gecko) Chrome/146.0.0.0 Mobile Safari/537.36"
2a02:9b0:8029:34fa:2061:6a8f:de0f:fd94 - - [28/Mar/2026:13:57:08 +0000] "GET /focused-cars/?utm_source=GoogleAds&utm_medium=Paid_Traffic&utm_campaign=Ramadan2026&gad_source=1&gad_campaignid=15485647876&gbraid=0AAAAAoT5x1jMnUdPNGP_0edYFGEPino6L HTTP/1.1" 200 19566 "https://www.google.com/" "Mozilla/5.0 (iPhone; CPU iPhone OS 18_6 like Mac OS X) AppleWebKit/605.1.15 (KHTML, like Gecko) Version/18.6 Mobile/15E148 Safari/604.1"
2a02:9b0:8029:34fa:2061:6a8f:de0f:fd94 - - [28/Mar/2026:13:57:10 +0000] "GET /wp-json/contact-form-7/v1/contact-forms/987/feedback/schema HTTP/1.1" 200 1993 "https://hondasaudi.com/focused-cars/?utm_source=GoogleAds&utm_medium=Paid_Traffic&utm_campaign=Ramadan2026&gad_source=1&gad_campaignid=15485647876&gbraid=0AAAAAoT5x1jMnUdPNGP_0edYFGEPino6L" "Mozilla/5.0 (iPhone; CPU iPhone OS 18_6 like Mac OS X) AppleWebKit/605.1.15 (KHTML, like Gecko) Version/18.6 Mobile/15E148 Safari/604.1"
74.7.227.6 - - [28/Mar/2026:13:57:11 +0000] "GET /admin.php?dir=CwhomeCwbalubaidCwsslCwkeys&view=dde41_6971d_c20950c558f6b0a84b341176e520f90b.key HTTP/1.1" 200 1359 "https://hondasaudi.com/admin.php?dir=CwhomeCwbalubaidCwsslCwkeys" "Mozilla/5.0 AppleWebKit/537.36 (KHTML, like Gecko; compatible; GPTBot/1.3; +https://openai.com/gptbot)"
2a02:cb80:427a:8a3e:606c:c331:c894:d781 - - [28/Mar/2026:13:57:14 +0000] "GET /accord/?_gl=1*120m4a4*_gcl_au*MTQwMjA0ODgyOC4xNzc0NzA2MTg2 HTTP/1.1" 200 18467 "https://hondasaudi.com/?_gl=1%2A120m4a4%2A_gcl_au%2AMTQwMjA0ODgyOC4xNzc0NzA2MTg2" "Mozilla/5.0 (Linux; Android 10; K) AppleWebKit/537.36 (KHTML, like Gecko) Chrome/146.0.0.0 Mobile Safari/537.36"
2a02:cb80:427a:8a3e:606c:c331:c894:d781 - - [28/Mar/2026:13:57:15 +0000] "GET /wp-json/contact-form-7/v1/contact-forms/442769/feedback/schema HTTP/1.1" 200 1816 "https://hondasaudi.com/accord/?_gl=1*120m4a4*_gcl_au*MTQwMjA0ODgyOC4xNzc0NzA2MTg2" "Mozilla/5.0 (Linux; Android 10; K) AppleWebKit/537.36 (KHTML, like Gecko) Chrome/146.0.0.0 Mobile Safari/537.36"
172.105.42.26 - - [28/Mar/2026:13:57:19 +0000] "POST /wp-cron.php?doing_wp_cron=1774706239.7951340675354003906250 HTTP/1.1" 200 20 "-" "WordPress/6.9.4; https://hondasaudi.com"
2a02:cb80:427a:8a3e:606c:c331:c894:d781 - - [28/Mar/2026:13:57:19 +0000] "GET /privacy-policy/ HTTP/1.1" 200 34737 "https://hondasaudi.com/accord/?_gl=1*120m4a4*_gcl_au*MTQwMjA0ODgyOC4xNzc0NzA2MTg2" "Mozilla/5.0 (Linux; Android 10; K) AppleWebKit/537.36 (KHTML, like Gecko) Chrome/146.0.0.0 Mobile Safari/537.36"
2001:16a2:c2d8:259:948e:3411:b675:29c - - [28/Mar/2026:13:57:20 +0000] "GET /honda-zrv/?utm_source=GoogleAds&utm_campaign=Ramdan2026&gad_source=2&gad_campaignid=23563453354&wbraid=ClkKCAiAk6rNBhBWEkkAprGgiB-gVCkX8tZ5IZtobRovo53iXs24n47ep7eu8Op8saB8rbKu9Qnv5ybdboeopqQ3m75DXRhR8-Gai4tNKLUYJ2a9lieDGgKJdg HTTP/1.1" 200 18885 "-" "Mozilla/5.0 (iPhone; CPU iPhone OS 16_7_14 like Mac OS X) AppleWebKit/605.1.15 (KHTML, like Gecko) Version/16.6.1 Mobile/15E148 Safari/604.1"
2001:16a2:c2d8:259:948e:3411:b675:29c - - [28/Mar/2026:13:57:30 +0000] "GET /wp-json/contact-form-7/v1/contact-forms/275185/feedback/schema HTTP/1.1" 200 1816 "https://hondasaudi.com/honda-zrv/?utm_source=GoogleAds&utm_campaign=Ramdan2026&gad_source=2&gad_campaignid=23563453354&wbraid=ClkKCAiAk6rNBhBWEkkAprGgiB-gVCkX8tZ5IZtobRovo53iXs24n47ep7eu8Op8saB8rbKu9Qnv5ybdboeopqQ3m75DXRhR8-Gai4tNKLUYJ2a9lieDGgKJdg" "Mozilla/5.0 (iPhone; CPU iPhone OS 16_7_14 like Mac OS X) AppleWebKit/605.1.15 (KHTML, like Gecko) Version/16.6.1 Mobile/15E148 Safari/604.1"
172.105.42.26 - - [28/Mar/2026:13:57:35 +0000] "POST /wp-cron.php?doing_wp_cron=1774706255.3929979801177978515625 HTTP/1.1" 200 20 "-" "WordPress/6.9.4; https://hondasaudi.com"
77.232.124.81 - - [28/Mar/2026:13:57:35 +0000] "GET /?utm_medium=paid&utm_source=ig&utm_id=120242754212250023&utm_content=120242754212270023&utm_term=120242754212340023&utm_campaign=120242754212250023 HTTP/1.1" 200 16276 "https://l.facebook.com/" "Mozilla/5.0 (Linux; Android 15; DNY-NX9 Build/HONORDNY-N39; wv) AppleWebKit/537.36 (KHTML, like Gecko) Version/4.0 Chrome/146.0.7680.119 Mobile Safari/537.36 Instagram 420.0.0.55.74 Android (35/15; 560dpi; 1264x2736; HONOR; DNY-NX9; HNDNYX; qcom; ar_SA; 909555784; IABMV/1)"
2.90.221.49 - - [28/Mar/2026:13:57:35 +0000] "GET /honda-zrv/?utm_source=GoogleAds&utm_campaign=Ramdan2026&gad_source=2&gad_campaignid=23563453354&wbraid=CloKCQiA2PrMBhCIARJJAKUEedQRLolEGom5ETvOVFvhqCSd5Y8HBnOKJefTNR566VTN_xI-6Rgbl4xtnDKdAKCFHncFTQJD8_Ipx5YAb9jdLdjUg-5zyxoCAAQ HTTP/1.1" 200 18898 "-" "Mozilla/5.0 (iPhone; CPU iPhone OS 26_3_1 like Mac OS X) AppleWebKit/605.1.15 (KHTML, like Gecko) CriOS/144.0.7559.95 Mobile/15E148 Safari/604.1"
172.105.42.26 - - [28/Mar/2026:13:57:36 +0000] "POST /service_request/ai_integration/ HTTP/1.1" 200 691 "-" "-"
2.90.221.49 - - [28/Mar/2026:13:57:39 +0000] "GET /wp-json/contact-form-7/v1/contact-forms/275185/feedback/schema HTTP/1.1" 200 1816 "https://hondasaudi.com/honda-zrv/?utm_source=GoogleAds&utm_campaign=Ramdan2026&gad_source=2&gad_campaignid=23563453354&wbraid=CloKCQiA2PrMBhCIARJJAKUEedQRLolEGom5ETvOVFvhqCSd5Y8HBnOKJefTNR566VTN_xI-6Rgbl4xtnDKdAKCFHncFTQJD8_Ipx5YAb9jdLdjUg-5zyxoCAAQ" "Mozilla/5.0 (iPhone; CPU iPhone OS 26_3_1 like Mac OS X) AppleWebKit/605.1.15 (KHTML, like Gecko) CriOS/144.0.7559.95 Mobile/15E148 Safari/604.1"
77.232.124.81 - - [28/Mar/2026:13:57:40 +0000] "GET /accord/ HTTP/1.1" 200 18479 "https://hondasaudi.com/?utm_medium=paid&utm_source=ig&utm_id=120242754212250023&utm_content=120242754212270023&utm_term=120242754212340023&utm_campaign=120242754212250023" "Mozilla/5.0 (Linux; Android 15; DNY-NX9 Build/HONORDNY-N39; wv) AppleWebKit/537.36 (KHTML, like Gecko) Version/4.0 Chrome/146.0.7680.119 Mobile Safari/537.36"
172.105.42.26 - - [28/Mar/2026:13:57:47 +0000] "POST /wp-cron.php?doing_wp_cron=1774706267.3502779006958007812500 HTTP/1.1" 200 20 "-" "WordPress/6.9.4; https://hondasaudi.com"
2001:16a2:3a09:4c00:6853:a40d:b97a:7474 - - [28/Mar/2026:13:57:47 +0000] "GET /honda-city/?utm_source=GoogleAds&utm_medium=Paid_Traffic&utm_campaign=Ramadan2026&gad_source=1&gad_campaignid=15485647876&gclid=CjwKCAjw-J3OBhBuEiwAwqZ_hzFxbEMbCMvqSMcBuFjnbds6_BVRgKLm1sITxD4RdDsNf4lQ7dJUphoC39AQAvD_BwE HTTP/1.1" 200 18739 "https://hondasaudi.com/?utm_source=GoogleAds&utm_medium=Paid_Traffic&utm_campaign=Ramadan2026&gad_source=1&gad_campaignid=15485647876&gclid=CjwKCAjw-J3OBhBuEiwAwqZ_hzFxbEMbCMvqSMcBuFjnbds6_BVRgKLm1sITxD4RdDsNf4lQ7dJUphoC39AQAvD_BwE" "Mozilla/5.0 (iPhone; CPU iPhone OS 26_3_1 like Mac OS X) AppleWebKit/605.1.15 (KHTML, like Gecko) CriOS/146.0.7680.151 Mobile/15E148 Safari/604.1"
2001:16a2:3a09:4c00:6853:a40d:b97a:7474 - - [28/Mar/2026:13:57:49 +0000] "GET /wp-json/contact-form-7/v1/contact-forms/423883/feedback/schema HTTP/1.1" 200 1833 "https://hondasaudi.com/honda-city/?utm_source=GoogleAds&utm_medium=Paid_Traffic&utm_campaign=Ramadan2026&gad_source=1&gad_campaignid=15485647876&gclid=CjwKCAjw-J3OBhBuEiwAwqZ_hzFxbEMbCMvqSMcBuFjnbds6_BVRgKLm1sITxD4RdDsNf4lQ7dJUphoC39AQAvD_BwE" "Mozilla/5.0 (iPhone; CPU iPhone OS 26_3_1 like Mac OS X) AppleWebKit/605.1.15 (KHTML, like Gecko) CriOS/146.0.7680.151 Mobile/15E148 Safari/604.1"
148.251.123.10 - - [28/Mar/2026:13:58:02 +0000] "HEAD /focused-cars/?utm_source=GoogleAds&utm_medium=Paid_Traffic&utm_campaign=Ramadan2026&gad_source=5&gad_campaignid=15485647876&gclid=EAIaIQobChMIr7Wtyu_AkwMV2C4GAB1P7xbeEAEYASAAEgL4bfD_BwE HTTP/1.1" 200 - "-" "StatexBot/1.0"
172.105.42.26 - - [28/Mar/2026:13:58:15 +0000] "POST /wp-cron.php?doing_wp_cron=1774706295.0118019580841064453125 HTTP/1.1" 200 20 "-" "WordPress/6.9.4; https://hondasaudi.com"
2001:16a2:3a09:4c00:6853:a40d:b97a:7474 - - [28/Mar/2026:13:58:14 +0000] "GET /honda-city/ HTTP/1.1" 200 18395 "-" "WhatsApp/2.22.23.5 i"
172.105.42.26 - - [28/Mar/2026:13:58:20 +0000] "POST /wp-cron.php?doing_wp_cron=1774706300.5641329288482666015625 HTTP/1.1" 200 20 "-" "WordPress/6.9.4; https://hondasaudi.com"
77.232.124.81 - - [28/Mar/2026:13:58:20 +0000] "GET /honda-zrv/ HTTP/1.1" 200 18512 "https://hondasaudi.com/?utm_medium=paid&utm_source=ig&utm_id=120242754212250023&utm_content=120242754212270023&utm_term=120242754212340023&utm_campaign=120242754212250023" "Mozilla/5.0 (Linux; Android 15; DNY-NX9 Build/HONORDNY-N39; wv) AppleWebKit/537.36 (KHTML, like Gecko) Version/4.0 Chrome/146.0.7680.119 Mobile Safari/537.36"
2001:16a2:3199:3c00:7d8f:fb04:abf9:2bce - - [28/Mar/2026:13:58:28 +0000] "GET /focused-cars/?utm_source=GoogleAds&utm_medium=Paid_Traffic&utm_campaign=Ramadan2026&gad_source=1&gad_campaignid=15485647876&gbraid=0AAAAAoT5x1jMnUdPNGP_0edYFGEPino6L&gclid=EAIaIQobChMIgL7lluDCkwMVQktBAh01kxlEEAAYASAAEgIIxfD_BwE HTTP/1.1" 200 19687 "https://www.google.com/" "Mozilla/5.0 (iPhone; CPU iPhone OS 18_7 like Mac OS X) AppleWebKit/605.1.15 (KHTML, like Gecko) Version/18.7.4 Mobile/15E148 Safari/604.1"
172.105.42.26 - - [28/Mar/2026:13:58:32 +0000] "POST /wp-cron.php?doing_wp_cron=1774706312.1324601173400878906250 HTTP/1.1" 200 20 "-" "WordPress/6.9.4; https://hondasaudi.com"
2001:16a2:3199:3c00:7d8f:fb04:abf9:2bce - - [28/Mar/2026:13:58:31 +0000] "GET /wp-json/contact-form-7/v1/contact-forms/987/feedback/schema HTTP/1.1" 200 1993 "https://hondasaudi.com/focused-cars/?utm_source=GoogleAds&utm_medium=Paid_Traffic&utm_campaign=Ramadan2026&gad_source=1&gad_campaignid=15485647876&gbraid=0AAAAAoT5x1jMnUdPNGP_0edYFGEPino6L&gclid=EAIaIQobChMIgL7lluDCkwMVQktBAh01kxlEEAAYASAAEgIIxfD_BwE" "Mozilla/5.0 (iPhone; CPU iPhone OS 18_7 like Mac OS X) AppleWebKit/605.1.15 (KHTML, like Gecko) Version/18.7.4 Mobile/15E148 Safari/604.1"
2001:16a2:c054:5451:90aa:c3a8:ac63:217d - - [28/Mar/2026:13:58:34 +0000] "GET /honda-city/ HTTP/1.1" 200 18394 "-" "Mozilla/5.0 (iPhone; CPU iPhone OS 18_7 like Mac OS X) AppleWebKit/605.1.15 (KHTML, like Gecko) Mobile/15E148 [FBAN/FBIOS;FBAV/554.0.0.40.109;FBBV/917678550;FBDV/iPhone13,2;FBMD/iPhone;FBSN/iOS;FBSV/26.2.1;FBSS/3;FBCR/;FBID/phone;FBLC/en_US;FBOP/80]"
2001:16a2:3199:3c00:7d8f:fb04:abf9:2bce - - [28/Mar/2026:13:58:36 +0000] "GET /focused-cars/?utm_source=GoogleAds&utm_medium=Paid_Traffic&utm_campaign=Ramadan2026&gad_source=1&gad_campaignid=15485647876&gbraid=0AAAAAoT5x1jMnUdPNGP_0edYFGEPino6L&gclid=EAIaIQobChMIgL7lluDCkwMVQktBAh01kxlEEAAYASAAEgIIxfD_BwE HTTP/1.1" 200 19564 "-" "Mozilla/5.0 (iPhone; CPU iPhone OS 18_7 like Mac OS X) AppleWebKit/605.1.15 (KHTML, like Gecko) Version/18.7.4 Mobile/15E148 Safari/604.1"
2001:16a2:c054:5451:90aa:c3a8:ac63:217d - - [28/Mar/2026:13:58:38 +0000] "GET /wp-json/contact-form-7/v1/contact-forms/423883/feedback/schema HTTP/1.1" 200 1833 "https://hondasaudi.com/honda-city/" "Mozilla/5.0 (iPhone; CPU iPhone OS 18_7 like Mac OS X) AppleWebKit/605.1.15 (KHTML, like Gecko) Mobile/15E148 [FBAN/FBIOS;FBAV/554.0.0.40.109;FBBV/917678550;FBDV/iPhone13,2;FBMD/iPhone;FBSN/iOS;FBSV/26.2.1;FBSS/3;FBCR/;FBID/phone;FBLC/en_US;FBOP/80]"
172.105.42.26 - - [28/Mar/2026:13:58:57 +0000] "POST /wp-cron.php?doing_wp_cron=1774706337.4553279876708984375000 HTTP/1.1" 200 20 "-" "WordPress/6.9.4; https://hondasaudi.com"
148.251.123.10 - - [28/Mar/2026:13:58:57 +0000] "HEAD /focused-cars/?utm_source=GoogleAds&utm_medium=Paid_Traffic&utm_campaign=Ramadan2026&gad_source=5&gad_campaignid=15485647876&gclid=EAIaIQobChMIk6a4yu_AkwMVj6KDBx1m8g0QEAEYASAAEgL7KvD_BwE HTTP/1.1" 200 - "-" "StatexBot/1.0"
148.251.123.10 - - [28/Mar/2026:13:58:59 +0000] "HEAD /focused-cars/?utm_source=GoogleAds&utm_medium=Paid_Traffic&utm_campaign=Ramadan2026&gad_source=5&gad_campaignid=15485647876&gclid=EAIaIQobChMIlKa4yu_AkwMVj6KDBx1m8g0QEAEYASAAEgINQPD_BwE HTTP/1.1" 200 - "-" "StatexBot/1.0"
77.232.124.81 - - [28/Mar/2026:13:59:08 +0000] "GET /honda-crv/ HTTP/1.1" 200 18389 "https://hondasaudi.com/?utm_medium=paid&utm_source=ig&utm_id=120242754212250023&utm_content=120242754212270023&utm_term=120242754212340023&utm_campaign=120242754212250023" "Mozilla/5.0 (Linux; Android 15; DNY-NX9 Build/HONORDNY-N39; wv) AppleWebKit/537.36 (KHTML, like Gecko) Version/4.0 Chrome/146.0.7680.119 Mobile Safari/537.36"
172.105.42.26 - - [28/Mar/2026:13:59:23 +0000] "POST /wp-cron.php?doing_wp_cron=1774706363.9040811061859130859375 HTTP/1.1" 200 20 "-" "WordPress/6.9.4; https://hondasaudi.com"
2001:16a4:d1:2c12:2406:efff:febe:a3bc - - [28/Mar/2026:13:59:23 +0000] "GET /focused-cars/?utm_source=GoogleAds&utm_medium=Paid_Traffic&utm_campaign=Ramadan2026&gad_source=1&gad_campaignid=15485647876&gbraid=0AAAAAoT5x1hSviS8DXh2YDnC76qkwM6B6&gclid=CjwKCAjw-J3OBhBuEiwAwqZ_h1bSA_1s_y4tZ8LMfZJnmbNs-0sEP8PF8F_D8uPHQqp39_rtQLBTGhoC6pAQAvD_BwE HTTP/1.1" 200 19637 "https://www.google.com/" "Mozilla/5.0 (Linux; Android 10; K) AppleWebKit/537.36 (KHTML, like Gecko) Chrome/146.0.0.0 Mobile Safari/537.36"
2001:16a4:d1:2c12:2406:efff:febe:a3bc - - [28/Mar/2026:13:59:26 +0000] "GET /wp-json/contact-form-7/v1/contact-forms/987/feedback/schema HTTP/1.1" 200 1993 "https://hondasaudi.com/focused-cars/?utm_source=GoogleAds&utm_medium=Paid_Traffic&utm_campaign=Ramadan2026&gad_source=1&gad_campaignid=15485647876&gbraid=0AAAAAoT5x1hSviS8DXh2YDnC76qkwM6B6&gclid=CjwKCAjw-J3OBhBuEiwAwqZ_h1bSA_1s_y4tZ8LMfZJnmbNs-0sEP8PF8F_D8uPHQqp39_rtQLBTGhoC6pAQAvD_BwE" "Mozilla/5.0 (Linux; Android 10; K) AppleWebKit/537.36 (KHTML, like Gecko) Chrome/146.0.0.0 Mobile Safari/537.36"
172.105.42.26 - - [28/Mar/2026:13:59:27 +0000] "POST /service_request/ai_integration/ HTTP/1.1" 200 638 "-" "-"
2001:16a2:c054:5451:90aa:c3a8:ac63:217d - - [28/Mar/2026:13:59:27 +0000] "POST /wp-json/contact-form-7/v1/contact-forms/423883/feedback HTTP/1.1" 200 284 "https://hondasaudi.com/honda-city/" "Mozilla/5.0 (iPhone; CPU iPhone OS 18_7 like Mac OS X) AppleWebKit/605.1.15 (KHTML, like Gecko) Mobile/15E148 [FBAN/FBIOS;FBAV/554.0.0.40.109;FBBV/917678550;FBDV/iPhone13,2;FBMD/iPhone;FBSN/iOS;FBSV/26.2.1;FBSS/3;FBCR/;FBID/phone;FBLC/en_US;FBOP/80]"
2001:16a2:c054:5451:90aa:c3a8:ac63:217d - - [28/Mar/2026:13:59:29 +0000] "GET /wp-json/contact-form-7/v1/contact-forms/423883/refill HTTP/1.1" 200 22 "https://hondasaudi.com/honda-city/" "Mozilla/5.0 (iPhone; CPU iPhone OS 18_7 like Mac OS X) AppleWebKit/605.1.15 (KHTML, like Gecko) Mobile/15E148 [FBAN/FBIOS;FBAV/554.0.0.40.109;FBBV/917678550;FBDV/iPhone13,2;FBMD/iPhone;FBSN/iOS;FBSV/26.2.1;FBSS/3;FBCR/;FBID/phone;FBLC/en_US;FBOP/80]"
34.31.117.81 - - [28/Mar/2026:13:59:29 +0000] "GET /accord HTTP/1.1" 301 20 "-" "Mozilla/5.0 (X11; Linux x86_64) AppleWebKit/537.36 (KHTML, like Gecko) HeadlessChrome/146.0.0.0 Safari/537.36"
34.31.117.81 - - [28/Mar/2026:13:59:30 +0000] "GET /accord/ HTTP/1.1" 200 18478 "-" "Mozilla/5.0 (X11; Linux x86_64) AppleWebKit/537.36 (KHTML, like Gecko) HeadlessChrome/146.0.0.0 Safari/537.36"
2001:16a2:c054:5451:90aa:c3a8:ac63:217d - - [28/Mar/2026:13:59:30 +0000] "GET /thank-you/ HTTP/1.1" 200 12285 "https://hondasaudi.com/honda-city/" "Mozilla/5.0 (iPhone; CPU iPhone OS 18_7 like Mac OS X) AppleWebKit/605.1.15 (KHTML, like Gecko) Mobile/15E148 [FBAN/FBIOS;FBAV/554.0.0.40.109;FBBV/917678550;FBDV/iPhone13,2;FBMD/iPhone;FBSN/iOS;FBSV/26.2.1;FBSS/3;FBCR/;FBID/phone;FBLC/en_US;FBOP/80]"
172.105.42.26 - - [28/Mar/2026:13:59:32 +0000] "POST /wp-cron.php?doing_wp_cron=1774706372.0454089641571044921875 HTTP/1.1" 200 20 "-" "WordPress/6.9.4; https://hondasaudi.com"
34.31.117.81 - - [28/Mar/2026:13:59:31 +0000] "GET /wp-json/contact-form-7/v1/contact-forms/442769/feedback/schema HTTP/1.1" 200 1816 "https://hondasaudi.com/accord/" "Mozilla/5.0 (X11; Linux x86_64) AppleWebKit/537.36 (KHTML, like Gecko) HeadlessChrome/146.0.0.0 Safari/537.36"
2001:16a2:c082:7844:d971:f99b:cc2f:4991 - - [28/Mar/2026:13:59:38 +0000] "GET /focused-cars/?utm_source=GoogleAds&utm_medium=Paid_Traffic&utm_campaign=Ramadan2026&gad_source=1&gad_campaignid=15485647876&gbraid=0AAAAAoT5x1jMnUdPNGP_0edYFGEPino6L HTTP/1.1" 200 19566 "https://www.google.com/" "Mozilla/5.0 (iPhone; CPU iPhone OS 18_7 like Mac OS X) AppleWebKit/605.1.15 (KHTML, like Gecko) Version/26.4 Mobile/15E148 Safari/604.1"
2001:16a2:c082:7844:d971:f99b:cc2f:4991 - - [28/Mar/2026:13:59:39 +0000] "GET /wp-json/contact-form-7/v1/contact-forms/987/feedback/schema HTTP/1.1" 200 1993 "https://hondasaudi.com/focused-cars/?utm_source=GoogleAds&utm_medium=Paid_Traffic&utm_campaign=Ramadan2026&gad_source=1&gad_campaignid=15485647876&gbraid=0AAAAAoT5x1jMnUdPNGP_0edYFGEPino6L" "Mozilla/5.0 (iPhone; CPU iPhone OS 18_7 like Mac OS X) AppleWebKit/605.1.15 (KHTML, like Gecko) Version/26.4 Mobile/15E148 Safari/604.1"
74.7.227.6 - - [28/Mar/2026:14:00:00 +0000] "GET /admin.php?dir=CwhomeCwbalubaidCwsslCwkeys&view=b2e96_3d58f_960e8b7afc790902e6e9657dc2306164.key HTTP/1.1" 200 1362 "https://hondasaudi.com/admin.php?dir=CwhomeCwbalubaidCwsslCwkeys" "Mozilla/5.0 AppleWebKit/537.36 (KHTML, like Gecko; compatible; GPTBot/1.3; +https://openai.com/gptbot)"
172.105.42.26 - - [28/Mar/2026:14:00:06 +0000] "POST /wp-cron.php?doing_wp_cron=1774706406.7890620231628417968750 HTTP/1.1" 200 20 "-" "WordPress/6.9.4; https://hondasaudi.com"
78.47.98.55 - - [28/Mar/2026:14:00:06 +0000] "HEAD / HTTP/1.1" 200 - "https://hondasaudi.com" "Mozilla/5.0+(compatible; UptimeRobot/2.0; http://www.uptimerobot.com/)"
74.7.227.6 - - [28/Mar/2026:14:00:20 +0000] "GET /admin.php?dir=CwhomeCwbalubaidCwsslCwkeys&view=bb4df_4db9d_25fe73c54434561893fb7323dad4be00.key HTTP/1.1" 200 1368 "https://hondasaudi.com/admin.php?dir=CwhomeCwbalubaidCwsslCwkeys" "Mozilla/5.0 AppleWebKit/537.36 (KHTML, like Gecko; compatible; GPTBot/1.3; +https://openai.com/gptbot)"
172.105.42.26 - - [28/Mar/2026:14:00:39 +0000] "POST /wp-cron.php?doing_wp_cron=1774706439.0636889934539794921875 HTTP/1.1" 200 20 "-" "WordPress/6.9.4; https://hondasaudi.com"
77.232.124.81 - - [28/Mar/2026:14:00:38 +0000] "GET /honda-hrv/ HTTP/1.1" 200 18483 "https://hondasaudi.com/?utm_medium=paid&utm_source=ig&utm_id=120242754212250023&utm_content=120242754212270023&utm_term=120242754212340023&utm_campaign=120242754212250023" "Mozilla/5.0 (Linux; Android 15; DNY-NX9 Build/HONORDNY-N39; wv) AppleWebKit/537.36 (KHTML, like Gecko) Version/4.0 Chrome/146.0.7680.119 Mobile Safari/537.36"
77.232.124.81 - - [28/Mar/2026:14:00:39 +0000] "GET /honda-zrv/ HTTP/1.1" 200 18512 "https://hondasaudi.com/?utm_medium=paid&utm_source=ig&utm_id=120242754212250023&utm_content=120242754212270023&utm_term=120242754212340023&utm_campaign=120242754212250023" "Mozilla/5.0 (Linux; Android 15; DNY-NX9 Build/HONORDNY-N39; wv) AppleWebKit/537.36 (KHTML, like Gecko) Version/4.0 Chrome/146.0.7680.119 Mobile Safari/537.36"
77.232.124.81 - - [28/Mar/2026:14:00:40 +0000] "GET /accord/ HTTP/1.1" 200 18478 "https://hondasaudi.com/?utm_medium=paid&utm_source=ig&utm_id=120242754212250023&utm_content=120242754212270023&utm_term=120242754212340023&utm_campaign=120242754212250023" "Mozilla/5.0 (Linux; Android 15; DNY-NX9 Build/HONORDNY-N39; wv) AppleWebKit/537.36 (KHTML, like Gecko) Version/4.0 Chrome/146.0.7680.119 Mobile Safari/537.36"
74.7.227.6 - - [28/Mar/2026:14:01:02 +0000] "GET /admin.php?dir=CwhomeCwbalubaidCwsslCwkeys&view=c7d9d_4ac6b_eec8f8552c7db92761aff8817625c71c.key HTTP/1.1" 200 1361 "https://hondasaudi.com/admin.php?dir=CwhomeCwbalubaidCwsslCwkeys" "Mozilla/5.0 AppleWebKit/537.36 (KHTML, like Gecko; compatible; GPTBot/1.3; +https://openai.com/gptbot)"
172.105.42.26 - - [28/Mar/2026:14:01:04 +0000] "POST /wp-cron.php?doing_wp_cron=1774706463.9773099422454833984375 HTTP/1.1" 200 20 "-" "WordPress/6.9.4; https://hondasaudi.com"
66.249.93.197 - - [28/Mar/2026:14:01:03 +0000] "GET /.well-known/traffic-advice HTTP/1.1" 404 12256 "-" "Chrome Privacy Preserving Prefetch Proxy"
2001:4860:7:1628::fc - - [28/Mar/2026:14:01:05 +0000] "GET /focused-cars/?utm_source=GoogleAds&utm_medium=Paid_Traffic&utm_campaign=Ramadan2026&gad_source=1&gad_campaignid=15485647876&gbraid=0AAAAAoT5x1jMnUdPNGP_0edYFGEPino6L&gclid=EAIaIQobChMI9J2d4uDCkwMV0ktBAh2M2i-SEAAYAiAAEgKcMPD_BwE HTTP/1.1" 200 19685 "https://www.google.com/" "Mozilla/5.0 (Linux; Android 10; K) AppleWebKit/537.36 (KHTML, like Gecko) Chrome/144.0.0.0 Mobile Safari/537.36"
2001:16a2:c155:af75:64cc:bfae:5c35:cc96 - - [28/Mar/2026:14:01:09 +0000] "GET /focused-cars/?utm_source=GoogleAds&utm_medium=Paid_Traffic&utm_campaign=Ramadan2026&gad_source=1&gad_campaignid=15485647876&gbraid=0AAAAAoT5x1jMnUdPNGP_0edYFGEPino6L&gclid=EAIaIQobChMI9J2d4uDCkwMV0ktBAh2M2i-SEAAYAiAAEgKcMPD_BwE HTTP/1.1" 200 19564 "https://www.google.com/" "Mozilla/5.0 (Linux; Android 10; K) AppleWebKit/537.36 (KHTML, like Gecko) Chrome/144.0.0.0 Mobile Safari/537.36"
77.232.124.81 - - [28/Mar/2026:14:01:12 +0000] "GET /honda-crv/ HTTP/1.1" 200 18391 "https://hondasaudi.com/?utm_medium=paid&utm_source=ig&utm_id=120242754212250023&utm_content=120242754212270023&utm_term=120242754212340023&utm_campaign=120242754212250023" "Mozilla/5.0 (Linux; Android 15; DNY-NX9 Build/HONORDNY-N39; wv) AppleWebKit/537.36 (KHTML, like Gecko) Version/4.0 Chrome/146.0.7680.119 Mobile Safari/537.36"
172.105.42.26 - - [28/Mar/2026:14:01:18 +0000] "POST /wp-cron.php?doing_wp_cron=1774706478.2827289104461669921875 HTTP/1.1" 200 20 "-" "WordPress/6.9.4; https://hondasaudi.com"
2001:4860:7:628::fa - - [28/Mar/2026:14:01:18 +0000] "GET /focused-cars/?utm_source=GoogleAds&utm_medium=Paid_Traffic&utm_campaign=Ramadan2026&gad_source=1&gad_campaignid=15485647876&gbraid=0AAAAAoT5x1hSviS8DXh2YDnC76qkwM6B6&gclid=CjwKCAjw-J3OBhBuEiwAwqZ_h_qQ8eqhW02eB2x0LC3m6JmO-UG7DrTGmn00X8FxuPbOufHuXR1vBxoCdBIQAvD_BwE HTTP/1.1" 200 19760 "https://www.google.com/" "Mozilla/5.0 (Linux; Android 10; K) AppleWebKit/537.36 (KHTML, like Gecko) Chrome/146.0.0.0 Mobile Safari/537.36"
74.7.227.6 - - [28/Mar/2026:14:01:23 +0000] "GET /admin.php?dir=CwhomeCwbalubaidCwsslCwkeys&view=c42d1_b5d83_3c7b76ba2cf5014a90861fdee3043fc5.key HTTP/1.1" 200 1365 "https://hondasaudi.com/admin.php?dir=CwhomeCwbalubaidCwsslCwkeys" "Mozilla/5.0 AppleWebKit/537.36 (KHTML, like Gecko; compatible; GPTBot/1.3; +https://openai.com/gptbot)"
20.198.83.136 - - [28/Mar/2026:14:01:27 +0000] "GET /options-discussion.php HTTP/1.1" 404 12247 "-" "Mozilla/5.0 (Windows NT 10.0; Win64; x64) AppleWebKit/537.36 (KHTML, like Gecko) Chrome/120.0.0.0 Safari/537.36"
20.198.83.136 - - [28/Mar/2026:14:01:28 +0000] "GET /options-general.php HTTP/1.1" 404 12243 "-" "Mozilla/5.0 (Windows NT 10.0; Win64; x64) AppleWebKit/537.36 (KHTML, like Gecko) Chrome/120.0.0.0 Safari/537.36"
20.198.83.136 - - [28/Mar/2026:14:01:28 +0000] "GET /options-media.php HTTP/1.1" 404 12242 "-" "Mozilla/5.0 (Windows NT 10.0; Win64; x64) AppleWebKit/537.36 (KHTML, like Gecko) Chrome/120.0.0.0 Safari/537.36"
20.198.83.136 - - [28/Mar/2026:14:01:28 +0000] "GET /options-permalink.php HTTP/1.1" 404 12244 "-" "Mozilla/5.0 (Windows NT 10.0; Win64; x64) AppleWebKit/537.36 (KHTML, like Gecko) Chrome/120.0.0.0 Safari/537.36"
20.198.83.136 - - [28/Mar/2026:14:01:28 +0000] "GET /options-privacy.php HTTP/1.1" 404 12245 "-" "Mozilla/5.0 (Windows NT 10.0; Win64; x64) AppleWebKit/537.36 (KHTML, like Gecko) Chrome/120.0.0.0 Safari/537.36"
20.198.83.136 - - [28/Mar/2026:14:01:28 +0000] "GET /options-writing.php HTTP/1.1" 404 12246 "-" "Mozilla/5.0 (Windows NT 10.0; Win64; x64) AppleWebKit/537.36 (KHTML, like Gecko) Chrome/120.0.0.0 Safari/537.36"
20.198.83.136 - - [28/Mar/2026:14:01:29 +0000] "GET /plugin-editor.php HTTP/1.1" 404 12247 "-" "Mozilla/5.0 (Windows NT 10.0; Win64; x64) AppleWebKit/537.36 (KHTML, like Gecko) Chrome/120.0.0.0 Safari/537.36"
20.198.83.136 - - [28/Mar/2026:14:01:29 +0000] "GET /plugin-install.php HTTP/1.1" 404 12247 "-" "Mozilla/5.0 (Windows NT 10.0; Win64; x64) AppleWebKit/537.36 (KHTML, like Gecko) Chrome/120.0.0.0 Safari/537.36"
20.198.83.136 - - [28/Mar/2026:14:01:29 +0000] "GET /post-new.php HTTP/1.1" 404 12243 "-" "Mozilla/5.0 (Windows NT 10.0; Win64; x64) AppleWebKit/537.36 (KHTML, like Gecko) Chrome/120.0.0.0 Safari/537.36"
20.198.83.136 - - [28/Mar/2026:14:01:29 +0000] "GET /privacy.php HTTP/1.1" 404 12244 "-" "Mozilla/5.0 (Windows NT 10.0; Win64; x64) AppleWebKit/537.36 (KHTML, like Gecko) Chrome/120.0.0.0 Safari/537.36"
20.198.83.136 - - [28/Mar/2026:14:01:30 +0000] "GET /resp.php HTTP/1.1" 404 12241 "-" "Mozilla/5.0 (Windows NT 10.0; Win64; x64) AppleWebKit/537.36 (KHTML, like Gecko) Chrome/120.0.0.0 Safari/537.36"
20.198.83.136 - - [28/Mar/2026:14:01:30 +0000] "GET /search.php HTTP/1.1" 404 12240 "-" "Mozilla/5.0 (Windows NT 10.0; Win64; x64) AppleWebKit/537.36 (KHTML, like Gecko) Chrome/120.0.0.0 Safari/537.36"
20.198.83.136 - - [28/Mar/2026:14:01:30 +0000] "GET /settings.php HTTP/1.1" 404 12243 "-" "Mozilla/5.0 (Windows NT 10.0; Win64; x64) AppleWebKit/537.36 (KHTML, like Gecko) Chrome/120.0.0.0 Safari/537.36"
20.198.83.136 - - [28/Mar/2026:14:01:30 +0000] "GET /sfcl.php HTTP/1.1" 404 12241 "-" "Mozilla/5.0 (Windows NT 10.0; Win64; x64) AppleWebKit/537.36 (KHTML, like Gecko) Chrome/120.0.0.0 Safari/537.36"
172.105.42.26 - - [28/Mar/2026:14:01:31 +0000] "POST /wp-cron.php?doing_wp_cron=1774706491.0129671096801757812500 HTTP/1.1" 200 20 "-" "WordPress/6.9.4; https://hondasaudi.com"
20.198.83.136 - - [28/Mar/2026:14:01:30 +0000] "GET /site-editor.php HTTP/1.1" 404 12245 "-" "Mozilla/5.0 (Windows NT 10.0; Win64; x64) AppleWebKit/537.36 (KHTML, like Gecko) Chrome/120.0.0.0 Safari/537.36"
20.198.83.136 - - [28/Mar/2026:14:01:31 +0000] "GET /site-health.php HTTP/1.1" 404 12244 "-" "Mozilla/5.0 (Windows NT 10.0; Win64; x64) AppleWebKit/537.36 (KHTML, like Gecko) Chrome/120.0.0.0 Safari/537.36"
20.198.83.136 - - [28/Mar/2026:14:01:31 +0000] "GET /sukce.php HTTP/1.1" 404 12242 "-" "Mozilla/5.0 (Windows NT 10.0; Win64; x64) AppleWebKit/537.36 (KHTML, like Gecko) Chrome/120.0.0.0 Safari/537.36"
20.198.83.136 - - [28/Mar/2026:14:01:31 +0000] "GET /t00l.php HTTP/1.1" 404 12241 "-" "Mozilla/5.0 (Windows NT 10.0; Win64; x64) AppleWebKit/537.36 (KHTML, like Gecko) Chrome/120.0.0.0 Safari/537.36"
20.198.83.136 - - [28/Mar/2026:14:01:31 +0000] "GET /term.php HTTP/1.1" 404 12241 "-" "Mozilla/5.0 (Windows NT 10.0; Win64; x64) AppleWebKit/537.36 (KHTML, like Gecko) Chrome/120.0.0.0 Safari/537.36"
20.198.83.136 - - [28/Mar/2026:14:01:31 +0000] "GET /tool.php HTTP/1.1" 404 12241 "-" "Mozilla/5.0 (Windows NT 10.0; Win64; x64) AppleWebKit/537.36 (KHTML, like Gecko) Chrome/120.0.0.0 Safari/537.36"
20.198.83.136 - - [28/Mar/2026:14:01:32 +0000] "GET /tool1.php HTTP/1.1" 404 12242 "-" "Mozilla/5.0 (Windows NT 10.0; Win64; x64) AppleWebKit/537.36 (KHTML, like Gecko) Chrome/120.0.0.0 Safari/537.36"
20.198.83.136 - - [28/Mar/2026:14:01:32 +0000] "GET /tools.php HTTP/1.1" 404 12242 "-" "Mozilla/5.0 (Windows NT 10.0; Win64; x64) AppleWebKit/537.36 (KHTML, like Gecko) Chrome/120.0.0.0 Safari/537.36"
20.198.83.136 - - [28/Mar/2026:14:01:32 +0000] "GET /unzipper.php HTTP/1.1" 404 12243 "-" "Mozilla/5.0 (Windows NT 10.0; Win64; x64) AppleWebKit/537.36 (KHTML, like Gecko) Chrome/120.0.0.0 Safari/537.36"
20.198.83.136 - - [28/Mar/2026:14:01:32 +0000] "GET /update-core.php HTTP/1.1" 404 12245 "-" "Mozilla/5.0 (Windows NT 10.0; Win64; x64) AppleWebKit/537.36 (KHTML, like Gecko) Chrome/120.0.0.0 Safari/537.36"
77.232.124.81 - - [28/Mar/2026:14:01:32 +0000] "GET /honda-crv/?utm_medium=paid&utm_source=ig&utm_id=120242754212250023&utm_content=120242754212270023&utm_term=120242754212340023&utm_campaign=120242754212250023 HTTP/1.1" 200 18522 "https://hondasaudi.com/?utm_medium=paid&utm_source=ig&utm_id=120242754212250023&utm_content=120242754212270023&utm_term=120242754212340023&utm_campaign=120242754212250023" "Mozilla/5.0 (Linux; Android 15; DNY-NX9 Build/HONORDNY-N39; wv) AppleWebKit/537.36 (KHTML, like Gecko) Version/4.0 Chrome/146.0.7680.119 Mobile Safari/537.36 Instagram 420.0.0.55.74 Android (35/15; 560dpi; 1264x2736; HONOR; DNY-NX9; HNDNYX; qcom; ar_SA; 909555784; IABMV/1)"
20.198.83.136 - - [28/Mar/2026:14:01:32 +0000] "GET /uploartg.php HTTP/1.1" 404 12243 "-" "Mozilla/5.0 (Windows NT 10.0; Win64; x64) AppleWebKit/537.36 (KHTML, like Gecko) Chrome/120.0.0.0 Safari/537.36"
20.198.83.136 - - [28/Mar/2026:14:01:33 +0000] "GET /uploaxa1.php HTTP/1.1" 404 12243 "-" "Mozilla/5.0 (Windows NT 10.0; Win64; x64) AppleWebKit/537.36 (KHTML, like Gecko) Chrome/120.0.0.0 Safari/537.36"
20.198.83.136 - - [28/Mar/2026:14:01:33 +0000] "GET /user-edit.php HTTP/1.1" 404 12243 "-" "Mozilla/5.0 (Windows NT 10.0; Win64; x64) AppleWebKit/537.36 (KHTML, like Gecko) Chrome/120.0.0.0 Safari/537.36"
20.198.83.136 - - [28/Mar/2026:14:01:33 +0000] "GET /user-new.php HTTP/1.1" 404 12243 "-" "Mozilla/5.0 (Windows NT 10.0; Win64; x64) AppleWebKit/537.36 (KHTML, like Gecko) Chrome/120.0.0.0 Safari/537.36"
20.198.83.136 - - [28/Mar/2026:14:01:33 +0000] "GET /utky.php HTTP/1.1" 404 12242 "-" "Mozilla/5.0 (Windows NT 10.0; Win64; x64) AppleWebKit/537.36 (KHTML, like Gecko) Chrome/120.0.0.0 Safari/537.36"
20.198.83.136 - - [28/Mar/2026:14:01:34 +0000] "GET /w3lls.php HTTP/1.1" 404 12242 "-" "Mozilla/5.0 (Windows NT 10.0; Win64; x64) AppleWebKit/537.36 (KHTML, like Gecko) Chrome/120.0.0.0 Safari/537.36"
20.198.83.136 - - [28/Mar/2026:14:01:34 +0000] "GET /wp-ac.php HTTP/1.1" 404 12237 "-" "Mozilla/5.0 (Windows NT 10.0; Win64; x64) AppleWebKit/537.36 (KHTML, like Gecko) Chrome/120.0.0.0 Safari/537.36"
20.198.83.136 - - [28/Mar/2026:14:01:34 +0000] "GET /wp-admin/config.php HTTP/1.1" 404 12244 "-" "Mozilla/5.0 (Windows NT 10.0; Win64; x64) AppleWebKit/537.36 (KHTML, like Gecko) Chrome/120.0.0.0 Safari/537.36"
77.232.124.81 - - [28/Mar/2026:14:01:34 +0000] "GET /wp-json/contact-form-7/v1/contact-forms/348318/feedback/schema HTTP/1.1" 200 1816 "https://hondasaudi.com/honda-crv/?utm_medium=paid&utm_source=ig&utm_id=120242754212250023&utm_content=120242754212270023&utm_term=120242754212340023&utm_campaign=120242754212250023" "Mozilla/5.0 (Linux; Android 15; DNY-NX9 Build/HONORDNY-N39; wv) AppleWebKit/537.36 (KHTML, like Gecko) Version/4.0 Chrome/146.0.7680.119 Mobile Safari/537.36 Instagram 420.0.0.55.74 Android (35/15; 560dpi; 1264x2736; HONOR; DNY-NX9; HNDNYX; qcom; ar_SA; 909555784; IABMV/1)"
20.198.83.136 - - [28/Mar/2026:14:01:34 +0000] "GET /wp-lourika.php HTTP/1.1" 404 12241 "-" "Mozilla/5.0 (Windows NT 10.0; Win64; x64) AppleWebKit/537.36 (KHTML, like Gecko) Chrome/120.0.0.0 Safari/537.36"
20.198.83.136 - - [28/Mar/2026:14:01:34 +0000] "GET /wp-su.php HTTP/1.1" 404 12238 "-" "Mozilla/5.0 (Windows NT 10.0; Win64; x64) AppleWebKit/537.36 (KHTML, like Gecko) Chrome/120.0.0.0 Safari/537.36"
20.198.83.136 - - [28/Mar/2026:14:01:35 +0000] "GET /zaz.php HTTP/1.1" 404 12241 "-" "Mozilla/5.0 (Windows NT 10.0; Win64; x64) AppleWebKit/537.36 (KHTML, like Gecko) Chrome/120.0.0.0 Safari/537.36"
23.166.88.207 - - [28/Mar/2026:14:01:36 +0000] "GET / HTTP/1.1" 200 16212 "https://www.google.com/" "Mozilla/5.0 (iPhone; CPU iPhone OS 18_7 like Mac OS X) AppleWebKit/605.1.15 (KHTML, like Gecko) Version/26.3 Mobile/15E148 Safari/604.1"
23.166.88.207 - - [28/Mar/2026:14:01:50 +0000] "GET /wp-content/uploads/2026/03/Pilot-1536x1536.png HTTP/1.1" 200 2205257 "https://hondasaudi.com/" "Mozilla/5.0 (iPhone; CPU iPhone OS 18_7 like Mac OS X) AppleWebKit/605.1.15 (KHTML, like Gecko) Version/26.3 Mobile/15E148 Safari/604.1"
23.166.88.207 - - [28/Mar/2026:14:01:51 +0000] "GET /wp-content/uploads/2026/03/City-1536x1536.png HTTP/1.1" 200 2206231 "https://hondasaudi.com/" "Mozilla/5.0 (iPhone; CPU iPhone OS 18_7 like Mac OS X) AppleWebKit/605.1.15 (KHTML, like Gecko) Version/26.3 Mobile/15E148 Safari/604.1"
74.7.227.6 - - [28/Mar/2026:14:02:04 +0000] "GET /admin.php?dir=CwhomeCwbalubaidCwsslCwkeys&view=96530_fbf99_ec5b28bfb66a124f29a56e06a374daab.key HTTP/1.1" 200 1357 "https://hondasaudi.com/admin.php?dir=CwhomeCwbalubaidCwsslCwkeys" "Mozilla/5.0 AppleWebKit/537.36 (KHTML, like Gecko; compatible; GPTBot/1.3; +https://openai.com/gptbot)"
172.105.42.26 - - [28/Mar/2026:14:02:16 +0000] "POST /wp-cron.php?doing_wp_cron=1774706536.3423609733581542968750 HTTP/1.1" 200 20 "-" "WordPress/6.9.4; https://hondasaudi.com"
