­ ­ ­ ­ ­ ­ ­ ­ ­ ­ ­ ­ ­ ­ ­ ­ ­ ­
172.105.42.26 - - [28/Mar/2026:12:14:54 +0000] "POST /wp-cron.php?doing_wp_cron=1774700093.8382980823516845703125 HTTP/1.1" 200 20 "-" "WordPress/6.9.4; https://outlet.autozone.com.sa"
216.73.216.14 - - [28/Mar/2026:12:14:50 +0000] "GET /robots.txt HTTP/1.1" 200 201 "-" "Mozilla/5.0 AppleWebKit/537.36 (KHTML, like Gecko; compatible; ClaudeBot/1.0; +claudebot@anthropic.com)"
216.73.216.14 - - [28/Mar/2026:12:14:54 +0000] "GET /wp-sitemap.xml HTTP/1.1" 200 283 "-" "Mozilla/5.0 AppleWebKit/537.36 (KHTML, like Gecko; compatible; ClaudeBot/1.0; +claudebot@anthropic.com)"
66.249.75.166 - - [28/Mar/2026:12:19:33 +0000] "GET /wp-content/uploads/2024/12/outlet-logo-arabic-1024x358.png HTTP/1.1" 304 - "-" "Googlebot-Image/1.0"
172.105.42.26 - - [28/Mar/2026:12:27:28 +0000] "POST /wp-cron.php?doing_wp_cron=1774700848.1571230888366699218750 HTTP/1.1" 200 20 "-" "WordPress/6.9.4; https://outlet.autozone.com.sa"
74.7.241.10 - - [28/Mar/2026:12:27:29 +0000] "GET /wp-content/plugins/jet-elements/assets/css/jet-elements-rtl.css?ver=2.7.2.1 HTTP/1.1" 200 3125 "https://web2.autozone.com.sa" "Mozilla/5.0 AppleWebKit/537.36 (KHTML, like Gecko; compatible; GPTBot/1.3; +https://openai.com/gptbot)"
74.7.241.10 - - [28/Mar/2026:12:27:32 +0000] "GET /wp-content/plugins/jet-elements/assets/css/skin/jet-countdown-timer-rtl.css?ver=2.7.2.1 HTTP/1.1" 200 100 "https://web2.autozone.com.sa" "Mozilla/5.0 AppleWebKit/537.36 (KHTML, like Gecko; compatible; GPTBot/1.3; +https://openai.com/gptbot)"
74.7.241.10 - - [28/Mar/2026:12:27:35 +0000] "GET /?p=787 HTTP/1.1" 301 20 "https://web2.autozone.com.sa" "Mozilla/5.0 AppleWebKit/537.36 (KHTML, like Gecko; compatible; GPTBot/1.3; +https://openai.com/gptbot)"
74.7.241.10 - - [28/Mar/2026:12:27:36 +0000] "GET /our-offers/ HTTP/1.1" 200 22297 "https://outlet.autozone.com.sa/?p=787" "Mozilla/5.0 AppleWebKit/537.36 (KHTML, like Gecko; compatible; GPTBot/1.3; +https://openai.com/gptbot)"
74.7.241.10 - - [28/Mar/2026:12:27:38 +0000] "GET /wp-content/plugins/jet-elements/assets/css/addons/jet-countdown-timer-rtl.css?ver=2.7.2.1 HTTP/1.1" 200 281 "https://web2.autozone.com.sa" "Mozilla/5.0 AppleWebKit/537.36 (KHTML, like Gecko; compatible; GPTBot/1.3; +https://openai.com/gptbot)"
74.7.241.10 - - [28/Mar/2026:12:27:51 +0000] "GET /?p=665 HTTP/1.1" 301 20 "http://web2.autozone.com.sa" "Mozilla/5.0 AppleWebKit/537.36 (KHTML, like Gecko; compatible; GPTBot/1.3; +https://openai.com/gptbot)"
74.7.241.10 - - [28/Mar/2026:12:27:52 +0000] "GET /showroom/ HTTP/1.1" 200 20196 "https://outlet.autozone.com.sa/?p=665" "Mozilla/5.0 AppleWebKit/537.36 (KHTML, like Gecko; compatible; GPTBot/1.3; +https://openai.com/gptbot)"
74.7.241.10 - - [28/Mar/2026:12:27:55 +0000] "GET /?p=706 HTTP/1.1" 301 20 "https://web2.autozone.com.sa" "Mozilla/5.0 AppleWebKit/537.36 (KHTML, like Gecko; compatible; GPTBot/1.3; +https://openai.com/gptbot)"
74.7.241.10 - - [28/Mar/2026:12:27:56 +0000] "GET /faq/ HTTP/1.1" 200 21285 "https://outlet.autozone.com.sa/?p=706" "Mozilla/5.0 AppleWebKit/537.36 (KHTML, like Gecko; compatible; GPTBot/1.3; +https://openai.com/gptbot)"
74.7.241.10 - - [28/Mar/2026:12:27:58 +0000] "GET /en/model/vva/ HTTP/1.1" 200 29027 "http://web2.autozone.com.sa" "Mozilla/5.0 AppleWebKit/537.36 (KHTML, like Gecko; compatible; GPTBot/1.3; +https://openai.com/gptbot)"
74.7.241.10 - - [28/Mar/2026:12:27:59 +0000] "GET /en/model/vva/feed/ HTTP/1.1" 200 861 "http://web2.autozone.com.sa" "Mozilla/5.0 AppleWebKit/537.36 (KHTML, like Gecko; compatible; GPTBot/1.3; +https://openai.com/gptbot)"
74.7.241.10 - - [28/Mar/2026:12:28:00 +0000] "GET /?p=197 HTTP/1.1" 301 20 "http://web2.autozone.com.sa" "Mozilla/5.0 AppleWebKit/537.36 (KHTML, like Gecko; compatible; GPTBot/1.3; +https://openai.com/gptbot)"
74.7.241.10 - - [28/Mar/2026:12:28:01 +0000] "GET /my-account/ HTTP/1.1" 200 20447 "https://outlet.autozone.com.sa/?p=197" "Mozilla/5.0 AppleWebKit/537.36 (KHTML, like Gecko; compatible; GPTBot/1.3; +https://openai.com/gptbot)"
74.7.241.10 - - [28/Mar/2026:12:28:03 +0000] "GET /my-account/ HTTP/1.1" 200 20447 "http://web2.autozone.com.sa" "Mozilla/5.0 AppleWebKit/537.36 (KHTML, like Gecko; compatible; GPTBot/1.3; +https://openai.com/gptbot)"
74.7.241.10 - - [28/Mar/2026:12:28:04 +0000] "GET /en/my-account/ HTTP/1.1" 200 18770 "http://web2.autozone.com.sa" "Mozilla/5.0 AppleWebKit/537.36 (KHTML, like Gecko; compatible; GPTBot/1.3; +https://openai.com/gptbot)"
74.7.241.10 - - [28/Mar/2026:12:28:06 +0000] "GET /my-account/lost-password/ HTTP/1.1" 200 21365 "http://web2.autozone.com.sa" "Mozilla/5.0 AppleWebKit/537.36 (KHTML, like Gecko; compatible; GPTBot/1.3; +https://openai.com/gptbot)"
74.7.241.10 - - [28/Mar/2026:12:28:07 +0000] "GET /wp-json/wp/v2/pages/787 HTTP/1.1" 200 3306 "https://outlet.autozone.com.sa/?p=787" "Mozilla/5.0 AppleWebKit/537.36 (KHTML, like Gecko; compatible; GPTBot/1.3; +https://openai.com/gptbot)"
74.7.241.10 - - [28/Mar/2026:12:28:09 +0000] "GET /wp-json/wp/v2/pages/665 HTTP/1.1" 200 1133 "https://outlet.autozone.com.sa/?p=665" "Mozilla/5.0 AppleWebKit/537.36 (KHTML, like Gecko; compatible; GPTBot/1.3; +https://openai.com/gptbot)"
74.7.241.10 - - [28/Mar/2026:12:28:10 +0000] "GET /wp-json/wp/v2/pages/197 HTTP/1.1" 200 569 "http://web2.autozone.com.sa" "Mozilla/5.0 AppleWebKit/537.36 (KHTML, like Gecko; compatible; GPTBot/1.3; +https://openai.com/gptbot)"
74.7.241.10 - - [28/Mar/2026:12:28:11 +0000] "GET /en/my-account/lost-password/ HTTP/1.1" 200 19060 "http://web2.autozone.com.sa" "Mozilla/5.0 AppleWebKit/537.36 (KHTML, like Gecko; compatible; GPTBot/1.3; +https://openai.com/gptbot)"
74.7.241.10 - - [28/Mar/2026:12:28:14 +0000] "GET /?p=957 HTTP/1.1" 301 20 "http://web2.autozone.com.sa" "Mozilla/5.0 AppleWebKit/537.36 (KHTML, like Gecko; compatible; GPTBot/1.3; +https://openai.com/gptbot)"
74.7.241.10 - - [28/Mar/2026:12:28:15 +0000] "GET /jet-popup/classic/ HTTP/1.1" 200 13508 "https://outlet.autozone.com.sa/?p=957" "Mozilla/5.0 AppleWebKit/537.36 (KHTML, like Gecko; compatible; GPTBot/1.3; +https://openai.com/gptbot)"
74.7.241.10 - - [28/Mar/2026:12:28:16 +0000] "GET /jet-popup/classic/ HTTP/1.1" 200 13508 "http://web2.autozone.com.sa" "Mozilla/5.0 AppleWebKit/537.36 (KHTML, like Gecko; compatible; GPTBot/1.3; +https://openai.com/gptbot)"
74.7.241.10 - - [28/Mar/2026:12:28:18 +0000] "GET /?p=907 HTTP/1.1" 301 20 "http://web2.autozone.com.sa" "Mozilla/5.0 AppleWebKit/537.36 (KHTML, like Gecko; compatible; GPTBot/1.3; +https://openai.com/gptbot)"
172.105.42.26 - - [28/Mar/2026:12:28:20 +0000] "POST /wp-cron.php?doing_wp_cron=1774700900.6930680274963378906250 HTTP/1.1" 200 20 "-" "WordPress/6.9.4; https://outlet.autozone.com.sa"
74.7.241.10 - - [28/Mar/2026:12:28:19 +0000] "GET /jet-popup/form-a/ HTTP/1.1" 200 14165 "https://outlet.autozone.com.sa/?p=907" "Mozilla/5.0 AppleWebKit/537.36 (KHTML, like Gecko; compatible; GPTBot/1.3; +https://openai.com/gptbot)"
74.7.241.10 - - [28/Mar/2026:12:28:21 +0000] "GET /jet-popup/form-a/ HTTP/1.1" 200 14166 "http://web2.autozone.com.sa" "Mozilla/5.0 AppleWebKit/537.36 (KHTML, like Gecko; compatible; GPTBot/1.3; +https://openai.com/gptbot)"
74.7.241.10 - - [28/Mar/2026:12:28:22 +0000] "GET /en/?p=26 HTTP/1.1" 301 20 "https://outlet.autozone.com.sa/en/my-account/" "Mozilla/5.0 AppleWebKit/537.36 (KHTML, like Gecko; compatible; GPTBot/1.3; +https://openai.com/gptbot)"
74.7.241.10 - - [28/Mar/2026:12:28:23 +0000] "GET /en/my-account/ HTTP/1.1" 200 18771 "https://outlet.autozone.com.sa/en/?p=26" "Mozilla/5.0 AppleWebKit/537.36 (KHTML, like Gecko; compatible; GPTBot/1.3; +https://openai.com/gptbot)"
74.7.241.10 - - [28/Mar/2026:12:28:25 +0000] "GET /en/jet-popup/classic/ HTTP/1.1" 200 12225 "http://web2.autozone.com.sa" "Mozilla/5.0 AppleWebKit/537.36 (KHTML, like Gecko; compatible; GPTBot/1.3; +https://openai.com/gptbot)"
74.7.241.10 - - [28/Mar/2026:12:28:26 +0000] "GET /en/jet-popup/form-a/ HTTP/1.1" 200 12767 "http://web2.autozone.com.sa" "Mozilla/5.0 AppleWebKit/537.36 (KHTML, like Gecko; compatible; GPTBot/1.3; +https://openai.com/gptbot)"
74.7.241.10 - - [28/Mar/2026:12:28:28 +0000] "GET /wp-includes/js/zxcvbn.min.js HTTP/1.1" 200 399661 "https://outlet.autozone.com.sa/my-account/lost-password/" "Mozilla/5.0 AppleWebKit/537.36 (KHTML, like Gecko; compatible; GPTBot/1.3; +https://openai.com/gptbot)"
74.7.241.10 - - [28/Mar/2026:12:28:29 +0000] "GET /wp-json/wp/v2/pages/706 HTTP/1.1" 200 2191 "https://outlet.autozone.com.sa/?p=706" "Mozilla/5.0 AppleWebKit/537.36 (KHTML, like Gecko; compatible; GPTBot/1.3; +https://openai.com/gptbot)"
176.224.77.247 - - [28/Mar/2026:12:28:28 +0000] "GET / HTTP/1.1" 200 35994 "https://autozone.com.sa/" "Mozilla/5.0 (iPhone; CPU iPhone OS 18_7 like Mac OS X) AppleWebKit/605.1.15 (KHTML, like Gecko) Version/26.3 Mobile/15E148 Safari/604.1"
74.7.241.10 - - [28/Mar/2026:12:28:30 +0000] "GET /wp-json/wp/v2/jet-popup/907 HTTP/1.1" 200 4181 "http://web2.autozone.com.sa" "Mozilla/5.0 AppleWebKit/537.36 (KHTML, like Gecko; compatible; GPTBot/1.3; +https://openai.com/gptbot)"
176.224.77.247 - - [28/Mar/2026:12:28:31 +0000] "POST /?wc-ajax=get_refreshed_fragments HTTP/1.1" 200 1006 "https://outlet.autozone.com.sa/" "Mozilla/5.0 (iPhone; CPU iPhone OS 18_7 like Mac OS X) AppleWebKit/605.1.15 (KHTML, like Gecko) Version/26.3 Mobile/15E148 Safari/604.1"
176.224.77.247 - - [28/Mar/2026:12:28:31 +0000] "POST /?wc-ajax=get_refreshed_fragments HTTP/1.1" 200 1006 "https://outlet.autozone.com.sa/" "Mozilla/5.0 (iPhone; CPU iPhone OS 18_7 like Mac OS X) AppleWebKit/605.1.15 (KHTML, like Gecko) Version/26.3 Mobile/15E148 Safari/604.1"
74.7.241.10 - - [28/Mar/2026:12:28:32 +0000] "GET /wp-json/wp/v2/jet-popup/957 HTTP/1.1" 200 3671 "http://web2.autozone.com.sa" "Mozilla/5.0 AppleWebKit/537.36 (KHTML, like Gecko; compatible; GPTBot/1.3; +https://openai.com/gptbot)"
74.7.241.10 - - [28/Mar/2026:12:28:33 +0000] "GET /wp-json/oembed/1.0/embed?url=https%3A%2F%2Foutlet.autozone.com.sa%2Fjet-popup%2Fclassic%2F HTTP/1.1" 200 1092 "http://web2.autozone.com.sa" "Mozilla/5.0 AppleWebKit/537.36 (KHTML, like Gecko; compatible; GPTBot/1.3; +https://openai.com/gptbot)"
74.7.241.10 - - [28/Mar/2026:12:28:34 +0000] "GET /wp-json/oembed/1.0/embed?format=xml&url=https%3A%2F%2Foutlet.autozone.com.sa%2Fshowroom%2F HTTP/1.1" 200 1134 "https://outlet.autozone.com.sa/?p=665" "Mozilla/5.0 AppleWebKit/537.36 (KHTML, like Gecko; compatible; GPTBot/1.3; +https://openai.com/gptbot)"
74.7.241.10 - - [28/Mar/2026:12:28:36 +0000] "GET /wp-json/oembed/1.0/embed?url=https%3A%2F%2Foutlet.autozone.com.sa%2Fjet-popup%2Fform-a%2F HTTP/1.1" 200 1085 "http://web2.autozone.com.sa" "Mozilla/5.0 AppleWebKit/537.36 (KHTML, like Gecko; compatible; GPTBot/1.3; +https://openai.com/gptbot)"
74.7.241.10 - - [28/Mar/2026:12:28:37 +0000] "GET /wp-json/wp/v2/model/79 HTTP/1.1" 200 284 "http://web2.autozone.com.sa" "Mozilla/5.0 AppleWebKit/537.36 (KHTML, like Gecko; compatible; GPTBot/1.3; +https://openai.com/gptbot)"
74.7.241.10 - - [28/Mar/2026:12:28:38 +0000] "GET /wp-json/oembed/1.0/embed?url=https%3A%2F%2Foutlet.autozone.com.sa%2Fmy-account%2F HTTP/1.1" 200 1079 "http://web2.autozone.com.sa" "Mozilla/5.0 AppleWebKit/537.36 (KHTML, like Gecko; compatible; GPTBot/1.3; +https://openai.com/gptbot)"
74.7.241.10 - - [28/Mar/2026:12:28:39 +0000] "GET /en/?p=945 HTTP/1.1" 301 20 "https://outlet.autozone.com.sa/en/jet-popup/classic/" "Mozilla/5.0 AppleWebKit/537.36 (KHTML, like Gecko; compatible; GPTBot/1.3; +https://openai.com/gptbot)"
74.7.241.10 - - [28/Mar/2026:12:28:40 +0000] "GET /en/jet-popup/classic/ HTTP/1.1" 200 12225 "https://outlet.autozone.com.sa/en/?p=945" "Mozilla/5.0 AppleWebKit/537.36 (KHTML, like Gecko; compatible; GPTBot/1.3; +https://openai.com/gptbot)"
74.7.241.10 - - [28/Mar/2026:12:28:41 +0000] "GET /en/?p=881 HTTP/1.1" 301 20 "https://outlet.autozone.com.sa/en/jet-popup/form-a/" "Mozilla/5.0 AppleWebKit/537.36 (KHTML, like Gecko; compatible; GPTBot/1.3; +https://openai.com/gptbot)"
74.7.241.10 - - [28/Mar/2026:12:28:42 +0000] "GET /en/jet-popup/form-a/ HTTP/1.1" 200 12766 "https://outlet.autozone.com.sa/en/?p=881" "Mozilla/5.0 AppleWebKit/537.36 (KHTML, like Gecko; compatible; GPTBot/1.3; +https://openai.com/gptbot)"
74.7.241.10 - - [28/Mar/2026:12:28:44 +0000] "GET /en/wp-json/wp/v2/jet-popup/881 HTTP/1.1" 200 3800 "https://outlet.autozone.com.sa/en/jet-popup/form-a/" "Mozilla/5.0 AppleWebKit/537.36 (KHTML, like Gecko; compatible; GPTBot/1.3; +https://openai.com/gptbot)"
74.7.241.10 - - [28/Mar/2026:12:28:45 +0000] "GET /en/wp-json/wp/v2/jet-popup/945 HTTP/1.1" 200 3415 "https://outlet.autozone.com.sa/en/jet-popup/classic/" "Mozilla/5.0 AppleWebKit/537.36 (KHTML, like Gecko; compatible; GPTBot/1.3; +https://openai.com/gptbot)"
74.7.241.10 - - [28/Mar/2026:12:28:47 +0000] "GET /en/wp-json/oembed/1.0/embed?url=https%3A%2F%2Foutlet.autozone.com.sa%2Fen%2Fjet-popup%2Fform-a%2F HTTP/1.1" 200 1087 "https://outlet.autozone.com.sa/en/jet-popup/form-a/" "Mozilla/5.0 AppleWebKit/537.36 (KHTML, like Gecko; compatible; GPTBot/1.3; +https://openai.com/gptbot)"
74.7.241.10 - - [28/Mar/2026:12:28:48 +0000] "GET /wp-json/oembed/1.0/embed?url=https%3A%2F%2Foutlet.autozone.com.sa%2Four-offers%2F HTTP/1.1" 200 1087 "https://outlet.autozone.com.sa/?p=787" "Mozilla/5.0 AppleWebKit/537.36 (KHTML, like Gecko; compatible; GPTBot/1.3; +https://openai.com/gptbot)"
74.7.241.10 - - [28/Mar/2026:12:28:49 +0000] "GET /wp-json/oembed/1.0/embed?url=https%3A%2F%2Foutlet.autozone.com.sa%2Fshowroom%2F HTTP/1.1" 200 1095 "https://outlet.autozone.com.sa/?p=665" "Mozilla/5.0 AppleWebKit/537.36 (KHTML, like Gecko; compatible; GPTBot/1.3; +https://openai.com/gptbot)"
74.7.241.10 - - [28/Mar/2026:12:28:50 +0000] "GET /wp-json/oembed/1.0/embed?url=https%3A%2F%2Foutlet.autozone.com.sa%2Ffaq%2F HTTP/1.1" 200 1097 "https://outlet.autozone.com.sa/?p=706" "Mozilla/5.0 AppleWebKit/537.36 (KHTML, like Gecko; compatible; GPTBot/1.3; +https://openai.com/gptbot)"
74.7.241.10 - - [28/Mar/2026:12:28:51 +0000] "GET /en/wp-json/wp/v2/pages/26 HTTP/1.1" 200 562 "https://outlet.autozone.com.sa/en/my-account/" "Mozilla/5.0 AppleWebKit/537.36 (KHTML, like Gecko; compatible; GPTBot/1.3; +https://openai.com/gptbot)"
74.7.241.10 - - [28/Mar/2026:12:28:52 +0000] "GET /en/wp-json/oembed/1.0/embed?url=https%3A%2F%2Foutlet.autozone.com.sa%2Fen%2Fjet-popup%2Fclassic%2F HTTP/1.1" 200 1090 "https://outlet.autozone.com.sa/en/jet-popup/classic/" "Mozilla/5.0 AppleWebKit/537.36 (KHTML, like Gecko; compatible; GPTBot/1.3; +https://openai.com/gptbot)"
74.7.241.10 - - [28/Mar/2026:12:28:53 +0000] "GET /en/wp-json/wp/v2/model/79 HTTP/1.1" 200 284 "https://outlet.autozone.com.sa/en/model/vva/" "Mozilla/5.0 AppleWebKit/537.36 (KHTML, like Gecko; compatible; GPTBot/1.3; +https://openai.com/gptbot)"
74.7.241.10 - - [28/Mar/2026:12:28:54 +0000] "GET /en/wp-json/oembed/1.0/embed?url=https%3A%2F%2Foutlet.autozone.com.sa%2Fen%2Fmy-account%2F HTTP/1.1" 200 1084 "https://outlet.autozone.com.sa/en/my-account/" "Mozilla/5.0 AppleWebKit/537.36 (KHTML, like Gecko; compatible; GPTBot/1.3; +https://openai.com/gptbot)"
74.7.241.10 - - [28/Mar/2026:12:28:55 +0000] "GET /wp-includes/js/zxcvbn-async.min.js?ver=1.0 HTTP/1.1" 200 256 "https://outlet.autozone.com.sa/my-account/lost-password/" "Mozilla/5.0 AppleWebKit/537.36 (KHTML, like Gecko; compatible; GPTBot/1.3; +https://openai.com/gptbot)"
74.7.241.10 - - [28/Mar/2026:12:28:57 +0000] "GET /wp-content/plugins/woocommerce/assets/js/selectWoo/selectWoo.full.min.js?ver=1.0.9-wc.10.3.7 HTTP/1.1" 200 21879 "https://outlet.autozone.com.sa/?p=197" "Mozilla/5.0 AppleWebKit/537.36 (KHTML, like Gecko; compatible; GPTBot/1.3; +https://openai.com/gptbot)"
74.7.241.10 - - [28/Mar/2026:12:28:58 +0000] "GET /wp-json/oembed/1.0/embed?format=xml&url=https%3A%2F%2Foutlet.autozone.com.sa%2Fjet-popup%2Fclassic%2F HTTP/1.1" 200 1127 "http://web2.autozone.com.sa" "Mozilla/5.0 AppleWebKit/537.36 (KHTML, like Gecko; compatible; GPTBot/1.3; +https://openai.com/gptbot)"
74.7.241.10 - - [28/Mar/2026:12:28:59 +0000] "GET /wp-json/oembed/1.0/embed?format=xml&url=https%3A%2F%2Foutlet.autozone.com.sa%2Fjet-popup%2Fform-a%2F HTTP/1.1" 200 1122 "http://web2.autozone.com.sa" "Mozilla/5.0 AppleWebKit/537.36 (KHTML, like Gecko; compatible; GPTBot/1.3; +https://openai.com/gptbot)"
176.224.77.247 - - [28/Mar/2026:12:29:02 +0000] "GET /wp-content/uploads/2024/12/webstdy_1675070394%D9%85%D8%B5%D8%B1%D9%81%D8%A7%D9%84%D8%B1%D8%A7%D8%AC%D8%AD%D9%8A.webp HTTP/1.1" 200 16892 "https://outlet.autozone.com.sa/" "Mozilla/5.0 (iPhone; CPU iPhone OS 18_7 like Mac OS X) AppleWebKit/605.1.15 (KHTML, like Gecko) Version/26.3 Mobile/15E148 Safari/604.1"
176.224.77.247 - - [28/Mar/2026:12:29:04 +0000] "GET /wp-content/uploads/2024/12/webstdy_1675070626%D8%A7%D9%84%D8%A8%D9%86%D9%83%D8%A7%D9%84%D8%B9%D8%B1%D8%A8%D9%8A.webp HTTP/1.1" 200 9504 "https://outlet.autozone.com.sa/" "Mozilla/5.0 (iPhone; CPU iPhone OS 18_7 like Mac OS X) AppleWebKit/605.1.15 (KHTML, like Gecko) Version/26.3 Mobile/15E148 Safari/604.1"
74.7.241.10 - - [28/Mar/2026:12:29:05 +0000] "GET /en/wp-json/oembed/1.0/embed?format=xml&url=https%3A%2F%2Foutlet.autozone.com.sa%2Fen%2Fjet-popup%2Fclassic%2F HTTP/1.1" 200 1126 "https://outlet.autozone.com.sa/en/jet-popup/classic/" "Mozilla/5.0 AppleWebKit/537.36 (KHTML, like Gecko; compatible; GPTBot/1.3; +https://openai.com/gptbot)"
74.7.241.10 - - [28/Mar/2026:12:29:07 +0000] "GET /wp-json/oembed/1.0/embed?format=xml&url=https%3A%2F%2Foutlet.autozone.com.sa%2Fmy-account%2F HTTP/1.1" 200 1117 "http://web2.autozone.com.sa" "Mozilla/5.0 AppleWebKit/537.36 (KHTML, like Gecko; compatible; GPTBot/1.3; +https://openai.com/gptbot)"
74.7.241.10 - - [28/Mar/2026:12:29:08 +0000] "GET /wp-json/oembed/1.0/embed?format=xml&url=https%3A%2F%2Foutlet.autozone.com.sa%2Four-offers%2F HTTP/1.1" 200 1124 "https://outlet.autozone.com.sa/?p=787" "Mozilla/5.0 AppleWebKit/537.36 (KHTML, like Gecko; compatible; GPTBot/1.3; +https://openai.com/gptbot)"
74.7.241.10 - - [28/Mar/2026:12:29:09 +0000] "GET /wp-content/plugins/woocommerce/assets/js/frontend/password-strength-meter.min.js?ver=10.3.7 HTTP/1.1" 200 841 "https://outlet.autozone.com.sa/my-account/lost-password/" "Mozilla/5.0 AppleWebKit/537.36 (KHTML, like Gecko; compatible; GPTBot/1.3; +https://openai.com/gptbot)"
176.224.77.247 - - [28/Mar/2026:12:29:11 +0000] "GET /wp-content/uploads/2024/12/webstdy_1675071526%D8%B4%D8%B1%D9%83%D8%A9%D8%AA%D8%A3%D8%AC%D9%8A%D8%B1.webp HTTP/1.1" 200 8599 "https://outlet.autozone.com.sa/" "Mozilla/5.0 (iPhone; CPU iPhone OS 18_7 like Mac OS X) AppleWebKit/605.1.15 (KHTML, like Gecko) Version/26.3 Mobile/15E148 Safari/604.1"
176.224.77.247 - - [28/Mar/2026:12:29:12 +0000] "GET /wp-content/uploads/2024/12/webstdy_1675070697%D8%A8%D9%86%D9%83%D8%A7%D9%84%D8%A8%D9%84%D8%A7%D8%AF.webp HTTP/1.1" 200 16333 "https://outlet.autozone.com.sa/" "Mozilla/5.0 (iPhone; CPU iPhone OS 18_7 like Mac OS X) AppleWebKit/605.1.15 (KHTML, like Gecko) Version/26.3 Mobile/15E148 Safari/604.1"
74.7.241.10 - - [28/Mar/2026:12:29:11 +0000] "GET /wp-json/oembed/1.0/embed?format=xml&url=https%3A%2F%2Foutlet.autozone.com.sa%2Ffaq%2F HTTP/1.1" 200 1135 "https://outlet.autozone.com.sa/?p=706" "Mozilla/5.0 AppleWebKit/537.36 (KHTML, like Gecko; compatible; GPTBot/1.3; +https://openai.com/gptbot)"
74.7.241.10 - - [28/Mar/2026:12:29:13 +0000] "GET /en/wp-json/oembed/1.0/embed?format=xml&url=https%3A%2F%2Foutlet.autozone.com.sa%2Fen%2Fjet-popup%2Fform-a%2F HTTP/1.1" 200 1121 "https://outlet.autozone.com.sa/en/jet-popup/form-a/" "Mozilla/5.0 AppleWebKit/537.36 (KHTML, like Gecko; compatible; GPTBot/1.3; +https://openai.com/gptbot)"
74.7.241.10 - - [28/Mar/2026:12:29:15 +0000] "GET /wp-content/plugins/woocommerce/assets/js/frontend/account-i18n.min.js?ver=10.3.7 HTTP/1.1" 200 155 "https://outlet.autozone.com.sa/?p=197" "Mozilla/5.0 AppleWebKit/537.36 (KHTML, like Gecko; compatible; GPTBot/1.3; +https://openai.com/gptbot)"
176.224.77.247 - - [28/Mar/2026:12:29:15 +0000] "GET /wp-content/uploads/2024/12/webstdy_1675071343%D8%B9%D8%A8%D8%AF%D8%A7%D9%84%D9%84%D8%B7%D9%8A%D9%81%D8%AC%D9%85%D9%8A%D9%84.webp HTTP/1.1" 200 11078 "https://outlet.autozone.com.sa/" "Mozilla/5.0 (iPhone; CPU iPhone OS 18_7 like Mac OS X) AppleWebKit/605.1.15 (KHTML, like Gecko) Version/26.3 Mobile/15E148 Safari/604.1"
74.7.241.10 - - [28/Mar/2026:12:29:16 +0000] "GET /wp-content/plugins/woocommerce/assets/js/frontend/lost-password.min.js?ver=10.3.7 HTTP/1.1" 200 124 "https://outlet.autozone.com.sa/my-account/lost-password/" "Mozilla/5.0 AppleWebKit/537.36 (KHTML, like Gecko; compatible; GPTBot/1.3; +https://openai.com/gptbot)"
172.105.42.26 - - [28/Mar/2026:12:29:20 +0000] "POST /wp-cron.php?doing_wp_cron=1774700960.1102941036224365234375 HTTP/1.1" 200 20 "-" "WordPress/6.9.4; https://outlet.autozone.com.sa/en/"
74.7.241.10 - - [28/Mar/2026:12:29:19 +0000] "GET /en/wp-json/oembed/1.0/embed?format=xml&url=https%3A%2F%2Foutlet.autozone.com.sa%2Fen%2Fmy-account%2F HTTP/1.1" 200 1116 "https://outlet.autozone.com.sa/en/my-account/" "Mozilla/5.0 AppleWebKit/537.36 (KHTML, like Gecko; compatible; GPTBot/1.3; +https://openai.com/gptbot)"
74.7.241.10 - - [28/Mar/2026:12:29:24 +0000] "GET /wp-includes/blocks/paragraph/style.min.css?ver=6.9.4 HTTP/1.1" 200 341 "https://outlet.autozone.com.sa/en/jet-popup/form-a/" "Mozilla/5.0 AppleWebKit/537.36 (KHTML, like Gecko; compatible; GPTBot/1.3; +https://openai.com/gptbot)"
74.7.241.10 - - [28/Mar/2026:12:29:26 +0000] "GET /wp-content/plugins/elementor/assets/lib/animations/styles/fadeInUp.min.css?ver=3.25.11 HTTP/1.1" 200 117 "https://web2.autozone.com.sa" "Mozilla/5.0 AppleWebKit/537.36 (KHTML, like Gecko; compatible; GPTBot/1.3; +https://openai.com/gptbot)"
74.7.241.10 - - [28/Mar/2026:12:29:26 +0000] "GET /wp-includes/css/dist/block-library/style.min.css?ver=6.9.4 HTTP/1.1" 200 15916 "https://outlet.autozone.com.sa/en/jet-popup/classic/" "Mozilla/5.0 AppleWebKit/537.36 (KHTML, like Gecko; compatible; GPTBot/1.3; +https://openai.com/gptbot)"
176.224.77.247 - - [28/Mar/2026:12:29:30 +0000] "GET /car-type/suv-ar/ HTTP/1.1" 200 31156 "https://outlet.autozone.com.sa/" "Mozilla/5.0 (iPhone; CPU iPhone OS 18_7 like Mac OS X) AppleWebKit/605.1.15 (KHTML, like Gecko) Version/26.3 Mobile/15E148 Safari/604.1"
74.7.241.10 - - [28/Mar/2026:12:29:31 +0000] "GET /wp-content/plugins/woocommerce/assets/css/select2.css?ver=10.3.7 HTTP/1.1" 200 1910 "https://outlet.autozone.com.sa/?p=197" "Mozilla/5.0 AppleWebKit/537.36 (KHTML, like Gecko; compatible; GPTBot/1.3; +https://openai.com/gptbot)"
176.224.77.247 - - [28/Mar/2026:12:29:32 +0000] "POST /?wc-ajax=get_refreshed_fragments HTTP/1.1" 200 1006 "https://outlet.autozone.com.sa/car-type/suv-ar/" "Mozilla/5.0 (iPhone; CPU iPhone OS 18_7 like Mac OS X) AppleWebKit/605.1.15 (KHTML, like Gecko) Version/26.3 Mobile/15E148 Safari/604.1"
74.7.241.10 - - [28/Mar/2026:12:29:37 +0000] "GET /wp-content/plugins/elementor/assets/css/widget-text-editor-rtl.min.css?ver=3.33.0 HTTP/1.1" 200 248 "https://outlet.autozone.com.sa/?p=706" "Mozilla/5.0 AppleWebKit/537.36 (KHTML, like Gecko; compatible; GPTBot/1.3; +https://openai.com/gptbot)"
74.7.241.10 - - [28/Mar/2026:12:29:40 +0000] "GET /wp-content/plugins/elementor/assets/css/widget-spacer-rtl.min.css?ver=3.25.11 HTTP/1.1" 200 338 "https://web2.autozone.com.sa" "Mozilla/5.0 AppleWebKit/537.36 (KHTML, like Gecko; compatible; GPTBot/1.3; +https://openai.com/gptbot)"
74.7.241.10 - - [28/Mar/2026:12:29:42 +0000] "GET /wp-content/uploads/elementor/css/post-881.css?ver=1773314316 HTTP/1.1" 200 1031 "https://outlet.autozone.com.sa/en/jet-popup/form-a/" "Mozilla/5.0 AppleWebKit/537.36 (KHTML, like Gecko; compatible; GPTBot/1.3; +https://openai.com/gptbot)"
176.224.77.247 - - [28/Mar/2026:12:29:40 +0000] "GET /product/%d8%a7%d9%84%d8%b3%d9%8a%d8%a7%d8%b1%d8%a9-%d9%84%d9%8a%d8%b3%d8%aa-bmw-%d9%84%d8%ba%d8%b1%d8%b6-%d8%a7%d9%84%d8%a7%d8%ae%d8%aa%d8%a8%d8%a7%d8%b1/ HTTP/1.1" 200 34023 "https://outlet.autozone.com.sa/car-type/suv-ar/" "Mozilla/5.0 (iPhone; CPU iPhone OS 18_7 like Mac OS X) AppleWebKit/605.1.15 (KHTML, like Gecko) Version/26.3 Mobile/15E148 Safari/604.1"
74.7.241.10 - - [28/Mar/2026:12:29:43 +0000] "GET /wp-content/uploads/elementor/css/post-945.css?ver=1773314307 HTTP/1.1" 200 938 "https://outlet.autozone.com.sa/en/jet-popup/classic/" "Mozilla/5.0 AppleWebKit/537.36 (KHTML, like Gecko; compatible; GPTBot/1.3; +https://openai.com/gptbot)"
176.224.77.247 - - [28/Mar/2026:12:29:43 +0000] "POST /?wc-ajax=get_default_gallery HTTP/1.1" 200 431 "https://outlet.autozone.com.sa/product/%d8%a7%d9%84%d8%b3%d9%8a%d8%a7%d8%b1%d8%a9-%d9%84%d9%8a%d8%b3%d8%aa-bmw-%d9%84%d8%ba%d8%b1%d8%b6-%d8%a7%d9%84%d8%a7%d8%ae%d8%aa%d8%a8%d8%a7%d8%b1/" "Mozilla/5.0 (iPhone; CPU iPhone OS 18_7 like Mac OS X) AppleWebKit/605.1.15 (KHTML, like Gecko) Version/26.3 Mobile/15E148 Safari/604.1"
176.224.77.247 - - [28/Mar/2026:12:29:43 +0000] "POST /?wc-ajax=get_variation_gallery HTTP/1.1" 200 641 "https://outlet.autozone.com.sa/product/%d8%a7%d9%84%d8%b3%d9%8a%d8%a7%d8%b1%d8%a9-%d9%84%d9%8a%d8%b3%d8%aa-bmw-%d9%84%d8%ba%d8%b1%d8%b6-%d8%a7%d9%84%d8%a7%d8%ae%d8%aa%d8%a8%d8%a7%d8%b1/" "Mozilla/5.0 (iPhone; CPU iPhone OS 18_7 like Mac OS X) AppleWebKit/605.1.15 (KHTML, like Gecko) Version/26.3 Mobile/15E148 Safari/604.1"
176.224.77.247 - - [28/Mar/2026:12:29:43 +0000] "POST /?wc-ajax=get_refreshed_fragments HTTP/1.1" 200 1006 "https://outlet.autozone.com.sa/product/%d8%a7%d9%84%d8%b3%d9%8a%d8%a7%d8%b1%d8%a9-%d9%84%d9%8a%d8%b3%d8%aa-bmw-%d9%84%d8%ba%d8%b1%d8%b6-%d8%a7%d9%84%d8%a7%d8%ae%d8%aa%d8%a8%d8%a7%d8%b1/" "Mozilla/5.0 (iPhone; CPU iPhone OS 18_7 like Mac OS X) AppleWebKit/605.1.15 (KHTML, like Gecko) Version/26.3 Mobile/15E148 Safari/604.1"
176.224.77.247 - - [28/Mar/2026:12:29:47 +0000] "POST /?wc-ajax=get_refreshed_fragments HTTP/1.1" 200 1006 "https://outlet.autozone.com.sa/car-type/suv-ar/" "Mozilla/5.0 (iPhone; CPU iPhone OS 18_7 like Mac OS X) AppleWebKit/605.1.15 (KHTML, like Gecko) Version/26.3 Mobile/15E148 Safari/604.1"
176.224.77.247 - - [28/Mar/2026:12:29:48 +0000] "POST /?wc-ajax=get_refreshed_fragments HTTP/1.1" 200 1006 "https://outlet.autozone.com.sa/" "Mozilla/5.0 (iPhone; CPU iPhone OS 18_7 like Mac OS X) AppleWebKit/605.1.15 (KHTML, like Gecko) Version/26.3 Mobile/15E148 Safari/604.1"
176.224.77.247 - - [28/Mar/2026:12:30:07 +0000] "GET /wp-content/uploads/2024/12/webstdy_1675070763%D8%A8%D9%86%D9%83%D8%A7%D9%84%D8%A7%D9%85%D8%A7%D8%B1%D8%A7%D8%AA.webp HTTP/1.1" 200 9303 "https://outlet.autozone.com.sa/" "Mozilla/5.0 (iPhone; CPU iPhone OS 18_7 like Mac OS X) AppleWebKit/605.1.15 (KHTML, like Gecko) Version/26.3 Mobile/15E148 Safari/604.1"
176.224.77.247 - - [28/Mar/2026:12:30:07 +0000] "GET /wp-content/uploads/2024/12/webstdy_1675070438%D8%A7%D9%84%D8%A8%D9%86%D9%83%D8%A7%D9%84%D8%A7%D9%87%D9%84%D9%8A%D8%A7%D9%84%D8%B3%D8%B9%D9%88%D8%AF%D9%8A.webp HTTP/1.1" 200 12292 "https://outlet.autozone.com.sa/" "Mozilla/5.0 (iPhone; CPU iPhone OS 18_7 like Mac OS X) AppleWebKit/605.1.15 (KHTML, like Gecko) Version/26.3 Mobile/15E148 Safari/604.1"
176.224.77.247 - - [28/Mar/2026:12:30:07 +0000] "GET /wp-content/uploads/2024/12/webstdy_1675071243%D8%B1%D8%A7%D9%8A%D8%A9%D9%84%D9%84%D8%AA%D9%85%D9%88%D9%8A%D9%84.webp HTTP/1.1" 200 17267 "https://outlet.autozone.com.sa/" "Mozilla/5.0 (iPhone; CPU iPhone OS 18_7 like Mac OS X) AppleWebKit/605.1.15 (KHTML, like Gecko) Version/26.3 Mobile/15E148 Safari/604.1"
176.224.77.247 - - [28/Mar/2026:12:30:08 +0000] "GET /wp-content/uploads/2024/12/webstdy_1675070516%D8%A8%D9%86%D9%83%D8%A7%D9%84%D8%B1%D9%8A%D8%A7%D8%B6.webp HTTP/1.1" 200 10879 "https://outlet.autozone.com.sa/" "Mozilla/5.0 (iPhone; CPU iPhone OS 18_7 like Mac OS X) AppleWebKit/605.1.15 (KHTML, like Gecko) Version/26.3 Mobile/15E148 Safari/604.1"
176.224.77.247 - - [28/Mar/2026:12:30:16 +0000] "POST //shop HTTP/1.1" 200 31056 "https://outlet.autozone.com.sa/" "Mozilla/5.0 (iPhone; CPU iPhone OS 18_7 like Mac OS X) AppleWebKit/605.1.15 (KHTML, like Gecko) Version/26.3 Mobile/15E148 Safari/604.1"
176.224.77.247 - - [28/Mar/2026:12:30:18 +0000] "POST /?wc-ajax=get_refreshed_fragments HTTP/1.1" 200 1006 "https://outlet.autozone.com.sa//shop" "Mozilla/5.0 (iPhone; CPU iPhone OS 18_7 like Mac OS X) AppleWebKit/605.1.15 (KHTML, like Gecko) Version/26.3 Mobile/15E148 Safari/604.1"
172.105.42.26 - - [28/Mar/2026:12:30:27 +0000] "POST /wp-cron.php?doing_wp_cron=1774701027.4099769592285156250000 HTTP/1.1" 200 20 "-" "WordPress/6.9.4; https://outlet.autozone.com.sa"
176.224.77.247 - - [28/Mar/2026:12:30:26 +0000] "GET /our-offers/ HTTP/1.1" 200 22297 "https://outlet.autozone.com.sa//shop" "Mozilla/5.0 (iPhone; CPU iPhone OS 18_7 like Mac OS X) AppleWebKit/605.1.15 (KHTML, like Gecko) Version/26.3 Mobile/15E148 Safari/604.1"
176.224.77.247 - - [28/Mar/2026:12:30:28 +0000] "POST /?wc-ajax=get_refreshed_fragments HTTP/1.1" 200 1006 "https://outlet.autozone.com.sa/our-offers/" "Mozilla/5.0 (iPhone; CPU iPhone OS 18_7 like Mac OS X) AppleWebKit/605.1.15 (KHTML, like Gecko) Version/26.3 Mobile/15E148 Safari/604.1"
176.224.77.247 - - [28/Mar/2026:12:30:43 +0000] "GET /shop/ HTTP/1.1" 200 31132 "https://outlet.autozone.com.sa/our-offers/" "Mozilla/5.0 (iPhone; CPU iPhone OS 18_7 like Mac OS X) AppleWebKit/605.1.15 (KHTML, like Gecko) Version/26.3 Mobile/15E148 Safari/604.1"
176.224.77.247 - - [28/Mar/2026:12:30:45 +0000] "POST /?wc-ajax=get_refreshed_fragments HTTP/1.1" 200 1006 "https://outlet.autozone.com.sa/shop/" "Mozilla/5.0 (iPhone; CPU iPhone OS 18_7 like Mac OS X) AppleWebKit/605.1.15 (KHTML, like Gecko) Version/26.3 Mobile/15E148 Safari/604.1"
176.224.77.247 - - [28/Mar/2026:12:30:51 +0000] "POST /?wc-ajax=get_refreshed_fragments HTTP/1.1" 200 1006 "https://outlet.autozone.com.sa/our-offers/" "Mozilla/5.0 (iPhone; CPU iPhone OS 18_7 like Mac OS X) AppleWebKit/605.1.15 (KHTML, like Gecko) Version/26.3 Mobile/15E148 Safari/604.1"
176.224.77.247 - - [28/Mar/2026:12:30:51 +0000] "POST /?wc-ajax=get_refreshed_fragments HTTP/1.1" 200 1006 "https://outlet.autozone.com.sa//shop" "Mozilla/5.0 (iPhone; CPU iPhone OS 18_7 like Mac OS X) AppleWebKit/605.1.15 (KHTML, like Gecko) Version/26.3 Mobile/15E148 Safari/604.1"
176.224.77.247 - - [28/Mar/2026:12:30:52 +0000] "POST /?wc-ajax=get_refreshed_fragments HTTP/1.1" 200 1006 "https://outlet.autozone.com.sa/" "Mozilla/5.0 (iPhone; CPU iPhone OS 18_7 like Mac OS X) AppleWebKit/605.1.15 (KHTML, like Gecko) Version/26.3 Mobile/15E148 Safari/604.1"
172.105.42.26 - - [28/Mar/2026:12:53:34 +0000] "POST /wp-cron.php?doing_wp_cron=1774702414.4361178874969482421875 HTTP/1.1" 200 20 "-" "WordPress/6.9.4; https://outlet.autozone.com.sa"
2a02:cb80:4034:d568:39ab:ed20:4d35:776a - - [28/Mar/2026:12:53:30 +0000] "GET / HTTP/1.1" 200 35992 "-" "Mozilla/5.0 (iPhone; CPU iPhone OS 18_7 like Mac OS X) AppleWebKit/605.1.15 (KHTML, like Gecko) Version/26.2 Mobile/15E148 Safari/604.1"
2a02:cb80:4034:d568:39ab:ed20:4d35:776a - - [28/Mar/2026:12:53:38 +0000] "POST /?wc-ajax=get_refreshed_fragments HTTP/1.1" 200 1006 "https://outlet.autozone.com.sa/" "Mozilla/5.0 (iPhone; CPU iPhone OS 18_7 like Mac OS X) AppleWebKit/605.1.15 (KHTML, like Gecko) Version/26.2 Mobile/15E148 Safari/604.1"
2a02:cb80:4034:d568:39ab:ed20:4d35:776a - - [28/Mar/2026:12:53:38 +0000] "POST /?wc-ajax=get_refreshed_fragments HTTP/1.1" 200 1006 "https://outlet.autozone.com.sa/" "Mozilla/5.0 (iPhone; CPU iPhone OS 18_7 like Mac OS X) AppleWebKit/605.1.15 (KHTML, like Gecko) Version/26.2 Mobile/15E148 Safari/604.1"
172.105.42.26 - - [28/Mar/2026:13:01:25 +0000] "POST /wp-cron.php?doing_wp_cron=1774702885.8990190029144287109375 HTTP/1.1" 200 20 "-" "WordPress/6.9.4; https://outlet.autozone.com.sa"
66.249.75.166 - - [28/Mar/2026:13:01:22 +0000] "GET /showroom/?nocache=1774237210&jet_blog_ajax=1 HTTP/1.1" 200 20196 "-" "Mozilla/5.0 (Linux; Android 6.0.1; Nexus 5X Build/MMB29P) AppleWebKit/537.36 (KHTML, like Gecko) Chrome/146.0.7680.153 Mobile Safari/537.36 (compatible; Googlebot/2.1; +http://www.google.com/bot.html)"
66.249.75.166 - - [28/Mar/2026:13:01:36 +0000] "GET /wp-content/uploads/elementor/css/post-1038.css?ver=1772928000 HTTP/1.1" 200 1820 "https://outlet.autozone.com.sa/showroom/?nocache=1774237210&jet_blog_ajax=1" "Mozilla/5.0 (Linux; Android 6.0.1; Nexus 5X Build/MMB29P) AppleWebKit/537.36 (KHTML, like Gecko) Chrome/146.0.7680.153 Mobile Safari/537.36 (compatible; Googlebot/2.1; +http://www.google.com/bot.html)"
66.249.75.165 - - [28/Mar/2026:13:01:48 +0000] "POST /?wc-ajax=get_refreshed_fragments HTTP/1.1" 200 1006 "https://outlet.autozone.com.sa/showroom/?nocache=1774237210&jet_blog_ajax=1" "Mozilla/5.0 (Linux; Android 6.0.1; Nexus 5X Build/MMB29P) AppleWebKit/537.36 (KHTML, like Gecko) Chrome/146.0.7680.153 Mobile Safari/537.36 (compatible; Googlebot/2.1; +http://www.google.com/bot.html)"
66.249.75.165 - - [28/Mar/2026:13:01:50 +0000] "POST /?wc-ajax=get_refreshed_fragments HTTP/1.1" 200 1006 "https://outlet.autozone.com.sa/showroom/?nocache=1774237210&jet_blog_ajax=1" "Mozilla/5.0 (Linux; Android 6.0.1; Nexus 5X Build/MMB29P) AppleWebKit/537.36 (KHTML, like Gecko) Chrome/146.0.7680.153 Mobile Safari/537.36 (compatible; Googlebot/2.1; +http://www.google.com/bot.html)"
37.106.144.158 - - [28/Mar/2026:13:02:00 +0000] "GET / HTTP/1.1" 200 35994 "https://accessories.autozone.com.sa/" "Mozilla/5.0 (Windows NT 10.0; Win64; x64) AppleWebKit/537.36 (KHTML, like Gecko) Chrome/146.0.0.0 Safari/537.36"
37.106.144.158 - - [28/Mar/2026:13:02:02 +0000] "GET /wp-content/uploads/2024/12/outlet-logo-arabic-1024x358.png HTTP/1.1" 304 - "https://outlet.autozone.com.sa/" "Mozilla/5.0 (Windows NT 10.0; Win64; x64) AppleWebKit/537.36 (KHTML, like Gecko) Chrome/146.0.0.0 Safari/537.36"
37.106.144.158 - - [28/Mar/2026:13:02:04 +0000] "POST /?wc-ajax=get_refreshed_fragments HTTP/1.1" 200 1006 "https://outlet.autozone.com.sa/" "Mozilla/5.0 (Windows NT 10.0; Win64; x64) AppleWebKit/537.36 (KHTML, like Gecko) Chrome/146.0.0.0 Safari/537.36"
37.106.144.158 - - [28/Mar/2026:13:02:04 +0000] "POST /?wc-ajax=get_refreshed_fragments HTTP/1.1" 200 1006 "https://outlet.autozone.com.sa/" "Mozilla/5.0 (Windows NT 10.0; Win64; x64) AppleWebKit/537.36 (KHTML, like Gecko) Chrome/146.0.0.0 Safari/537.36"
37.106.144.158 - - [28/Mar/2026:13:02:10 +0000] "GET /shop/ HTTP/1.1" 200 31125 "https://outlet.autozone.com.sa/" "Mozilla/5.0 (Windows NT 10.0; Win64; x64) AppleWebKit/537.36 (KHTML, like Gecko) Chrome/146.0.0.0 Safari/537.36"
37.106.144.158 - - [28/Mar/2026:13:02:12 +0000] "POST /?wc-ajax=get_refreshed_fragments HTTP/1.1" 200 1006 "https://outlet.autozone.com.sa/shop/" "Mozilla/5.0 (Windows NT 10.0; Win64; x64) AppleWebKit/537.36 (KHTML, like Gecko) Chrome/146.0.0.0 Safari/537.36"
172.105.42.26 - - [28/Mar/2026:13:02:20 +0000] "POST /wp-cron.php?doing_wp_cron=1774702940.2895510196685791015625 HTTP/1.1" 200 20 "-" "WordPress/6.9.4; https://outlet.autozone.com.sa"
37.106.144.158 - - [28/Mar/2026:13:02:19 +0000] "POST /?wc-ajax=get_refreshed_fragments HTTP/1.1" 200 1006 "https://outlet.autozone.com.sa/" "Mozilla/5.0 (Windows NT 10.0; Win64; x64) AppleWebKit/537.36 (KHTML, like Gecko) Chrome/146.0.0.0 Safari/537.36"
172.105.42.26 - - [28/Mar/2026:13:07:28 +0000] "POST /wp-cron.php?doing_wp_cron=1774703248.0161139965057373046875 HTTP/1.1" 200 20 "-" "WordPress/6.9.4; https://outlet.autozone.com.sa"
52.167.144.190 - - [28/Mar/2026:13:07:24 +0000] "GET /wp-sitemap-posts-page-1.xml HTTP/1.1" 200 317 "-" "Mozilla/5.0 AppleWebKit/537.36 (KHTML, like Gecko; compatible; bingbot/2.0; +http://www.bing.com/bingbot.htm) Chrome/116.0.1938.76 Safari/537.36"
66.249.75.174 - - [28/Mar/2026:13:08:22 +0000] "GET /wp-content/uploads/2024/12/05f0cba7-b48a-4abb-bacd-e0e8fac9900d.png HTTP/1.1" 304 - "-" "Googlebot-Image/1.0"
172.105.42.26 - - [28/Mar/2026:13:19:33 +0000] "POST /wp-cron.php?doing_wp_cron=1774703973.4768750667572021484375 HTTP/1.1" 200 20 "-" "WordPress/6.9.4; https://outlet.autozone.com.sa"
2a02:cb80:4108:64:9c9c:8c02:ef01:312d - - [28/Mar/2026:13:19:27 +0000] "GET / HTTP/1.1" 200 35992 "https://autozone.com.sa/" "Mozilla/5.0 (Linux; Android 15; BRC-NX1 Build/HONORBRC-N21; wv) AppleWebKit/537.36 (KHTML, like Gecko) Version/4.0 Chrome/146.0.7680.157 Mobile Safari/537.36 Instagram 422.0.0.44.64 Android (35/15; 480dpi; 1080x2412; HONOR; BRC-NX1; HNBRC-M1; mt6855; ar_SA_#u-nu-arab; 916494061; IABMV/1)"
172.105.42.26 - - [28/Mar/2026:13:26:37 +0000] "POST /wp-cron.php?doing_wp_cron=1774704396.5820360183715820312500 HTTP/1.1" 200 20 "-" "WordPress/6.9.4; https://outlet.autozone.com.sa"
66.249.75.172 - - [28/Mar/2026:13:33:22 +0000] "GET /wp-content/plugins/sitepress-multilingual-cms/res/flags/en.svg HTTP/1.1" 200 568 "-" "Googlebot-Image/1.0"
172.105.42.26 - - [28/Mar/2026:13:33:48 +0000] "POST /wp-cron.php?doing_wp_cron=1774704828.5975060462951660156250 HTTP/1.1" 200 20 "-" "WordPress/6.9.4; https://outlet.autozone.com.sa"
46.240.74.218 - - [28/Mar/2026:13:33:44 +0000] "GET / HTTP/1.1" 200 35993 "https://autozone.com.sa/" "Mozilla/5.0 (Windows NT 10.0; Win64; x64) AppleWebKit/537.36 (KHTML, like Gecko) Chrome/146.0.0.0 Safari/537.36"
46.240.74.218 - - [28/Mar/2026:13:33:48 +0000] "GET /wp-content/plugins/element-pack-pro-1/assets/css/ep-helper.rtl.css?ver=7.5.4 HTTP/1.1" 200 5701 "https://outlet.autozone.com.sa/" "Mozilla/5.0 (Windows NT 10.0; Win64; x64) AppleWebKit/537.36 (KHTML, like Gecko) Chrome/146.0.0.0 Safari/537.36"
46.240.74.218 - - [28/Mar/2026:13:33:48 +0000] "GET /wp-content/plugins/element-pack-pro-1/assets/css/bdt-uikit.rtl.css?ver=3.16.24 HTTP/1.1" 200 15520 "https://outlet.autozone.com.sa/" "Mozilla/5.0 (Windows NT 10.0; Win64; x64) AppleWebKit/537.36 (KHTML, like Gecko) Chrome/146.0.0.0 Safari/537.36"
46.240.74.218 - - [28/Mar/2026:13:33:49 +0000] "GET /wp-content/plugins/jet-engine/assets/css/frontend.css?ver=3.7.3 HTTP/1.1" 200 8461 "https://outlet.autozone.com.sa/" "Mozilla/5.0 (Windows NT 10.0; Win64; x64) AppleWebKit/537.36 (KHTML, like Gecko) Chrome/146.0.0.0 Safari/537.36"
46.240.74.218 - - [28/Mar/2026:13:33:49 +0000] "GET /wp-content/plugins/woocommerce/assets/client/blocks/wc-blocks-rtl.css?ver=wc-10.3.7 HTTP/1.1" 200 2620 "https://outlet.autozone.com.sa/" "Mozilla/5.0 (Windows NT 10.0; Win64; x64) AppleWebKit/537.36 (KHTML, like Gecko) Chrome/146.0.0.0 Safari/537.36"
46.240.74.218 - - [28/Mar/2026:13:33:49 +0000] "GET /wp-content/plugins/woocommerce/assets/css/woocommerce-layout-rtl.css?ver=10.3.7 HTTP/1.1" 200 3413 "https://outlet.autozone.com.sa/" "Mozilla/5.0 (Windows NT 10.0; Win64; x64) AppleWebKit/537.36 (KHTML, like Gecko) Chrome/146.0.0.0 Safari/537.36"
46.240.74.218 - - [28/Mar/2026:13:33:49 +0000] "GET /wp-content/plugins/woocommerce/assets/css/woocommerce-rtl.css?ver=10.3.7 HTTP/1.1" 200 10988 "https://outlet.autozone.com.sa/" "Mozilla/5.0 (Windows NT 10.0; Win64; x64) AppleWebKit/537.36 (KHTML, like Gecko) Chrome/146.0.0.0 Safari/537.36"
46.240.74.218 - - [28/Mar/2026:13:33:49 +0000] "GET /wp-content/plugins/sitepress-multilingual-cms/templates/language-switchers/legacy-list-horizontal/style.min.css?ver=1 HTTP/1.1" 200 318 "https://outlet.autozone.com.sa/" "Mozilla/5.0 (Windows NT 10.0; Win64; x64) AppleWebKit/537.36 (KHTML, like Gecko) Chrome/146.0.0.0 Safari/537.36"
46.240.74.218 - - [28/Mar/2026:13:33:49 +0000] "GET /wp-content/plugins/sitepress-multilingual-cms/templates/language-switchers/menu-item/style.min.css?ver=1 HTTP/1.1" 200 141 "https://outlet.autozone.com.sa/" "Mozilla/5.0 (Windows NT 10.0; Win64; x64) AppleWebKit/537.36 (KHTML, like Gecko) Chrome/146.0.0.0 Safari/537.36"
46.240.74.218 - - [28/Mar/2026:13:33:49 +0000] "GET /wp-content/plugins/woo-variation-gallery/assets/css/slick.min.css?ver=1.8.1 HTTP/1.1" 200 1108 "https://outlet.autozone.com.sa/" "Mozilla/5.0 (Windows NT 10.0; Win64; x64) AppleWebKit/537.36 (KHTML, like Gecko) Chrome/146.0.0.0 Safari/537.36"
46.240.74.218 - - [28/Mar/2026:13:33:49 +0000] "GET /wp-includes/css/dashicons.min.css?ver=6.9.4 HTTP/1.1" 200 35721 "https://outlet.autozone.com.sa/" "Mozilla/5.0 (Windows NT 10.0; Win64; x64) AppleWebKit/537.36 (KHTML, like Gecko) Chrome/146.0.0.0 Safari/537.36"
46.240.74.218 - - [28/Mar/2026:13:33:49 +0000] "GET /wp-content/plugins/woo-variation-gallery/assets/css/frontend.min.css?ver=1754748830 HTTP/1.1" 200 5657 "https://outlet.autozone.com.sa/" "Mozilla/5.0 (Windows NT 10.0; Win64; x64) AppleWebKit/537.36 (KHTML, like Gecko) Chrome/146.0.0.0 Safari/537.36"
46.240.74.218 - - [28/Mar/2026:13:33:49 +0000] "GET /wp-content/plugins/woo-variation-swatches/assets/css/frontend.min.css?ver=1764760746 HTTP/1.1" 200 4492 "https://outlet.autozone.com.sa/" "Mozilla/5.0 (Windows NT 10.0; Win64; x64) AppleWebKit/537.36 (KHTML, like Gecko) Chrome/146.0.0.0 Safari/537.36"
46.240.74.218 - - [28/Mar/2026:13:33:49 +0000] "GET /wp-content/themes/hello-elementor/style.min.css?ver=3.2.1 HTTP/1.1" 200 1808 "https://outlet.autozone.com.sa/" "Mozilla/5.0 (Windows NT 10.0; Win64; x64) AppleWebKit/537.36 (KHTML, like Gecko) Chrome/146.0.0.0 Safari/537.36"
46.240.74.218 - - [28/Mar/2026:13:33:49 +0000] "GET /wp-content/plugins/woocommerce/assets/css/brands.css?ver=10.3.7 HTTP/1.1" 200 684 "https://outlet.autozone.com.sa/" "Mozilla/5.0 (Windows NT 10.0; Win64; x64) AppleWebKit/537.36 (KHTML, like Gecko) Chrome/146.0.0.0 Safari/537.36"
46.240.74.218 - - [28/Mar/2026:13:33:49 +0000] "GET /wp-content/themes/hello-elementor/theme.min.css?ver=3.2.1 HTTP/1.1" 200 1289 "https://outlet.autozone.com.sa/" "Mozilla/5.0 (Windows NT 10.0; Win64; x64) AppleWebKit/537.36 (KHTML, like Gecko) Chrome/146.0.0.0 Safari/537.36"
46.240.74.218 - - [28/Mar/2026:13:33:49 +0000] "GET /wp-content/themes/hello-elementor/header-footer.min.css?ver=3.2.1 HTTP/1.1" 200 1468 "https://outlet.autozone.com.sa/" "Mozilla/5.0 (Windows NT 10.0; Win64; x64) AppleWebKit/537.36 (KHTML, like Gecko) Chrome/146.0.0.0 Safari/537.36"
46.240.74.218 - - [28/Mar/2026:13:33:49 +0000] "GET /wp-content/uploads/elementor/css/custom-frontend-rtl.min.css?ver=1773314320 HTTP/1.1" 200 7239 "https://outlet.autozone.com.sa/" "Mozilla/5.0 (Windows NT 10.0; Win64; x64) AppleWebKit/537.36 (KHTML, like Gecko) Chrome/146.0.0.0 Safari/537.36"
46.240.74.218 - - [28/Mar/2026:13:33:49 +0000] "GET /wp-content/uploads/elementor/css/post-6.css?ver=1773314254 HTTP/1.1" 200 870 "https://outlet.autozone.com.sa/" "Mozilla/5.0 (Windows NT 10.0; Win64; x64) AppleWebKit/537.36 (KHTML, like Gecko) Chrome/146.0.0.0 Safari/537.36"
46.240.74.218 - - [28/Mar/2026:13:33:49 +0000] "GET /wp-content/plugins/jet-popup/assets/css/jet-popup-frontend.css?ver=2.0.16 HTTP/1.1" 200 2860 "https://outlet.autozone.com.sa/" "Mozilla/5.0 (Windows NT 10.0; Win64; x64) AppleWebKit/537.36 (KHTML, like Gecko) Chrome/146.0.0.0 Safari/537.36"
46.240.74.218 - - [28/Mar/2026:13:33:49 +0000] "GET /wp-content/plugins/jet-theme-core/assets/css/frontend.css?ver=2.3.0.3 HTTP/1.1" 304 - "https://outlet.autozone.com.sa/" "Mozilla/5.0 (Windows NT 10.0; Win64; x64) AppleWebKit/537.36 (KHTML, like Gecko) Chrome/146.0.0.0 Safari/537.36"
46.240.74.218 - - [28/Mar/2026:13:33:49 +0000] "GET /wp-content/uploads/elementor/css/custom-widget-icon-list-rtl.min.css?ver=1773314320 HTTP/1.1" 200 1039 "https://outlet.autozone.com.sa/" "Mozilla/5.0 (Windows NT 10.0; Win64; x64) AppleWebKit/537.36 (KHTML, like Gecko) Chrome/146.0.0.0 Safari/537.36"
46.240.74.218 - - [28/Mar/2026:13:33:49 +0000] "GET /wp-content/plugins/elementor/assets/css/widget-image-rtl.min.css?ver=3.33.0 HTTP/1.1" 200 135 "https://outlet.autozone.com.sa/" "Mozilla/5.0 (Windows NT 10.0; Win64; x64) AppleWebKit/537.36 (KHTML, like Gecko) Chrome/146.0.0.0 Safari/537.36"
46.240.74.218 - - [28/Mar/2026:13:33:49 +0000] "GET /wp-content/uploads/elementor/css/custom-pro-widget-nav-menu-rtl.min.css?ver=1773314320 HTTP/1.1" 200 3422 "https://outlet.autozone.com.sa/" "Mozilla/5.0 (Windows NT 10.0; Win64; x64) AppleWebKit/537.36 (KHTML, like Gecko) Chrome/146.0.0.0 Safari/537.36"
46.240.74.218 - - [28/Mar/2026:13:33:50 +0000] "GET /wp-content/plugins/elementor/assets/css/widget-divider-rtl.min.css?ver=3.33.0 HTTP/1.1" 200 741 "https://outlet.autozone.com.sa/" "Mozilla/5.0 (Windows NT 10.0; Win64; x64) AppleWebKit/537.36 (KHTML, like Gecko) Chrome/146.0.0.0 Safari/537.36"
46.240.74.218 - - [28/Mar/2026:13:33:50 +0000] "GET /wp-content/plugins/elementor/assets/css/widget-heading-rtl.min.css?ver=3.33.0 HTTP/1.1" 200 160 "https://outlet.autozone.com.sa/" "Mozilla/5.0 (Windows NT 10.0; Win64; x64) AppleWebKit/537.36 (KHTML, like Gecko) Chrome/146.0.0.0 Safari/537.36"
46.240.74.218 - - [28/Mar/2026:13:33:50 +0000] "GET /wp-content/plugins/elementor/assets/css/widget-social-icons-rtl.min.css?ver=3.33.0 HTTP/1.1" 200 1142 "https://outlet.autozone.com.sa/" "Mozilla/5.0 (Windows NT 10.0; Win64; x64) AppleWebKit/537.36 (KHTML, like Gecko) Chrome/146.0.0.0 Safari/537.36"
46.240.74.218 - - [28/Mar/2026:13:33:50 +0000] "GET /wp-content/uploads/elementor/css/custom-apple-webkit.min.css?ver=1773314254 HTTP/1.1" 200 557 "https://outlet.autozone.com.sa/" "Mozilla/5.0 (Windows NT 10.0; Win64; x64) AppleWebKit/537.36 (KHTML, like Gecko) Chrome/146.0.0.0 Safari/537.36"
46.240.74.218 - - [28/Mar/2026:13:33:50 +0000] "GET /wp-content/uploads/elementor/css/custom-jet-blocks-rtl.css?ver=1.3.19.1 HTTP/1.1" 200 5820 "https://outlet.autozone.com.sa/" "Mozilla/5.0 (Windows NT 10.0; Win64; x64) AppleWebKit/537.36 (KHTML, like Gecko) Chrome/146.0.0.0 Safari/537.36"
46.240.74.218 - - [28/Mar/2026:13:33:50 +0000] "GET /wp-content/plugins/jet-blog/assets/css/jet-blog.css?ver=2.4.5.1 HTTP/1.1" 200 10354 "https://outlet.autozone.com.sa/" "Mozilla/5.0 (Windows NT 10.0; Win64; x64) AppleWebKit/537.36 (KHTML, like Gecko) Chrome/146.0.0.0 Safari/537.36"
46.240.74.218 - - [28/Mar/2026:13:33:50 +0000] "GET /wp-content/plugins/jet-blog/assets/css/jet-blog-rtl.css?ver=2.4.5.1 HTTP/1.1" 200 648 "https://outlet.autozone.com.sa/" "Mozilla/5.0 (Windows NT 10.0; Win64; x64) AppleWebKit/537.36 (KHTML, like Gecko) Chrome/146.0.0.0 Safari/537.36"
46.240.74.218 - - [28/Mar/2026:13:33:50 +0000] "GET /wp-content/plugins/jet-tricks/assets/css/jet-tricks-frontend.css?ver=1.5.6 HTTP/1.1" 200 3414 "https://outlet.autozone.com.sa/" "Mozilla/5.0 (Windows NT 10.0; Win64; x64) AppleWebKit/537.36 (KHTML, like Gecko) Chrome/146.0.0.0 Safari/537.36"
46.240.74.218 - - [28/Mar/2026:13:33:50 +0000] "GET /wp-content/plugins/jet-tabs/assets/css/jet-tabs-frontend.css?ver=2.2.10 HTTP/1.1" 200 4018 "https://outlet.autozone.com.sa/" "Mozilla/5.0 (Windows NT 10.0; Win64; x64) AppleWebKit/537.36 (KHTML, like Gecko) Chrome/146.0.0.0 Safari/537.36"
46.240.74.218 - - [28/Mar/2026:13:33:50 +0000] "GET /wp-content/plugins/elementor/assets/lib/swiper/v8/css/swiper.min.css?ver=8.4.5 HTTP/1.1" 200 4583 "https://outlet.autozone.com.sa/" "Mozilla/5.0 (Windows NT 10.0; Win64; x64) AppleWebKit/537.36 (KHTML, like Gecko) Chrome/146.0.0.0 Safari/537.36"
46.240.74.218 - - [28/Mar/2026:13:33:50 +0000] "GET /wp-content/plugins/elementor/assets/lib/animations/styles/fadeInUp.min.css?ver=3.33.0 HTTP/1.1" 200 117 "https://outlet.autozone.com.sa/" "Mozilla/5.0 (Windows NT 10.0; Win64; x64) AppleWebKit/537.36 (KHTML, like Gecko) Chrome/146.0.0.0 Safari/537.36"
46.240.74.218 - - [28/Mar/2026:13:33:50 +0000] "GET /wp-content/plugins/elementor/assets/css/conditionals/e-swiper.min.css?ver=3.33.0 HTTP/1.1" 200 799 "https://outlet.autozone.com.sa/" "Mozilla/5.0 (Windows NT 10.0; Win64; x64) AppleWebKit/537.36 (KHTML, like Gecko) Chrome/146.0.0.0 Safari/537.36"
46.240.74.218 - - [28/Mar/2026:13:33:50 +0000] "GET /wp-content/uploads/elementor/css/custom-pro-widget-slides-rtl.min.css?ver=1773314320 HTTP/1.1" 200 591 "https://outlet.autozone.com.sa/" "Mozilla/5.0 (Windows NT 10.0; Win64; x64) AppleWebKit/537.36 (KHTML, like Gecko) Chrome/146.0.0.0 Safari/537.36"
46.240.74.218 - - [28/Mar/2026:13:33:50 +0000] "GET /wp-content/plugins/elementor/assets/lib/animations/styles/slideInDown.min.css?ver=3.33.0 HTTP/1.1" 200 122 "https://outlet.autozone.com.sa/" "Mozilla/5.0 (Windows NT 10.0; Win64; x64) AppleWebKit/537.36 (KHTML, like Gecko) Chrome/146.0.0.0 Safari/537.36"
46.240.74.218 - - [28/Mar/2026:13:33:50 +0000] "GET /wp-content/uploads/elementor/css/custom-widget-nested-tabs-rtl.min.css?ver=1773314320 HTTP/1.1" 200 1867 "https://outlet.autozone.com.sa/" "Mozilla/5.0 (Windows NT 10.0; Win64; x64) AppleWebKit/537.36 (KHTML, like Gecko) Chrome/146.0.0.0 Safari/537.36"
46.240.74.218 - - [28/Mar/2026:13:33:50 +0000] "GET /wp-content/uploads/elementor/css/post-78.css?ver=1773314254 HTTP/1.1" 200 486 "https://outlet.autozone.com.sa/" "Mozilla/5.0 (Windows NT 10.0; Win64; x64) AppleWebKit/537.36 (KHTML, like Gecko) Chrome/146.0.0.0 Safari/537.36"
46.240.74.218 - - [28/Mar/2026:13:33:50 +0000] "GET /wp-content/uploads/elementor/css/post-596.css?ver=1773314238 HTTP/1.1" 200 5023 "https://outlet.autozone.com.sa/" "Mozilla/5.0 (Windows NT 10.0; Win64; x64) AppleWebKit/537.36 (KHTML, like Gecko) Chrome/146.0.0.0 Safari/537.36"
46.240.74.218 - - [28/Mar/2026:13:33:50 +0000] "GET /wp-content/uploads/elementor/css/post-617.css?ver=1773314478 HTTP/1.1" 200 898 "https://outlet.autozone.com.sa/" "Mozilla/5.0 (Windows NT 10.0; Win64; x64) AppleWebKit/537.36 (KHTML, like Gecko) Chrome/146.0.0.0 Safari/537.36"
46.240.74.218 - - [28/Mar/2026:13:33:50 +0000] "GET /wp-content/uploads/elementor/css/post-613.css?ver=1773314321 HTTP/1.1" 200 1821 "https://outlet.autozone.com.sa/" "Mozilla/5.0 (Windows NT 10.0; Win64; x64) AppleWebKit/537.36 (KHTML, like Gecko) Chrome/146.0.0.0 Safari/537.36"
46.240.74.218 - - [28/Mar/2026:13:33:50 +0000] "GET /wp-content/uploads/elementor/css/post-756.css?ver=1773314325 HTTP/1.1" 200 1606 "https://outlet.autozone.com.sa/" "Mozilla/5.0 (Windows NT 10.0; Win64; x64) AppleWebKit/537.36 (KHTML, like Gecko) Chrome/146.0.0.0 Safari/537.36"
46.240.74.218 - - [28/Mar/2026:13:33:50 +0000] "GET /wp-content/uploads/elementor/css/post-1014.css?ver=1773314320 HTTP/1.1" 200 3342 "https://outlet.autozone.com.sa/" "Mozilla/5.0 (Windows NT 10.0; Win64; x64) AppleWebKit/537.36 (KHTML, like Gecko) Chrome/146.0.0.0 Safari/537.36"
